[INFO] fetching crate google-mybusinessplaceactions1 5.0.3+20230124...
[INFO] testing google-mybusinessplaceactions1-5.0.3+20230124 against 1.75.0 for beta-1.76-1
[INFO] extracting crate google-mybusinessplaceactions1 5.0.3+20230124 into /workspace/builds/worker-4-tc1/source
[INFO] validating manifest of crates.io crate google-mybusinessplaceactions1 5.0.3+20230124 on toolchain 1.75.0
[INFO] running `Command { std: CARGO_HOME="/workspace/cargo-home" RUSTUP_HOME="/workspace/rustup-home" "/workspace/cargo-home/bin/cargo" "+1.75.0" "metadata" "--manifest-path" "Cargo.toml" "--no-deps", kill_on_drop: false }`
[INFO] started tweaking crates.io crate google-mybusinessplaceactions1 5.0.3+20230124
[INFO] finished tweaking crates.io crate google-mybusinessplaceactions1 5.0.3+20230124
[INFO] tweaked toml for crates.io crate google-mybusinessplaceactions1 5.0.3+20230124 written to /workspace/builds/worker-4-tc1/source/Cargo.toml
[INFO] running `Command { std: CARGO_HOME="/workspace/cargo-home" RUSTUP_HOME="/workspace/rustup-home" "/workspace/cargo-home/bin/cargo" "+1.75.0" "generate-lockfile" "--manifest-path" "Cargo.toml", kill_on_drop: false }`
[INFO] [stderr]     Updating crates.io index
[INFO] running `Command { std: CARGO_HOME="/workspace/cargo-home" RUSTUP_HOME="/workspace/rustup-home" "/workspace/cargo-home/bin/cargo" "+1.75.0" "fetch" "--manifest-path" "Cargo.toml", kill_on_drop: false }`
[INFO] [stderr]     Blocking waiting for file lock on package cache
[INFO] running `Command { std: "docker" "create" "-v" "/var/lib/crater-agent-workspace/builds/worker-4-tc1/target:/opt/rustwide/target:rw,Z" "-v" "/var/lib/crater-agent-workspace/builds/worker-4-tc1/source:/opt/rustwide/workdir:ro,Z" "-v" "/var/lib/crater-agent-workspace/cargo-home:/opt/rustwide/cargo-home:ro,Z" "-v" "/var/lib/crater-agent-workspace/rustup-home:/opt/rustwide/rustup-home:ro,Z" "-e" "SOURCE_DIR=/opt/rustwide/workdir" "-e" "CARGO_TARGET_DIR=/opt/rustwide/target" "-e" "CARGO_HOME=/opt/rustwide/cargo-home" "-e" "RUSTUP_HOME=/opt/rustwide/rustup-home" "-w" "/opt/rustwide/workdir" "-m" "1610612736" "--user" "0:0" "--network" "none" "ghcr.io/rust-lang/crates-build-env/linux@sha256:2788e3201cd34a07e3172128adcd8b3090168a8e3bcc40d7c032b9dda1df7d1c" "/opt/rustwide/cargo-home/bin/cargo" "+1.75.0" "metadata" "--no-deps" "--format-version=1", kill_on_drop: false }`
[INFO] [stdout] b579dedce38774b123a59062ee1cd5c7f139eb4f5bf5de59cc7f62b5d5e805b4
[INFO] running `Command { std: "docker" "start" "-a" "b579dedce38774b123a59062ee1cd5c7f139eb4f5bf5de59cc7f62b5d5e805b4", kill_on_drop: false }`
[INFO] running `Command { std: "docker" "inspect" "b579dedce38774b123a59062ee1cd5c7f139eb4f5bf5de59cc7f62b5d5e805b4", kill_on_drop: false }`
[INFO] running `Command { std: "docker" "rm" "-f" "b579dedce38774b123a59062ee1cd5c7f139eb4f5bf5de59cc7f62b5d5e805b4", kill_on_drop: false }`
[INFO] [stdout] b579dedce38774b123a59062ee1cd5c7f139eb4f5bf5de59cc7f62b5d5e805b4
[INFO] running `Command { std: "docker" "create" "-v" "/var/lib/crater-agent-workspace/builds/worker-4-tc1/target:/opt/rustwide/target:rw,Z" "-v" "/var/lib/crater-agent-workspace/builds/worker-4-tc1/source:/opt/rustwide/workdir:ro,Z" "-v" "/var/lib/crater-agent-workspace/cargo-home:/opt/rustwide/cargo-home:ro,Z" "-v" "/var/lib/crater-agent-workspace/rustup-home:/opt/rustwide/rustup-home:ro,Z" "-e" "SOURCE_DIR=/opt/rustwide/workdir" "-e" "CARGO_TARGET_DIR=/opt/rustwide/target" "-e" "CARGO_INCREMENTAL=0" "-e" "RUST_BACKTRACE=full" "-e" "RUSTFLAGS=--cap-lints=warn" "-e" "RUSTDOCFLAGS=--cap-lints=warn" "-e" "CARGO_HOME=/opt/rustwide/cargo-home" "-e" "RUSTUP_HOME=/opt/rustwide/rustup-home" "-w" "/opt/rustwide/workdir" "-m" "1610612736" "--user" "0:0" "--network" "none" "ghcr.io/rust-lang/crates-build-env/linux@sha256:2788e3201cd34a07e3172128adcd8b3090168a8e3bcc40d7c032b9dda1df7d1c" "/opt/rustwide/cargo-home/bin/cargo" "+1.75.0" "build" "--frozen" "--message-format=json", kill_on_drop: false }`
[INFO] [stdout] b5ea1e1b15bc3d87bc1eac6a338639104af8719f14e05a5f165c0f3ffd54e23b
[INFO] running `Command { std: "docker" "start" "-a" "b5ea1e1b15bc3d87bc1eac6a338639104af8719f14e05a5f165c0f3ffd54e23b", kill_on_drop: false }`
[INFO] [stderr]    Compiling google-mybusinessplaceactions1 v5.0.3+20230124 (/opt/rustwide/workdir)
[INFO] [stderr]     Finished dev [unoptimized + debuginfo] target(s) in 0.52s
[INFO] running `Command { std: "docker" "inspect" "b5ea1e1b15bc3d87bc1eac6a338639104af8719f14e05a5f165c0f3ffd54e23b", kill_on_drop: false }`
[INFO] running `Command { std: "docker" "rm" "-f" "b5ea1e1b15bc3d87bc1eac6a338639104af8719f14e05a5f165c0f3ffd54e23b", kill_on_drop: false }`
[INFO] [stdout] b5ea1e1b15bc3d87bc1eac6a338639104af8719f14e05a5f165c0f3ffd54e23b
[INFO] running `Command { std: "docker" "create" "-v" "/var/lib/crater-agent-workspace/builds/worker-4-tc1/target:/opt/rustwide/target:rw,Z" "-v" "/var/lib/crater-agent-workspace/builds/worker-4-tc1/source:/opt/rustwide/workdir:ro,Z" "-v" "/var/lib/crater-agent-workspace/cargo-home:/opt/rustwide/cargo-home:ro,Z" "-v" "/var/lib/crater-agent-workspace/rustup-home:/opt/rustwide/rustup-home:ro,Z" "-e" "SOURCE_DIR=/opt/rustwide/workdir" "-e" "CARGO_TARGET_DIR=/opt/rustwide/target" "-e" "CARGO_INCREMENTAL=0" "-e" "RUST_BACKTRACE=full" "-e" "RUSTFLAGS=--cap-lints=warn" "-e" "RUSTDOCFLAGS=--cap-lints=warn" "-e" "CARGO_HOME=/opt/rustwide/cargo-home" "-e" "RUSTUP_HOME=/opt/rustwide/rustup-home" "-w" "/opt/rustwide/workdir" "-m" "1610612736" "--user" "0:0" "--network" "none" "ghcr.io/rust-lang/crates-build-env/linux@sha256:2788e3201cd34a07e3172128adcd8b3090168a8e3bcc40d7c032b9dda1df7d1c" "/opt/rustwide/cargo-home/bin/cargo" "+1.75.0" "test" "--frozen" "--no-run" "--message-format=json", kill_on_drop: false }`
[INFO] [stdout] 4f120dd6058d2cfcbe1269adad4196d05a2b49e1858163d46ecd1408469f8625
[INFO] running `Command { std: "docker" "start" "-a" "4f120dd6058d2cfcbe1269adad4196d05a2b49e1858163d46ecd1408469f8625", kill_on_drop: false }`
[INFO] [stderr]    Compiling google-mybusinessplaceactions1 v5.0.3+20230124 (/opt/rustwide/workdir)
[INFO] [stderr]     Finished test [unoptimized + debuginfo] target(s) in 0.96s
[INFO] running `Command { std: "docker" "inspect" "4f120dd6058d2cfcbe1269adad4196d05a2b49e1858163d46ecd1408469f8625", kill_on_drop: false }`
[INFO] running `Command { std: "docker" "rm" "-f" "4f120dd6058d2cfcbe1269adad4196d05a2b49e1858163d46ecd1408469f8625", kill_on_drop: false }`
[INFO] [stdout] 4f120dd6058d2cfcbe1269adad4196d05a2b49e1858163d46ecd1408469f8625
[INFO] running `Command { std: "docker" "create" "-v" "/var/lib/crater-agent-workspace/builds/worker-4-tc1/target:/opt/rustwide/target:rw,Z" "-v" "/var/lib/crater-agent-workspace/builds/worker-4-tc1/source:/opt/rustwide/workdir:ro,Z" "-v" "/var/lib/crater-agent-workspace/cargo-home:/opt/rustwide/cargo-home:ro,Z" "-v" "/var/lib/crater-agent-workspace/rustup-home:/opt/rustwide/rustup-home:ro,Z" "-e" "SOURCE_DIR=/opt/rustwide/workdir" "-e" "CARGO_TARGET_DIR=/opt/rustwide/target" "-e" "CARGO_INCREMENTAL=0" "-e" "RUST_BACKTRACE=full" "-e" "RUSTFLAGS=--cap-lints=warn" "-e" "RUSTDOCFLAGS=--cap-lints=warn" "-e" "CARGO_HOME=/opt/rustwide/cargo-home" "-e" "RUSTUP_HOME=/opt/rustwide/rustup-home" "-w" "/opt/rustwide/workdir" "-m" "1610612736" "--user" "0:0" "--network" "none" "ghcr.io/rust-lang/crates-build-env/linux@sha256:2788e3201cd34a07e3172128adcd8b3090168a8e3bcc40d7c032b9dda1df7d1c" "/opt/rustwide/cargo-home/bin/cargo" "+1.75.0" "test" "--frozen", kill_on_drop: false }`
[INFO] [stdout] a9248d919094623e969915ec017d1deb918f886e1b44a2116f26b23cf7b6f5fc
[INFO] running `Command { std: "docker" "start" "-a" "a9248d919094623e969915ec017d1deb918f886e1b44a2116f26b23cf7b6f5fc", kill_on_drop: false }`
[INFO] [stderr]     Finished test [unoptimized + debuginfo] target(s) in 0.07s
[INFO] [stderr]      Running unittests src/lib.rs (/opt/rustwide/target/debug/deps/google_mybusinessplaceactions1-8927215bcb7fa89f)
[INFO] [stdout] 
[INFO] [stdout] running 0 tests
[INFO] [stdout] 
[INFO] [stdout] test result: ok. 0 passed; 0 failed; 0 ignored; 0 measured; 0 filtered out; finished in 0.00s
[INFO] [stdout] 
[INFO] [stderr]    Doc-tests google-mybusinessplaceactions1
[INFO] [stdout] 
[INFO] [stdout] running 11 tests
[INFO] [stdout] test src/lib.rs - (line 51) ... ignored
[INFO] [stdout] test src/api.rs - api::LocationPlaceActionLinkDeleteCall (line 733) - compile ... ok
[INFO] [stdout] test src/api.rs - api::PlaceActionTypeMetadataMethods (line 422) - compile ... ok
[INFO] [stdout] test src/api.rs - api::LocationPlaceActionLinkCreateCall (line 486) - compile ... ok
[INFO] [stdout] test src/api.rs - api::LocationPlaceActionLinkListCall (line 1167) - compile ... ok
[INFO] [stdout] test src/api.rs - api::PlaceActionTypeMetadataListCall (line 1679) - compile ... ok
[INFO] [stdout] test src/api.rs - api::LocationPlaceActionLinkGetCall (line 950) - compile ... ok
[INFO] [stdout] test src/api.rs - api::LocationMethods (line 293) - compile ... ok
[INFO] [stdout] test src/api.rs - api::LocationPlaceActionLinkPatchCall (line 1420) - compile ... FAILED
[INFO] [stdout] test src/api.rs - api::MyBusinessPlaceActions (line 36) - compile ... FAILED
[INFO] [stdout] test src/lib.rs - (line 77) - compile ... FAILED
[INFO] [stdout] 
[INFO] [stdout] failures:
[INFO] [stdout] 
[INFO] [stdout] ---- src/api.rs - api::LocationPlaceActionLinkPatchCall (line 1420) stdout ----
[INFO] [stdout] error[E0308]: mismatched types
[INFO] [stdout]     --> src/api.rs:1444:27
[INFO] [stdout]      |
[INFO] [stdout] 25   |              .update_mask(&Default::default())
[INFO] [stdout]      |               ----------- ^^^^^^^^^^^^^^^^^^^ expected `FieldMask`, found `&_`
[INFO] [stdout]      |               |
[INFO] [stdout]      |               arguments to this method are incorrect
[INFO] [stdout]      |
[INFO] [stdout]      = note: expected struct `FieldMask`
[INFO] [stdout]              found reference `&_`
[INFO] [stdout] note: method defined here
[INFO] [stdout]     --> /opt/rustwide/workdir/src/api.rs:1624:12
[INFO] [stdout]      |
[INFO] [stdout] 1624 |     pub fn update_mask(mut self, new_value: client::FieldMask) -> LocationPlaceActionLinkPatchCall<'a, S> {
[INFO] [stdout]      |            ^^^^^^^^^^^
[INFO] [stdout] help: consider removing the borrow
[INFO] [stdout]      |
[INFO] [stdout] 25   -              .update_mask(&Default::default())
[INFO] [stdout] 25   +              .update_mask(Default::default())
[INFO] [stdout]      |
[INFO] [stdout] 
[INFO] [stdout] error: aborting due to previous error
[INFO] [stdout] 
[INFO] [stdout] For more information about this error, try `rustc --explain E0308`.
[INFO] [stdout] Couldn't compile the test.
[INFO] [stdout] ---- src/api.rs - api::MyBusinessPlaceActions (line 36) stdout ----
[INFO] [stdout] error[E0308]: mismatched types
[INFO] [stdout]     --> src/api.rs:68:27
[INFO] [stdout]      |
[INFO] [stdout] 33   |              .update_mask(&Default::default())
[INFO] [stdout]      |               ----------- ^^^^^^^^^^^^^^^^^^^ expected `FieldMask`, found `&_`
[INFO] [stdout]      |               |
[INFO] [stdout]      |               arguments to this method are incorrect
[INFO] [stdout]      |
[INFO] [stdout]      = note: expected struct `FieldMask`
[INFO] [stdout]              found reference `&_`
[INFO] [stdout] note: method defined here
[INFO] [stdout]     --> /opt/rustwide/workdir/src/api.rs:1624:12
[INFO] [stdout]      |
[INFO] [stdout] 1624 |     pub fn update_mask(mut self, new_value: client::FieldMask) -> LocationPlaceActionLinkPatchCall<'a, S> {
[INFO] [stdout]      |            ^^^^^^^^^^^
[INFO] [stdout] help: consider removing the borrow
[INFO] [stdout]      |
[INFO] [stdout] 33   -              .update_mask(&Default::default())
[INFO] [stdout] 33   +              .update_mask(Default::default())
[INFO] [stdout]      |
[INFO] [stdout] 
[INFO] [stdout] error: aborting due to previous error
[INFO] [stdout] 
[INFO] [stdout] For more information about this error, try `rustc --explain E0308`.
[INFO] [stdout] Couldn't compile the test.
[INFO] [stdout] ---- src/lib.rs - (line 77) stdout ----
[INFO] [stdout] error[E0308]: mismatched types
[INFO] [stdout]     --> src/lib.rs:109:27
[INFO] [stdout]      |
[INFO] [stdout] 33   |              .update_mask(&Default::default())
[INFO] [stdout]      |               ----------- ^^^^^^^^^^^^^^^^^^^ expected `FieldMask`, found `&_`
[INFO] [stdout]      |               |
[INFO] [stdout]      |               arguments to this method are incorrect
[INFO] [stdout]      |
[INFO] [stdout]      = note: expected struct `FieldMask`
[INFO] [stdout]              found reference `&_`
[INFO] [stdout] note: method defined here
[INFO] [stdout]     --> /opt/rustwide/workdir/src/api.rs:1624:12
[INFO] [stdout]      |
[INFO] [stdout] 1624 |     pub fn update_mask(mut self, new_value: client::FieldMask) -> LocationPlaceActionLinkPatchCall<'a, S> {
[INFO] [stdout]      |            ^^^^^^^^^^^
[INFO] [stdout] help: consider removing the borrow
[INFO] [stdout]      |
[INFO] [stdout] 33   -              .update_mask(&Default::default())
[INFO] [stdout] 33   +              .update_mask(Default::default())
[INFO] [stdout]      |
[INFO] [stdout] 
[INFO] [stdout] error: aborting due to previous error
[INFO] [stdout] 
[INFO] [stdout] For more information about this error, try `rustc --explain E0308`.
[INFO] [stdout] Couldn't compile the test.
[INFO] [stdout] 
[INFO] [stdout] failures:
[INFO] [stdout]     src/api.rs - api::LocationPlaceActionLinkPatchCall (line 1420)
[INFO] [stdout]     src/api.rs - api::MyBusinessPlaceActions (line 36)
[INFO] [stdout]     src/lib.rs - (line 77)
[INFO] [stdout] 
[INFO] [stdout] test result: FAILED. 7 passed; 3 failed; 1 ignored; 0 measured; 0 filtered out; finished in 0.18s
[INFO] [stdout] 
[INFO] [stderr] error: doctest failed, to rerun pass `--doc`
[INFO] running `Command { std: "docker" "inspect" "a9248d919094623e969915ec017d1deb918f886e1b44a2116f26b23cf7b6f5fc", kill_on_drop: false }`
[INFO] running `Command { std: "docker" "rm" "-f" "a9248d919094623e969915ec017d1deb918f886e1b44a2116f26b23cf7b6f5fc", kill_on_drop: false }`
[INFO] [stdout] a9248d919094623e969915ec017d1deb918f886e1b44a2116f26b23cf7b6f5fc
[INFO] testing google-mybusinessplaceactions1-5.0.3+20230124 against beta-2023-12-22 for beta-1.76-1
[INFO] extracting crate google-mybusinessplaceactions1 5.0.3+20230124 into /workspace/builds/worker-4-tc2/source
[INFO] validating manifest of crates.io crate google-mybusinessplaceactions1 5.0.3+20230124 on toolchain beta-2023-12-22
[INFO] running `Command { std: CARGO_HOME="/workspace/cargo-home" RUSTUP_HOME="/workspace/rustup-home" "/workspace/cargo-home/bin/cargo" "+beta-2023-12-22" "metadata" "--manifest-path" "Cargo.toml" "--no-deps", kill_on_drop: false }`
[INFO] started tweaking crates.io crate google-mybusinessplaceactions1 5.0.3+20230124
[INFO] finished tweaking crates.io crate google-mybusinessplaceactions1 5.0.3+20230124
[INFO] tweaked toml for crates.io crate google-mybusinessplaceactions1 5.0.3+20230124 written to /workspace/builds/worker-4-tc2/source/Cargo.toml
[INFO] running `Command { std: CARGO_HOME="/workspace/cargo-home" RUSTUP_HOME="/workspace/rustup-home" "/workspace/cargo-home/bin/cargo" "+beta-2023-12-22" "generate-lockfile" "--manifest-path" "Cargo.toml", kill_on_drop: false }`
[INFO] [stderr]     Updating crates.io index
[INFO] running `Command { std: CARGO_HOME="/workspace/cargo-home" RUSTUP_HOME="/workspace/rustup-home" "/workspace/cargo-home/bin/cargo" "+beta-2023-12-22" "fetch" "--manifest-path" "Cargo.toml", kill_on_drop: false }`
[INFO] running `Command { std: "docker" "create" "-v" "/var/lib/crater-agent-workspace/builds/worker-4-tc2/target:/opt/rustwide/target:rw,Z" "-v" "/var/lib/crater-agent-workspace/builds/worker-4-tc2/source:/opt/rustwide/workdir:ro,Z" "-v" "/var/lib/crater-agent-workspace/cargo-home:/opt/rustwide/cargo-home:ro,Z" "-v" "/var/lib/crater-agent-workspace/rustup-home:/opt/rustwide/rustup-home:ro,Z" "-e" "SOURCE_DIR=/opt/rustwide/workdir" "-e" "CARGO_TARGET_DIR=/opt/rustwide/target" "-e" "CARGO_HOME=/opt/rustwide/cargo-home" "-e" "RUSTUP_HOME=/opt/rustwide/rustup-home" "-w" "/opt/rustwide/workdir" "-m" "1610612736" "--user" "0:0" "--network" "none" "ghcr.io/rust-lang/crates-build-env/linux@sha256:2788e3201cd34a07e3172128adcd8b3090168a8e3bcc40d7c032b9dda1df7d1c" "/opt/rustwide/cargo-home/bin/cargo" "+beta-2023-12-22" "metadata" "--no-deps" "--format-version=1", kill_on_drop: false }`
[INFO] [stdout] 0896cc999e30446fa73ee8da01061b2af2b2f4609319631c3d2c31275714d29e
[INFO] running `Command { std: "docker" "start" "-a" "0896cc999e30446fa73ee8da01061b2af2b2f4609319631c3d2c31275714d29e", kill_on_drop: false }`
[INFO] running `Command { std: "docker" "inspect" "0896cc999e30446fa73ee8da01061b2af2b2f4609319631c3d2c31275714d29e", kill_on_drop: false }`
[INFO] running `Command { std: "docker" "rm" "-f" "0896cc999e30446fa73ee8da01061b2af2b2f4609319631c3d2c31275714d29e", kill_on_drop: false }`
[INFO] [stdout] 0896cc999e30446fa73ee8da01061b2af2b2f4609319631c3d2c31275714d29e
[INFO] running `Command { std: "docker" "create" "-v" "/var/lib/crater-agent-workspace/builds/worker-4-tc2/target:/opt/rustwide/target:rw,Z" "-v" "/var/lib/crater-agent-workspace/builds/worker-4-tc2/source:/opt/rustwide/workdir:ro,Z" "-v" "/var/lib/crater-agent-workspace/cargo-home:/opt/rustwide/cargo-home:ro,Z" "-v" "/var/lib/crater-agent-workspace/rustup-home:/opt/rustwide/rustup-home:ro,Z" "-e" "SOURCE_DIR=/opt/rustwide/workdir" "-e" "CARGO_TARGET_DIR=/opt/rustwide/target" "-e" "CARGO_INCREMENTAL=0" "-e" "RUST_BACKTRACE=full" "-e" "RUSTFLAGS=--cap-lints=warn" "-e" "RUSTDOCFLAGS=--cap-lints=warn" "-e" "CARGO_HOME=/opt/rustwide/cargo-home" "-e" "RUSTUP_HOME=/opt/rustwide/rustup-home" "-w" "/opt/rustwide/workdir" "-m" "1610612736" "--user" "0:0" "--network" "none" "ghcr.io/rust-lang/crates-build-env/linux@sha256:2788e3201cd34a07e3172128adcd8b3090168a8e3bcc40d7c032b9dda1df7d1c" "/opt/rustwide/cargo-home/bin/cargo" "+beta-2023-12-22" "build" "--frozen" "--message-format=json", kill_on_drop: false }`
[INFO] [stdout] b002986a3c3adc58cb0f6d86c3b163cb351384e8d2797ccfe698f42dfbe88c13
[INFO] running `Command { std: "docker" "start" "-a" "b002986a3c3adc58cb0f6d86c3b163cb351384e8d2797ccfe698f42dfbe88c13", kill_on_drop: false }`
[INFO] [stderr]    Compiling google-mybusinessplaceactions1 v5.0.3+20230124 (/opt/rustwide/workdir)
[INFO] [stderr]     Finished dev [unoptimized + debuginfo] target(s) in 0.42s
[INFO] running `Command { std: "docker" "inspect" "b002986a3c3adc58cb0f6d86c3b163cb351384e8d2797ccfe698f42dfbe88c13", kill_on_drop: false }`
[INFO] running `Command { std: "docker" "rm" "-f" "b002986a3c3adc58cb0f6d86c3b163cb351384e8d2797ccfe698f42dfbe88c13", kill_on_drop: false }`
[INFO] [stdout] b002986a3c3adc58cb0f6d86c3b163cb351384e8d2797ccfe698f42dfbe88c13
[INFO] running `Command { std: "docker" "create" "-v" "/var/lib/crater-agent-workspace/builds/worker-4-tc2/target:/opt/rustwide/target:rw,Z" "-v" "/var/lib/crater-agent-workspace/builds/worker-4-tc2/source:/opt/rustwide/workdir:ro,Z" "-v" "/var/lib/crater-agent-workspace/cargo-home:/opt/rustwide/cargo-home:ro,Z" "-v" "/var/lib/crater-agent-workspace/rustup-home:/opt/rustwide/rustup-home:ro,Z" "-e" "SOURCE_DIR=/opt/rustwide/workdir" "-e" "CARGO_TARGET_DIR=/opt/rustwide/target" "-e" "CARGO_INCREMENTAL=0" "-e" "RUST_BACKTRACE=full" "-e" "RUSTFLAGS=--cap-lints=warn" "-e" "RUSTDOCFLAGS=--cap-lints=warn" "-e" "CARGO_HOME=/opt/rustwide/cargo-home" "-e" "RUSTUP_HOME=/opt/rustwide/rustup-home" "-w" "/opt/rustwide/workdir" "-m" "1610612736" "--user" "0:0" "--network" "none" "ghcr.io/rust-lang/crates-build-env/linux@sha256:2788e3201cd34a07e3172128adcd8b3090168a8e3bcc40d7c032b9dda1df7d1c" "/opt/rustwide/cargo-home/bin/cargo" "+beta-2023-12-22" "test" "--frozen" "--no-run" "--message-format=json", kill_on_drop: false }`
[INFO] [stdout] 8d56006b5c781a4152e0357e143fd6fe13cd562068bd9fe320cd83a6255f4e9b
[INFO] running `Command { std: "docker" "start" "-a" "8d56006b5c781a4152e0357e143fd6fe13cd562068bd9fe320cd83a6255f4e9b", kill_on_drop: false }`
[INFO] [stderr]    Compiling google-mybusinessplaceactions1 v5.0.3+20230124 (/opt/rustwide/workdir)
[INFO] [stderr]     Finished test [unoptimized + debuginfo] target(s) in 0.67s
[INFO] running `Command { std: "docker" "inspect" "8d56006b5c781a4152e0357e143fd6fe13cd562068bd9fe320cd83a6255f4e9b", kill_on_drop: false }`
[INFO] running `Command { std: "docker" "rm" "-f" "8d56006b5c781a4152e0357e143fd6fe13cd562068bd9fe320cd83a6255f4e9b", kill_on_drop: false }`
[INFO] [stdout] 8d56006b5c781a4152e0357e143fd6fe13cd562068bd9fe320cd83a6255f4e9b
[INFO] running `Command { std: "docker" "create" "-v" "/var/lib/crater-agent-workspace/builds/worker-4-tc2/target:/opt/rustwide/target:rw,Z" "-v" "/var/lib/crater-agent-workspace/builds/worker-4-tc2/source:/opt/rustwide/workdir:ro,Z" "-v" "/var/lib/crater-agent-workspace/cargo-home:/opt/rustwide/cargo-home:ro,Z" "-v" "/var/lib/crater-agent-workspace/rustup-home:/opt/rustwide/rustup-home:ro,Z" "-e" "SOURCE_DIR=/opt/rustwide/workdir" "-e" "CARGO_TARGET_DIR=/opt/rustwide/target" "-e" "CARGO_INCREMENTAL=0" "-e" "RUST_BACKTRACE=full" "-e" "RUSTFLAGS=--cap-lints=warn" "-e" "RUSTDOCFLAGS=--cap-lints=warn" "-e" "CARGO_HOME=/opt/rustwide/cargo-home" "-e" "RUSTUP_HOME=/opt/rustwide/rustup-home" "-w" "/opt/rustwide/workdir" "-m" "1610612736" "--user" "0:0" "--network" "none" "ghcr.io/rust-lang/crates-build-env/linux@sha256:2788e3201cd34a07e3172128adcd8b3090168a8e3bcc40d7c032b9dda1df7d1c" "/opt/rustwide/cargo-home/bin/cargo" "+beta-2023-12-22" "test" "--frozen", kill_on_drop: false }`
[INFO] [stdout] 55a79e31ee9c152fe4b563d63d3a0c01cb10b5375f7341113fd23b1b19595153
[INFO] running `Command { std: "docker" "start" "-a" "55a79e31ee9c152fe4b563d63d3a0c01cb10b5375f7341113fd23b1b19595153", kill_on_drop: false }`
[INFO] [stderr]     Finished test [unoptimized + debuginfo] target(s) in 0.07s
[INFO] [stderr]      Running unittests src/lib.rs (/opt/rustwide/target/debug/deps/google_mybusinessplaceactions1-e26c3fb5428574ac)
[INFO] [stdout] 
[INFO] [stdout] running 0 tests
[INFO] [stdout] 
[INFO] [stdout] test result: ok. 0 passed; 0 failed; 0 ignored; 0 measured; 0 filtered out; finished in 0.00s
[INFO] [stdout] 
[INFO] [stderr]    Doc-tests google-mybusinessplaceactions1
[INFO] [stdout] 
[INFO] [stdout] running 11 tests
[INFO] [stdout] test src/lib.rs - (line 51) ... ignored
[INFO] [stdout] test src/api.rs - api::LocationMethods (line 293) - compile ... ok
[INFO] [stdout] test src/api.rs - api::PlaceActionTypeMetadataMethods (line 422) - compile ... ok
[INFO] [stdout] test src/api.rs - api::PlaceActionTypeMetadataListCall (line 1679) - compile ... ok
[INFO] [stdout] test src/api.rs - api::LocationPlaceActionLinkGetCall (line 950) - compile ... ok
[INFO] [stdout] test src/api.rs - api::LocationPlaceActionLinkDeleteCall (line 733) - compile ... ok
[INFO] [stdout] test src/api.rs - api::LocationPlaceActionLinkListCall (line 1167) - compile ... ok
[INFO] [stdout] test src/api.rs - api::LocationPlaceActionLinkCreateCall (line 486) - compile ... ok
[INFO] [stdout] test src/lib.rs - (line 77) - compile ... FAILED
[INFO] [stdout] test src/api.rs - api::LocationPlaceActionLinkPatchCall (line 1420) - compile ... FAILED
[INFO] [stdout] test src/api.rs - api::MyBusinessPlaceActions (line 36) - compile ... FAILED
[INFO] [stdout] 
[INFO] [stdout] failures:
[INFO] [stdout] 
[INFO] [stdout] ---- src/lib.rs - (line 77) stdout ----
[INFO] [stdout] error[E0308]: mismatched types
[INFO] [stdout]     --> src/lib.rs:109:27
[INFO] [stdout]      |
[INFO] [stdout] 33   |              .update_mask(&Default::default())
[INFO] [stdout]      |               ----------- ^^^^^^^^^^^^^^^^^^^ expected `FieldMask`, found `&_`
[INFO] [stdout]      |               |
[INFO] [stdout]      |               arguments to this method are incorrect
[INFO] [stdout]      |
[INFO] [stdout]      = note: expected struct `FieldMask`
[INFO] [stdout]              found reference `&_`
[INFO] [stdout] note: method defined here
[INFO] [stdout]     --> /opt/rustwide/workdir/src/api.rs:1624:12
[INFO] [stdout]      |
[INFO] [stdout] 1624 |     pub fn update_mask(mut self, new_value: client::FieldMask) -> LocationPlaceActionLinkPatchCall<'a, S> {
[INFO] [stdout]      |            ^^^^^^^^^^^
[INFO] [stdout] help: consider removing the borrow
[INFO] [stdout]      |
[INFO] [stdout] 33   -              .update_mask(&Default::default())
[INFO] [stdout] 33   +              .update_mask(Default::default())
[INFO] [stdout]      |
[INFO] [stdout] 
[INFO] [stdout] error: aborting due to 1 previous error
[INFO] [stdout] 
[INFO] [stdout] For more information about this error, try `rustc --explain E0308`.
[INFO] [stdout] Couldn't compile the test.
[INFO] [stdout] ---- src/api.rs - api::LocationPlaceActionLinkPatchCall (line 1420) stdout ----
[INFO] [stdout] error[E0308]: mismatched types
[INFO] [stdout]     --> src/api.rs:1444:27
[INFO] [stdout]      |
[INFO] [stdout] 25   |              .update_mask(&Default::default())
[INFO] [stdout]      |               ----------- ^^^^^^^^^^^^^^^^^^^ expected `FieldMask`, found `&_`
[INFO] [stdout]      |               |
[INFO] [stdout]      |               arguments to this method are incorrect
[INFO] [stdout]      |
[INFO] [stdout]      = note: expected struct `FieldMask`
[INFO] [stdout]              found reference `&_`
[INFO] [stdout] note: method defined here
[INFO] [stdout]     --> /opt/rustwide/workdir/src/api.rs:1624:12
[INFO] [stdout]      |
[INFO] [stdout] 1624 |     pub fn update_mask(mut self, new_value: client::FieldMask) -> LocationPlaceActionLinkPatchCall<'a, S> {
[INFO] [stdout]      |            ^^^^^^^^^^^
[INFO] [stdout] help: consider removing the borrow
[INFO] [stdout]      |
[INFO] [stdout] 25   -              .update_mask(&Default::default())
[INFO] [stdout] 25   +              .update_mask(Default::default())
[INFO] [stdout]      |
[INFO] [stdout] 
[INFO] [stdout] error: aborting due to 1 previous error
[INFO] [stdout] 
[INFO] [stdout] For more information about this error, try `rustc --explain E0308`.
[INFO] [stdout] Couldn't compile the test.
[INFO] [stdout] ---- src/api.rs - api::MyBusinessPlaceActions (line 36) stdout ----
[INFO] [stdout] error[E0308]: mismatched types
[INFO] [stdout]     --> src/api.rs:68:27
[INFO] [stdout]      |
[INFO] [stdout] 33   |              .update_mask(&Default::default())
[INFO] [stdout]      |               ----------- ^^^^^^^^^^^^^^^^^^^ expected `FieldMask`, found `&_`
[INFO] [stdout]      |               |
[INFO] [stdout]      |               arguments to this method are incorrect
[INFO] [stdout]      |
[INFO] [stdout]      = note: expected struct `FieldMask`
[INFO] [stdout]              found reference `&_`
[INFO] [stdout] note: method defined here
[INFO] [stdout]     --> /opt/rustwide/workdir/src/api.rs:1624:12
[INFO] [stdout]      |
[INFO] [stdout] 1624 |     pub fn update_mask(mut self, new_value: client::FieldMask) -> LocationPlaceActionLinkPatchCall<'a, S> {
[INFO] [stdout]      |            ^^^^^^^^^^^
[INFO] [stdout] help: consider removing the borrow
[INFO] [stdout]      |
[INFO] [stdout] 33   -              .update_mask(&Default::default())
[INFO] [stdout] 33   +              .update_mask(Default::default())
[INFO] [stdout]      |
[INFO] [stdout] 
[INFO] [stdout] error: aborting due to 1 previous error
[INFO] [stdout] 
[INFO] [stdout] For more information about this error, try `rustc --explain E0308`.
[INFO] [stdout] Couldn't compile the test.
[INFO] [stdout] 
[INFO] [stdout] failures:
[INFO] [stdout]     src/api.rs - api::LocationPlaceActionLinkPatchCall (line 1420)
[INFO] [stdout]     src/api.rs - api::MyBusinessPlaceActions (line 36)
[INFO] [stdout]     src/lib.rs - (line 77)
[INFO] [stdout] 
[INFO] [stdout] test result: FAILED. 7 passed; 3 failed; 1 ignored; 0 measured; 0 filtered out; finished in 0.13s
[INFO] [stdout] 
[INFO] [stderr] error: doctest failed, to rerun pass `--doc`
[INFO] running `Command { std: "docker" "inspect" "55a79e31ee9c152fe4b563d63d3a0c01cb10b5375f7341113fd23b1b19595153", kill_on_drop: false }`
[INFO] running `Command { std: "docker" "rm" "-f" "55a79e31ee9c152fe4b563d63d3a0c01cb10b5375f7341113fd23b1b19595153", kill_on_drop: false }`
[INFO] [stdout] 55a79e31ee9c152fe4b563d63d3a0c01cb10b5375f7341113fd23b1b19595153
