[INFO] fetching crate google-mybusiness4 5.0.3+0...
[INFO] testing google-mybusiness4-5.0.3+0 against 1.75.0 for beta-1.76-1
[INFO] extracting crate google-mybusiness4 5.0.3+0 into /workspace/builds/worker-0-tc1/source
[INFO] validating manifest of crates.io crate google-mybusiness4 5.0.3+0 on toolchain 1.75.0
[INFO] running `Command { std: CARGO_HOME="/workspace/cargo-home" RUSTUP_HOME="/workspace/rustup-home" "/workspace/cargo-home/bin/cargo" "+1.75.0" "metadata" "--manifest-path" "Cargo.toml" "--no-deps", kill_on_drop: false }`
[INFO] started tweaking crates.io crate google-mybusiness4 5.0.3+0
[INFO] finished tweaking crates.io crate google-mybusiness4 5.0.3+0
[INFO] tweaked toml for crates.io crate google-mybusiness4 5.0.3+0 written to /workspace/builds/worker-0-tc1/source/Cargo.toml
[INFO] running `Command { std: CARGO_HOME="/workspace/cargo-home" RUSTUP_HOME="/workspace/rustup-home" "/workspace/cargo-home/bin/cargo" "+1.75.0" "generate-lockfile" "--manifest-path" "Cargo.toml", kill_on_drop: false }`
[INFO] [stderr]     Updating crates.io index
[INFO] running `Command { std: CARGO_HOME="/workspace/cargo-home" RUSTUP_HOME="/workspace/rustup-home" "/workspace/cargo-home/bin/cargo" "+1.75.0" "fetch" "--manifest-path" "Cargo.toml", kill_on_drop: false }`
[INFO] running `Command { std: "docker" "create" "-v" "/var/lib/crater-agent-workspace/builds/worker-0-tc1/target:/opt/rustwide/target:rw,Z" "-v" "/var/lib/crater-agent-workspace/builds/worker-0-tc1/source:/opt/rustwide/workdir:ro,Z" "-v" "/var/lib/crater-agent-workspace/cargo-home:/opt/rustwide/cargo-home:ro,Z" "-v" "/var/lib/crater-agent-workspace/rustup-home:/opt/rustwide/rustup-home:ro,Z" "-e" "SOURCE_DIR=/opt/rustwide/workdir" "-e" "CARGO_TARGET_DIR=/opt/rustwide/target" "-e" "CARGO_HOME=/opt/rustwide/cargo-home" "-e" "RUSTUP_HOME=/opt/rustwide/rustup-home" "-w" "/opt/rustwide/workdir" "-m" "1610612736" "--user" "0:0" "--network" "none" "ghcr.io/rust-lang/crates-build-env/linux@sha256:2788e3201cd34a07e3172128adcd8b3090168a8e3bcc40d7c032b9dda1df7d1c" "/opt/rustwide/cargo-home/bin/cargo" "+1.75.0" "metadata" "--no-deps" "--format-version=1", kill_on_drop: false }`
[INFO] [stdout] 193aa510be254caf73275e6c150e54d0a8bf3805d2bdb192cf8ddeedcd2d699c
[INFO] running `Command { std: "docker" "start" "-a" "193aa510be254caf73275e6c150e54d0a8bf3805d2bdb192cf8ddeedcd2d699c", kill_on_drop: false }`
[INFO] running `Command { std: "docker" "inspect" "193aa510be254caf73275e6c150e54d0a8bf3805d2bdb192cf8ddeedcd2d699c", kill_on_drop: false }`
[INFO] running `Command { std: "docker" "rm" "-f" "193aa510be254caf73275e6c150e54d0a8bf3805d2bdb192cf8ddeedcd2d699c", kill_on_drop: false }`
[INFO] [stdout] 193aa510be254caf73275e6c150e54d0a8bf3805d2bdb192cf8ddeedcd2d699c
[INFO] running `Command { std: "docker" "create" "-v" "/var/lib/crater-agent-workspace/builds/worker-0-tc1/target:/opt/rustwide/target:rw,Z" "-v" "/var/lib/crater-agent-workspace/builds/worker-0-tc1/source:/opt/rustwide/workdir:ro,Z" "-v" "/var/lib/crater-agent-workspace/cargo-home:/opt/rustwide/cargo-home:ro,Z" "-v" "/var/lib/crater-agent-workspace/rustup-home:/opt/rustwide/rustup-home:ro,Z" "-e" "SOURCE_DIR=/opt/rustwide/workdir" "-e" "CARGO_TARGET_DIR=/opt/rustwide/target" "-e" "CARGO_INCREMENTAL=0" "-e" "RUST_BACKTRACE=full" "-e" "RUSTFLAGS=--cap-lints=warn" "-e" "RUSTDOCFLAGS=--cap-lints=warn" "-e" "CARGO_HOME=/opt/rustwide/cargo-home" "-e" "RUSTUP_HOME=/opt/rustwide/rustup-home" "-w" "/opt/rustwide/workdir" "-m" "1610612736" "--user" "0:0" "--network" "none" "ghcr.io/rust-lang/crates-build-env/linux@sha256:2788e3201cd34a07e3172128adcd8b3090168a8e3bcc40d7c032b9dda1df7d1c" "/opt/rustwide/cargo-home/bin/cargo" "+1.75.0" "build" "--frozen" "--message-format=json", kill_on_drop: false }`
[INFO] [stdout] 9bc04a44293e1f4200e5e898a253f92bd3a026cb79ab5322869eaaf6f9e1be8f
[INFO] running `Command { std: "docker" "start" "-a" "9bc04a44293e1f4200e5e898a253f92bd3a026cb79ab5322869eaaf6f9e1be8f", kill_on_drop: false }`
[INFO] [stderr]    Compiling proc-macro2 v1.0.75
[INFO] [stderr]    Compiling unicode-ident v1.0.12
[INFO] [stderr]    Compiling libc v0.2.151
[INFO] [stderr]    Compiling autocfg v1.1.0
[INFO] [stderr]    Compiling pin-project-lite v0.2.13
[INFO] [stderr]    Compiling fnv v1.0.7
[INFO] [stderr]    Compiling cfg-if v1.0.0
[INFO] [stderr]    Compiling spin v0.9.8
[INFO] [stderr]    Compiling futures-sink v0.3.30
[INFO] [stderr]    Compiling untrusted v0.9.0
[INFO] [stderr]    Compiling futures-core v0.3.30
[INFO] [stderr]    Compiling bytes v1.5.0
[INFO] [stderr]    Compiling serde v1.0.194
[INFO] [stderr]    Compiling pin-utils v0.1.0
[INFO] [stderr]    Compiling memchr v2.7.1
[INFO] [stderr]    Compiling once_cell v1.19.0
[INFO] [stderr]    Compiling futures-task v0.3.30
[INFO] [stderr]    Compiling tinyvec_macros v0.1.1
[INFO] [stderr]    Compiling itoa v1.0.10
[INFO] [stderr]    Compiling futures-io v0.3.30
[INFO] [stderr]    Compiling strsim v0.10.0
[INFO] [stderr]    Compiling futures-channel v0.3.30
[INFO] [stderr]    Compiling tinyvec v1.6.0
[INFO] [stderr]    Compiling log v0.4.20
[INFO] [stderr]    Compiling hashbrown v0.14.3
[INFO] [stderr]    Compiling ident_case v1.0.1
[INFO] [stderr]    Compiling equivalent v1.0.1
[INFO] [stderr]    Compiling unicode-bidi v0.3.14
[INFO] [stderr]    Compiling rustls v0.21.10
[INFO] [stderr]    Compiling httparse v1.8.0
[INFO] [stderr]    Compiling try-lock v0.2.5
[INFO] [stderr]    Compiling tracing-core v0.1.32
[INFO] [stderr]    Compiling base64 v0.21.5
[INFO] [stderr]    Compiling tower-service v0.3.2
[INFO] [stderr]    Compiling want v0.3.1
[INFO] [stderr]    Compiling openssl-probe v0.1.5
[INFO] [stderr]    Compiling rustls-pki-types v1.1.0
[INFO] [stderr]    Compiling either v1.9.0
[INFO] [stderr]    Compiling slab v0.4.9
[INFO] [stderr]    Compiling http v0.2.11
[INFO] [stderr]    Compiling num-traits v0.2.17
[INFO] [stderr]    Compiling percent-encoding v2.3.1
[INFO] [stderr]    Compiling rustls-pemfile v1.0.4
[INFO] [stderr]    Compiling powerfmt v0.2.0
[INFO] [stderr]    Compiling anyhow v1.0.79
[INFO] [stderr]    Compiling serde_json v1.0.111
[INFO] [stderr]    Compiling async-trait v0.1.77
[INFO] [stderr]    Compiling rustls v0.22.1
[INFO] [stderr]    Compiling httpdate v1.0.3
[INFO] [stderr]    Compiling tracing v0.1.40
[INFO] [stderr]    Compiling quote v1.0.35
[INFO] [stderr]    Compiling form_urlencoded v1.2.1
[INFO] [stderr]    Compiling rustls-native-certs v0.6.3
[INFO] [stderr]    Compiling num_threads v0.1.6
[INFO] [stderr]    Compiling cc v1.0.83
[INFO] [stderr]    Compiling getrandom v0.2.11
[INFO] [stderr]    Compiling mio v0.8.10
[INFO] [stderr]    Compiling syn v2.0.48
[INFO] [stderr]    Compiling socket2 v0.5.5
[INFO] [stderr]    Compiling subtle v2.5.0
[INFO] [stderr]    Compiling matches v0.1.10
[INFO] [stderr]    Compiling indexmap v2.1.0
[INFO] [stderr]    Compiling time-core v0.1.2
[INFO] [stderr]    Compiling zeroize v1.7.0
[INFO] [stderr]    Compiling ryu v1.0.16
[INFO] [stderr]    Compiling itertools v0.12.0
[INFO] [stderr]    Compiling unicode-normalization v0.1.22
[INFO] [stderr]    Compiling percent-encoding v1.0.1
[INFO] [stderr]    Compiling seahash v4.1.0
[INFO] [stderr]    Compiling iana-time-zone v0.1.59
[INFO] [stderr]    Compiling itertools v0.10.5
[INFO] [stderr]    Compiling mime v0.3.17
[INFO] [stderr]    Compiling base64 v0.13.1
[INFO] [stderr]    Compiling http-body v0.4.6
[INFO] [stderr]    Compiling idna v0.5.0
[INFO] [stderr]    Compiling idna v0.1.5
[INFO] [stderr]    Compiling ring v0.17.7
[INFO] [stderr]    Compiling url v1.7.2
[INFO] [stderr]    Compiling url v2.5.0
[INFO] [stderr]    Compiling darling_core v0.20.3
[INFO] [stderr]    Compiling futures-macro v0.3.30
[INFO] [stderr]    Compiling serde_derive v1.0.194
[INFO] [stderr]    Compiling tokio-macros v2.2.0
[INFO] [stderr]    Compiling rustls-webpki v0.101.7
[INFO] [stderr]    Compiling sct v0.7.1
[INFO] [stderr]    Compiling rustls-webpki v0.102.1
[INFO] [stderr]    Compiling darling_macro v0.20.3
[INFO] [stderr]    Compiling futures-util v0.3.30
[INFO] [stderr]    Compiling tokio v1.35.1
[INFO] [stderr]    Compiling darling v0.20.3
[INFO] [stderr]    Compiling serde_with_macros v2.3.3
[INFO] [stderr]    Compiling futures-executor v0.3.30
[INFO] [stderr]    Compiling futures v0.3.30
[INFO] [stderr]    Compiling tokio-util v0.7.10
[INFO] [stderr]    Compiling tokio-rustls v0.24.1
[INFO] [stderr]    Compiling h2 v0.3.22
[INFO] [stderr]    Compiling deranged v0.3.11
[INFO] [stderr]    Compiling chrono v0.4.31
[INFO] [stderr]    Compiling serde_with v2.3.3
[INFO] [stderr]    Compiling time v0.3.31
[INFO] [stderr]    Compiling hyper v0.14.28
[INFO] [stderr]    Compiling hyper-rustls v0.24.2
[INFO] [stderr]    Compiling yup-oauth2 v8.3.2
[INFO] [stderr]    Compiling google-apis-common v6.0.0
[INFO] [stderr]    Compiling google-mybusiness4 v5.0.3+0 (/opt/rustwide/workdir)
[INFO] [stderr]     Finished dev [unoptimized + debuginfo] target(s) in 58.06s
[INFO] running `Command { std: "docker" "inspect" "9bc04a44293e1f4200e5e898a253f92bd3a026cb79ab5322869eaaf6f9e1be8f", kill_on_drop: false }`
[INFO] running `Command { std: "docker" "rm" "-f" "9bc04a44293e1f4200e5e898a253f92bd3a026cb79ab5322869eaaf6f9e1be8f", kill_on_drop: false }`
[INFO] [stdout] 9bc04a44293e1f4200e5e898a253f92bd3a026cb79ab5322869eaaf6f9e1be8f
[INFO] running `Command { std: "docker" "create" "-v" "/var/lib/crater-agent-workspace/builds/worker-0-tc1/target:/opt/rustwide/target:rw,Z" "-v" "/var/lib/crater-agent-workspace/builds/worker-0-tc1/source:/opt/rustwide/workdir:ro,Z" "-v" "/var/lib/crater-agent-workspace/cargo-home:/opt/rustwide/cargo-home:ro,Z" "-v" "/var/lib/crater-agent-workspace/rustup-home:/opt/rustwide/rustup-home:ro,Z" "-e" "SOURCE_DIR=/opt/rustwide/workdir" "-e" "CARGO_TARGET_DIR=/opt/rustwide/target" "-e" "CARGO_INCREMENTAL=0" "-e" "RUST_BACKTRACE=full" "-e" "RUSTFLAGS=--cap-lints=warn" "-e" "RUSTDOCFLAGS=--cap-lints=warn" "-e" "CARGO_HOME=/opt/rustwide/cargo-home" "-e" "RUSTUP_HOME=/opt/rustwide/rustup-home" "-w" "/opt/rustwide/workdir" "-m" "1610612736" "--user" "0:0" "--network" "none" "ghcr.io/rust-lang/crates-build-env/linux@sha256:2788e3201cd34a07e3172128adcd8b3090168a8e3bcc40d7c032b9dda1df7d1c" "/opt/rustwide/cargo-home/bin/cargo" "+1.75.0" "test" "--frozen" "--no-run" "--message-format=json", kill_on_drop: false }`
[INFO] [stdout] 7666d933b5b99c8a86f15f59f053519cd864cbe76cb8ebb83b44f9798f053114
[INFO] running `Command { std: "docker" "start" "-a" "7666d933b5b99c8a86f15f59f053519cd864cbe76cb8ebb83b44f9798f053114", kill_on_drop: false }`
[INFO] [stderr]    Compiling google-mybusiness4 v5.0.3+0 (/opt/rustwide/workdir)
[INFO] [stderr]     Finished test [unoptimized + debuginfo] target(s) in 7.72s
[INFO] running `Command { std: "docker" "inspect" "7666d933b5b99c8a86f15f59f053519cd864cbe76cb8ebb83b44f9798f053114", kill_on_drop: false }`
[INFO] running `Command { std: "docker" "rm" "-f" "7666d933b5b99c8a86f15f59f053519cd864cbe76cb8ebb83b44f9798f053114", kill_on_drop: false }`
[INFO] [stdout] 7666d933b5b99c8a86f15f59f053519cd864cbe76cb8ebb83b44f9798f053114
[INFO] running `Command { std: "docker" "create" "-v" "/var/lib/crater-agent-workspace/builds/worker-0-tc1/target:/opt/rustwide/target:rw,Z" "-v" "/var/lib/crater-agent-workspace/builds/worker-0-tc1/source:/opt/rustwide/workdir:ro,Z" "-v" "/var/lib/crater-agent-workspace/cargo-home:/opt/rustwide/cargo-home:ro,Z" "-v" "/var/lib/crater-agent-workspace/rustup-home:/opt/rustwide/rustup-home:ro,Z" "-e" "SOURCE_DIR=/opt/rustwide/workdir" "-e" "CARGO_TARGET_DIR=/opt/rustwide/target" "-e" "CARGO_INCREMENTAL=0" "-e" "RUST_BACKTRACE=full" "-e" "RUSTFLAGS=--cap-lints=warn" "-e" "RUSTDOCFLAGS=--cap-lints=warn" "-e" "CARGO_HOME=/opt/rustwide/cargo-home" "-e" "RUSTUP_HOME=/opt/rustwide/rustup-home" "-w" "/opt/rustwide/workdir" "-m" "1610612736" "--user" "0:0" "--network" "none" "ghcr.io/rust-lang/crates-build-env/linux@sha256:2788e3201cd34a07e3172128adcd8b3090168a8e3bcc40d7c032b9dda1df7d1c" "/opt/rustwide/cargo-home/bin/cargo" "+1.75.0" "test" "--frozen", kill_on_drop: false }`
[INFO] [stdout] e025cbc90e3fb8ee9ba5a04b44cab5fb9b6e8f0f585b2539396c99ff3f25e283
[INFO] running `Command { std: "docker" "start" "-a" "e025cbc90e3fb8ee9ba5a04b44cab5fb9b6e8f0f585b2539396c99ff3f25e283", kill_on_drop: false }`
[INFO] [stderr]     Finished test [unoptimized + debuginfo] target(s) in 0.13s
[INFO] [stderr]      Running unittests src/lib.rs (/opt/rustwide/target/debug/deps/google_mybusiness4-22cb3baf7e373fa3)
[INFO] [stdout] 
[INFO] [stdout] running 0 tests
[INFO] [stdout] 
[INFO] [stdout] test result: ok. 0 passed; 0 failed; 0 ignored; 0 measured; 0 filtered out; finished in 0.00s
[INFO] [stdout] 
[INFO] [stderr]    Doc-tests google-mybusiness4
[INFO] [stdout] 
[INFO] [stdout] running 79 tests
[INFO] [stdout] test src/api.rs - api::AccountDeleteNotificationCall (line 18960) - compile ... ok
[INFO] [stdout] test src/api.rs - api::AccountGenerateAccountNumberCall (line 19179) - compile ... ok
[INFO] [stdout] test src/api.rs - api::AccountAdminPatchCall (line 6339) - compile ... ok
[INFO] [stdout] test src/api.rs - api::AccountAdminListCall (line 6121) - compile ... ok
[INFO] [stdout] test src/api.rs - api::AccountListCall (line 19863) - compile ... ok
[INFO] [stdout] test src/api.rs - api::AccountListRecommendGoogleLocationCall (line 20131) - compile ... ok
[INFO] [stdout] test src/api.rs - api::AccountInvitationAcceptCall (line 6586) - compile ... ok
[INFO] [stdout] test src/api.rs - api::AccountInvitationListCall (line 7080) - compile ... ok
[INFO] [stdout] test src/api.rs - api::AccountAdminDeleteCall (line 5904) - compile ... ok
[INFO] [stdout] test src/api.rs - api::AccountGetNotificationCall (line 19644) - compile ... ok
[INFO] [stdout] test src/api.rs - api::AccountLocationAdminDeleteCall (line 7560) - compile ... ok
[INFO] [stdout] test src/api.rs - api::AccountGetCall (line 19427) - compile ... ok
[INFO] [stdout] test src/api.rs - api::AccountInvitationDeclineCall (line 6833) - compile ... ok
[INFO] [stdout] test src/api.rs - api::AccountCreateCall (line 18719) - compile ... ok
[INFO] [stdout] test src/api.rs - api::AccountLocationAdminCreateCall (line 7313) - compile ... ok
[INFO] [stdout] test src/api.rs - api::AccountAdminCreateCall (line 5657) - compile ... ok
[INFO] [stdout] test src/api.rs - api::AccountLocationBatchGetCall (line 15198) - compile ... ok
[INFO] [stdout] test src/api.rs - api::AccountLocationAdminPatchCall (line 7995) - compile ... ok
[INFO] [stdout] test src/api.rs - api::AccountLocationLocalPostCreateCall (line 8465) - compile ... ok
[INFO] [stdout] test src/api.rs - api::AccountLocationAssociateCall (line 14951) - compile ... ok
[INFO] [stdout] test src/api.rs - api::AccountLocationAdminListCall (line 7777) - compile ... ok
[INFO] [stdout] test src/api.rs - api::AccountLocationFindMatchCall (line 16690) - compile ... ok
[INFO] [stdout] test src/api.rs - api::AccountLocationClearAssociationCall (line 15697) - compile ... ok
[INFO] [stdout] test src/api.rs - api::AccountLocationGetCall (line 16938) - compile ... ok
[INFO] [stdout] test src/api.rs - api::AccountLocationBatchGetReviewCall (line 15448) - compile ... ok
[INFO] [stdout] test src/api.rs - api::AccountLocationLocalPostDeleteCall (line 8713) - compile ... ok
[INFO] [stdout] test src/api.rs - api::AccountLocationFollowerGetMetadataCall (line 8246) - compile ... ok
[INFO] [stdout] test src/api.rs - api::AccountLocationCreateCall (line 15945) - compile ... ok
[INFO] [stdout] test src/api.rs - api::AccountLocationFetchVerificationOptionCall (line 16442) - compile ... ok
[INFO] [stdout] test src/api.rs - api::AccountLocationGetGoogleUpdatedCall (line 17156) - compile ... ok
[INFO] [stdout] test src/api.rs - api::AccountLocationLocalPostReportInsightCall (line 9654) - compile ... ok
[INFO] [stdout] test src/api.rs - api::AccountLocationLocalPostListCall (line 9148) - compile ... ok
[INFO] [stdout] test src/api.rs - api::AccountLocationDeleteCall (line 16224) - compile ... ok
[INFO] [stdout] test src/api.rs - api::AccountLocationLocalPostGetCall (line 8931) - compile ... ok
[INFO] [stdout] test src/api.rs - api::AccountLocationListCall (line 17373) - compile ... ok
[INFO] [stdout] test src/api.rs - api::AccountLocationMediaCreateCall (line 10361) - compile ... ok
[INFO] [stdout] test src/api.rs - api::AccountLocationMediaCustomerListCall (line 10119) - compile ... ok
[INFO] [stdout] test src/api.rs - api::AccountLocationQuestionDeleteCall (line 12764) - compile ... ok
[INFO] [stdout] test src/api.rs - api::AccountLocationMediaCustomerGetCall (line 9901) - compile ... ok
[INFO] [stdout] test src/api.rs - api::AccountLocationMediaGetCall (line 10825) - compile ... ok
[INFO] [stdout] test src/api.rs - api::AccountLocationMediaStartUploadCall (line 11548) - compile ... ok
[INFO] [stdout] test src/api.rs - api::AccountLocationMediaDeleteCall (line 10608) - compile ... ok
[INFO] [stdout] test src/api.rs - api::AccountLocationMediaListCall (line 11042) - compile ... ok
[INFO] [stdout] test src/api.rs - api::AccountLocationLocalPostPatchCall (line 9390) - compile ... FAILED
[INFO] [stdout] test src/api.rs - api::AccountLocationQuestionAnswerListCall (line 12012) - compile ... ok
[INFO] [stdout] test src/api.rs - api::AccountLocationQuestionAnswerDeleteCall (line 11795) - compile ... ok
[INFO] [stdout] test src/api.rs - api::AccountLocationQuestionAnswerUpsertCall (line 12270) - compile ... ok
[INFO] [stdout] test src/api.rs - api::AccountLocationQuestionCreateCall (line 12517) - compile ... ok
[INFO] [stdout] test src/api.rs - api::AccountLocationQuestionPatchCall (line 13265) - compile ... ok
[INFO] [stdout] test src/api.rs - api::AccountLocationVerifyCall (line 18464) - compile ... ok
[INFO] [stdout] test src/api.rs - api::AccountLocationQuestionListCall (line 12982) - compile ... ok
[INFO] [stdout] test src/api.rs - api::AccountLocationReviewDeleteReplyCall (line 13513) - compile ... ok
[INFO] [stdout] test src/api.rs - api::AccountLocationVerificationListCall (line 14707) - compile ... ok
[INFO] [stdout] test src/api.rs - api::AccountLocationMediaPatchCall (line 11287) - compile ... FAILED
[INFO] [stdout] test src/api.rs - api::AccountLocationReviewUpdateReplyCall (line 14210) - compile ... ok
[INFO] [stdout] test src/api.rs - api::AccountMethods (line 4067) - compile ... ok
[INFO] [stdout] test src/api.rs - api::AccountLocationPatchCall (line 17673) - compile ... FAILED
[INFO] [stdout] test src/api.rs - api::AccountLocationReviewListCall (line 13950) - compile ... ok
[INFO] [stdout] test src/api.rs - api::AccountLocationTransferCall (line 18217) - compile ... ok
[INFO] [stdout] test src/api.rs - api::AccountLocationVerificationCompleteCall (line 14460) - compile ... ok
[INFO] [stdout] test src/api.rs - api::AccountLocationReviewGetCall (line 13732) - compile ... ok
[INFO] [stdout] test src/api.rs - api::AccountLocationReportInsightCall (line 17966) - compile ... ok
[INFO] [stdout] test src/api.rs - api::AccountUpdateNotificationCall (line 20645) - compile ... ok
[INFO] [stdout] test src/lib.rs - (line 59) ... ignored
[INFO] [stdout] test src/api.rs - api::CategoryListCall (line 21171) - compile ... ok
[INFO] [stdout] test src/api.rs - api::AttributeMethods (line 5317) - compile ... ok
[INFO] [stdout] test src/api.rs - api::ChainGetCall (line 21432) - compile ... ok
[INFO] [stdout] test src/api.rs - api::CategoryMethods (line 5376) - compile ... ok
[INFO] [stdout] test src/api.rs - api::AccountUpdateCall (line 20378) - compile ... ok
[INFO] [stdout] test src/api.rs - api::ChainSearchCall (line 21649) - compile ... ok
[INFO] [stdout] test src/api.rs - api::AttributeListCall (line 20893) - compile ... ok
[INFO] [stdout] test src/api.rs - api::VerificationTokenMethods (line 5586) - compile ... ok
[INFO] [stdout] test src/api.rs - api::GoogleLocationMethods (line 5509) - compile ... ok
[INFO] [stdout] test src/api.rs - api::VerificationTokenGenerateCall (line 22354) - compile ... ok
[INFO] [stdout] test src/api.rs - api::ChainMethods (line 5438) - compile ... ok
[INFO] [stdout] test src/api.rs - api::GoogleLocationReportCall (line 21874) - compile ... ok
[INFO] [stdout] test src/api.rs - api::MyBusiness (line 36) - compile ... ok
[INFO] [stdout] test src/lib.rs - (line 145) - compile ... ok
[INFO] [stdout] test src/api.rs - api::GoogleLocationSearchCall (line 22123) - compile ... ok
[INFO] [stdout] 
[INFO] [stdout] failures:
[INFO] [stdout] 
[INFO] [stdout] ---- src/api.rs - api::AccountLocationLocalPostPatchCall (line 9390) stdout ----
[INFO] [stdout] error[E0308]: mismatched types
[INFO] [stdout]     --> src/api.rs:9414:27
[INFO] [stdout]      |
[INFO] [stdout] 25   |              .update_mask(&Default::default())
[INFO] [stdout]      |               ----------- ^^^^^^^^^^^^^^^^^^^ expected `FieldMask`, found `&_`
[INFO] [stdout]      |               |
[INFO] [stdout]      |               arguments to this method are incorrect
[INFO] [stdout]      |
[INFO] [stdout]      = note: expected struct `FieldMask`
[INFO] [stdout]              found reference `&_`
[INFO] [stdout] note: method defined here
[INFO] [stdout]     --> /opt/rustwide/workdir/src/api.rs:9595:12
[INFO] [stdout]      |
[INFO] [stdout] 9595 |     pub fn update_mask(mut self, new_value: client::FieldMask) -> AccountLocationLocalPostPatchCall<'a, S> {
[INFO] [stdout]      |            ^^^^^^^^^^^
[INFO] [stdout] help: consider removing the borrow
[INFO] [stdout]      |
[INFO] [stdout] 25   -              .update_mask(&Default::default())
[INFO] [stdout] 25   +              .update_mask(Default::default())
[INFO] [stdout]      |
[INFO] [stdout] 
[INFO] [stdout] error: aborting due to previous error
[INFO] [stdout] 
[INFO] [stdout] For more information about this error, try `rustc --explain E0308`.
[INFO] [stdout] Couldn't compile the test.
[INFO] [stdout] ---- src/api.rs - api::AccountLocationMediaPatchCall (line 11287) stdout ----
[INFO] [stdout] error[E0308]: mismatched types
[INFO] [stdout]      --> src/api.rs:11311:27
[INFO] [stdout]       |
[INFO] [stdout] 25    |              .update_mask(&Default::default())
[INFO] [stdout]       |               ----------- ^^^^^^^^^^^^^^^^^^^ expected `FieldMask`, found `&_`
[INFO] [stdout]       |               |
[INFO] [stdout]       |               arguments to this method are incorrect
[INFO] [stdout]       |
[INFO] [stdout]       = note: expected struct `FieldMask`
[INFO] [stdout]               found reference `&_`
[INFO] [stdout] note: method defined here
[INFO] [stdout]      --> /opt/rustwide/workdir/src/api.rs:11493:12
[INFO] [stdout]       |
[INFO] [stdout] 11493 |     pub fn update_mask(mut self, new_value: client::FieldMask) -> AccountLocationMediaPatchCall<'a, S> {
[INFO] [stdout]       |            ^^^^^^^^^^^
[INFO] [stdout] help: consider removing the borrow
[INFO] [stdout]       |
[INFO] [stdout] 25    -              .update_mask(&Default::default())
[INFO] [stdout] 25    +              .update_mask(Default::default())
[INFO] [stdout]       |
[INFO] [stdout] 
[INFO] [stdout] error: aborting due to previous error
[INFO] [stdout] 
[INFO] [stdout] For more information about this error, try `rustc --explain E0308`.
[INFO] [stdout] Couldn't compile the test.
[INFO] [stdout] ---- src/api.rs - api::AccountLocationPatchCall (line 17673) stdout ----
[INFO] [stdout] error[E0308]: mismatched types
[INFO] [stdout]      --> src/api.rs:17698:27
[INFO] [stdout]       |
[INFO] [stdout] 26    |              .update_mask(&Default::default())
[INFO] [stdout]       |               ----------- ^^^^^^^^^^^^^^^^^^^ expected `FieldMask`, found `&_`
[INFO] [stdout]       |               |
[INFO] [stdout]       |               arguments to this method are incorrect
[INFO] [stdout]       |
[INFO] [stdout]       = note: expected struct `FieldMask`
[INFO] [stdout]               found reference `&_`
[INFO] [stdout] note: method defined here
[INFO] [stdout]      --> /opt/rustwide/workdir/src/api.rs:17896:12
[INFO] [stdout]       |
[INFO] [stdout] 17896 |     pub fn update_mask(mut self, new_value: client::FieldMask) -> AccountLocationPatchCall<'a, S> {
[INFO] [stdout]       |            ^^^^^^^^^^^
[INFO] [stdout] help: consider removing the borrow
[INFO] [stdout]       |
[INFO] [stdout] 26    -              .update_mask(&Default::default())
[INFO] [stdout] 26    +              .update_mask(Default::default())
[INFO] [stdout]       |
[INFO] [stdout] 
[INFO] [stdout] error[E0308]: mismatched types
[INFO] [stdout]      --> src/api.rs:17699:30
[INFO] [stdout]       |
[INFO] [stdout] 27    |              .attribute_mask(&Default::default())
[INFO] [stdout]       |               -------------- ^^^^^^^^^^^^^^^^^^^ expected `FieldMask`, found `&_`
[INFO] [stdout]       |               |
[INFO] [stdout]       |               arguments to this method are incorrect
[INFO] [stdout]       |
[INFO] [stdout]       = note: expected struct `FieldMask`
[INFO] [stdout]               found reference `&_`
[INFO] [stdout] note: method defined here
[INFO] [stdout]      --> /opt/rustwide/workdir/src/api.rs:17908:12
[INFO] [stdout]       |
[INFO] [stdout] 17908 |     pub fn attribute_mask(mut self, new_value: client::FieldMask) -> AccountLocationPatchCall<'a, S> {
[INFO] [stdout]       |            ^^^^^^^^^^^^^^
[INFO] [stdout] help: consider removing the borrow
[INFO] [stdout]       |
[INFO] [stdout] 27    -              .attribute_mask(&Default::default())
[INFO] [stdout] 27    +              .attribute_mask(Default::default())
[INFO] [stdout]       |
[INFO] [stdout] 
[INFO] [stdout] error: aborting due to 2 previous errors
[INFO] [stdout] 
[INFO] [stdout] For more information about this error, try `rustc --explain E0308`.
[INFO] [stdout] Couldn't compile the test.
[INFO] [stdout] 
[INFO] [stdout] failures:
[INFO] [stdout]     src/api.rs - api::AccountLocationLocalPostPatchCall (line 9390)
[INFO] [stdout]     src/api.rs - api::AccountLocationMediaPatchCall (line 11287)
[INFO] [stdout]     src/api.rs - api::AccountLocationPatchCall (line 17673)
[INFO] [stdout] 
[INFO] [stdout] test result: FAILED. 75 passed; 3 failed; 1 ignored; 0 measured; 0 filtered out; finished in 3.79s
[INFO] [stdout] 
[INFO] [stderr] error: doctest failed, to rerun pass `--doc`
[INFO] running `Command { std: "docker" "inspect" "e025cbc90e3fb8ee9ba5a04b44cab5fb9b6e8f0f585b2539396c99ff3f25e283", kill_on_drop: false }`
[INFO] running `Command { std: "docker" "rm" "-f" "e025cbc90e3fb8ee9ba5a04b44cab5fb9b6e8f0f585b2539396c99ff3f25e283", kill_on_drop: false }`
[INFO] [stdout] e025cbc90e3fb8ee9ba5a04b44cab5fb9b6e8f0f585b2539396c99ff3f25e283
