[INFO] fetching crate google-metastore1_beta 5.0.3+20230111...
[INFO] testing google-metastore1_beta-5.0.3+20230111 against 1.75.0 for beta-1.76-1
[INFO] extracting crate google-metastore1_beta 5.0.3+20230111 into /workspace/builds/worker-7-tc1/source
[INFO] validating manifest of crates.io crate google-metastore1_beta 5.0.3+20230111 on toolchain 1.75.0
[INFO] running `Command { std: CARGO_HOME="/workspace/cargo-home" RUSTUP_HOME="/workspace/rustup-home" "/workspace/cargo-home/bin/cargo" "+1.75.0" "metadata" "--manifest-path" "Cargo.toml" "--no-deps", kill_on_drop: false }`
[INFO] started tweaking crates.io crate google-metastore1_beta 5.0.3+20230111
[INFO] finished tweaking crates.io crate google-metastore1_beta 5.0.3+20230111
[INFO] tweaked toml for crates.io crate google-metastore1_beta 5.0.3+20230111 written to /workspace/builds/worker-7-tc1/source/Cargo.toml
[INFO] running `Command { std: CARGO_HOME="/workspace/cargo-home" RUSTUP_HOME="/workspace/rustup-home" "/workspace/cargo-home/bin/cargo" "+1.75.0" "generate-lockfile" "--manifest-path" "Cargo.toml", kill_on_drop: false }`
[INFO] [stderr]     Updating crates.io index
[INFO] running `Command { std: CARGO_HOME="/workspace/cargo-home" RUSTUP_HOME="/workspace/rustup-home" "/workspace/cargo-home/bin/cargo" "+1.75.0" "fetch" "--manifest-path" "Cargo.toml", kill_on_drop: false }`
[INFO] running `Command { std: "docker" "create" "-v" "/var/lib/crater-agent-workspace/builds/worker-7-tc1/target:/opt/rustwide/target:rw,Z" "-v" "/var/lib/crater-agent-workspace/builds/worker-7-tc1/source:/opt/rustwide/workdir:ro,Z" "-v" "/var/lib/crater-agent-workspace/cargo-home:/opt/rustwide/cargo-home:ro,Z" "-v" "/var/lib/crater-agent-workspace/rustup-home:/opt/rustwide/rustup-home:ro,Z" "-e" "SOURCE_DIR=/opt/rustwide/workdir" "-e" "CARGO_TARGET_DIR=/opt/rustwide/target" "-e" "CARGO_HOME=/opt/rustwide/cargo-home" "-e" "RUSTUP_HOME=/opt/rustwide/rustup-home" "-w" "/opt/rustwide/workdir" "-m" "1610612736" "--user" "0:0" "--network" "none" "ghcr.io/rust-lang/crates-build-env/linux@sha256:2788e3201cd34a07e3172128adcd8b3090168a8e3bcc40d7c032b9dda1df7d1c" "/opt/rustwide/cargo-home/bin/cargo" "+1.75.0" "metadata" "--no-deps" "--format-version=1", kill_on_drop: false }`
[INFO] [stdout] e941070fcdc6dcc58564f91e4182ae91fd12f73c1680dd5837aec5cd7d56016c
[INFO] running `Command { std: "docker" "start" "-a" "e941070fcdc6dcc58564f91e4182ae91fd12f73c1680dd5837aec5cd7d56016c", kill_on_drop: false }`
[INFO] running `Command { std: "docker" "inspect" "e941070fcdc6dcc58564f91e4182ae91fd12f73c1680dd5837aec5cd7d56016c", kill_on_drop: false }`
[INFO] running `Command { std: "docker" "rm" "-f" "e941070fcdc6dcc58564f91e4182ae91fd12f73c1680dd5837aec5cd7d56016c", kill_on_drop: false }`
[INFO] [stdout] e941070fcdc6dcc58564f91e4182ae91fd12f73c1680dd5837aec5cd7d56016c
[INFO] running `Command { std: "docker" "create" "-v" "/var/lib/crater-agent-workspace/builds/worker-7-tc1/target:/opt/rustwide/target:rw,Z" "-v" "/var/lib/crater-agent-workspace/builds/worker-7-tc1/source:/opt/rustwide/workdir:ro,Z" "-v" "/var/lib/crater-agent-workspace/cargo-home:/opt/rustwide/cargo-home:ro,Z" "-v" "/var/lib/crater-agent-workspace/rustup-home:/opt/rustwide/rustup-home:ro,Z" "-e" "SOURCE_DIR=/opt/rustwide/workdir" "-e" "CARGO_TARGET_DIR=/opt/rustwide/target" "-e" "CARGO_INCREMENTAL=0" "-e" "RUST_BACKTRACE=full" "-e" "RUSTFLAGS=--cap-lints=warn" "-e" "RUSTDOCFLAGS=--cap-lints=warn" "-e" "CARGO_HOME=/opt/rustwide/cargo-home" "-e" "RUSTUP_HOME=/opt/rustwide/rustup-home" "-w" "/opt/rustwide/workdir" "-m" "1610612736" "--user" "0:0" "--network" "none" "ghcr.io/rust-lang/crates-build-env/linux@sha256:2788e3201cd34a07e3172128adcd8b3090168a8e3bcc40d7c032b9dda1df7d1c" "/opt/rustwide/cargo-home/bin/cargo" "+1.75.0" "build" "--frozen" "--message-format=json", kill_on_drop: false }`
[INFO] [stdout] a1fb8c1f15be1444d0bf9dd2233d94ea11231d18f9d11f9ab19d19bbc24a1584
[INFO] running `Command { std: "docker" "start" "-a" "a1fb8c1f15be1444d0bf9dd2233d94ea11231d18f9d11f9ab19d19bbc24a1584", kill_on_drop: false }`
[INFO] [stderr]    Compiling bytes v1.5.0
[INFO] [stderr]    Compiling futures-io v0.3.30
[INFO] [stderr]    Compiling strsim v0.10.0
[INFO] [stderr]    Compiling rustls v0.21.10
[INFO] [stderr]    Compiling unicode-normalization v0.1.22
[INFO] [stderr]    Compiling ident_case v1.0.1
[INFO] [stderr]    Compiling unicode-bidi v0.3.14
[INFO] [stderr]    Compiling getrandom v0.2.11
[INFO] [stderr]    Compiling tracing v0.1.40
[INFO] [stderr]    Compiling matches v0.1.10
[INFO] [stderr]    Compiling time v0.3.31
[INFO] [stderr]    Compiling percent-encoding v1.0.1
[INFO] [stderr]    Compiling chrono v0.4.31
[INFO] [stderr]    Compiling itertools v0.10.5
[INFO] [stderr]    Compiling futures-util v0.3.30
[INFO] [stderr]    Compiling darling_core v0.20.3
[INFO] [stderr]    Compiling ring v0.17.7
[INFO] [stderr]    Compiling tokio v1.35.1
[INFO] [stderr]    Compiling http v0.2.11
[INFO] [stderr]    Compiling idna v0.5.0
[INFO] [stderr]    Compiling idna v0.1.5
[INFO] [stderr]    Compiling url v2.5.0
[INFO] [stderr]    Compiling url v1.7.2
[INFO] [stderr]    Compiling http-body v0.4.6
[INFO] [stderr]    Compiling sct v0.7.1
[INFO] [stderr]    Compiling rustls-webpki v0.101.7
[INFO] [stderr]    Compiling rustls-webpki v0.102.1
[INFO] [stderr]    Compiling rustls v0.22.1
[INFO] [stderr]    Compiling darling_macro v0.20.3
[INFO] [stderr]    Compiling futures-executor v0.3.30
[INFO] [stderr]    Compiling futures v0.3.30
[INFO] [stderr]    Compiling darling v0.20.3
[INFO] [stderr]    Compiling serde_with_macros v2.3.3
[INFO] [stderr]    Compiling tokio-util v0.7.10
[INFO] [stderr]    Compiling tokio-rustls v0.24.1
[INFO] [stderr]    Compiling serde_with v2.3.3
[INFO] [stderr]    Compiling h2 v0.3.22
[INFO] [stderr]    Compiling hyper v0.14.28
[INFO] [stderr]    Compiling hyper-rustls v0.24.2
[INFO] [stderr]    Compiling yup-oauth2 v8.3.2
[INFO] [stderr]    Compiling google-apis-common v6.0.0
[INFO] [stderr]    Compiling google-metastore1_beta v5.0.3+20230111 (/opt/rustwide/workdir)
[INFO] [stderr]     Finished dev [unoptimized + debuginfo] target(s) in 18.00s
[INFO] running `Command { std: "docker" "inspect" "a1fb8c1f15be1444d0bf9dd2233d94ea11231d18f9d11f9ab19d19bbc24a1584", kill_on_drop: false }`
[INFO] running `Command { std: "docker" "rm" "-f" "a1fb8c1f15be1444d0bf9dd2233d94ea11231d18f9d11f9ab19d19bbc24a1584", kill_on_drop: false }`
[INFO] [stdout] a1fb8c1f15be1444d0bf9dd2233d94ea11231d18f9d11f9ab19d19bbc24a1584
[INFO] running `Command { std: "docker" "create" "-v" "/var/lib/crater-agent-workspace/builds/worker-7-tc1/target:/opt/rustwide/target:rw,Z" "-v" "/var/lib/crater-agent-workspace/builds/worker-7-tc1/source:/opt/rustwide/workdir:ro,Z" "-v" "/var/lib/crater-agent-workspace/cargo-home:/opt/rustwide/cargo-home:ro,Z" "-v" "/var/lib/crater-agent-workspace/rustup-home:/opt/rustwide/rustup-home:ro,Z" "-e" "SOURCE_DIR=/opt/rustwide/workdir" "-e" "CARGO_TARGET_DIR=/opt/rustwide/target" "-e" "CARGO_INCREMENTAL=0" "-e" "RUST_BACKTRACE=full" "-e" "RUSTFLAGS=--cap-lints=warn" "-e" "RUSTDOCFLAGS=--cap-lints=warn" "-e" "CARGO_HOME=/opt/rustwide/cargo-home" "-e" "RUSTUP_HOME=/opt/rustwide/rustup-home" "-w" "/opt/rustwide/workdir" "-m" "1610612736" "--user" "0:0" "--network" "none" "ghcr.io/rust-lang/crates-build-env/linux@sha256:2788e3201cd34a07e3172128adcd8b3090168a8e3bcc40d7c032b9dda1df7d1c" "/opt/rustwide/cargo-home/bin/cargo" "+1.75.0" "test" "--frozen" "--no-run" "--message-format=json", kill_on_drop: false }`
[INFO] [stdout] 3623b8486c4357d7f2968a2b0d0f55e4f38d78d55ce549ae5bc4b7292733fcd4
[INFO] running `Command { std: "docker" "start" "-a" "3623b8486c4357d7f2968a2b0d0f55e4f38d78d55ce549ae5bc4b7292733fcd4", kill_on_drop: false }`
[INFO] [stderr]    Compiling google-metastore1_beta v5.0.3+20230111 (/opt/rustwide/workdir)
[INFO] [stderr]     Finished test [unoptimized + debuginfo] target(s) in 2.72s
[INFO] running `Command { std: "docker" "inspect" "3623b8486c4357d7f2968a2b0d0f55e4f38d78d55ce549ae5bc4b7292733fcd4", kill_on_drop: false }`
[INFO] running `Command { std: "docker" "rm" "-f" "3623b8486c4357d7f2968a2b0d0f55e4f38d78d55ce549ae5bc4b7292733fcd4", kill_on_drop: false }`
[INFO] [stdout] 3623b8486c4357d7f2968a2b0d0f55e4f38d78d55ce549ae5bc4b7292733fcd4
[INFO] running `Command { std: "docker" "create" "-v" "/var/lib/crater-agent-workspace/builds/worker-7-tc1/target:/opt/rustwide/target:rw,Z" "-v" "/var/lib/crater-agent-workspace/builds/worker-7-tc1/source:/opt/rustwide/workdir:ro,Z" "-v" "/var/lib/crater-agent-workspace/cargo-home:/opt/rustwide/cargo-home:ro,Z" "-v" "/var/lib/crater-agent-workspace/rustup-home:/opt/rustwide/rustup-home:ro,Z" "-e" "SOURCE_DIR=/opt/rustwide/workdir" "-e" "CARGO_TARGET_DIR=/opt/rustwide/target" "-e" "CARGO_INCREMENTAL=0" "-e" "RUST_BACKTRACE=full" "-e" "RUSTFLAGS=--cap-lints=warn" "-e" "RUSTDOCFLAGS=--cap-lints=warn" "-e" "CARGO_HOME=/opt/rustwide/cargo-home" "-e" "RUSTUP_HOME=/opt/rustwide/rustup-home" "-w" "/opt/rustwide/workdir" "-m" "1610612736" "--user" "0:0" "--network" "none" "ghcr.io/rust-lang/crates-build-env/linux@sha256:2788e3201cd34a07e3172128adcd8b3090168a8e3bcc40d7c032b9dda1df7d1c" "/opt/rustwide/cargo-home/bin/cargo" "+1.75.0" "test" "--frozen", kill_on_drop: false }`
[INFO] [stdout] 90775d575fd923e7cd681523247ec0251441c91da8852d6590c08f36ed2874b7
[INFO] running `Command { std: "docker" "start" "-a" "90775d575fd923e7cd681523247ec0251441c91da8852d6590c08f36ed2874b7", kill_on_drop: false }`
[INFO] [stderr]     Finished test [unoptimized + debuginfo] target(s) in 0.07s
[INFO] [stderr]      Running unittests src/lib.rs (/opt/rustwide/target/debug/deps/google_metastore1_beta-6d49d91b706ee631)
[INFO] [stdout] 
[INFO] [stdout] running 0 tests
[INFO] [stdout] 
[INFO] [stdout] test result: ok. 0 passed; 0 failed; 0 ignored; 0 measured; 0 filtered out; finished in 0.00s
[INFO] [stdout] 
[INFO] [stderr]    Doc-tests google-metastore1_beta
[INFO] [stdout] 
[INFO] [stdout] running 48 tests
[INFO] [stdout] test src/api.rs - api::ProjectLocationFederationGetCall (line 2895) - compile ... ok
[INFO] [stdout] test src/api.rs - api::ProjectLocationFederationGetIamPolicyCall (line 3157) - compile ... ok
[INFO] [stdout] test src/api.rs - api::ProjectLocationFederationCreateCall (line 2305) - compile ... ok
[INFO] [stdout] test src/api.rs - api::DataprocMetastore (line 58) - compile ... ok
[INFO] [stdout] test src/api.rs - api::ProjectLocationFederationListCall (line 3431) - compile ... ok
[INFO] [stdout] test src/api.rs - api::ProjectLocationListCall (line 14753) - compile ... ok
[INFO] [stdout] test src/api.rs - api::ProjectLocationFederationDeleteCall (line 2621) - compile ... ok
[INFO] [stdout] test src/api.rs - api::ProjectLocationOperationDeleteCall (line 4641) - compile ... ok
[INFO] [stdout] test src/api.rs - api::ProjectLocationGetCall (line 14491) - compile ... ok
[INFO] [stdout] test src/api.rs - api::ProjectLocationOperationListCall (line 5165) - compile ... ok
[INFO] [stdout] test src/api.rs - api::ProjectLocationServiceBackupCreateCall (line 5463) - compile ... ok
[INFO] [stdout] test src/api.rs - api::ProjectLocationOperationGetCall (line 4903) - compile ... ok
[INFO] [stdout] test src/api.rs - api::ProjectLocationFederationSetIamPolicyCall (line 4057) - compile ... ok
[INFO] [stdout] test src/api.rs - api::ProjectLocationFederationTestIamPermissionCall (line 4349) - compile ... ok
[INFO] [stdout] test src/api.rs - api::ProjectLocationServiceBackupDeleteCall (line 5779) - compile ... ok
[INFO] [stdout] test src/api.rs - api::ProjectLocationServiceBackupGetIamPolicyCall (line 6315) - compile ... ok
[INFO] [stdout] test src/api.rs - api::ProjectLocationServiceBackupGetCall (line 6053) - compile ... ok
[INFO] [stdout] test src/api.rs - api::ProjectLocationServiceBackupTestIamPermissionCall (line 7191) - compile ... ok
[INFO] [stdout] test src/api.rs - api::ProjectLocationServiceAlterLocationCall (line 10403) - compile ... ok
[INFO] [stdout] test src/api.rs - api::ProjectLocationServiceCreateCall (line 10695) - compile ... ok
[INFO] [stdout] test src/api.rs - api::ProjectLocationServiceDatabaseSetIamPolicyCall (line 8615) - compile ... ok
[INFO] [stdout] test src/api.rs - api::ProjectLocationFederationPatchCall (line 3741) - compile ... FAILED
[INFO] [stdout] test src/api.rs - api::ProjectLocationServiceBackupListCall (line 6589) - compile ... ok
[INFO] [stdout] test src/api.rs - api::ProjectLocationServiceDatabaseTableGetIamPolicyCall (line 7483) - compile ... ok
[INFO] [stdout] test src/api.rs - api::ProjectLocationServiceDatabaseTableTestIamPermissionCall (line 8049) - compile ... ok
[INFO] [stdout] test src/api.rs - api::ProjectLocationServiceDeleteCall (line 11011) - compile ... ok
[INFO] [stdout] test src/api.rs - api::ProjectLocationServiceExportMetadataCall (line 11285) - compile ... ok
[INFO] [stdout] test src/api.rs - api::ProjectLocationServiceBackupSetIamPolicyCall (line 6899) - compile ... ok
[INFO] [stdout] test src/api.rs - api::ProjectLocationServiceDatabaseTestIamPermissionCall (line 8907) - compile ... ok
[INFO] [stdout] test src/api.rs - api::ProjectLocationServiceDatabaseGetIamPolicyCall (line 8341) - compile ... ok
[INFO] [stdout] test src/api.rs - api::ProjectLocationServiceDatabaseTableSetIamPolicyCall (line 7757) - compile ... ok
[INFO] [stdout] test src/lib.rs - (line 49) ... ignored
[INFO] [stdout] test src/api.rs - api::ProjectLocationServiceListCall (line 12113) - compile ... ok
[INFO] [stdout] test src/api.rs - api::ProjectLocationServiceGetCall (line 11577) - compile ... ok
[INFO] [stdout] test src/api.rs - api::ProjectLocationServiceMetadataImportCreateCall (line 9199) - compile ... ok
[INFO] [stdout] test src/api.rs - api::ProjectLocationServiceMetadataImportPatchCall (line 10087) - compile ... FAILED
[INFO] [stdout] test src/api.rs - api::ProjectLocationServiceMetadataImportListCall (line 9777) - compile ... ok
[INFO] [stdout] test src/api.rs - api::ProjectLocationServiceMetadataImportGetCall (line 9515) - compile ... ok
[INFO] [stdout] test src/api.rs - api::ProjectLocationServiceTestIamPermissionCall (line 14199) - compile ... ok
[INFO] [stdout] test src/api.rs - api::ProjectLocationServiceGetIamPolicyCall (line 11839) - compile ... ok
[INFO] [stdout] test src/api.rs - api::ProjectLocationServiceMoveTableToDatabaseCall (line 12423) - compile ... ok
[INFO] [stdout] test src/api.rs - api::ProjectLocationServiceQueryMetadataCall (line 13031) - compile ... ok
[INFO] [stdout] test src/api.rs - api::ProjectLocationServiceRemoveIamPolicyCall (line 13323) - compile ... ok
[INFO] [stdout] test src/api.rs - api::ProjectMethods (line 1418) - compile ... ok
[INFO] [stdout] test src/api.rs - api::ProjectLocationServicePatchCall (line 12715) - compile ... FAILED
[INFO] [stdout] test src/api.rs - api::ProjectLocationServiceSetIamPolicyCall (line 13907) - compile ... ok
[INFO] [stdout] test src/api.rs - api::ProjectLocationServiceRestoreCall (line 13615) - compile ... ok
[INFO] [stdout] test src/lib.rs - (line 88) - compile ... ok
[INFO] [stdout] 
[INFO] [stdout] failures:
[INFO] [stdout] 
[INFO] [stdout] ---- src/api.rs - api::ProjectLocationFederationPatchCall (line 3741) stdout ----
[INFO] [stdout] error[E0308]: mismatched types
[INFO] [stdout]     --> src/api.rs:3765:27
[INFO] [stdout]      |
[INFO] [stdout] 25   |              .update_mask(&Default::default())
[INFO] [stdout]      |               ----------- ^^^^^^^^^^^^^^^^^^^ expected `FieldMask`, found `&_`
[INFO] [stdout]      |               |
[INFO] [stdout]      |               arguments to this method are incorrect
[INFO] [stdout]      |
[INFO] [stdout]      = note: expected struct `FieldMask`
[INFO] [stdout]              found reference `&_`
[INFO] [stdout] note: method defined here
[INFO] [stdout]     --> /opt/rustwide/workdir/src/api.rs:3961:12
[INFO] [stdout]      |
[INFO] [stdout] 3961 |     pub fn update_mask(mut self, new_value: client::FieldMask) -> ProjectLocationFederationPatchCall<'a, S> {
[INFO] [stdout]      |            ^^^^^^^^^^^
[INFO] [stdout] help: consider removing the borrow
[INFO] [stdout]      |
[INFO] [stdout] 25   -              .update_mask(&Default::default())
[INFO] [stdout] 25   +              .update_mask(Default::default())
[INFO] [stdout]      |
[INFO] [stdout] 
[INFO] [stdout] error: aborting due to previous error
[INFO] [stdout] 
[INFO] [stdout] For more information about this error, try `rustc --explain E0308`.
[INFO] [stdout] Couldn't compile the test.
[INFO] [stdout] ---- src/api.rs - api::ProjectLocationServiceMetadataImportPatchCall (line 10087) stdout ----
[INFO] [stdout] error[E0308]: mismatched types
[INFO] [stdout]      --> src/api.rs:10111:27
[INFO] [stdout]       |
[INFO] [stdout] 25    |              .update_mask(&Default::default())
[INFO] [stdout]       |               ----------- ^^^^^^^^^^^^^^^^^^^ expected `FieldMask`, found `&_`
[INFO] [stdout]       |               |
[INFO] [stdout]       |               arguments to this method are incorrect
[INFO] [stdout]       |
[INFO] [stdout]       = note: expected struct `FieldMask`
[INFO] [stdout]               found reference `&_`
[INFO] [stdout] note: method defined here
[INFO] [stdout]      --> /opt/rustwide/workdir/src/api.rs:10307:12
[INFO] [stdout]       |
[INFO] [stdout] 10307 |     pub fn update_mask(mut self, new_value: client::FieldMask) -> ProjectLocationServiceMetadataImportPatchCall<'a, S> {
[INFO] [stdout]       |            ^^^^^^^^^^^
[INFO] [stdout] help: consider removing the borrow
[INFO] [stdout]       |
[INFO] [stdout] 25    -              .update_mask(&Default::default())
[INFO] [stdout] 25    +              .update_mask(Default::default())
[INFO] [stdout]       |
[INFO] [stdout] 
[INFO] [stdout] error: aborting due to previous error
[INFO] [stdout] 
[INFO] [stdout] For more information about this error, try `rustc --explain E0308`.
[INFO] [stdout] Couldn't compile the test.
[INFO] [stdout] ---- src/api.rs - api::ProjectLocationServicePatchCall (line 12715) stdout ----
[INFO] [stdout] error[E0308]: mismatched types
[INFO] [stdout]      --> src/api.rs:12739:27
[INFO] [stdout]       |
[INFO] [stdout] 25    |              .update_mask(&Default::default())
[INFO] [stdout]       |               ----------- ^^^^^^^^^^^^^^^^^^^ expected `FieldMask`, found `&_`
[INFO] [stdout]       |               |
[INFO] [stdout]       |               arguments to this method are incorrect
[INFO] [stdout]       |
[INFO] [stdout]       = note: expected struct `FieldMask`
[INFO] [stdout]               found reference `&_`
[INFO] [stdout] note: method defined here
[INFO] [stdout]      --> /opt/rustwide/workdir/src/api.rs:12935:12
[INFO] [stdout]       |
[INFO] [stdout] 12935 |     pub fn update_mask(mut self, new_value: client::FieldMask) -> ProjectLocationServicePatchCall<'a, S> {
[INFO] [stdout]       |            ^^^^^^^^^^^
[INFO] [stdout] help: consider removing the borrow
[INFO] [stdout]       |
[INFO] [stdout] 25    -              .update_mask(&Default::default())
[INFO] [stdout] 25    +              .update_mask(Default::default())
[INFO] [stdout]       |
[INFO] [stdout] 
[INFO] [stdout] error: aborting due to previous error
[INFO] [stdout] 
[INFO] [stdout] For more information about this error, try `rustc --explain E0308`.
[INFO] [stdout] Couldn't compile the test.
[INFO] [stdout] 
[INFO] [stdout] failures:
[INFO] [stdout]     src/api.rs - api::ProjectLocationFederationPatchCall (line 3741)
[INFO] [stdout]     src/api.rs - api::ProjectLocationServiceMetadataImportPatchCall (line 10087)
[INFO] [stdout]     src/api.rs - api::ProjectLocationServicePatchCall (line 12715)
[INFO] [stdout] 
[INFO] [stdout] test result: FAILED. 44 passed; 3 failed; 1 ignored; 0 measured; 0 filtered out; finished in 0.82s
[INFO] [stdout] 
[INFO] [stderr] error: doctest failed, to rerun pass `--doc`
[INFO] running `Command { std: "docker" "inspect" "90775d575fd923e7cd681523247ec0251441c91da8852d6590c08f36ed2874b7", kill_on_drop: false }`
[INFO] running `Command { std: "docker" "rm" "-f" "90775d575fd923e7cd681523247ec0251441c91da8852d6590c08f36ed2874b7", kill_on_drop: false }`
[INFO] [stdout] 90775d575fd923e7cd681523247ec0251441c91da8852d6590c08f36ed2874b7
