[INFO] fetching crate google-memcache1_beta2 5.0.3+20230103...
[INFO] testing google-memcache1_beta2-5.0.3+20230103 against 1.75.0 for beta-1.76-1
[INFO] extracting crate google-memcache1_beta2 5.0.3+20230103 into /workspace/builds/worker-1-tc1/source
[INFO] validating manifest of crates.io crate google-memcache1_beta2 5.0.3+20230103 on toolchain 1.75.0
[INFO] running `Command { std: CARGO_HOME="/workspace/cargo-home" RUSTUP_HOME="/workspace/rustup-home" "/workspace/cargo-home/bin/cargo" "+1.75.0" "metadata" "--manifest-path" "Cargo.toml" "--no-deps", kill_on_drop: false }`
[INFO] started tweaking crates.io crate google-memcache1_beta2 5.0.3+20230103
[INFO] finished tweaking crates.io crate google-memcache1_beta2 5.0.3+20230103
[INFO] tweaked toml for crates.io crate google-memcache1_beta2 5.0.3+20230103 written to /workspace/builds/worker-1-tc1/source/Cargo.toml
[INFO] running `Command { std: CARGO_HOME="/workspace/cargo-home" RUSTUP_HOME="/workspace/rustup-home" "/workspace/cargo-home/bin/cargo" "+1.75.0" "generate-lockfile" "--manifest-path" "Cargo.toml", kill_on_drop: false }`
[INFO] [stderr]     Blocking waiting for file lock on package cache
[INFO] [stderr]     Updating crates.io index
[INFO] running `Command { std: CARGO_HOME="/workspace/cargo-home" RUSTUP_HOME="/workspace/rustup-home" "/workspace/cargo-home/bin/cargo" "+1.75.0" "fetch" "--manifest-path" "Cargo.toml", kill_on_drop: false }`
[INFO] running `Command { std: "docker" "create" "-v" "/var/lib/crater-agent-workspace/builds/worker-1-tc1/target:/opt/rustwide/target:rw,Z" "-v" "/var/lib/crater-agent-workspace/builds/worker-1-tc1/source:/opt/rustwide/workdir:ro,Z" "-v" "/var/lib/crater-agent-workspace/cargo-home:/opt/rustwide/cargo-home:ro,Z" "-v" "/var/lib/crater-agent-workspace/rustup-home:/opt/rustwide/rustup-home:ro,Z" "-e" "SOURCE_DIR=/opt/rustwide/workdir" "-e" "CARGO_TARGET_DIR=/opt/rustwide/target" "-e" "CARGO_HOME=/opt/rustwide/cargo-home" "-e" "RUSTUP_HOME=/opt/rustwide/rustup-home" "-w" "/opt/rustwide/workdir" "-m" "1610612736" "--user" "0:0" "--network" "none" "ghcr.io/rust-lang/crates-build-env/linux@sha256:2788e3201cd34a07e3172128adcd8b3090168a8e3bcc40d7c032b9dda1df7d1c" "/opt/rustwide/cargo-home/bin/cargo" "+1.75.0" "metadata" "--no-deps" "--format-version=1", kill_on_drop: false }`
[INFO] [stdout] 0a4b44bf73bf23d611b8339f3a410a7b1fd7e6f79c715569538976f40e4c400f
[INFO] running `Command { std: "docker" "start" "-a" "0a4b44bf73bf23d611b8339f3a410a7b1fd7e6f79c715569538976f40e4c400f", kill_on_drop: false }`
[INFO] running `Command { std: "docker" "inspect" "0a4b44bf73bf23d611b8339f3a410a7b1fd7e6f79c715569538976f40e4c400f", kill_on_drop: false }`
[INFO] running `Command { std: "docker" "rm" "-f" "0a4b44bf73bf23d611b8339f3a410a7b1fd7e6f79c715569538976f40e4c400f", kill_on_drop: false }`
[INFO] [stdout] 0a4b44bf73bf23d611b8339f3a410a7b1fd7e6f79c715569538976f40e4c400f
[INFO] running `Command { std: "docker" "create" "-v" "/var/lib/crater-agent-workspace/builds/worker-1-tc1/target:/opt/rustwide/target:rw,Z" "-v" "/var/lib/crater-agent-workspace/builds/worker-1-tc1/source:/opt/rustwide/workdir:ro,Z" "-v" "/var/lib/crater-agent-workspace/cargo-home:/opt/rustwide/cargo-home:ro,Z" "-v" "/var/lib/crater-agent-workspace/rustup-home:/opt/rustwide/rustup-home:ro,Z" "-e" "SOURCE_DIR=/opt/rustwide/workdir" "-e" "CARGO_TARGET_DIR=/opt/rustwide/target" "-e" "CARGO_INCREMENTAL=0" "-e" "RUST_BACKTRACE=full" "-e" "RUSTFLAGS=--cap-lints=warn" "-e" "RUSTDOCFLAGS=--cap-lints=warn" "-e" "CARGO_HOME=/opt/rustwide/cargo-home" "-e" "RUSTUP_HOME=/opt/rustwide/rustup-home" "-w" "/opt/rustwide/workdir" "-m" "1610612736" "--user" "0:0" "--network" "none" "ghcr.io/rust-lang/crates-build-env/linux@sha256:2788e3201cd34a07e3172128adcd8b3090168a8e3bcc40d7c032b9dda1df7d1c" "/opt/rustwide/cargo-home/bin/cargo" "+1.75.0" "build" "--frozen" "--message-format=json", kill_on_drop: false }`
[INFO] [stdout] ae66b5db723457336d782a77aa08450862e9f32c4f9e3a07f0e3ffe110ae1518
[INFO] running `Command { std: "docker" "start" "-a" "ae66b5db723457336d782a77aa08450862e9f32c4f9e3a07f0e3ffe110ae1518", kill_on_drop: false }`
[INFO] [stderr]    Compiling google-memcache1_beta2 v5.0.3+20230103 (/opt/rustwide/workdir)
[INFO] [stderr]     Finished dev [unoptimized + debuginfo] target(s) in 1.38s
[INFO] running `Command { std: "docker" "inspect" "ae66b5db723457336d782a77aa08450862e9f32c4f9e3a07f0e3ffe110ae1518", kill_on_drop: false }`
[INFO] running `Command { std: "docker" "rm" "-f" "ae66b5db723457336d782a77aa08450862e9f32c4f9e3a07f0e3ffe110ae1518", kill_on_drop: false }`
[INFO] [stdout] ae66b5db723457336d782a77aa08450862e9f32c4f9e3a07f0e3ffe110ae1518
[INFO] running `Command { std: "docker" "create" "-v" "/var/lib/crater-agent-workspace/builds/worker-1-tc1/target:/opt/rustwide/target:rw,Z" "-v" "/var/lib/crater-agent-workspace/builds/worker-1-tc1/source:/opt/rustwide/workdir:ro,Z" "-v" "/var/lib/crater-agent-workspace/cargo-home:/opt/rustwide/cargo-home:ro,Z" "-v" "/var/lib/crater-agent-workspace/rustup-home:/opt/rustwide/rustup-home:ro,Z" "-e" "SOURCE_DIR=/opt/rustwide/workdir" "-e" "CARGO_TARGET_DIR=/opt/rustwide/target" "-e" "CARGO_INCREMENTAL=0" "-e" "RUST_BACKTRACE=full" "-e" "RUSTFLAGS=--cap-lints=warn" "-e" "RUSTDOCFLAGS=--cap-lints=warn" "-e" "CARGO_HOME=/opt/rustwide/cargo-home" "-e" "RUSTUP_HOME=/opt/rustwide/rustup-home" "-w" "/opt/rustwide/workdir" "-m" "1610612736" "--user" "0:0" "--network" "none" "ghcr.io/rust-lang/crates-build-env/linux@sha256:2788e3201cd34a07e3172128adcd8b3090168a8e3bcc40d7c032b9dda1df7d1c" "/opt/rustwide/cargo-home/bin/cargo" "+1.75.0" "test" "--frozen" "--no-run" "--message-format=json", kill_on_drop: false }`
[INFO] [stdout] 0d11d23b5e2b15a57bf31d47e060670b7d86fe8b92ab6bcf1d08d864469fbcf5
[INFO] running `Command { std: "docker" "start" "-a" "0d11d23b5e2b15a57bf31d47e060670b7d86fe8b92ab6bcf1d08d864469fbcf5", kill_on_drop: false }`
[INFO] [stderr]    Compiling google-memcache1_beta2 v5.0.3+20230103 (/opt/rustwide/workdir)
[INFO] [stderr]     Finished test [unoptimized + debuginfo] target(s) in 1.82s
[INFO] running `Command { std: "docker" "inspect" "0d11d23b5e2b15a57bf31d47e060670b7d86fe8b92ab6bcf1d08d864469fbcf5", kill_on_drop: false }`
[INFO] running `Command { std: "docker" "rm" "-f" "0d11d23b5e2b15a57bf31d47e060670b7d86fe8b92ab6bcf1d08d864469fbcf5", kill_on_drop: false }`
[INFO] [stdout] 0d11d23b5e2b15a57bf31d47e060670b7d86fe8b92ab6bcf1d08d864469fbcf5
[INFO] running `Command { std: "docker" "create" "-v" "/var/lib/crater-agent-workspace/builds/worker-1-tc1/target:/opt/rustwide/target:rw,Z" "-v" "/var/lib/crater-agent-workspace/builds/worker-1-tc1/source:/opt/rustwide/workdir:ro,Z" "-v" "/var/lib/crater-agent-workspace/cargo-home:/opt/rustwide/cargo-home:ro,Z" "-v" "/var/lib/crater-agent-workspace/rustup-home:/opt/rustwide/rustup-home:ro,Z" "-e" "SOURCE_DIR=/opt/rustwide/workdir" "-e" "CARGO_TARGET_DIR=/opt/rustwide/target" "-e" "CARGO_INCREMENTAL=0" "-e" "RUST_BACKTRACE=full" "-e" "RUSTFLAGS=--cap-lints=warn" "-e" "RUSTDOCFLAGS=--cap-lints=warn" "-e" "CARGO_HOME=/opt/rustwide/cargo-home" "-e" "RUSTUP_HOME=/opt/rustwide/rustup-home" "-w" "/opt/rustwide/workdir" "-m" "1610612736" "--user" "0:0" "--network" "none" "ghcr.io/rust-lang/crates-build-env/linux@sha256:2788e3201cd34a07e3172128adcd8b3090168a8e3bcc40d7c032b9dda1df7d1c" "/opt/rustwide/cargo-home/bin/cargo" "+1.75.0" "test" "--frozen", kill_on_drop: false }`
[INFO] [stdout] 91f34e2eab218e3aeead620cdee6ee05055bc25a47e18f050f9f1297586907ad
[INFO] running `Command { std: "docker" "start" "-a" "91f34e2eab218e3aeead620cdee6ee05055bc25a47e18f050f9f1297586907ad", kill_on_drop: false }`
[INFO] [stderr]     Finished test [unoptimized + debuginfo] target(s) in 0.14s
[INFO] [stderr]      Running unittests src/lib.rs (/opt/rustwide/target/debug/deps/google_memcache1_beta2-941729e25846c3f0)
[INFO] [stdout] 
[INFO] [stdout] running 0 tests
[INFO] [stdout] 
[INFO] [stdout] test result: ok. 0 passed; 0 failed; 0 ignored; 0 measured; 0 filtered out; finished in 0.00s
[INFO] [stdout] 
[INFO] [stderr]    Doc-tests google-memcache1_beta2
[INFO] [stdout] 
[INFO] [stdout] running 19 tests
[INFO] [stdout] test src/api.rs - api::ProjectLocationInstanceApplyParameterCall (line 1079) - compile ... ok
[INFO] [stdout] test src/api.rs - api::ProjectLocationInstanceListCall (line 2491) - compile ... ok
[INFO] [stdout] test src/api.rs - api::ProjectLocationInstanceDeleteCall (line 1967) - compile ... ok
[INFO] [stdout] test src/api.rs - api::ProjectLocationInstanceGetCall (line 2229) - compile ... ok
[INFO] [stdout] test src/api.rs - api::ProjectLocationGetCall (line 4803) - compile ... ok
[INFO] [stdout] test src/api.rs - api::ProjectLocationInstanceApplySoftwareUpdateCall (line 1371) - compile ... ok
[INFO] [stdout] test src/api.rs - api::ProjectLocationInstanceCreateCall (line 1663) - compile ... ok
[INFO] [stdout] test src/api.rs - api::CloudMemorystoreForMemcached (line 58) - compile ... ok
[INFO] [stdout] test src/api.rs - api::ProjectLocationInstanceRescheduleMaintenanceCall (line 3105) - compile ... ok
[INFO] [stdout] test src/api.rs - api::ProjectLocationOperationGetCall (line 4243) - compile ... ok
[INFO] [stdout] test src/lib.rs - (line 49) ... ignored
[INFO] [stdout] test src/api.rs - api::ProjectLocationOperationDeleteCall (line 3981) - compile ... ok
[INFO] [stdout] test src/api.rs - api::ProjectLocationOperationCancelCall (line 3689) - compile ... ok
[INFO] [stdout] test src/api.rs - api::ProjectLocationOperationListCall (line 4505) - compile ... ok
[INFO] [stdout] test src/api.rs - api::ProjectLocationListCall (line 5065) - compile ... ok
[INFO] [stdout] test src/api.rs - api::ProjectLocationInstanceUpdateParameterCall (line 3397) - compile ... ok
[INFO] [stdout] test src/lib.rs - (line 80) - compile ... ok
[INFO] [stdout] test src/api.rs - api::ProjectLocationInstancePatchCall (line 2801) - compile ... FAILED
[INFO] [stdout] test src/api.rs - api::ProjectMethods (line 749) - compile ... ok
[INFO] [stdout] 
[INFO] [stdout] failures:
[INFO] [stdout] 
[INFO] [stdout] ---- src/api.rs - api::ProjectLocationInstancePatchCall (line 2801) stdout ----
[INFO] [stdout] error[E0308]: mismatched types
[INFO] [stdout]     --> src/api.rs:2825:27
[INFO] [stdout]      |
[INFO] [stdout] 25   |              .update_mask(&Default::default())
[INFO] [stdout]      |               ----------- ^^^^^^^^^^^^^^^^^^^ expected `FieldMask`, found `&_`
[INFO] [stdout]      |               |
[INFO] [stdout]      |               arguments to this method are incorrect
[INFO] [stdout]      |
[INFO] [stdout]      = note: expected struct `FieldMask`
[INFO] [stdout]              found reference `&_`
[INFO] [stdout] note: method defined here
[INFO] [stdout]     --> /opt/rustwide/workdir/src/api.rs:3016:12
[INFO] [stdout]      |
[INFO] [stdout] 3016 |     pub fn update_mask(mut self, new_value: client::FieldMask) -> ProjectLocationInstancePatchCall<'a, S> {
[INFO] [stdout]      |            ^^^^^^^^^^^
[INFO] [stdout] help: consider removing the borrow
[INFO] [stdout]      |
[INFO] [stdout] 25   -              .update_mask(&Default::default())
[INFO] [stdout] 25   +              .update_mask(Default::default())
[INFO] [stdout]      |
[INFO] [stdout] 
[INFO] [stdout] error: aborting due to previous error
[INFO] [stdout] 
[INFO] [stdout] For more information about this error, try `rustc --explain E0308`.
[INFO] [stdout] Couldn't compile the test.
[INFO] [stdout] 
[INFO] [stdout] failures:
[INFO] [stdout]     src/api.rs - api::ProjectLocationInstancePatchCall (line 2801)
[INFO] [stdout] 
[INFO] [stdout] test result: FAILED. 17 passed; 1 failed; 1 ignored; 0 measured; 0 filtered out; finished in 0.62s
[INFO] [stdout] 
[INFO] [stderr] error: doctest failed, to rerun pass `--doc`
[INFO] running `Command { std: "docker" "inspect" "91f34e2eab218e3aeead620cdee6ee05055bc25a47e18f050f9f1297586907ad", kill_on_drop: false }`
[INFO] running `Command { std: "docker" "rm" "-f" "91f34e2eab218e3aeead620cdee6ee05055bc25a47e18f050f9f1297586907ad", kill_on_drop: false }`
[INFO] [stdout] 91f34e2eab218e3aeead620cdee6ee05055bc25a47e18f050f9f1297586907ad
