[INFO] fetching crate google-managedidentities1 5.0.3+20221227...
[INFO] testing google-managedidentities1-5.0.3+20221227 against 1.75.0 for beta-1.76-1
[INFO] extracting crate google-managedidentities1 5.0.3+20221227 into /workspace/builds/worker-5-tc1/source
[INFO] validating manifest of crates.io crate google-managedidentities1 5.0.3+20221227 on toolchain 1.75.0
[INFO] running `Command { std: CARGO_HOME="/workspace/cargo-home" RUSTUP_HOME="/workspace/rustup-home" "/workspace/cargo-home/bin/cargo" "+1.75.0" "metadata" "--manifest-path" "Cargo.toml" "--no-deps", kill_on_drop: false }`
[INFO] started tweaking crates.io crate google-managedidentities1 5.0.3+20221227
[INFO] finished tweaking crates.io crate google-managedidentities1 5.0.3+20221227
[INFO] tweaked toml for crates.io crate google-managedidentities1 5.0.3+20221227 written to /workspace/builds/worker-5-tc1/source/Cargo.toml
[INFO] running `Command { std: CARGO_HOME="/workspace/cargo-home" RUSTUP_HOME="/workspace/rustup-home" "/workspace/cargo-home/bin/cargo" "+1.75.0" "generate-lockfile" "--manifest-path" "Cargo.toml", kill_on_drop: false }`
[INFO] [stderr]     Updating crates.io index
[INFO] running `Command { std: CARGO_HOME="/workspace/cargo-home" RUSTUP_HOME="/workspace/rustup-home" "/workspace/cargo-home/bin/cargo" "+1.75.0" "fetch" "--manifest-path" "Cargo.toml", kill_on_drop: false }`
[INFO] running `Command { std: "docker" "create" "-v" "/var/lib/crater-agent-workspace/builds/worker-5-tc1/target:/opt/rustwide/target:rw,Z" "-v" "/var/lib/crater-agent-workspace/builds/worker-5-tc1/source:/opt/rustwide/workdir:ro,Z" "-v" "/var/lib/crater-agent-workspace/cargo-home:/opt/rustwide/cargo-home:ro,Z" "-v" "/var/lib/crater-agent-workspace/rustup-home:/opt/rustwide/rustup-home:ro,Z" "-e" "SOURCE_DIR=/opt/rustwide/workdir" "-e" "CARGO_TARGET_DIR=/opt/rustwide/target" "-e" "CARGO_HOME=/opt/rustwide/cargo-home" "-e" "RUSTUP_HOME=/opt/rustwide/rustup-home" "-w" "/opt/rustwide/workdir" "-m" "1610612736" "--user" "0:0" "--network" "none" "ghcr.io/rust-lang/crates-build-env/linux@sha256:2788e3201cd34a07e3172128adcd8b3090168a8e3bcc40d7c032b9dda1df7d1c" "/opt/rustwide/cargo-home/bin/cargo" "+1.75.0" "metadata" "--no-deps" "--format-version=1", kill_on_drop: false }`
[INFO] [stdout] 90d90a0fa6aa68fd2123f581ecdcbe68e4e14e46072e2a26287e2c24380ea8c6
[INFO] running `Command { std: "docker" "start" "-a" "90d90a0fa6aa68fd2123f581ecdcbe68e4e14e46072e2a26287e2c24380ea8c6", kill_on_drop: false }`
[INFO] running `Command { std: "docker" "inspect" "90d90a0fa6aa68fd2123f581ecdcbe68e4e14e46072e2a26287e2c24380ea8c6", kill_on_drop: false }`
[INFO] running `Command { std: "docker" "rm" "-f" "90d90a0fa6aa68fd2123f581ecdcbe68e4e14e46072e2a26287e2c24380ea8c6", kill_on_drop: false }`
[INFO] [stdout] 90d90a0fa6aa68fd2123f581ecdcbe68e4e14e46072e2a26287e2c24380ea8c6
[INFO] running `Command { std: "docker" "create" "-v" "/var/lib/crater-agent-workspace/builds/worker-5-tc1/target:/opt/rustwide/target:rw,Z" "-v" "/var/lib/crater-agent-workspace/builds/worker-5-tc1/source:/opt/rustwide/workdir:ro,Z" "-v" "/var/lib/crater-agent-workspace/cargo-home:/opt/rustwide/cargo-home:ro,Z" "-v" "/var/lib/crater-agent-workspace/rustup-home:/opt/rustwide/rustup-home:ro,Z" "-e" "SOURCE_DIR=/opt/rustwide/workdir" "-e" "CARGO_TARGET_DIR=/opt/rustwide/target" "-e" "CARGO_INCREMENTAL=0" "-e" "RUST_BACKTRACE=full" "-e" "RUSTFLAGS=--cap-lints=warn" "-e" "RUSTDOCFLAGS=--cap-lints=warn" "-e" "CARGO_HOME=/opt/rustwide/cargo-home" "-e" "RUSTUP_HOME=/opt/rustwide/rustup-home" "-w" "/opt/rustwide/workdir" "-m" "1610612736" "--user" "0:0" "--network" "none" "ghcr.io/rust-lang/crates-build-env/linux@sha256:2788e3201cd34a07e3172128adcd8b3090168a8e3bcc40d7c032b9dda1df7d1c" "/opt/rustwide/cargo-home/bin/cargo" "+1.75.0" "build" "--frozen" "--message-format=json", kill_on_drop: false }`
[INFO] [stdout] 8251cab8cb3e6b042ec4daf5922b9f762f54d933c42dd0bd3f84bd0906982842
[INFO] running `Command { std: "docker" "start" "-a" "8251cab8cb3e6b042ec4daf5922b9f762f54d933c42dd0bd3f84bd0906982842", kill_on_drop: false }`
[INFO] [stderr]    Compiling bytes v1.5.0
[INFO] [stderr]    Compiling futures-sink v0.3.30
[INFO] [stderr]    Compiling futures-core v0.3.30
[INFO] [stderr]    Compiling spin v0.9.8
[INFO] [stderr]    Compiling untrusted v0.9.0
[INFO] [stderr]    Compiling serde v1.0.194
[INFO] [stderr]    Compiling tinyvec_macros v0.1.1
[INFO] [stderr]    Compiling tracing-core v0.1.32
[INFO] [stderr]    Compiling rustls v0.21.10
[INFO] [stderr]    Compiling ident_case v1.0.1
[INFO] [stderr]    Compiling unicode-bidi v0.3.14
[INFO] [stderr]    Compiling equivalent v1.0.1
[INFO] [stderr]    Compiling syn v2.0.48
[INFO] [stderr]    Compiling cc v1.0.83
[INFO] [stderr]    Compiling getrandom v0.2.11
[INFO] [stderr]    Compiling socket2 v0.5.5
[INFO] [stderr]    Compiling futures-channel v0.3.30
[INFO] [stderr]    Compiling mio v0.8.10
[INFO] [stderr]    Compiling tinyvec v1.6.0
[INFO] [stderr]    Compiling hashbrown v0.14.3
[INFO] [stderr]    Compiling httparse v1.8.0
[INFO] [stderr]    Compiling strsim v0.10.0
[INFO] [stderr]    Compiling try-lock v0.2.5
[INFO] [stderr]    Compiling base64 v0.21.5
[INFO] [stderr]    Compiling want v0.3.1
[INFO] [stderr]    Compiling rustls-pki-types v1.1.0
[INFO] [stderr]    Compiling httpdate v1.0.3
[INFO] [stderr]    Compiling percent-encoding v2.3.1
[INFO] [stderr]    Compiling either v1.9.0
[INFO] [stderr]    Compiling http v0.2.11
[INFO] [stderr]    Compiling rustls-pemfile v1.0.4
[INFO] [stderr]    Compiling indexmap v2.1.0
[INFO] [stderr]    Compiling rustls v0.22.1
[INFO] [stderr]    Compiling tower-service v0.3.2
[INFO] [stderr]    Compiling tracing v0.1.40
[INFO] [stderr]    Compiling powerfmt v0.2.0
[INFO] [stderr]    Compiling rustls-native-certs v0.6.3
[INFO] [stderr]    Compiling form_urlencoded v1.2.1
[INFO] [stderr]    Compiling matches v0.1.10
[INFO] [stderr]    Compiling subtle v2.5.0
[INFO] [stderr]    Compiling num_threads v0.1.6
[INFO] [stderr]    Compiling time-core v0.1.2
[INFO] [stderr]    Compiling zeroize v1.7.0
[INFO] [stderr]    Compiling itertools v0.12.0
[INFO] [stderr]    Compiling itertools v0.10.5
[INFO] [stderr]    Compiling mime v0.3.17
[INFO] [stderr]    Compiling base64 v0.13.1
[INFO] [stderr]    Compiling unicode-normalization v0.1.22
[INFO] [stderr]    Compiling http-body v0.4.6
[INFO] [stderr]    Compiling ring v0.17.7
[INFO] [stderr]    Compiling idna v0.5.0
[INFO] [stderr]    Compiling idna v0.1.5
[INFO] [stderr]    Compiling url v1.7.2
[INFO] [stderr]    Compiling url v2.5.0
[INFO] [stderr]    Compiling darling_core v0.20.3
[INFO] [stderr]    Compiling tokio-macros v2.2.0
[INFO] [stderr]    Compiling serde_derive v1.0.194
[INFO] [stderr]    Compiling futures-macro v0.3.30
[INFO] [stderr]    Compiling async-trait v0.1.77
[INFO] [stderr]    Compiling darling_macro v0.20.3
[INFO] [stderr]    Compiling tokio v1.35.1
[INFO] [stderr]    Compiling futures-util v0.3.30
[INFO] [stderr]    Compiling rustls-webpki v0.101.7
[INFO] [stderr]    Compiling sct v0.7.1
[INFO] [stderr]    Compiling rustls-webpki v0.102.1
[INFO] [stderr]    Compiling darling v0.20.3
[INFO] [stderr]    Compiling serde_with_macros v2.3.3
[INFO] [stderr]    Compiling futures-executor v0.3.30
[INFO] [stderr]    Compiling futures v0.3.30
[INFO] [stderr]    Compiling tokio-util v0.7.10
[INFO] [stderr]    Compiling tokio-rustls v0.24.1
[INFO] [stderr]    Compiling h2 v0.3.22
[INFO] [stderr]    Compiling deranged v0.3.11
[INFO] [stderr]    Compiling serde_json v1.0.111
[INFO] [stderr]    Compiling chrono v0.4.31
[INFO] [stderr]    Compiling serde_with v2.3.3
[INFO] [stderr]    Compiling time v0.3.31
[INFO] [stderr]    Compiling hyper v0.14.28
[INFO] [stderr]    Compiling hyper-rustls v0.24.2
[INFO] [stderr]    Compiling yup-oauth2 v8.3.2
[INFO] [stderr]    Compiling google-apis-common v6.0.0
[INFO] [stderr]    Compiling google-managedidentities1 v5.0.3+20221227 (/opt/rustwide/workdir)
[INFO] [stderr]     Finished dev [unoptimized + debuginfo] target(s) in 18.27s
[INFO] running `Command { std: "docker" "inspect" "8251cab8cb3e6b042ec4daf5922b9f762f54d933c42dd0bd3f84bd0906982842", kill_on_drop: false }`
[INFO] running `Command { std: "docker" "rm" "-f" "8251cab8cb3e6b042ec4daf5922b9f762f54d933c42dd0bd3f84bd0906982842", kill_on_drop: false }`
[INFO] [stdout] 8251cab8cb3e6b042ec4daf5922b9f762f54d933c42dd0bd3f84bd0906982842
[INFO] running `Command { std: "docker" "create" "-v" "/var/lib/crater-agent-workspace/builds/worker-5-tc1/target:/opt/rustwide/target:rw,Z" "-v" "/var/lib/crater-agent-workspace/builds/worker-5-tc1/source:/opt/rustwide/workdir:ro,Z" "-v" "/var/lib/crater-agent-workspace/cargo-home:/opt/rustwide/cargo-home:ro,Z" "-v" "/var/lib/crater-agent-workspace/rustup-home:/opt/rustwide/rustup-home:ro,Z" "-e" "SOURCE_DIR=/opt/rustwide/workdir" "-e" "CARGO_TARGET_DIR=/opt/rustwide/target" "-e" "CARGO_INCREMENTAL=0" "-e" "RUST_BACKTRACE=full" "-e" "RUSTFLAGS=--cap-lints=warn" "-e" "RUSTDOCFLAGS=--cap-lints=warn" "-e" "CARGO_HOME=/opt/rustwide/cargo-home" "-e" "RUSTUP_HOME=/opt/rustwide/rustup-home" "-w" "/opt/rustwide/workdir" "-m" "1610612736" "--user" "0:0" "--network" "none" "ghcr.io/rust-lang/crates-build-env/linux@sha256:2788e3201cd34a07e3172128adcd8b3090168a8e3bcc40d7c032b9dda1df7d1c" "/opt/rustwide/cargo-home/bin/cargo" "+1.75.0" "test" "--frozen" "--no-run" "--message-format=json", kill_on_drop: false }`
[INFO] [stdout] 28d00d77d335567377e434d991a5bbb7080442819e661465e36fde11c2ba4391
[INFO] running `Command { std: "docker" "start" "-a" "28d00d77d335567377e434d991a5bbb7080442819e661465e36fde11c2ba4391", kill_on_drop: false }`
[INFO] [stderr]    Compiling google-managedidentities1 v5.0.3+20221227 (/opt/rustwide/workdir)
[INFO] [stderr]     Finished test [unoptimized + debuginfo] target(s) in 1.92s
[INFO] running `Command { std: "docker" "inspect" "28d00d77d335567377e434d991a5bbb7080442819e661465e36fde11c2ba4391", kill_on_drop: false }`
[INFO] running `Command { std: "docker" "rm" "-f" "28d00d77d335567377e434d991a5bbb7080442819e661465e36fde11c2ba4391", kill_on_drop: false }`
[INFO] [stdout] 28d00d77d335567377e434d991a5bbb7080442819e661465e36fde11c2ba4391
[INFO] running `Command { std: "docker" "create" "-v" "/var/lib/crater-agent-workspace/builds/worker-5-tc1/target:/opt/rustwide/target:rw,Z" "-v" "/var/lib/crater-agent-workspace/builds/worker-5-tc1/source:/opt/rustwide/workdir:ro,Z" "-v" "/var/lib/crater-agent-workspace/cargo-home:/opt/rustwide/cargo-home:ro,Z" "-v" "/var/lib/crater-agent-workspace/rustup-home:/opt/rustwide/rustup-home:ro,Z" "-e" "SOURCE_DIR=/opt/rustwide/workdir" "-e" "CARGO_TARGET_DIR=/opt/rustwide/target" "-e" "CARGO_INCREMENTAL=0" "-e" "RUST_BACKTRACE=full" "-e" "RUSTFLAGS=--cap-lints=warn" "-e" "RUSTDOCFLAGS=--cap-lints=warn" "-e" "CARGO_HOME=/opt/rustwide/cargo-home" "-e" "RUSTUP_HOME=/opt/rustwide/rustup-home" "-w" "/opt/rustwide/workdir" "-m" "1610612736" "--user" "0:0" "--network" "none" "ghcr.io/rust-lang/crates-build-env/linux@sha256:2788e3201cd34a07e3172128adcd8b3090168a8e3bcc40d7c032b9dda1df7d1c" "/opt/rustwide/cargo-home/bin/cargo" "+1.75.0" "test" "--frozen", kill_on_drop: false }`
[INFO] [stdout] 62f699ecbc404e6c3f6321e9989239267c80dfbe37a045aa5ec493d787ad178e
[INFO] running `Command { std: "docker" "start" "-a" "62f699ecbc404e6c3f6321e9989239267c80dfbe37a045aa5ec493d787ad178e", kill_on_drop: false }`
[INFO] [stderr]     Finished test [unoptimized + debuginfo] target(s) in 0.07s
[INFO] [stderr]      Running unittests src/lib.rs (/opt/rustwide/target/debug/deps/google_managedidentities1-7047ee0f39558634)
[INFO] [stdout] 
[INFO] [stdout] running 0 tests
[INFO] [stdout] 
[INFO] [stdout] test result: ok. 0 passed; 0 failed; 0 ignored; 0 measured; 0 filtered out; finished in 0.00s
[INFO] [stdout] 
[INFO] [stderr]    Doc-tests google-managedidentities1
[INFO] [stdout] 
[INFO] [stdout] running 45 tests
[INFO] [stdout] test src/api.rs - api::ProjectLocationGlobalDomainBackupGetCall (line 2466) - compile ... ok
[INFO] [stdout] test src/api.rs - api::ProjectLocationGlobalDomainBackupTestIamPermissionCall (line 3908) - compile ... ok
[INFO] [stdout] test src/api.rs - api::ProjectLocationGlobalDomainBackupDeleteCall (line 2204) - compile ... ok
[INFO] [stdout] test src/api.rs - api::ProjectLocationGlobalDomainGetCall (line 6214) - compile ... ok
[INFO] [stdout] test src/api.rs - api::ProjectLocationGetCall (line 13096) - compile ... ok
[INFO] [stdout] test src/api.rs - api::ProjectLocationGlobalDomainExtendSchemaCall (line 5922) - compile ... ok
[INFO] [stdout] test src/api.rs - api::ProjectLocationGlobalDomainBackupSetIamPolicyCall (line 3616) - compile ... ok
[INFO] [stdout] test src/api.rs - api::ProjectLocationGlobalDomainDeleteCall (line 5368) - compile ... ok
[INFO] [stdout] test src/api.rs - api::ManagedServiceForMicrosoftActiveDirectoryConsumerAPI (line 58) - compile ... ok
[INFO] [stdout] test src/api.rs - api::ProjectLocationGlobalDomainCreateCall (line 5064) - compile ... ok
[INFO] [stdout] test src/api.rs - api::ProjectLocationGlobalDomainDetachTrustCall (line 5630) - compile ... ok
[INFO] [stdout] test src/api.rs - api::ProjectLocationGlobalDomainBackupListCall (line 3002) - compile ... ok
[INFO] [stdout] test src/api.rs - api::ProjectLocationGlobalDomainAttachTrustCall (line 4772) - compile ... ok
[INFO] [stdout] test src/api.rs - api::ProjectLocationGlobalDomainBackupCreateCall (line 1900) - compile ... ok
[INFO] [stdout] test src/api.rs - api::ProjectLocationGlobalDomainBackupGetIamPolicyCall (line 2728) - compile ... ok
[INFO] [stdout] test src/api.rs - api::ProjectLocationGlobalDomainSetIamPolicyCall (line 8502) - compile ... ok
[INFO] [stdout] test src/api.rs - api::ProjectLocationGlobalDomainResetAdminPasswordCall (line 7918) - compile ... ok
[INFO] [stdout] test src/api.rs - api::ProjectLocationGlobalDomainValidateTrustCall (line 9390) - compile ... ok
[INFO] [stdout] test src/api.rs - api::ProjectLocationGlobalDomainSqlIntegrationGetCall (line 4200) - compile ... ok
[INFO] [stdout] test src/api.rs - api::ProjectLocationGlobalDomainReconfigureTrustCall (line 7626) - compile ... ok
[INFO] [stdout] test src/api.rs - api::ProjectLocationGlobalDomainGetIamPolicyCall (line 6476) - compile ... ok
[INFO] [stdout] test src/api.rs - api::ProjectLocationGlobalDomainTestIamPermissionCall (line 8794) - compile ... ok
[INFO] [stdout] test src/api.rs - api::ProjectLocationGlobalDomainSqlIntegrationListCall (line 4462) - compile ... ok
[INFO] [stdout] test src/api.rs - api::ProjectLocationGlobalDomainListCall (line 7012) - compile ... ok
[INFO] [stdout] test src/api.rs - api::ProjectLocationGlobalDomainRestoreCall (line 8210) - compile ... ok
[INFO] [stdout] test src/api.rs - api::ProjectLocationGlobalOperationCancelCall (line 9682) - compile ... ok
[INFO] [stdout] test src/api.rs - api::ProjectLocationGlobalDomainBackupPatchCall (line 3312) - compile ... FAILED
[INFO] [stdout] test src/api.rs - api::ProjectLocationGlobalDomainGetLdapssettingCall (line 6750) - compile ... ok
[INFO] [stdout] test src/lib.rs - (line 49) ... ignored
[INFO] [stdout] test src/api.rs - api::ProjectLocationGlobalDomainPatchCall (line 7322) - compile ... FAILED
[INFO] [stdout] test src/api.rs - api::ProjectLocationGlobalDomainUpdateLdapssettingCall (line 9086) - compile ... FAILED
[INFO] [stdout] test src/api.rs - api::ProjectLocationGlobalOperationDeleteCall (line 9974) - compile ... ok
[INFO] [stdout] test src/api.rs - api::ProjectLocationGlobalOperationListCall (line 10498) - compile ... ok
[INFO] [stdout] test src/api.rs - api::ProjectLocationGlobalPeeringCreateCall (line 10796) - compile ... ok
[INFO] [stdout] test src/api.rs - api::ProjectLocationGlobalPeeringDeleteCall (line 11100) - compile ... ok
[INFO] [stdout] test src/api.rs - api::ProjectLocationGlobalOperationGetCall (line 10236) - compile ... ok
[INFO] [stdout] test src/api.rs - api::ProjectLocationGlobalPeeringGetCall (line 11362) - compile ... ok
[INFO] [stdout] test src/api.rs - api::ProjectLocationGlobalPeeringListCall (line 11898) - compile ... ok
[INFO] [stdout] test src/lib.rs - (line 89) - compile ... ok
[INFO] [stdout] test src/api.rs - api::ProjectMethods (line 1080) - compile ... ok
[INFO] [stdout] test src/api.rs - api::ProjectLocationGlobalPeeringGetIamPolicyCall (line 11624) - compile ... ok
[INFO] [stdout] test src/api.rs - api::ProjectLocationGlobalPeeringTestIamPermissionCall (line 12804) - compile ... ok
[INFO] [stdout] test src/api.rs - api::ProjectLocationListCall (line 13358) - compile ... ok
[INFO] [stdout] test src/api.rs - api::ProjectLocationGlobalPeeringSetIamPolicyCall (line 12512) - compile ... ok
[INFO] [stdout] test src/api.rs - api::ProjectLocationGlobalPeeringPatchCall (line 12208) - compile ... FAILED
[INFO] [stdout] 
[INFO] [stdout] failures:
[INFO] [stdout] 
[INFO] [stdout] ---- src/api.rs - api::ProjectLocationGlobalDomainBackupPatchCall (line 3312) stdout ----
[INFO] [stdout] error[E0308]: mismatched types
[INFO] [stdout]     --> src/api.rs:3336:27
[INFO] [stdout]      |
[INFO] [stdout] 25   |              .update_mask(&Default::default())
[INFO] [stdout]      |               ----------- ^^^^^^^^^^^^^^^^^^^ expected `FieldMask`, found `&_`
[INFO] [stdout]      |               |
[INFO] [stdout]      |               arguments to this method are incorrect
[INFO] [stdout]      |
[INFO] [stdout]      = note: expected struct `FieldMask`
[INFO] [stdout]              found reference `&_`
[INFO] [stdout] note: method defined here
[INFO] [stdout]     --> /opt/rustwide/workdir/src/api.rs:3527:12
[INFO] [stdout]      |
[INFO] [stdout] 3527 |     pub fn update_mask(mut self, new_value: client::FieldMask) -> ProjectLocationGlobalDomainBackupPatchCall<'a, S> {
[INFO] [stdout]      |            ^^^^^^^^^^^
[INFO] [stdout] help: consider removing the borrow
[INFO] [stdout]      |
[INFO] [stdout] 25   -              .update_mask(&Default::default())
[INFO] [stdout] 25   +              .update_mask(Default::default())
[INFO] [stdout]      |
[INFO] [stdout] 
[INFO] [stdout] error: aborting due to previous error
[INFO] [stdout] 
[INFO] [stdout] For more information about this error, try `rustc --explain E0308`.
[INFO] [stdout] Couldn't compile the test.
[INFO] [stdout] ---- src/api.rs - api::ProjectLocationGlobalDomainPatchCall (line 7322) stdout ----
[INFO] [stdout] error[E0308]: mismatched types
[INFO] [stdout]     --> src/api.rs:7346:27
[INFO] [stdout]      |
[INFO] [stdout] 25   |              .update_mask(&Default::default())
[INFO] [stdout]      |               ----------- ^^^^^^^^^^^^^^^^^^^ expected `FieldMask`, found `&_`
[INFO] [stdout]      |               |
[INFO] [stdout]      |               arguments to this method are incorrect
[INFO] [stdout]      |
[INFO] [stdout]      = note: expected struct `FieldMask`
[INFO] [stdout]              found reference `&_`
[INFO] [stdout] note: method defined here
[INFO] [stdout]     --> /opt/rustwide/workdir/src/api.rs:7537:12
[INFO] [stdout]      |
[INFO] [stdout] 7537 |     pub fn update_mask(mut self, new_value: client::FieldMask) -> ProjectLocationGlobalDomainPatchCall<'a, S> {
[INFO] [stdout]      |            ^^^^^^^^^^^
[INFO] [stdout] help: consider removing the borrow
[INFO] [stdout]      |
[INFO] [stdout] 25   -              .update_mask(&Default::default())
[INFO] [stdout] 25   +              .update_mask(Default::default())
[INFO] [stdout]      |
[INFO] [stdout] 
[INFO] [stdout] error: aborting due to previous error
[INFO] [stdout] 
[INFO] [stdout] For more information about this error, try `rustc --explain E0308`.
[INFO] [stdout] Couldn't compile the test.
[INFO] [stdout] ---- src/api.rs - api::ProjectLocationGlobalDomainUpdateLdapssettingCall (line 9086) stdout ----
[INFO] [stdout] error[E0308]: mismatched types
[INFO] [stdout]     --> src/api.rs:9110:27
[INFO] [stdout]      |
[INFO] [stdout] 25   |              .update_mask(&Default::default())
[INFO] [stdout]      |               ----------- ^^^^^^^^^^^^^^^^^^^ expected `FieldMask`, found `&_`
[INFO] [stdout]      |               |
[INFO] [stdout]      |               arguments to this method are incorrect
[INFO] [stdout]      |
[INFO] [stdout]      = note: expected struct `FieldMask`
[INFO] [stdout]              found reference `&_`
[INFO] [stdout] note: method defined here
[INFO] [stdout]     --> /opt/rustwide/workdir/src/api.rs:9301:12
[INFO] [stdout]      |
[INFO] [stdout] 9301 |     pub fn update_mask(mut self, new_value: client::FieldMask) -> ProjectLocationGlobalDomainUpdateLdapssettingCall<'a, S> {
[INFO] [stdout]      |            ^^^^^^^^^^^
[INFO] [stdout] help: consider removing the borrow
[INFO] [stdout]      |
[INFO] [stdout] 25   -              .update_mask(&Default::default())
[INFO] [stdout] 25   +              .update_mask(Default::default())
[INFO] [stdout]      |
[INFO] [stdout] 
[INFO] [stdout] error: aborting due to previous error
[INFO] [stdout] 
[INFO] [stdout] For more information about this error, try `rustc --explain E0308`.
[INFO] [stdout] Couldn't compile the test.
[INFO] [stdout] ---- src/api.rs - api::ProjectLocationGlobalPeeringPatchCall (line 12208) stdout ----
[INFO] [stdout] error[E0308]: mismatched types
[INFO] [stdout]      --> src/api.rs:12232:27
[INFO] [stdout]       |
[INFO] [stdout] 25    |              .update_mask(&Default::default())
[INFO] [stdout]       |               ----------- ^^^^^^^^^^^^^^^^^^^ expected `FieldMask`, found `&_`
[INFO] [stdout]       |               |
[INFO] [stdout]       |               arguments to this method are incorrect
[INFO] [stdout]       |
[INFO] [stdout]       = note: expected struct `FieldMask`
[INFO] [stdout]               found reference `&_`
[INFO] [stdout] note: method defined here
[INFO] [stdout]      --> /opt/rustwide/workdir/src/api.rs:12423:12
[INFO] [stdout]       |
[INFO] [stdout] 12423 |     pub fn update_mask(mut self, new_value: client::FieldMask) -> ProjectLocationGlobalPeeringPatchCall<'a, S> {
[INFO] [stdout]       |            ^^^^^^^^^^^
[INFO] [stdout] help: consider removing the borrow
[INFO] [stdout]       |
[INFO] [stdout] 25    -              .update_mask(&Default::default())
[INFO] [stdout] 25    +              .update_mask(Default::default())
[INFO] [stdout]       |
[INFO] [stdout] 
[INFO] [stdout] error: aborting due to previous error
[INFO] [stdout] 
[INFO] [stdout] For more information about this error, try `rustc --explain E0308`.
[INFO] [stdout] Couldn't compile the test.
[INFO] [stdout] 
[INFO] [stdout] failures:
[INFO] [stdout]     src/api.rs - api::ProjectLocationGlobalDomainBackupPatchCall (line 3312)
[INFO] [stdout]     src/api.rs - api::ProjectLocationGlobalDomainPatchCall (line 7322)
[INFO] [stdout]     src/api.rs - api::ProjectLocationGlobalDomainUpdateLdapssettingCall (line 9086)
[INFO] [stdout]     src/api.rs - api::ProjectLocationGlobalPeeringPatchCall (line 12208)
[INFO] [stdout] 
[INFO] [stdout] test result: FAILED. 40 passed; 4 failed; 1 ignored; 0 measured; 0 filtered out; finished in 0.32s
[INFO] [stdout] 
[INFO] [stderr] error: doctest failed, to rerun pass `--doc`
[INFO] running `Command { std: "docker" "inspect" "62f699ecbc404e6c3f6321e9989239267c80dfbe37a045aa5ec493d787ad178e", kill_on_drop: false }`
[INFO] running `Command { std: "docker" "rm" "-f" "62f699ecbc404e6c3f6321e9989239267c80dfbe37a045aa5ec493d787ad178e", kill_on_drop: false }`
[INFO] [stdout] 62f699ecbc404e6c3f6321e9989239267c80dfbe37a045aa5ec493d787ad178e
[INFO] testing google-managedidentities1-5.0.3+20221227 against beta-2023-12-22 for beta-1.76-1
[INFO] extracting crate google-managedidentities1 5.0.3+20221227 into /workspace/builds/worker-5-tc2/source
[INFO] validating manifest of crates.io crate google-managedidentities1 5.0.3+20221227 on toolchain beta-2023-12-22
[INFO] running `Command { std: CARGO_HOME="/workspace/cargo-home" RUSTUP_HOME="/workspace/rustup-home" "/workspace/cargo-home/bin/cargo" "+beta-2023-12-22" "metadata" "--manifest-path" "Cargo.toml" "--no-deps", kill_on_drop: false }`
[INFO] started tweaking crates.io crate google-managedidentities1 5.0.3+20221227
[INFO] finished tweaking crates.io crate google-managedidentities1 5.0.3+20221227
[INFO] tweaked toml for crates.io crate google-managedidentities1 5.0.3+20221227 written to /workspace/builds/worker-5-tc2/source/Cargo.toml
[INFO] running `Command { std: CARGO_HOME="/workspace/cargo-home" RUSTUP_HOME="/workspace/rustup-home" "/workspace/cargo-home/bin/cargo" "+beta-2023-12-22" "generate-lockfile" "--manifest-path" "Cargo.toml", kill_on_drop: false }`
[INFO] [stderr]     Updating crates.io index
[INFO] running `Command { std: CARGO_HOME="/workspace/cargo-home" RUSTUP_HOME="/workspace/rustup-home" "/workspace/cargo-home/bin/cargo" "+beta-2023-12-22" "fetch" "--manifest-path" "Cargo.toml", kill_on_drop: false }`
[INFO] running `Command { std: "docker" "create" "-v" "/var/lib/crater-agent-workspace/builds/worker-5-tc2/target:/opt/rustwide/target:rw,Z" "-v" "/var/lib/crater-agent-workspace/builds/worker-5-tc2/source:/opt/rustwide/workdir:ro,Z" "-v" "/var/lib/crater-agent-workspace/cargo-home:/opt/rustwide/cargo-home:ro,Z" "-v" "/var/lib/crater-agent-workspace/rustup-home:/opt/rustwide/rustup-home:ro,Z" "-e" "SOURCE_DIR=/opt/rustwide/workdir" "-e" "CARGO_TARGET_DIR=/opt/rustwide/target" "-e" "CARGO_HOME=/opt/rustwide/cargo-home" "-e" "RUSTUP_HOME=/opt/rustwide/rustup-home" "-w" "/opt/rustwide/workdir" "-m" "1610612736" "--user" "0:0" "--network" "none" "ghcr.io/rust-lang/crates-build-env/linux@sha256:2788e3201cd34a07e3172128adcd8b3090168a8e3bcc40d7c032b9dda1df7d1c" "/opt/rustwide/cargo-home/bin/cargo" "+beta-2023-12-22" "metadata" "--no-deps" "--format-version=1", kill_on_drop: false }`
[INFO] [stdout] 0ba4b3846adb04b0162bd42512312df08f4c2385ca2ed2e43f539eb8d7341180
[INFO] running `Command { std: "docker" "start" "-a" "0ba4b3846adb04b0162bd42512312df08f4c2385ca2ed2e43f539eb8d7341180", kill_on_drop: false }`
[INFO] running `Command { std: "docker" "inspect" "0ba4b3846adb04b0162bd42512312df08f4c2385ca2ed2e43f539eb8d7341180", kill_on_drop: false }`
[INFO] running `Command { std: "docker" "rm" "-f" "0ba4b3846adb04b0162bd42512312df08f4c2385ca2ed2e43f539eb8d7341180", kill_on_drop: false }`
[INFO] [stdout] 0ba4b3846adb04b0162bd42512312df08f4c2385ca2ed2e43f539eb8d7341180
[INFO] running `Command { std: "docker" "create" "-v" "/var/lib/crater-agent-workspace/builds/worker-5-tc2/target:/opt/rustwide/target:rw,Z" "-v" "/var/lib/crater-agent-workspace/builds/worker-5-tc2/source:/opt/rustwide/workdir:ro,Z" "-v" "/var/lib/crater-agent-workspace/cargo-home:/opt/rustwide/cargo-home:ro,Z" "-v" "/var/lib/crater-agent-workspace/rustup-home:/opt/rustwide/rustup-home:ro,Z" "-e" "SOURCE_DIR=/opt/rustwide/workdir" "-e" "CARGO_TARGET_DIR=/opt/rustwide/target" "-e" "CARGO_INCREMENTAL=0" "-e" "RUST_BACKTRACE=full" "-e" "RUSTFLAGS=--cap-lints=warn" "-e" "RUSTDOCFLAGS=--cap-lints=warn" "-e" "CARGO_HOME=/opt/rustwide/cargo-home" "-e" "RUSTUP_HOME=/opt/rustwide/rustup-home" "-w" "/opt/rustwide/workdir" "-m" "1610612736" "--user" "0:0" "--network" "none" "ghcr.io/rust-lang/crates-build-env/linux@sha256:2788e3201cd34a07e3172128adcd8b3090168a8e3bcc40d7c032b9dda1df7d1c" "/opt/rustwide/cargo-home/bin/cargo" "+beta-2023-12-22" "build" "--frozen" "--message-format=json", kill_on_drop: false }`
[INFO] [stdout] 854e68e406e479fde734587a1eae270f5d690bc0ac2c0886e5a6c8b8fcde4030
[INFO] running `Command { std: "docker" "start" "-a" "854e68e406e479fde734587a1eae270f5d690bc0ac2c0886e5a6c8b8fcde4030", kill_on_drop: false }`
[INFO] [stderr]    Compiling bytes v1.5.0
[INFO] [stderr]    Compiling untrusted v0.9.0
[INFO] [stderr]    Compiling futures-sink v0.3.30
[INFO] [stderr]    Compiling spin v0.9.8
[INFO] [stderr]    Compiling futures-core v0.3.30
[INFO] [stderr]    Compiling serde v1.0.194
[INFO] [stderr]    Compiling tinyvec_macros v0.1.1
[INFO] [stderr]    Compiling tracing-core v0.1.32
[INFO] [stderr]    Compiling hashbrown v0.14.3
[INFO] [stderr]    Compiling ident_case v1.0.1
[INFO] [stderr]    Compiling unicode-bidi v0.3.14
[INFO] [stderr]    Compiling equivalent v1.0.1
[INFO] [stderr]    Compiling rustls v0.21.10
[INFO] [stderr]    Compiling syn v2.0.48
[INFO] [stderr]    Compiling cc v1.0.83
[INFO] [stderr]    Compiling getrandom v0.2.11
[INFO] [stderr]    Compiling socket2 v0.5.5
[INFO] [stderr]    Compiling mio v0.8.10
[INFO] [stderr]    Compiling tinyvec v1.6.0
[INFO] [stderr]    Compiling strsim v0.10.0
[INFO] [stderr]    Compiling httparse v1.8.0
[INFO] [stderr]    Compiling try-lock v0.2.5
[INFO] [stderr]    Compiling futures-channel v0.3.30
[INFO] [stderr]    Compiling base64 v0.21.5
[INFO] [stderr]    Compiling want v0.3.1
[INFO] [stderr]    Compiling rustls v0.22.1
[INFO] [stderr]    Compiling httpdate v1.0.3
[INFO] [stderr]    Compiling rustls-pki-types v1.1.0
[INFO] [stderr]    Compiling tracing v0.1.40
[INFO] [stderr]    Compiling http v0.2.11
[INFO] [stderr]    Compiling rustls-pemfile v1.0.4
[INFO] [stderr]    Compiling tower-service v0.3.2
[INFO] [stderr]    Compiling powerfmt v0.2.0
[INFO] [stderr]    Compiling indexmap v2.1.0
[INFO] [stderr]    Compiling either v1.9.0
[INFO] [stderr]    Compiling percent-encoding v2.3.1
[INFO] [stderr]    Compiling rustls-native-certs v0.6.3
[INFO] [stderr]    Compiling zeroize v1.7.0
[INFO] [stderr]    Compiling form_urlencoded v1.2.1
[INFO] [stderr]    Compiling time-core v0.1.2
[INFO] [stderr]    Compiling matches v0.1.10
[INFO] [stderr]    Compiling subtle v2.5.0
[INFO] [stderr]    Compiling num_threads v0.1.6
[INFO] [stderr]    Compiling mime v0.3.17
[INFO] [stderr]    Compiling unicode-normalization v0.1.22
[INFO] [stderr]    Compiling itertools v0.12.0
[INFO] [stderr]    Compiling itertools v0.10.5
[INFO] [stderr]    Compiling base64 v0.13.1
[INFO] [stderr]    Compiling ring v0.17.7
[INFO] [stderr]    Compiling http-body v0.4.6
[INFO] [stderr]    Compiling idna v0.5.0
[INFO] [stderr]    Compiling idna v0.1.5
[INFO] [stderr]    Compiling url v1.7.2
[INFO] [stderr]    Compiling url v2.5.0
[INFO] [stderr]    Compiling darling_core v0.20.3
[INFO] [stderr]    Compiling tokio-macros v2.2.0
[INFO] [stderr]    Compiling serde_derive v1.0.194
[INFO] [stderr]    Compiling futures-macro v0.3.30
[INFO] [stderr]    Compiling async-trait v0.1.77
[INFO] [stderr]    Compiling rustls-webpki v0.101.7
[INFO] [stderr]    Compiling sct v0.7.1
[INFO] [stderr]    Compiling rustls-webpki v0.102.1
[INFO] [stderr]    Compiling tokio v1.35.1
[INFO] [stderr]    Compiling darling_macro v0.20.3
[INFO] [stderr]    Compiling futures-util v0.3.30
[INFO] [stderr]    Compiling darling v0.20.3
[INFO] [stderr]    Compiling serde_with_macros v2.3.3
[INFO] [stderr]    Compiling futures-executor v0.3.30
[INFO] [stderr]    Compiling futures v0.3.30
[INFO] [stderr]    Compiling tokio-util v0.7.10
[INFO] [stderr]    Compiling tokio-rustls v0.24.1
[INFO] [stderr]    Compiling h2 v0.3.22
[INFO] [stderr]    Compiling deranged v0.3.11
[INFO] [stderr]    Compiling serde_json v1.0.111
[INFO] [stderr]    Compiling chrono v0.4.31
[INFO] [stderr]    Compiling serde_with v2.3.3
[INFO] [stderr]    Compiling time v0.3.31
[INFO] [stderr]    Compiling hyper v0.14.28
[INFO] [stderr]    Compiling hyper-rustls v0.24.2
[INFO] [stderr]    Compiling yup-oauth2 v8.3.2
[INFO] [stderr]    Compiling google-apis-common v6.0.0
[INFO] [stderr]    Compiling google-managedidentities1 v5.0.3+20221227 (/opt/rustwide/workdir)
[INFO] [stderr]     Finished dev [unoptimized + debuginfo] target(s) in 20.12s
[INFO] running `Command { std: "docker" "inspect" "854e68e406e479fde734587a1eae270f5d690bc0ac2c0886e5a6c8b8fcde4030", kill_on_drop: false }`
[INFO] running `Command { std: "docker" "rm" "-f" "854e68e406e479fde734587a1eae270f5d690bc0ac2c0886e5a6c8b8fcde4030", kill_on_drop: false }`
[INFO] [stdout] 854e68e406e479fde734587a1eae270f5d690bc0ac2c0886e5a6c8b8fcde4030
[INFO] running `Command { std: "docker" "create" "-v" "/var/lib/crater-agent-workspace/builds/worker-5-tc2/target:/opt/rustwide/target:rw,Z" "-v" "/var/lib/crater-agent-workspace/builds/worker-5-tc2/source:/opt/rustwide/workdir:ro,Z" "-v" "/var/lib/crater-agent-workspace/cargo-home:/opt/rustwide/cargo-home:ro,Z" "-v" "/var/lib/crater-agent-workspace/rustup-home:/opt/rustwide/rustup-home:ro,Z" "-e" "SOURCE_DIR=/opt/rustwide/workdir" "-e" "CARGO_TARGET_DIR=/opt/rustwide/target" "-e" "CARGO_INCREMENTAL=0" "-e" "RUST_BACKTRACE=full" "-e" "RUSTFLAGS=--cap-lints=warn" "-e" "RUSTDOCFLAGS=--cap-lints=warn" "-e" "CARGO_HOME=/opt/rustwide/cargo-home" "-e" "RUSTUP_HOME=/opt/rustwide/rustup-home" "-w" "/opt/rustwide/workdir" "-m" "1610612736" "--user" "0:0" "--network" "none" "ghcr.io/rust-lang/crates-build-env/linux@sha256:2788e3201cd34a07e3172128adcd8b3090168a8e3bcc40d7c032b9dda1df7d1c" "/opt/rustwide/cargo-home/bin/cargo" "+beta-2023-12-22" "test" "--frozen" "--no-run" "--message-format=json", kill_on_drop: false }`
[INFO] [stdout] ce5a302d6fe12302a038591fec81b09606214cb7d99c142c468d14728a6964f6
[INFO] running `Command { std: "docker" "start" "-a" "ce5a302d6fe12302a038591fec81b09606214cb7d99c142c468d14728a6964f6", kill_on_drop: false }`
[INFO] [stderr]    Compiling google-managedidentities1 v5.0.3+20221227 (/opt/rustwide/workdir)
[INFO] [stderr]     Finished test [unoptimized + debuginfo] target(s) in 3.33s
[INFO] running `Command { std: "docker" "inspect" "ce5a302d6fe12302a038591fec81b09606214cb7d99c142c468d14728a6964f6", kill_on_drop: false }`
[INFO] running `Command { std: "docker" "rm" "-f" "ce5a302d6fe12302a038591fec81b09606214cb7d99c142c468d14728a6964f6", kill_on_drop: false }`
[INFO] [stdout] ce5a302d6fe12302a038591fec81b09606214cb7d99c142c468d14728a6964f6
[INFO] running `Command { std: "docker" "create" "-v" "/var/lib/crater-agent-workspace/builds/worker-5-tc2/target:/opt/rustwide/target:rw,Z" "-v" "/var/lib/crater-agent-workspace/builds/worker-5-tc2/source:/opt/rustwide/workdir:ro,Z" "-v" "/var/lib/crater-agent-workspace/cargo-home:/opt/rustwide/cargo-home:ro,Z" "-v" "/var/lib/crater-agent-workspace/rustup-home:/opt/rustwide/rustup-home:ro,Z" "-e" "SOURCE_DIR=/opt/rustwide/workdir" "-e" "CARGO_TARGET_DIR=/opt/rustwide/target" "-e" "CARGO_INCREMENTAL=0" "-e" "RUST_BACKTRACE=full" "-e" "RUSTFLAGS=--cap-lints=warn" "-e" "RUSTDOCFLAGS=--cap-lints=warn" "-e" "CARGO_HOME=/opt/rustwide/cargo-home" "-e" "RUSTUP_HOME=/opt/rustwide/rustup-home" "-w" "/opt/rustwide/workdir" "-m" "1610612736" "--user" "0:0" "--network" "none" "ghcr.io/rust-lang/crates-build-env/linux@sha256:2788e3201cd34a07e3172128adcd8b3090168a8e3bcc40d7c032b9dda1df7d1c" "/opt/rustwide/cargo-home/bin/cargo" "+beta-2023-12-22" "test" "--frozen", kill_on_drop: false }`
[INFO] [stdout] 43161603e63475776a4296db0d2843251a8fb99903a29e391a0342b1c5b77829
[INFO] running `Command { std: "docker" "start" "-a" "43161603e63475776a4296db0d2843251a8fb99903a29e391a0342b1c5b77829", kill_on_drop: false }`
[INFO] [stderr]     Finished test [unoptimized + debuginfo] target(s) in 0.09s
[INFO] [stderr]      Running unittests src/lib.rs (/opt/rustwide/target/debug/deps/google_managedidentities1-64db5a5d53514f61)
[INFO] [stdout] 
[INFO] [stdout] running 0 tests
[INFO] [stdout] 
[INFO] [stdout] test result: ok. 0 passed; 0 failed; 0 ignored; 0 measured; 0 filtered out; finished in 0.00s
[INFO] [stdout] 
[INFO] [stderr]    Doc-tests google-managedidentities1
[INFO] [stdout] 
[INFO] [stdout] running 45 tests
[INFO] [stdout] test src/api.rs - api::ProjectLocationGlobalDomainBackupSetIamPolicyCall (line 3616) - compile ... ok
[INFO] [stdout] test src/api.rs - api::ProjectLocationGlobalDomainExtendSchemaCall (line 5922) - compile ... ok
[INFO] [stdout] test src/api.rs - api::ProjectLocationGlobalDomainCreateCall (line 5064) - compile ... ok
[INFO] [stdout] test src/api.rs - api::ProjectLocationGlobalDomainBackupGetCall (line 2466) - compile ... ok
[INFO] [stdout] test src/api.rs - api::ProjectLocationGlobalDomainBackupGetIamPolicyCall (line 2728) - compile ... ok
[INFO] [stdout] test src/api.rs - api::ProjectLocationGlobalDomainBackupTestIamPermissionCall (line 3908) - compile ... ok
[INFO] [stdout] test src/api.rs - api::ProjectLocationGlobalDomainAttachTrustCall (line 4772) - compile ... ok
[INFO] [stdout] test src/api.rs - api::ProjectLocationGetCall (line 13096) - compile ... ok
[INFO] [stdout] test src/api.rs - api::ProjectLocationGlobalDomainBackupCreateCall (line 1900) - compile ... ok
[INFO] [stdout] test src/api.rs - api::ProjectLocationGlobalDomainDeleteCall (line 5368) - compile ... ok
[INFO] [stdout] test src/api.rs - api::ProjectLocationGlobalDomainBackupDeleteCall (line 2204) - compile ... ok
[INFO] [stdout] test src/api.rs - api::ManagedServiceForMicrosoftActiveDirectoryConsumerAPI (line 58) - compile ... ok
[INFO] [stdout] test src/api.rs - api::ProjectLocationGlobalDomainGetCall (line 6214) - compile ... ok
[INFO] [stdout] test src/api.rs - api::ProjectLocationGlobalDomainBackupListCall (line 3002) - compile ... ok
[INFO] [stdout] test src/api.rs - api::ProjectLocationGlobalDomainGetIamPolicyCall (line 6476) - compile ... ok
[INFO] [stdout] test src/api.rs - api::ProjectLocationGlobalDomainDetachTrustCall (line 5630) - compile ... ok
[INFO] [stdout] test src/api.rs - api::ProjectLocationGlobalDomainGetLdapssettingCall (line 6750) - compile ... ok
[INFO] [stdout] test src/api.rs - api::ProjectLocationGlobalDomainSetIamPolicyCall (line 8502) - compile ... ok
[INFO] [stdout] test src/api.rs - api::ProjectLocationGlobalDomainRestoreCall (line 8210) - compile ... ok
[INFO] [stdout] test src/api.rs - api::ProjectLocationGlobalDomainResetAdminPasswordCall (line 7918) - compile ... ok
[INFO] [stdout] test src/api.rs - api::ProjectLocationGlobalDomainListCall (line 7012) - compile ... ok
[INFO] [stdout] test src/api.rs - api::ProjectLocationGlobalDomainReconfigureTrustCall (line 7626) - compile ... ok
[INFO] [stdout] test src/api.rs - api::ProjectLocationGlobalDomainBackupPatchCall (line 3312) - compile ... FAILED
[INFO] [stdout] test src/api.rs - api::ProjectLocationGlobalDomainTestIamPermissionCall (line 8794) - compile ... ok
[INFO] [stdout] test src/api.rs - api::ProjectLocationGlobalDomainSqlIntegrationGetCall (line 4200) - compile ... ok
[INFO] [stdout] test src/api.rs - api::ProjectLocationGlobalDomainPatchCall (line 7322) - compile ... FAILED
[INFO] [stdout] test src/api.rs - api::ProjectLocationGlobalDomainSqlIntegrationListCall (line 4462) - compile ... ok
[INFO] [stdout] test src/api.rs - api::ProjectLocationGlobalOperationCancelCall (line 9682) - compile ... ok
[INFO] [stdout] test src/lib.rs - (line 49) ... ignored
[INFO] [stdout] test src/api.rs - api::ProjectLocationGlobalOperationGetCall (line 10236) - compile ... ok
[INFO] [stdout] test src/api.rs - api::ProjectLocationGlobalPeeringCreateCall (line 10796) - compile ... ok
[INFO] [stdout] test src/api.rs - api::ProjectLocationGlobalOperationListCall (line 10498) - compile ... ok
[INFO] [stdout] test src/api.rs - api::ProjectLocationGlobalDomainUpdateLdapssettingCall (line 9086) - compile ... FAILED
[INFO] [stdout] test src/api.rs - api::ProjectLocationGlobalPeeringGetCall (line 11362) - compile ... ok
[INFO] [stdout] test src/api.rs - api::ProjectLocationGlobalDomainValidateTrustCall (line 9390) - compile ... ok
[INFO] [stdout] test src/api.rs - api::ProjectLocationGlobalOperationDeleteCall (line 9974) - compile ... ok
[INFO] [stdout] test src/api.rs - api::ProjectLocationGlobalPeeringSetIamPolicyCall (line 12512) - compile ... ok
[INFO] [stdout] test src/api.rs - api::ProjectLocationGlobalPeeringListCall (line 11898) - compile ... ok
[INFO] [stdout] test src/api.rs - api::ProjectLocationGlobalPeeringGetIamPolicyCall (line 11624) - compile ... ok
[INFO] [stdout] test src/api.rs - api::ProjectMethods (line 1080) - compile ... ok
[INFO] [stdout] test src/api.rs - api::ProjectLocationGlobalPeeringDeleteCall (line 11100) - compile ... ok
[INFO] [stdout] test src/api.rs - api::ProjectLocationGlobalPeeringTestIamPermissionCall (line 12804) - compile ... ok
[INFO] [stdout] test src/lib.rs - (line 89) - compile ... ok
[INFO] [stdout] test src/api.rs - api::ProjectLocationListCall (line 13358) - compile ... ok
[INFO] [stdout] test src/api.rs - api::ProjectLocationGlobalPeeringPatchCall (line 12208) - compile ... FAILED
[INFO] [stdout] 
[INFO] [stdout] failures:
[INFO] [stdout] 
[INFO] [stdout] ---- src/api.rs - api::ProjectLocationGlobalDomainBackupPatchCall (line 3312) stdout ----
[INFO] [stdout] error[E0308]: mismatched types
[INFO] [stdout]     --> src/api.rs:3336:27
[INFO] [stdout]      |
[INFO] [stdout] 25   |              .update_mask(&Default::default())
[INFO] [stdout]      |               ----------- ^^^^^^^^^^^^^^^^^^^ expected `FieldMask`, found `&_`
[INFO] [stdout]      |               |
[INFO] [stdout]      |               arguments to this method are incorrect
[INFO] [stdout]      |
[INFO] [stdout]      = note: expected struct `FieldMask`
[INFO] [stdout]              found reference `&_`
[INFO] [stdout] note: method defined here
[INFO] [stdout]     --> /opt/rustwide/workdir/src/api.rs:3527:12
[INFO] [stdout]      |
[INFO] [stdout] 3527 |     pub fn update_mask(mut self, new_value: client::FieldMask) -> ProjectLocationGlobalDomainBackupPatchCall<'a, S> {
[INFO] [stdout]      |            ^^^^^^^^^^^
[INFO] [stdout] help: consider removing the borrow
[INFO] [stdout]      |
[INFO] [stdout] 25   -              .update_mask(&Default::default())
[INFO] [stdout] 25   +              .update_mask(Default::default())
[INFO] [stdout]      |
[INFO] [stdout] 
[INFO] [stdout] error: aborting due to 1 previous error
[INFO] [stdout] 
[INFO] [stdout] For more information about this error, try `rustc --explain E0308`.
[INFO] [stdout] Couldn't compile the test.
[INFO] [stdout] ---- src/api.rs - api::ProjectLocationGlobalDomainPatchCall (line 7322) stdout ----
[INFO] [stdout] error[E0308]: mismatched types
[INFO] [stdout]     --> src/api.rs:7346:27
[INFO] [stdout]      |
[INFO] [stdout] 25   |              .update_mask(&Default::default())
[INFO] [stdout]      |               ----------- ^^^^^^^^^^^^^^^^^^^ expected `FieldMask`, found `&_`
[INFO] [stdout]      |               |
[INFO] [stdout]      |               arguments to this method are incorrect
[INFO] [stdout]      |
[INFO] [stdout]      = note: expected struct `FieldMask`
[INFO] [stdout]              found reference `&_`
[INFO] [stdout] note: method defined here
[INFO] [stdout]     --> /opt/rustwide/workdir/src/api.rs:7537:12
[INFO] [stdout]      |
[INFO] [stdout] 7537 |     pub fn update_mask(mut self, new_value: client::FieldMask) -> ProjectLocationGlobalDomainPatchCall<'a, S> {
[INFO] [stdout]      |            ^^^^^^^^^^^
[INFO] [stdout] help: consider removing the borrow
[INFO] [stdout]      |
[INFO] [stdout] 25   -              .update_mask(&Default::default())
[INFO] [stdout] 25   +              .update_mask(Default::default())
[INFO] [stdout]      |
[INFO] [stdout] 
[INFO] [stdout] error: aborting due to 1 previous error
[INFO] [stdout] 
[INFO] [stdout] For more information about this error, try `rustc --explain E0308`.
[INFO] [stdout] Couldn't compile the test.
[INFO] [stdout] ---- src/api.rs - api::ProjectLocationGlobalDomainUpdateLdapssettingCall (line 9086) stdout ----
[INFO] [stdout] error[E0308]: mismatched types
[INFO] [stdout]     --> src/api.rs:9110:27
[INFO] [stdout]      |
[INFO] [stdout] 25   |              .update_mask(&Default::default())
[INFO] [stdout]      |               ----------- ^^^^^^^^^^^^^^^^^^^ expected `FieldMask`, found `&_`
[INFO] [stdout]      |               |
[INFO] [stdout]      |               arguments to this method are incorrect
[INFO] [stdout]      |
[INFO] [stdout]      = note: expected struct `FieldMask`
[INFO] [stdout]              found reference `&_`
[INFO] [stdout] note: method defined here
[INFO] [stdout]     --> /opt/rustwide/workdir/src/api.rs:9301:12
[INFO] [stdout]      |
[INFO] [stdout] 9301 |     pub fn update_mask(mut self, new_value: client::FieldMask) -> ProjectLocationGlobalDomainUpdateLdapssettingCall<'a, S> {
[INFO] [stdout]      |            ^^^^^^^^^^^
[INFO] [stdout] help: consider removing the borrow
[INFO] [stdout]      |
[INFO] [stdout] 25   -              .update_mask(&Default::default())
[INFO] [stdout] 25   +              .update_mask(Default::default())
[INFO] [stdout]      |
[INFO] [stdout] 
[INFO] [stdout] error: aborting due to 1 previous error
[INFO] [stdout] 
[INFO] [stdout] For more information about this error, try `rustc --explain E0308`.
[INFO] [stdout] Couldn't compile the test.
[INFO] [stdout] ---- src/api.rs - api::ProjectLocationGlobalPeeringPatchCall (line 12208) stdout ----
[INFO] [stdout] error[E0308]: mismatched types
[INFO] [stdout]      --> src/api.rs:12232:27
[INFO] [stdout]       |
[INFO] [stdout] 25    |              .update_mask(&Default::default())
[INFO] [stdout]       |               ----------- ^^^^^^^^^^^^^^^^^^^ expected `FieldMask`, found `&_`
[INFO] [stdout]       |               |
[INFO] [stdout]       |               arguments to this method are incorrect
[INFO] [stdout]       |
[INFO] [stdout]       = note: expected struct `FieldMask`
[INFO] [stdout]               found reference `&_`
[INFO] [stdout] note: method defined here
[INFO] [stdout]      --> /opt/rustwide/workdir/src/api.rs:12423:12
[INFO] [stdout]       |
[INFO] [stdout] 12423 |     pub fn update_mask(mut self, new_value: client::FieldMask) -> ProjectLocationGlobalPeeringPatchCall<'a, S> {
[INFO] [stdout]       |            ^^^^^^^^^^^
[INFO] [stdout] help: consider removing the borrow
[INFO] [stdout]       |
[INFO] [stdout] 25    -              .update_mask(&Default::default())
[INFO] [stdout] 25    +              .update_mask(Default::default())
[INFO] [stdout]       |
[INFO] [stdout] 
[INFO] [stdout] error: aborting due to 1 previous error
[INFO] [stdout] 
[INFO] [stdout] For more information about this error, try `rustc --explain E0308`.
[INFO] [stdout] Couldn't compile the test.
[INFO] [stdout] 
[INFO] [stdout] failures:
[INFO] [stdout]     src/api.rs - api::ProjectLocationGlobalDomainBackupPatchCall (line 3312)
[INFO] [stdout]     src/api.rs - api::ProjectLocationGlobalDomainPatchCall (line 7322)
[INFO] [stdout]     src/api.rs - api::ProjectLocationGlobalDomainUpdateLdapssettingCall (line 9086)
[INFO] [stdout]     src/api.rs - api::ProjectLocationGlobalPeeringPatchCall (line 12208)
[INFO] [stdout] 
[INFO] [stdout] test result: FAILED. 40 passed; 4 failed; 1 ignored; 0 measured; 0 filtered out; finished in 0.70s
[INFO] [stdout] 
[INFO] [stderr] error: doctest failed, to rerun pass `--doc`
[INFO] running `Command { std: "docker" "inspect" "43161603e63475776a4296db0d2843251a8fb99903a29e391a0342b1c5b77829", kill_on_drop: false }`
[INFO] running `Command { std: "docker" "rm" "-f" "43161603e63475776a4296db0d2843251a8fb99903a29e391a0342b1c5b77829", kill_on_drop: false }`
[INFO] [stdout] 43161603e63475776a4296db0d2843251a8fb99903a29e391a0342b1c5b77829
