[INFO] fetching crate google-logging2_beta1 5.0.3+20190325...
[INFO] testing google-logging2_beta1-5.0.3+20190325 against 1.75.0 for beta-1.76-1
[INFO] extracting crate google-logging2_beta1 5.0.3+20190325 into /workspace/builds/worker-7-tc1/source
[INFO] validating manifest of crates.io crate google-logging2_beta1 5.0.3+20190325 on toolchain 1.75.0
[INFO] running `Command { std: CARGO_HOME="/workspace/cargo-home" RUSTUP_HOME="/workspace/rustup-home" "/workspace/cargo-home/bin/cargo" "+1.75.0" "metadata" "--manifest-path" "Cargo.toml" "--no-deps", kill_on_drop: false }`
[INFO] started tweaking crates.io crate google-logging2_beta1 5.0.3+20190325
[INFO] finished tweaking crates.io crate google-logging2_beta1 5.0.3+20190325
[INFO] tweaked toml for crates.io crate google-logging2_beta1 5.0.3+20190325 written to /workspace/builds/worker-7-tc1/source/Cargo.toml
[INFO] running `Command { std: CARGO_HOME="/workspace/cargo-home" RUSTUP_HOME="/workspace/rustup-home" "/workspace/cargo-home/bin/cargo" "+1.75.0" "generate-lockfile" "--manifest-path" "Cargo.toml", kill_on_drop: false }`
[INFO] [stderr]     Updating crates.io index
[INFO] running `Command { std: CARGO_HOME="/workspace/cargo-home" RUSTUP_HOME="/workspace/rustup-home" "/workspace/cargo-home/bin/cargo" "+1.75.0" "fetch" "--manifest-path" "Cargo.toml", kill_on_drop: false }`
[INFO] [stderr]     Blocking waiting for file lock on package cache
[INFO] running `Command { std: "docker" "create" "-v" "/var/lib/crater-agent-workspace/builds/worker-7-tc1/target:/opt/rustwide/target:rw,Z" "-v" "/var/lib/crater-agent-workspace/builds/worker-7-tc1/source:/opt/rustwide/workdir:ro,Z" "-v" "/var/lib/crater-agent-workspace/cargo-home:/opt/rustwide/cargo-home:ro,Z" "-v" "/var/lib/crater-agent-workspace/rustup-home:/opt/rustwide/rustup-home:ro,Z" "-e" "SOURCE_DIR=/opt/rustwide/workdir" "-e" "CARGO_TARGET_DIR=/opt/rustwide/target" "-e" "CARGO_HOME=/opt/rustwide/cargo-home" "-e" "RUSTUP_HOME=/opt/rustwide/rustup-home" "-w" "/opt/rustwide/workdir" "-m" "1610612736" "--user" "0:0" "--network" "none" "ghcr.io/rust-lang/crates-build-env/linux@sha256:2788e3201cd34a07e3172128adcd8b3090168a8e3bcc40d7c032b9dda1df7d1c" "/opt/rustwide/cargo-home/bin/cargo" "+1.75.0" "metadata" "--no-deps" "--format-version=1", kill_on_drop: false }`
[INFO] [stdout] 69c20d106eed615fab39db4e3f1c052c2ed8f618e2f4444d58b699c6fbd79cc9
[INFO] running `Command { std: "docker" "start" "-a" "69c20d106eed615fab39db4e3f1c052c2ed8f618e2f4444d58b699c6fbd79cc9", kill_on_drop: false }`
[INFO] running `Command { std: "docker" "inspect" "69c20d106eed615fab39db4e3f1c052c2ed8f618e2f4444d58b699c6fbd79cc9", kill_on_drop: false }`
[INFO] running `Command { std: "docker" "rm" "-f" "69c20d106eed615fab39db4e3f1c052c2ed8f618e2f4444d58b699c6fbd79cc9", kill_on_drop: false }`
[INFO] [stdout] 69c20d106eed615fab39db4e3f1c052c2ed8f618e2f4444d58b699c6fbd79cc9
[INFO] running `Command { std: "docker" "create" "-v" "/var/lib/crater-agent-workspace/builds/worker-7-tc1/target:/opt/rustwide/target:rw,Z" "-v" "/var/lib/crater-agent-workspace/builds/worker-7-tc1/source:/opt/rustwide/workdir:ro,Z" "-v" "/var/lib/crater-agent-workspace/cargo-home:/opt/rustwide/cargo-home:ro,Z" "-v" "/var/lib/crater-agent-workspace/rustup-home:/opt/rustwide/rustup-home:ro,Z" "-e" "SOURCE_DIR=/opt/rustwide/workdir" "-e" "CARGO_TARGET_DIR=/opt/rustwide/target" "-e" "CARGO_INCREMENTAL=0" "-e" "RUST_BACKTRACE=full" "-e" "RUSTFLAGS=--cap-lints=warn" "-e" "RUSTDOCFLAGS=--cap-lints=warn" "-e" "CARGO_HOME=/opt/rustwide/cargo-home" "-e" "RUSTUP_HOME=/opt/rustwide/rustup-home" "-w" "/opt/rustwide/workdir" "-m" "1610612736" "--user" "0:0" "--network" "none" "ghcr.io/rust-lang/crates-build-env/linux@sha256:2788e3201cd34a07e3172128adcd8b3090168a8e3bcc40d7c032b9dda1df7d1c" "/opt/rustwide/cargo-home/bin/cargo" "+1.75.0" "build" "--frozen" "--message-format=json", kill_on_drop: false }`
[INFO] [stdout] 9a83999ce748a5524844c10211f5e2859d1d5932473fbf2df8bdc3cf320f801e
[INFO] running `Command { std: "docker" "start" "-a" "9a83999ce748a5524844c10211f5e2859d1d5932473fbf2df8bdc3cf320f801e", kill_on_drop: false }`
[INFO] [stderr]    Compiling google-logging2_beta1 v5.0.3+20190325 (/opt/rustwide/workdir)
[INFO] [stderr]     Finished dev [unoptimized + debuginfo] target(s) in 1.38s
[INFO] running `Command { std: "docker" "inspect" "9a83999ce748a5524844c10211f5e2859d1d5932473fbf2df8bdc3cf320f801e", kill_on_drop: false }`
[INFO] running `Command { std: "docker" "rm" "-f" "9a83999ce748a5524844c10211f5e2859d1d5932473fbf2df8bdc3cf320f801e", kill_on_drop: false }`
[INFO] [stdout] 9a83999ce748a5524844c10211f5e2859d1d5932473fbf2df8bdc3cf320f801e
[INFO] running `Command { std: "docker" "create" "-v" "/var/lib/crater-agent-workspace/builds/worker-7-tc1/target:/opt/rustwide/target:rw,Z" "-v" "/var/lib/crater-agent-workspace/builds/worker-7-tc1/source:/opt/rustwide/workdir:ro,Z" "-v" "/var/lib/crater-agent-workspace/cargo-home:/opt/rustwide/cargo-home:ro,Z" "-v" "/var/lib/crater-agent-workspace/rustup-home:/opt/rustwide/rustup-home:ro,Z" "-e" "SOURCE_DIR=/opt/rustwide/workdir" "-e" "CARGO_TARGET_DIR=/opt/rustwide/target" "-e" "CARGO_INCREMENTAL=0" "-e" "RUST_BACKTRACE=full" "-e" "RUSTFLAGS=--cap-lints=warn" "-e" "RUSTDOCFLAGS=--cap-lints=warn" "-e" "CARGO_HOME=/opt/rustwide/cargo-home" "-e" "RUSTUP_HOME=/opt/rustwide/rustup-home" "-w" "/opt/rustwide/workdir" "-m" "1610612736" "--user" "0:0" "--network" "none" "ghcr.io/rust-lang/crates-build-env/linux@sha256:2788e3201cd34a07e3172128adcd8b3090168a8e3bcc40d7c032b9dda1df7d1c" "/opt/rustwide/cargo-home/bin/cargo" "+1.75.0" "test" "--frozen" "--no-run" "--message-format=json", kill_on_drop: false }`
[INFO] [stdout] 271d9612cefc35ff8bebf32f65291eb72bddb955b5e14fddb2004d2bb81dec78
[INFO] running `Command { std: "docker" "start" "-a" "271d9612cefc35ff8bebf32f65291eb72bddb955b5e14fddb2004d2bb81dec78", kill_on_drop: false }`
[INFO] [stderr]    Compiling google-logging2_beta1 v5.0.3+20190325 (/opt/rustwide/workdir)
[INFO] [stderr]     Finished test [unoptimized + debuginfo] target(s) in 2.09s
[INFO] running `Command { std: "docker" "inspect" "271d9612cefc35ff8bebf32f65291eb72bddb955b5e14fddb2004d2bb81dec78", kill_on_drop: false }`
[INFO] running `Command { std: "docker" "rm" "-f" "271d9612cefc35ff8bebf32f65291eb72bddb955b5e14fddb2004d2bb81dec78", kill_on_drop: false }`
[INFO] [stdout] 271d9612cefc35ff8bebf32f65291eb72bddb955b5e14fddb2004d2bb81dec78
[INFO] running `Command { std: "docker" "create" "-v" "/var/lib/crater-agent-workspace/builds/worker-7-tc1/target:/opt/rustwide/target:rw,Z" "-v" "/var/lib/crater-agent-workspace/builds/worker-7-tc1/source:/opt/rustwide/workdir:ro,Z" "-v" "/var/lib/crater-agent-workspace/cargo-home:/opt/rustwide/cargo-home:ro,Z" "-v" "/var/lib/crater-agent-workspace/rustup-home:/opt/rustwide/rustup-home:ro,Z" "-e" "SOURCE_DIR=/opt/rustwide/workdir" "-e" "CARGO_TARGET_DIR=/opt/rustwide/target" "-e" "CARGO_INCREMENTAL=0" "-e" "RUST_BACKTRACE=full" "-e" "RUSTFLAGS=--cap-lints=warn" "-e" "RUSTDOCFLAGS=--cap-lints=warn" "-e" "CARGO_HOME=/opt/rustwide/cargo-home" "-e" "RUSTUP_HOME=/opt/rustwide/rustup-home" "-w" "/opt/rustwide/workdir" "-m" "1610612736" "--user" "0:0" "--network" "none" "ghcr.io/rust-lang/crates-build-env/linux@sha256:2788e3201cd34a07e3172128adcd8b3090168a8e3bcc40d7c032b9dda1df7d1c" "/opt/rustwide/cargo-home/bin/cargo" "+1.75.0" "test" "--frozen", kill_on_drop: false }`
[INFO] [stdout] 450da7cd7867d3b71f9674b82ccdb16eb5918c3659e61b38b96ba55d88560920
[INFO] running `Command { std: "docker" "start" "-a" "450da7cd7867d3b71f9674b82ccdb16eb5918c3659e61b38b96ba55d88560920", kill_on_drop: false }`
[INFO] [stderr]     Finished test [unoptimized + debuginfo] target(s) in 0.11s
[INFO] [stderr]      Running unittests src/lib.rs (/opt/rustwide/target/debug/deps/google_logging2_beta1-c0efd91b41920b37)
[INFO] [stdout] 
[INFO] [stdout] running 0 tests
[INFO] [stdout] 
[INFO] [stdout] test result: ok. 0 passed; 0 failed; 0 ignored; 0 measured; 0 filtered out; finished in 0.00s
[INFO] [stdout] 
[INFO] [stderr]    Doc-tests google-logging2_beta1
[INFO] [stdout] 
[INFO] [stdout] running 19 tests
[INFO] [stdout] test src/api.rs - api::ProjectSinkCreateCall (line 3647) - compile ... ok
[INFO] [stdout] test src/api.rs - api::EntryMethods (line 1031) - compile ... ok
[INFO] [stdout] test src/lib.rs - (line 53) ... ignored
[INFO] [stdout] test src/api.rs - api::MonitoredResourceDescriptorMethods (line 1106) - compile ... ok
[INFO] [stdout] test src/api.rs - api::EntryListCall (line 1430) - compile ... ok
[INFO] [stdout] test src/api.rs - api::Logging (line 74) - compile ... ok
[INFO] [stdout] test src/api.rs - api::ProjectMetricCreateCall (line 2243) - compile ... ok
[INFO] [stdout] test src/api.rs - api::MonitoredResourceDescriptorListCall (line 1976) - compile ... ok
[INFO] [stdout] test src/api.rs - api::ProjectMetricDeleteCall (line 2537) - compile ... ok
[INFO] [stdout] test src/api.rs - api::ProjectMetricUpdateCall (line 3353) - compile ... ok
[INFO] [stdout] test src/api.rs - api::ProjectMethods (line 1161) - compile ... ok
[INFO] [stdout] test src/api.rs - api::EntryWriteCall (line 1703) - compile ... ok
[INFO] [stdout] test src/api.rs - api::ProjectSinkListCall (line 4490) - compile ... ok
[INFO] [stdout] test src/api.rs - api::ProjectSinkDeleteCall (line 3956) - compile ... ok
[INFO] [stdout] test src/api.rs - api::ProjectMetricListCall (line 3065) - compile ... ok
[INFO] [stdout] test src/api.rs - api::ProjectMetricGetCall (line 2801) - compile ... ok
[INFO] [stdout] test src/api.rs - api::ProjectSinkGetCall (line 4223) - compile ... ok
[INFO] [stdout] test src/lib.rs - (line 79) - compile ... ok
[INFO] [stdout] test src/api.rs - api::ProjectSinkUpdateCall (line 4781) - compile ... FAILED
[INFO] [stdout] 
[INFO] [stdout] failures:
[INFO] [stdout] 
[INFO] [stdout] ---- src/api.rs - api::ProjectSinkUpdateCall (line 4781) stdout ----
[INFO] [stdout] error[E0308]: mismatched types
[INFO] [stdout]     --> src/api.rs:4805:27
[INFO] [stdout]      |
[INFO] [stdout] 25   |              .update_mask(&Default::default())
[INFO] [stdout]      |               ----------- ^^^^^^^^^^^^^^^^^^^ expected `FieldMask`, found `&_`
[INFO] [stdout]      |               |
[INFO] [stdout]      |               arguments to this method are incorrect
[INFO] [stdout]      |
[INFO] [stdout]      = note: expected struct `FieldMask`
[INFO] [stdout]              found reference `&_`
[INFO] [stdout] note: method defined here
[INFO] [stdout]     --> /opt/rustwide/workdir/src/api.rs:5006:12
[INFO] [stdout]      |
[INFO] [stdout] 5006 |     pub fn update_mask(mut self, new_value: client::FieldMask) -> ProjectSinkUpdateCall<'a, S> {
[INFO] [stdout]      |            ^^^^^^^^^^^
[INFO] [stdout] help: consider removing the borrow
[INFO] [stdout]      |
[INFO] [stdout] 25   -              .update_mask(&Default::default())
[INFO] [stdout] 25   +              .update_mask(Default::default())
[INFO] [stdout]      |
[INFO] [stdout] 
[INFO] [stdout] error: aborting due to previous error
[INFO] [stdout] 
[INFO] [stdout] For more information about this error, try `rustc --explain E0308`.
[INFO] [stdout] Couldn't compile the test.
[INFO] [stdout] 
[INFO] [stdout] failures:
[INFO] [stdout]     src/api.rs - api::ProjectSinkUpdateCall (line 4781)
[INFO] [stdout] 
[INFO] [stdout] test result: FAILED. 17 passed; 1 failed; 1 ignored; 0 measured; 0 filtered out; finished in 0.27s
[INFO] [stdout] 
[INFO] [stderr] error: doctest failed, to rerun pass `--doc`
[INFO] running `Command { std: "docker" "inspect" "450da7cd7867d3b71f9674b82ccdb16eb5918c3659e61b38b96ba55d88560920", kill_on_drop: false }`
[INFO] running `Command { std: "docker" "rm" "-f" "450da7cd7867d3b71f9674b82ccdb16eb5918c3659e61b38b96ba55d88560920", kill_on_drop: false }`
[INFO] [stdout] 450da7cd7867d3b71f9674b82ccdb16eb5918c3659e61b38b96ba55d88560920
[INFO] testing google-logging2_beta1-5.0.3+20190325 against beta-2023-12-22 for beta-1.76-1
[INFO] extracting crate google-logging2_beta1 5.0.3+20190325 into /workspace/builds/worker-7-tc2/source
[INFO] validating manifest of crates.io crate google-logging2_beta1 5.0.3+20190325 on toolchain beta-2023-12-22
[INFO] running `Command { std: CARGO_HOME="/workspace/cargo-home" RUSTUP_HOME="/workspace/rustup-home" "/workspace/cargo-home/bin/cargo" "+beta-2023-12-22" "metadata" "--manifest-path" "Cargo.toml" "--no-deps", kill_on_drop: false }`
[INFO] started tweaking crates.io crate google-logging2_beta1 5.0.3+20190325
[INFO] finished tweaking crates.io crate google-logging2_beta1 5.0.3+20190325
[INFO] tweaked toml for crates.io crate google-logging2_beta1 5.0.3+20190325 written to /workspace/builds/worker-7-tc2/source/Cargo.toml
[INFO] running `Command { std: CARGO_HOME="/workspace/cargo-home" RUSTUP_HOME="/workspace/rustup-home" "/workspace/cargo-home/bin/cargo" "+beta-2023-12-22" "generate-lockfile" "--manifest-path" "Cargo.toml", kill_on_drop: false }`
[INFO] [stderr]     Updating crates.io index
[INFO] running `Command { std: CARGO_HOME="/workspace/cargo-home" RUSTUP_HOME="/workspace/rustup-home" "/workspace/cargo-home/bin/cargo" "+beta-2023-12-22" "fetch" "--manifest-path" "Cargo.toml", kill_on_drop: false }`
[INFO] running `Command { std: "docker" "create" "-v" "/var/lib/crater-agent-workspace/builds/worker-7-tc2/target:/opt/rustwide/target:rw,Z" "-v" "/var/lib/crater-agent-workspace/builds/worker-7-tc2/source:/opt/rustwide/workdir:ro,Z" "-v" "/var/lib/crater-agent-workspace/cargo-home:/opt/rustwide/cargo-home:ro,Z" "-v" "/var/lib/crater-agent-workspace/rustup-home:/opt/rustwide/rustup-home:ro,Z" "-e" "SOURCE_DIR=/opt/rustwide/workdir" "-e" "CARGO_TARGET_DIR=/opt/rustwide/target" "-e" "CARGO_HOME=/opt/rustwide/cargo-home" "-e" "RUSTUP_HOME=/opt/rustwide/rustup-home" "-w" "/opt/rustwide/workdir" "-m" "1610612736" "--user" "0:0" "--network" "none" "ghcr.io/rust-lang/crates-build-env/linux@sha256:2788e3201cd34a07e3172128adcd8b3090168a8e3bcc40d7c032b9dda1df7d1c" "/opt/rustwide/cargo-home/bin/cargo" "+beta-2023-12-22" "metadata" "--no-deps" "--format-version=1", kill_on_drop: false }`
[INFO] [stdout] 45e587722a1b6429bbe77f426b1a0ab7354afd3da6022daa7e093558cda483e9
[INFO] running `Command { std: "docker" "start" "-a" "45e587722a1b6429bbe77f426b1a0ab7354afd3da6022daa7e093558cda483e9", kill_on_drop: false }`
[INFO] running `Command { std: "docker" "inspect" "45e587722a1b6429bbe77f426b1a0ab7354afd3da6022daa7e093558cda483e9", kill_on_drop: false }`
[INFO] running `Command { std: "docker" "rm" "-f" "45e587722a1b6429bbe77f426b1a0ab7354afd3da6022daa7e093558cda483e9", kill_on_drop: false }`
[INFO] [stdout] 45e587722a1b6429bbe77f426b1a0ab7354afd3da6022daa7e093558cda483e9
[INFO] running `Command { std: "docker" "create" "-v" "/var/lib/crater-agent-workspace/builds/worker-7-tc2/target:/opt/rustwide/target:rw,Z" "-v" "/var/lib/crater-agent-workspace/builds/worker-7-tc2/source:/opt/rustwide/workdir:ro,Z" "-v" "/var/lib/crater-agent-workspace/cargo-home:/opt/rustwide/cargo-home:ro,Z" "-v" "/var/lib/crater-agent-workspace/rustup-home:/opt/rustwide/rustup-home:ro,Z" "-e" "SOURCE_DIR=/opt/rustwide/workdir" "-e" "CARGO_TARGET_DIR=/opt/rustwide/target" "-e" "CARGO_INCREMENTAL=0" "-e" "RUST_BACKTRACE=full" "-e" "RUSTFLAGS=--cap-lints=warn" "-e" "RUSTDOCFLAGS=--cap-lints=warn" "-e" "CARGO_HOME=/opt/rustwide/cargo-home" "-e" "RUSTUP_HOME=/opt/rustwide/rustup-home" "-w" "/opt/rustwide/workdir" "-m" "1610612736" "--user" "0:0" "--network" "none" "ghcr.io/rust-lang/crates-build-env/linux@sha256:2788e3201cd34a07e3172128adcd8b3090168a8e3bcc40d7c032b9dda1df7d1c" "/opt/rustwide/cargo-home/bin/cargo" "+beta-2023-12-22" "build" "--frozen" "--message-format=json", kill_on_drop: false }`
[INFO] [stdout] b0a3bf72fb61c0d28450fd7b8d40c65b3517dfecfc11c5df68141256495bc91e
[INFO] running `Command { std: "docker" "start" "-a" "b0a3bf72fb61c0d28450fd7b8d40c65b3517dfecfc11c5df68141256495bc91e", kill_on_drop: false }`
[INFO] [stderr]    Compiling google-logging2_beta1 v5.0.3+20190325 (/opt/rustwide/workdir)
[INFO] [stderr]     Finished dev [unoptimized + debuginfo] target(s) in 1.24s
[INFO] running `Command { std: "docker" "inspect" "b0a3bf72fb61c0d28450fd7b8d40c65b3517dfecfc11c5df68141256495bc91e", kill_on_drop: false }`
[INFO] running `Command { std: "docker" "rm" "-f" "b0a3bf72fb61c0d28450fd7b8d40c65b3517dfecfc11c5df68141256495bc91e", kill_on_drop: false }`
[INFO] [stdout] b0a3bf72fb61c0d28450fd7b8d40c65b3517dfecfc11c5df68141256495bc91e
[INFO] running `Command { std: "docker" "create" "-v" "/var/lib/crater-agent-workspace/builds/worker-7-tc2/target:/opt/rustwide/target:rw,Z" "-v" "/var/lib/crater-agent-workspace/builds/worker-7-tc2/source:/opt/rustwide/workdir:ro,Z" "-v" "/var/lib/crater-agent-workspace/cargo-home:/opt/rustwide/cargo-home:ro,Z" "-v" "/var/lib/crater-agent-workspace/rustup-home:/opt/rustwide/rustup-home:ro,Z" "-e" "SOURCE_DIR=/opt/rustwide/workdir" "-e" "CARGO_TARGET_DIR=/opt/rustwide/target" "-e" "CARGO_INCREMENTAL=0" "-e" "RUST_BACKTRACE=full" "-e" "RUSTFLAGS=--cap-lints=warn" "-e" "RUSTDOCFLAGS=--cap-lints=warn" "-e" "CARGO_HOME=/opt/rustwide/cargo-home" "-e" "RUSTUP_HOME=/opt/rustwide/rustup-home" "-w" "/opt/rustwide/workdir" "-m" "1610612736" "--user" "0:0" "--network" "none" "ghcr.io/rust-lang/crates-build-env/linux@sha256:2788e3201cd34a07e3172128adcd8b3090168a8e3bcc40d7c032b9dda1df7d1c" "/opt/rustwide/cargo-home/bin/cargo" "+beta-2023-12-22" "test" "--frozen" "--no-run" "--message-format=json", kill_on_drop: false }`
[INFO] [stdout] 8bcd1c8d7948e5171cd9b1c7ef7dd75900d0e400d0fba46754daf750fd4ef1ea
[INFO] running `Command { std: "docker" "start" "-a" "8bcd1c8d7948e5171cd9b1c7ef7dd75900d0e400d0fba46754daf750fd4ef1ea", kill_on_drop: false }`
[INFO] [stderr]    Compiling google-logging2_beta1 v5.0.3+20190325 (/opt/rustwide/workdir)
[INFO] [stderr]     Finished test [unoptimized + debuginfo] target(s) in 1.33s
[INFO] running `Command { std: "docker" "inspect" "8bcd1c8d7948e5171cd9b1c7ef7dd75900d0e400d0fba46754daf750fd4ef1ea", kill_on_drop: false }`
[INFO] running `Command { std: "docker" "rm" "-f" "8bcd1c8d7948e5171cd9b1c7ef7dd75900d0e400d0fba46754daf750fd4ef1ea", kill_on_drop: false }`
[INFO] [stdout] 8bcd1c8d7948e5171cd9b1c7ef7dd75900d0e400d0fba46754daf750fd4ef1ea
[INFO] running `Command { std: "docker" "create" "-v" "/var/lib/crater-agent-workspace/builds/worker-7-tc2/target:/opt/rustwide/target:rw,Z" "-v" "/var/lib/crater-agent-workspace/builds/worker-7-tc2/source:/opt/rustwide/workdir:ro,Z" "-v" "/var/lib/crater-agent-workspace/cargo-home:/opt/rustwide/cargo-home:ro,Z" "-v" "/var/lib/crater-agent-workspace/rustup-home:/opt/rustwide/rustup-home:ro,Z" "-e" "SOURCE_DIR=/opt/rustwide/workdir" "-e" "CARGO_TARGET_DIR=/opt/rustwide/target" "-e" "CARGO_INCREMENTAL=0" "-e" "RUST_BACKTRACE=full" "-e" "RUSTFLAGS=--cap-lints=warn" "-e" "RUSTDOCFLAGS=--cap-lints=warn" "-e" "CARGO_HOME=/opt/rustwide/cargo-home" "-e" "RUSTUP_HOME=/opt/rustwide/rustup-home" "-w" "/opt/rustwide/workdir" "-m" "1610612736" "--user" "0:0" "--network" "none" "ghcr.io/rust-lang/crates-build-env/linux@sha256:2788e3201cd34a07e3172128adcd8b3090168a8e3bcc40d7c032b9dda1df7d1c" "/opt/rustwide/cargo-home/bin/cargo" "+beta-2023-12-22" "test" "--frozen", kill_on_drop: false }`
[INFO] [stdout] 5e709d025b4458f5627238f8f2e9190016f2ccd49ebc3ddbc8aa9de18aa9576d
[INFO] running `Command { std: "docker" "start" "-a" "5e709d025b4458f5627238f8f2e9190016f2ccd49ebc3ddbc8aa9de18aa9576d", kill_on_drop: false }`
[INFO] [stderr]     Finished test [unoptimized + debuginfo] target(s) in 0.12s
[INFO] [stderr]      Running unittests src/lib.rs (/opt/rustwide/target/debug/deps/google_logging2_beta1-20d185b9196f295d)
[INFO] [stdout] 
[INFO] [stderr]    Doc-tests google-logging2_beta1
[INFO] [stdout] running 0 tests
[INFO] [stdout] 
[INFO] [stdout] test result: ok. 0 passed; 0 failed; 0 ignored; 0 measured; 0 filtered out; finished in 0.00s
[INFO] [stdout] 
[INFO] [stdout] 
[INFO] [stdout] running 19 tests
[INFO] [stdout] test src/api.rs - api::EntryWriteCall (line 1703) - compile ... ok
[INFO] [stdout] test src/api.rs - api::MonitoredResourceDescriptorListCall (line 1976) - compile ... ok
[INFO] [stdout] test src/lib.rs - (line 53) ... ignored
[INFO] [stdout] test src/api.rs - api::ProjectSinkListCall (line 4490) - compile ... ok
[INFO] [stdout] test src/api.rs - api::Logging (line 74) - compile ... ok
[INFO] [stdout] test src/api.rs - api::ProjectSinkCreateCall (line 3647) - compile ... ok
[INFO] [stdout] test src/api.rs - api::ProjectMethods (line 1161) - compile ... ok
[INFO] [stdout] test src/api.rs - api::ProjectSinkGetCall (line 4223) - compile ... ok
[INFO] [stdout] test src/api.rs - api::EntryListCall (line 1430) - compile ... ok
[INFO] [stdout] test src/api.rs - api::ProjectMetricGetCall (line 2801) - compile ... ok
[INFO] [stdout] test src/api.rs - api::ProjectMetricDeleteCall (line 2537) - compile ... ok
[INFO] [stdout] test src/api.rs - api::ProjectSinkDeleteCall (line 3956) - compile ... ok
[INFO] [stdout] test src/api.rs - api::ProjectMetricListCall (line 3065) - compile ... ok
[INFO] [stdout] test src/api.rs - api::MonitoredResourceDescriptorMethods (line 1106) - compile ... ok
[INFO] [stdout] test src/api.rs - api::ProjectMetricUpdateCall (line 3353) - compile ... ok
[INFO] [stdout] test src/api.rs - api::EntryMethods (line 1031) - compile ... ok
[INFO] [stdout] test src/api.rs - api::ProjectMetricCreateCall (line 2243) - compile ... ok
[INFO] [stdout] test src/lib.rs - (line 79) - compile ... ok
[INFO] [stdout] test src/api.rs - api::ProjectSinkUpdateCall (line 4781) - compile ... FAILED
[INFO] [stdout] 
[INFO] [stdout] failures:
[INFO] [stdout] 
[INFO] [stdout] ---- src/api.rs - api::ProjectSinkUpdateCall (line 4781) stdout ----
[INFO] [stdout] error[E0308]: mismatched types
[INFO] [stdout]     --> src/api.rs:4805:27
[INFO] [stdout]      |
[INFO] [stdout] 25   |              .update_mask(&Default::default())
[INFO] [stdout]      |               ----------- ^^^^^^^^^^^^^^^^^^^ expected `FieldMask`, found `&_`
[INFO] [stdout]      |               |
[INFO] [stdout]      |               arguments to this method are incorrect
[INFO] [stdout]      |
[INFO] [stdout]      = note: expected struct `FieldMask`
[INFO] [stdout]              found reference `&_`
[INFO] [stdout] note: method defined here
[INFO] [stdout]     --> /opt/rustwide/workdir/src/api.rs:5006:12
[INFO] [stdout]      |
[INFO] [stdout] 5006 |     pub fn update_mask(mut self, new_value: client::FieldMask) -> ProjectSinkUpdateCall<'a, S> {
[INFO] [stdout]      |            ^^^^^^^^^^^
[INFO] [stdout] help: consider removing the borrow
[INFO] [stdout]      |
[INFO] [stdout] 25   -              .update_mask(&Default::default())
[INFO] [stdout] 25   +              .update_mask(Default::default())
[INFO] [stdout]      |
[INFO] [stdout] 
[INFO] [stdout] error: aborting due to 1 previous error
[INFO] [stdout] 
[INFO] [stdout] For more information about this error, try `rustc --explain E0308`.
[INFO] [stdout] Couldn't compile the test.
[INFO] [stdout] 
[INFO] [stdout] failures:
[INFO] [stdout]     src/api.rs - api::ProjectSinkUpdateCall (line 4781)
[INFO] [stdout] 
[INFO] [stdout] test result: FAILED. 17 passed; 1 failed; 1 ignored; 0 measured; 0 filtered out; finished in 0.43s
[INFO] [stdout] 
[INFO] [stderr] error: doctest failed, to rerun pass `--doc`
[INFO] running `Command { std: "docker" "inspect" "5e709d025b4458f5627238f8f2e9190016f2ccd49ebc3ddbc8aa9de18aa9576d", kill_on_drop: false }`
[INFO] running `Command { std: "docker" "rm" "-f" "5e709d025b4458f5627238f8f2e9190016f2ccd49ebc3ddbc8aa9de18aa9576d", kill_on_drop: false }`
[INFO] [stdout] 5e709d025b4458f5627238f8f2e9190016f2ccd49ebc3ddbc8aa9de18aa9576d
