[INFO] fetching crate google-iap1 5.0.3+20230118...
[INFO] testing google-iap1-5.0.3+20230118 against 1.75.0 for beta-1.76-1
[INFO] extracting crate google-iap1 5.0.3+20230118 into /workspace/builds/worker-2-tc1/source
[INFO] validating manifest of crates.io crate google-iap1 5.0.3+20230118 on toolchain 1.75.0
[INFO] running `Command { std: CARGO_HOME="/workspace/cargo-home" RUSTUP_HOME="/workspace/rustup-home" "/workspace/cargo-home/bin/cargo" "+1.75.0" "metadata" "--manifest-path" "Cargo.toml" "--no-deps", kill_on_drop: false }`
[INFO] started tweaking crates.io crate google-iap1 5.0.3+20230118
[INFO] finished tweaking crates.io crate google-iap1 5.0.3+20230118
[INFO] tweaked toml for crates.io crate google-iap1 5.0.3+20230118 written to /workspace/builds/worker-2-tc1/source/Cargo.toml
[INFO] running `Command { std: CARGO_HOME="/workspace/cargo-home" RUSTUP_HOME="/workspace/rustup-home" "/workspace/cargo-home/bin/cargo" "+1.75.0" "generate-lockfile" "--manifest-path" "Cargo.toml", kill_on_drop: false }`
[INFO] [stderr]     Updating crates.io index
[INFO] running `Command { std: CARGO_HOME="/workspace/cargo-home" RUSTUP_HOME="/workspace/rustup-home" "/workspace/cargo-home/bin/cargo" "+1.75.0" "fetch" "--manifest-path" "Cargo.toml", kill_on_drop: false }`
[INFO] running `Command { std: "docker" "create" "-v" "/var/lib/crater-agent-workspace/builds/worker-2-tc1/target:/opt/rustwide/target:rw,Z" "-v" "/var/lib/crater-agent-workspace/builds/worker-2-tc1/source:/opt/rustwide/workdir:ro,Z" "-v" "/var/lib/crater-agent-workspace/cargo-home:/opt/rustwide/cargo-home:ro,Z" "-v" "/var/lib/crater-agent-workspace/rustup-home:/opt/rustwide/rustup-home:ro,Z" "-e" "SOURCE_DIR=/opt/rustwide/workdir" "-e" "CARGO_TARGET_DIR=/opt/rustwide/target" "-e" "CARGO_HOME=/opt/rustwide/cargo-home" "-e" "RUSTUP_HOME=/opt/rustwide/rustup-home" "-w" "/opt/rustwide/workdir" "-m" "1610612736" "--user" "0:0" "--network" "none" "ghcr.io/rust-lang/crates-build-env/linux@sha256:2788e3201cd34a07e3172128adcd8b3090168a8e3bcc40d7c032b9dda1df7d1c" "/opt/rustwide/cargo-home/bin/cargo" "+1.75.0" "metadata" "--no-deps" "--format-version=1", kill_on_drop: false }`
[INFO] [stdout] 63815c16662938561b84bf0c4ab57e9029e9436f19a22ddf0b3975d304a9f1dc
[INFO] running `Command { std: "docker" "start" "-a" "63815c16662938561b84bf0c4ab57e9029e9436f19a22ddf0b3975d304a9f1dc", kill_on_drop: false }`
[INFO] running `Command { std: "docker" "inspect" "63815c16662938561b84bf0c4ab57e9029e9436f19a22ddf0b3975d304a9f1dc", kill_on_drop: false }`
[INFO] running `Command { std: "docker" "rm" "-f" "63815c16662938561b84bf0c4ab57e9029e9436f19a22ddf0b3975d304a9f1dc", kill_on_drop: false }`
[INFO] [stdout] 63815c16662938561b84bf0c4ab57e9029e9436f19a22ddf0b3975d304a9f1dc
[INFO] running `Command { std: "docker" "create" "-v" "/var/lib/crater-agent-workspace/builds/worker-2-tc1/target:/opt/rustwide/target:rw,Z" "-v" "/var/lib/crater-agent-workspace/builds/worker-2-tc1/source:/opt/rustwide/workdir:ro,Z" "-v" "/var/lib/crater-agent-workspace/cargo-home:/opt/rustwide/cargo-home:ro,Z" "-v" "/var/lib/crater-agent-workspace/rustup-home:/opt/rustwide/rustup-home:ro,Z" "-e" "SOURCE_DIR=/opt/rustwide/workdir" "-e" "CARGO_TARGET_DIR=/opt/rustwide/target" "-e" "CARGO_INCREMENTAL=0" "-e" "RUST_BACKTRACE=full" "-e" "RUSTFLAGS=--cap-lints=warn" "-e" "RUSTDOCFLAGS=--cap-lints=warn" "-e" "CARGO_HOME=/opt/rustwide/cargo-home" "-e" "RUSTUP_HOME=/opt/rustwide/rustup-home" "-w" "/opt/rustwide/workdir" "-m" "1610612736" "--user" "0:0" "--network" "none" "ghcr.io/rust-lang/crates-build-env/linux@sha256:2788e3201cd34a07e3172128adcd8b3090168a8e3bcc40d7c032b9dda1df7d1c" "/opt/rustwide/cargo-home/bin/cargo" "+1.75.0" "build" "--frozen" "--message-format=json", kill_on_drop: false }`
[INFO] [stdout] cc96ce9129aaa67ec4886ab7b2af060fb304cdaa807e0ba69f341571290dc5bd
[INFO] running `Command { std: "docker" "start" "-a" "cc96ce9129aaa67ec4886ab7b2af060fb304cdaa807e0ba69f341571290dc5bd", kill_on_drop: false }`
[INFO] [stderr]    Compiling libc v0.2.151
[INFO] [stderr]    Compiling spin v0.9.8
[INFO] [stderr]    Compiling untrusted v0.9.0
[INFO] [stderr]    Compiling memchr v2.7.1
[INFO] [stderr]    Compiling futures-channel v0.3.30
[INFO] [stderr]    Compiling futures-io v0.3.30
[INFO] [stderr]    Compiling futures-task v0.3.30
[INFO] [stderr]    Compiling log v0.4.20
[INFO] [stderr]    Compiling syn v2.0.48
[INFO] [stderr]    Compiling rustls v0.21.10
[INFO] [stderr]    Compiling base64 v0.21.5
[INFO] [stderr]    Compiling async-trait v0.1.77
[INFO] [stderr]    Compiling powerfmt v0.2.0
[INFO] [stderr]    Compiling percent-encoding v2.3.1
[INFO] [stderr]    Compiling anyhow v1.0.79
[INFO] [stderr]    Compiling rustls v0.22.1
[INFO] [stderr]    Compiling rustls-pki-types v1.1.0
[INFO] [stderr]    Compiling form_urlencoded v1.2.1
[INFO] [stderr]    Compiling idna v0.5.0
[INFO] [stderr]    Compiling time-core v0.1.2
[INFO] [stderr]    Compiling zeroize v1.7.0
[INFO] [stderr]    Compiling num_threads v0.1.6
[INFO] [stderr]    Compiling subtle v2.5.0
[INFO] [stderr]    Compiling itertools v0.12.0
[INFO] [stderr]    Compiling seahash v4.1.0
[INFO] [stderr]    Compiling rustls-pemfile v1.0.4
[INFO] [stderr]    Compiling rustls-native-certs v0.6.3
[INFO] [stderr]    Compiling url v2.5.0
[INFO] [stderr]    Compiling cc v1.0.83
[INFO] [stderr]    Compiling getrandom v0.2.11
[INFO] [stderr]    Compiling mio v0.8.10
[INFO] [stderr]    Compiling socket2 v0.5.5
[INFO] [stderr]    Compiling ring v0.17.7
[INFO] [stderr]    Compiling darling_core v0.20.3
[INFO] [stderr]    Compiling serde_derive v1.0.194
[INFO] [stderr]    Compiling tokio-macros v2.2.0
[INFO] [stderr]    Compiling futures-macro v0.3.30
[INFO] [stderr]    Compiling tokio v1.35.1
[INFO] [stderr]    Compiling darling_macro v0.20.3
[INFO] [stderr]    Compiling futures-util v0.3.30
[INFO] [stderr]    Compiling darling v0.20.3
[INFO] [stderr]    Compiling serde_with_macros v2.3.3
[INFO] [stderr]    Compiling serde v1.0.194
[INFO] [stderr]    Compiling rustls-webpki v0.101.7
[INFO] [stderr]    Compiling sct v0.7.1
[INFO] [stderr]    Compiling rustls-webpki v0.102.1
[INFO] [stderr]    Compiling tokio-util v0.7.10
[INFO] [stderr]    Compiling h2 v0.3.22
[INFO] [stderr]    Compiling futures-executor v0.3.30
[INFO] [stderr]    Compiling futures v0.3.30
[INFO] [stderr]    Compiling deranged v0.3.11
[INFO] [stderr]    Compiling serde_json v1.0.111
[INFO] [stderr]    Compiling serde_with v2.3.3
[INFO] [stderr]    Compiling chrono v0.4.31
[INFO] [stderr]    Compiling tokio-rustls v0.24.1
[INFO] [stderr]    Compiling time v0.3.31
[INFO] [stderr]    Compiling hyper v0.14.28
[INFO] [stderr]    Compiling hyper-rustls v0.24.2
[INFO] [stderr]    Compiling yup-oauth2 v8.3.2
[INFO] [stderr]    Compiling google-apis-common v6.0.0
[INFO] [stderr]    Compiling google-iap1 v5.0.3+20230118 (/opt/rustwide/workdir)
[INFO] [stderr]     Finished dev [unoptimized + debuginfo] target(s) in 20.99s
[INFO] running `Command { std: "docker" "inspect" "cc96ce9129aaa67ec4886ab7b2af060fb304cdaa807e0ba69f341571290dc5bd", kill_on_drop: false }`
[INFO] running `Command { std: "docker" "rm" "-f" "cc96ce9129aaa67ec4886ab7b2af060fb304cdaa807e0ba69f341571290dc5bd", kill_on_drop: false }`
[INFO] [stdout] cc96ce9129aaa67ec4886ab7b2af060fb304cdaa807e0ba69f341571290dc5bd
[INFO] running `Command { std: "docker" "create" "-v" "/var/lib/crater-agent-workspace/builds/worker-2-tc1/target:/opt/rustwide/target:rw,Z" "-v" "/var/lib/crater-agent-workspace/builds/worker-2-tc1/source:/opt/rustwide/workdir:ro,Z" "-v" "/var/lib/crater-agent-workspace/cargo-home:/opt/rustwide/cargo-home:ro,Z" "-v" "/var/lib/crater-agent-workspace/rustup-home:/opt/rustwide/rustup-home:ro,Z" "-e" "SOURCE_DIR=/opt/rustwide/workdir" "-e" "CARGO_TARGET_DIR=/opt/rustwide/target" "-e" "CARGO_INCREMENTAL=0" "-e" "RUST_BACKTRACE=full" "-e" "RUSTFLAGS=--cap-lints=warn" "-e" "RUSTDOCFLAGS=--cap-lints=warn" "-e" "CARGO_HOME=/opt/rustwide/cargo-home" "-e" "RUSTUP_HOME=/opt/rustwide/rustup-home" "-w" "/opt/rustwide/workdir" "-m" "1610612736" "--user" "0:0" "--network" "none" "ghcr.io/rust-lang/crates-build-env/linux@sha256:2788e3201cd34a07e3172128adcd8b3090168a8e3bcc40d7c032b9dda1df7d1c" "/opt/rustwide/cargo-home/bin/cargo" "+1.75.0" "test" "--frozen" "--no-run" "--message-format=json", kill_on_drop: false }`
[INFO] [stdout] a5d228f7c031fce0fcf34093f789f01f8e578554204e3a6de65712bf11b5b4f2
[INFO] running `Command { std: "docker" "start" "-a" "a5d228f7c031fce0fcf34093f789f01f8e578554204e3a6de65712bf11b5b4f2", kill_on_drop: false }`
[INFO] [stderr]    Compiling google-iap1 v5.0.3+20230118 (/opt/rustwide/workdir)
[INFO] [stderr]     Finished test [unoptimized + debuginfo] target(s) in 3.05s
[INFO] running `Command { std: "docker" "inspect" "a5d228f7c031fce0fcf34093f789f01f8e578554204e3a6de65712bf11b5b4f2", kill_on_drop: false }`
[INFO] running `Command { std: "docker" "rm" "-f" "a5d228f7c031fce0fcf34093f789f01f8e578554204e3a6de65712bf11b5b4f2", kill_on_drop: false }`
[INFO] [stdout] a5d228f7c031fce0fcf34093f789f01f8e578554204e3a6de65712bf11b5b4f2
[INFO] running `Command { std: "docker" "create" "-v" "/var/lib/crater-agent-workspace/builds/worker-2-tc1/target:/opt/rustwide/target:rw,Z" "-v" "/var/lib/crater-agent-workspace/builds/worker-2-tc1/source:/opt/rustwide/workdir:ro,Z" "-v" "/var/lib/crater-agent-workspace/cargo-home:/opt/rustwide/cargo-home:ro,Z" "-v" "/var/lib/crater-agent-workspace/rustup-home:/opt/rustwide/rustup-home:ro,Z" "-e" "SOURCE_DIR=/opt/rustwide/workdir" "-e" "CARGO_TARGET_DIR=/opt/rustwide/target" "-e" "CARGO_INCREMENTAL=0" "-e" "RUST_BACKTRACE=full" "-e" "RUSTFLAGS=--cap-lints=warn" "-e" "RUSTDOCFLAGS=--cap-lints=warn" "-e" "CARGO_HOME=/opt/rustwide/cargo-home" "-e" "RUSTUP_HOME=/opt/rustwide/rustup-home" "-w" "/opt/rustwide/workdir" "-m" "1610612736" "--user" "0:0" "--network" "none" "ghcr.io/rust-lang/crates-build-env/linux@sha256:2788e3201cd34a07e3172128adcd8b3090168a8e3bcc40d7c032b9dda1df7d1c" "/opt/rustwide/cargo-home/bin/cargo" "+1.75.0" "test" "--frozen", kill_on_drop: false }`
[INFO] [stdout] c19ecb257d408905531124ef8739f53f17a76583b86d3f7616c4552a6c5f95e1
[INFO] running `Command { std: "docker" "start" "-a" "c19ecb257d408905531124ef8739f53f17a76583b86d3f7616c4552a6c5f95e1", kill_on_drop: false }`
[INFO] [stderr]     Finished test [unoptimized + debuginfo] target(s) in 0.25s
[INFO] [stderr]      Running unittests src/lib.rs (/opt/rustwide/target/debug/deps/google_iap1-5acf4144fe5d2516)
[INFO] [stdout] 
[INFO] [stdout] running 0 tests
[INFO] [stdout] 
[INFO] [stdout] test result: ok. 0 passed; 0 failed; 0 ignored; 0 measured; 0 filtered out; finished in 0.00s
[INFO] [stdout] 
[INFO] [stderr]    Doc-tests google-iap1
[INFO] [stdout] 
[INFO] [stdout] running 23 tests
[INFO] [stdout] test src/api.rs - api::MethodMethods (line 1135) - compile ... ok
[INFO] [stdout] test src/api.rs - api::ProjectBrandIdentityAwareProxyClientCreateCall (line 1278) - compile ... ok
[INFO] [stdout] test src/api.rs - api::ProjectIapTunnelLocationDestGroupCreateCall (line 3488) - compile ... ok
[INFO] [stdout] test src/api.rs - api::ProjectBrandIdentityAwareProxyClientGetCall (line 1832) - compile ... ok
[INFO] [stdout] test src/api.rs - api::MethodTestIamPermissionCall (line 5752) - compile ... ok
[INFO] [stdout] test src/api.rs - api::ProjectBrandGetCall (line 2964) - compile ... ok
[INFO] [stdout] test src/api.rs - api::ProjectBrandIdentityAwareProxyClientListCall (line 2094) - compile ... ok
[INFO] [stdout] test src/api.rs - api::ProjectBrandIdentityAwareProxyClientResetSecretCall (line 2380) - compile ... ok
[INFO] [stdout] test src/lib.rs - (line 56) ... ignored
[INFO] [stdout] test src/api.rs - api::MethodGetIamPolicyCall (line 4906) - compile ... ok
[INFO] [stdout] test src/api.rs - api::MethodSetIamPolicyCall (line 5460) - compile ... ok
[INFO] [stdout] test src/api.rs - api::ProjectBrandListCall (line 3226) - compile ... ok
[INFO] [stdout] test src/api.rs - api::MethodGetIapSettingCall (line 5198) - compile ... ok
[INFO] [stdout] test src/api.rs - api::ProjectBrandCreateCall (line 2672) - compile ... ok
[INFO] [stdout] test src/api.rs - api::ProjectBrandIdentityAwareProxyClientDeleteCall (line 1570) - compile ... ok
[INFO] [stdout] test src/api.rs - api::CloudIAP (line 58) - compile ... ok
[INFO] [stdout] test src/api.rs - api::ProjectMethods (line 857) - compile ... ok
[INFO] [stdout] test src/api.rs - api::ProjectIapTunnelLocationDestGroupListCall (line 4316) - compile ... ok
[INFO] [stdout] test src/api.rs - api::ProjectIapTunnelLocationDestGroupDeleteCall (line 3792) - compile ... ok
[INFO] [stdout] test src/lib.rs - (line 82) - compile ... ok
[INFO] [stdout] test src/api.rs - api::ProjectIapTunnelLocationDestGroupGetCall (line 4054) - compile ... ok
[INFO] [stdout] test src/api.rs - api::ProjectIapTunnelLocationDestGroupPatchCall (line 4602) - compile ... FAILED
[INFO] [stdout] test src/api.rs - api::MethodUpdateIapSettingCall (line 6044) - compile ... FAILED
[INFO] [stdout] 
[INFO] [stdout] failures:
[INFO] [stdout] 
[INFO] [stdout] ---- src/api.rs - api::ProjectIapTunnelLocationDestGroupPatchCall (line 4602) stdout ----
[INFO] [stdout] error[E0308]: mismatched types
[INFO] [stdout]     --> src/api.rs:4626:27
[INFO] [stdout]      |
[INFO] [stdout] 25   |              .update_mask(&Default::default())
[INFO] [stdout]      |               ----------- ^^^^^^^^^^^^^^^^^^^ expected `FieldMask`, found `&_`
[INFO] [stdout]      |               |
[INFO] [stdout]      |               arguments to this method are incorrect
[INFO] [stdout]      |
[INFO] [stdout]      = note: expected struct `FieldMask`
[INFO] [stdout]              found reference `&_`
[INFO] [stdout] note: method defined here
[INFO] [stdout]     --> /opt/rustwide/workdir/src/api.rs:4817:12
[INFO] [stdout]      |
[INFO] [stdout] 4817 |     pub fn update_mask(mut self, new_value: client::FieldMask) -> ProjectIapTunnelLocationDestGroupPatchCall<'a, S> {
[INFO] [stdout]      |            ^^^^^^^^^^^
[INFO] [stdout] help: consider removing the borrow
[INFO] [stdout]      |
[INFO] [stdout] 25   -              .update_mask(&Default::default())
[INFO] [stdout] 25   +              .update_mask(Default::default())
[INFO] [stdout]      |
[INFO] [stdout] 
[INFO] [stdout] error: aborting due to previous error
[INFO] [stdout] 
[INFO] [stdout] For more information about this error, try `rustc --explain E0308`.
[INFO] [stdout] Couldn't compile the test.
[INFO] [stdout] ---- src/api.rs - api::MethodUpdateIapSettingCall (line 6044) stdout ----
[INFO] [stdout] error[E0308]: mismatched types
[INFO] [stdout]     --> src/api.rs:6068:27
[INFO] [stdout]      |
[INFO] [stdout] 25   |              .update_mask(&Default::default())
[INFO] [stdout]      |               ----------- ^^^^^^^^^^^^^^^^^^^ expected `FieldMask`, found `&_`
[INFO] [stdout]      |               |
[INFO] [stdout]      |               arguments to this method are incorrect
[INFO] [stdout]      |
[INFO] [stdout]      = note: expected struct `FieldMask`
[INFO] [stdout]              found reference `&_`
[INFO] [stdout] note: method defined here
[INFO] [stdout]     --> /opt/rustwide/workdir/src/api.rs:6259:12
[INFO] [stdout]      |
[INFO] [stdout] 6259 |     pub fn update_mask(mut self, new_value: client::FieldMask) -> MethodUpdateIapSettingCall<'a, S> {
[INFO] [stdout]      |            ^^^^^^^^^^^
[INFO] [stdout] help: consider removing the borrow
[INFO] [stdout]      |
[INFO] [stdout] 25   -              .update_mask(&Default::default())
[INFO] [stdout] 25   +              .update_mask(Default::default())
[INFO] [stdout]      |
[INFO] [stdout] 
[INFO] [stdout] error: aborting due to previous error
[INFO] [stdout] 
[INFO] [stdout] For more information about this error, try `rustc --explain E0308`.
[INFO] [stdout] Couldn't compile the test.
[INFO] [stdout] 
[INFO] [stdout] failures:
[INFO] [stdout]     src/api.rs - api::MethodUpdateIapSettingCall (line 6044)
[INFO] [stdout]     src/api.rs - api::ProjectIapTunnelLocationDestGroupPatchCall (line 4602)
[INFO] [stdout] 
[INFO] [stdout] test result: FAILED. 20 passed; 2 failed; 1 ignored; 0 measured; 0 filtered out; finished in 0.31s
[INFO] [stdout] 
[INFO] [stderr] error: doctest failed, to rerun pass `--doc`
[INFO] running `Command { std: "docker" "inspect" "c19ecb257d408905531124ef8739f53f17a76583b86d3f7616c4552a6c5f95e1", kill_on_drop: false }`
[INFO] running `Command { std: "docker" "rm" "-f" "c19ecb257d408905531124ef8739f53f17a76583b86d3f7616c4552a6c5f95e1", kill_on_drop: false }`
[INFO] [stdout] c19ecb257d408905531124ef8739f53f17a76583b86d3f7616c4552a6c5f95e1
[INFO] testing google-iap1-5.0.3+20230118 against beta-2023-12-22 for beta-1.76-1
[INFO] extracting crate google-iap1 5.0.3+20230118 into /workspace/builds/worker-2-tc2/source
[INFO] validating manifest of crates.io crate google-iap1 5.0.3+20230118 on toolchain beta-2023-12-22
[INFO] running `Command { std: CARGO_HOME="/workspace/cargo-home" RUSTUP_HOME="/workspace/rustup-home" "/workspace/cargo-home/bin/cargo" "+beta-2023-12-22" "metadata" "--manifest-path" "Cargo.toml" "--no-deps", kill_on_drop: false }`
[INFO] started tweaking crates.io crate google-iap1 5.0.3+20230118
[INFO] finished tweaking crates.io crate google-iap1 5.0.3+20230118
[INFO] tweaked toml for crates.io crate google-iap1 5.0.3+20230118 written to /workspace/builds/worker-2-tc2/source/Cargo.toml
[INFO] running `Command { std: CARGO_HOME="/workspace/cargo-home" RUSTUP_HOME="/workspace/rustup-home" "/workspace/cargo-home/bin/cargo" "+beta-2023-12-22" "generate-lockfile" "--manifest-path" "Cargo.toml", kill_on_drop: false }`
[INFO] [stderr]     Updating crates.io index
[INFO] running `Command { std: CARGO_HOME="/workspace/cargo-home" RUSTUP_HOME="/workspace/rustup-home" "/workspace/cargo-home/bin/cargo" "+beta-2023-12-22" "fetch" "--manifest-path" "Cargo.toml", kill_on_drop: false }`
[INFO] running `Command { std: "docker" "create" "-v" "/var/lib/crater-agent-workspace/builds/worker-2-tc2/target:/opt/rustwide/target:rw,Z" "-v" "/var/lib/crater-agent-workspace/builds/worker-2-tc2/source:/opt/rustwide/workdir:ro,Z" "-v" "/var/lib/crater-agent-workspace/cargo-home:/opt/rustwide/cargo-home:ro,Z" "-v" "/var/lib/crater-agent-workspace/rustup-home:/opt/rustwide/rustup-home:ro,Z" "-e" "SOURCE_DIR=/opt/rustwide/workdir" "-e" "CARGO_TARGET_DIR=/opt/rustwide/target" "-e" "CARGO_HOME=/opt/rustwide/cargo-home" "-e" "RUSTUP_HOME=/opt/rustwide/rustup-home" "-w" "/opt/rustwide/workdir" "-m" "1610612736" "--user" "0:0" "--network" "none" "ghcr.io/rust-lang/crates-build-env/linux@sha256:2788e3201cd34a07e3172128adcd8b3090168a8e3bcc40d7c032b9dda1df7d1c" "/opt/rustwide/cargo-home/bin/cargo" "+beta-2023-12-22" "metadata" "--no-deps" "--format-version=1", kill_on_drop: false }`
[INFO] [stdout] 6d0747d9cf6a8f411de9a2b246e9afac4d4dfa95546346bd484c4d1766826942
[INFO] running `Command { std: "docker" "start" "-a" "6d0747d9cf6a8f411de9a2b246e9afac4d4dfa95546346bd484c4d1766826942", kill_on_drop: false }`
[INFO] running `Command { std: "docker" "inspect" "6d0747d9cf6a8f411de9a2b246e9afac4d4dfa95546346bd484c4d1766826942", kill_on_drop: false }`
[INFO] running `Command { std: "docker" "rm" "-f" "6d0747d9cf6a8f411de9a2b246e9afac4d4dfa95546346bd484c4d1766826942", kill_on_drop: false }`
[INFO] [stdout] 6d0747d9cf6a8f411de9a2b246e9afac4d4dfa95546346bd484c4d1766826942
[INFO] running `Command { std: "docker" "create" "-v" "/var/lib/crater-agent-workspace/builds/worker-2-tc2/target:/opt/rustwide/target:rw,Z" "-v" "/var/lib/crater-agent-workspace/builds/worker-2-tc2/source:/opt/rustwide/workdir:ro,Z" "-v" "/var/lib/crater-agent-workspace/cargo-home:/opt/rustwide/cargo-home:ro,Z" "-v" "/var/lib/crater-agent-workspace/rustup-home:/opt/rustwide/rustup-home:ro,Z" "-e" "SOURCE_DIR=/opt/rustwide/workdir" "-e" "CARGO_TARGET_DIR=/opt/rustwide/target" "-e" "CARGO_INCREMENTAL=0" "-e" "RUST_BACKTRACE=full" "-e" "RUSTFLAGS=--cap-lints=warn" "-e" "RUSTDOCFLAGS=--cap-lints=warn" "-e" "CARGO_HOME=/opt/rustwide/cargo-home" "-e" "RUSTUP_HOME=/opt/rustwide/rustup-home" "-w" "/opt/rustwide/workdir" "-m" "1610612736" "--user" "0:0" "--network" "none" "ghcr.io/rust-lang/crates-build-env/linux@sha256:2788e3201cd34a07e3172128adcd8b3090168a8e3bcc40d7c032b9dda1df7d1c" "/opt/rustwide/cargo-home/bin/cargo" "+beta-2023-12-22" "build" "--frozen" "--message-format=json", kill_on_drop: false }`
[INFO] [stdout] 07a4e4f37094275b60451dabef21e8a62a5372a148d8d1e85ee15ecaf00ed9fe
[INFO] running `Command { std: "docker" "start" "-a" "07a4e4f37094275b60451dabef21e8a62a5372a148d8d1e85ee15ecaf00ed9fe", kill_on_drop: false }`
[INFO] [stderr]    Compiling libc v0.2.151
[INFO] [stderr]    Compiling spin v0.9.8
[INFO] [stderr]    Compiling untrusted v0.9.0
[INFO] [stderr]    Compiling futures-task v0.3.30
[INFO] [stderr]    Compiling futures-channel v0.3.30
[INFO] [stderr]    Compiling memchr v2.7.1
[INFO] [stderr]    Compiling futures-io v0.3.30
[INFO] [stderr]    Compiling rustls v0.21.10
[INFO] [stderr]    Compiling syn v2.0.48
[INFO] [stderr]    Compiling log v0.4.20
[INFO] [stderr]    Compiling base64 v0.21.5
[INFO] [stderr]    Compiling rustls-pki-types v1.1.0
[INFO] [stderr]    Compiling async-trait v0.1.77
[INFO] [stderr]    Compiling percent-encoding v2.3.1
[INFO] [stderr]    Compiling powerfmt v0.2.0
[INFO] [stderr]    Compiling anyhow v1.0.79
[INFO] [stderr]    Compiling rustls v0.22.1
[INFO] [stderr]    Compiling idna v0.5.0
[INFO] [stderr]    Compiling num_threads v0.1.6
[INFO] [stderr]    Compiling time-core v0.1.2
[INFO] [stderr]    Compiling zeroize v1.7.0
[INFO] [stderr]    Compiling subtle v2.5.0
[INFO] [stderr]    Compiling form_urlencoded v1.2.1
[INFO] [stderr]    Compiling itertools v0.12.0
[INFO] [stderr]    Compiling seahash v4.1.0
[INFO] [stderr]    Compiling rustls-pemfile v1.0.4
[INFO] [stderr]    Compiling rustls-native-certs v0.6.3
[INFO] [stderr]    Compiling url v2.5.0
[INFO] [stderr]    Compiling cc v1.0.83
[INFO] [stderr]    Compiling getrandom v0.2.11
[INFO] [stderr]    Compiling socket2 v0.5.5
[INFO] [stderr]    Compiling mio v0.8.10
[INFO] [stderr]    Compiling ring v0.17.7
[INFO] [stderr]    Compiling darling_core v0.20.3
[INFO] [stderr]    Compiling futures-macro v0.3.30
[INFO] [stderr]    Compiling serde_derive v1.0.194
[INFO] [stderr]    Compiling tokio-macros v2.2.0
[INFO] [stderr]    Compiling darling_macro v0.20.3
[INFO] [stderr]    Compiling tokio v1.35.1
[INFO] [stderr]    Compiling futures-util v0.3.30
[INFO] [stderr]    Compiling darling v0.20.3
[INFO] [stderr]    Compiling serde_with_macros v2.3.3
[INFO] [stderr]    Compiling sct v0.7.1
[INFO] [stderr]    Compiling rustls-webpki v0.101.7
[INFO] [stderr]    Compiling rustls-webpki v0.102.1
[INFO] [stderr]    Compiling serde v1.0.194
[INFO] [stderr]    Compiling futures-executor v0.3.30
[INFO] [stderr]    Compiling futures v0.3.30
[INFO] [stderr]    Compiling tokio-util v0.7.10
[INFO] [stderr]    Compiling tokio-rustls v0.24.1
[INFO] [stderr]    Compiling h2 v0.3.22
[INFO] [stderr]    Compiling deranged v0.3.11
[INFO] [stderr]    Compiling serde_json v1.0.111
[INFO] [stderr]    Compiling serde_with v2.3.3
[INFO] [stderr]    Compiling chrono v0.4.31
[INFO] [stderr]    Compiling time v0.3.31
[INFO] [stderr]    Compiling hyper v0.14.28
[INFO] [stderr]    Compiling hyper-rustls v0.24.2
[INFO] [stderr]    Compiling yup-oauth2 v8.3.2
[INFO] [stderr]    Compiling google-apis-common v6.0.0
[INFO] [stderr]    Compiling google-iap1 v5.0.3+20230118 (/opt/rustwide/workdir)
[INFO] [stderr]     Finished dev [unoptimized + debuginfo] target(s) in 29.29s
[INFO] running `Command { std: "docker" "inspect" "07a4e4f37094275b60451dabef21e8a62a5372a148d8d1e85ee15ecaf00ed9fe", kill_on_drop: false }`
[INFO] running `Command { std: "docker" "rm" "-f" "07a4e4f37094275b60451dabef21e8a62a5372a148d8d1e85ee15ecaf00ed9fe", kill_on_drop: false }`
[INFO] [stdout] 07a4e4f37094275b60451dabef21e8a62a5372a148d8d1e85ee15ecaf00ed9fe
[INFO] running `Command { std: "docker" "create" "-v" "/var/lib/crater-agent-workspace/builds/worker-2-tc2/target:/opt/rustwide/target:rw,Z" "-v" "/var/lib/crater-agent-workspace/builds/worker-2-tc2/source:/opt/rustwide/workdir:ro,Z" "-v" "/var/lib/crater-agent-workspace/cargo-home:/opt/rustwide/cargo-home:ro,Z" "-v" "/var/lib/crater-agent-workspace/rustup-home:/opt/rustwide/rustup-home:ro,Z" "-e" "SOURCE_DIR=/opt/rustwide/workdir" "-e" "CARGO_TARGET_DIR=/opt/rustwide/target" "-e" "CARGO_INCREMENTAL=0" "-e" "RUST_BACKTRACE=full" "-e" "RUSTFLAGS=--cap-lints=warn" "-e" "RUSTDOCFLAGS=--cap-lints=warn" "-e" "CARGO_HOME=/opt/rustwide/cargo-home" "-e" "RUSTUP_HOME=/opt/rustwide/rustup-home" "-w" "/opt/rustwide/workdir" "-m" "1610612736" "--user" "0:0" "--network" "none" "ghcr.io/rust-lang/crates-build-env/linux@sha256:2788e3201cd34a07e3172128adcd8b3090168a8e3bcc40d7c032b9dda1df7d1c" "/opt/rustwide/cargo-home/bin/cargo" "+beta-2023-12-22" "test" "--frozen" "--no-run" "--message-format=json", kill_on_drop: false }`
[INFO] [stdout] 327ed2f92c35ecd09fa5c76c9960ad3d82d66b19a972654c82e09360efa414ef
[INFO] running `Command { std: "docker" "start" "-a" "327ed2f92c35ecd09fa5c76c9960ad3d82d66b19a972654c82e09360efa414ef", kill_on_drop: false }`
[INFO] [stderr]    Compiling google-iap1 v5.0.3+20230118 (/opt/rustwide/workdir)
[INFO] [stderr]     Finished test [unoptimized + debuginfo] target(s) in 3.64s
[INFO] running `Command { std: "docker" "inspect" "327ed2f92c35ecd09fa5c76c9960ad3d82d66b19a972654c82e09360efa414ef", kill_on_drop: false }`
[INFO] running `Command { std: "docker" "rm" "-f" "327ed2f92c35ecd09fa5c76c9960ad3d82d66b19a972654c82e09360efa414ef", kill_on_drop: false }`
[INFO] [stdout] 327ed2f92c35ecd09fa5c76c9960ad3d82d66b19a972654c82e09360efa414ef
[INFO] running `Command { std: "docker" "create" "-v" "/var/lib/crater-agent-workspace/builds/worker-2-tc2/target:/opt/rustwide/target:rw,Z" "-v" "/var/lib/crater-agent-workspace/builds/worker-2-tc2/source:/opt/rustwide/workdir:ro,Z" "-v" "/var/lib/crater-agent-workspace/cargo-home:/opt/rustwide/cargo-home:ro,Z" "-v" "/var/lib/crater-agent-workspace/rustup-home:/opt/rustwide/rustup-home:ro,Z" "-e" "SOURCE_DIR=/opt/rustwide/workdir" "-e" "CARGO_TARGET_DIR=/opt/rustwide/target" "-e" "CARGO_INCREMENTAL=0" "-e" "RUST_BACKTRACE=full" "-e" "RUSTFLAGS=--cap-lints=warn" "-e" "RUSTDOCFLAGS=--cap-lints=warn" "-e" "CARGO_HOME=/opt/rustwide/cargo-home" "-e" "RUSTUP_HOME=/opt/rustwide/rustup-home" "-w" "/opt/rustwide/workdir" "-m" "1610612736" "--user" "0:0" "--network" "none" "ghcr.io/rust-lang/crates-build-env/linux@sha256:2788e3201cd34a07e3172128adcd8b3090168a8e3bcc40d7c032b9dda1df7d1c" "/opt/rustwide/cargo-home/bin/cargo" "+beta-2023-12-22" "test" "--frozen", kill_on_drop: false }`
[INFO] [stdout] 406a94285ebe70b2ef55b88a1af2206b8a605746e3e25ce7ef843adcf9194b24
[INFO] running `Command { std: "docker" "start" "-a" "406a94285ebe70b2ef55b88a1af2206b8a605746e3e25ce7ef843adcf9194b24", kill_on_drop: false }`
[INFO] [stderr]     Finished test [unoptimized + debuginfo] target(s) in 0.08s
[INFO] [stderr]      Running unittests src/lib.rs (/opt/rustwide/target/debug/deps/google_iap1-2c8a2bea277bd704)
[INFO] [stdout] 
[INFO] [stdout] running 0 tests
[INFO] [stdout] 
[INFO] [stdout] test result: ok. 0 passed; 0 failed; 0 ignored; 0 measured; 0 filtered out; finished in 0.00s
[INFO] [stdout] 
[INFO] [stderr]    Doc-tests google-iap1
[INFO] [stdout] 
[INFO] [stdout] running 23 tests
[INFO] [stdout] test src/api.rs - api::MethodTestIamPermissionCall (line 5752) - compile ... ok
[INFO] [stdout] test src/api.rs - api::MethodMethods (line 1135) - compile ... ok
[INFO] [stdout] test src/api.rs - api::ProjectBrandIdentityAwareProxyClientCreateCall (line 1278) - compile ... ok
[INFO] [stdout] test src/api.rs - api::CloudIAP (line 58) - compile ... ok
[INFO] [stdout] test src/api.rs - api::ProjectBrandListCall (line 3226) - compile ... ok
[INFO] [stdout] test src/api.rs - api::ProjectBrandIdentityAwareProxyClientGetCall (line 1832) - compile ... ok
[INFO] [stdout] test src/lib.rs - (line 56) ... ignored
[INFO] [stdout] test src/api.rs - api::ProjectIapTunnelLocationDestGroupCreateCall (line 3488) - compile ... ok
[INFO] [stdout] test src/api.rs - api::MethodSetIamPolicyCall (line 5460) - compile ... ok
[INFO] [stdout] test src/api.rs - api::MethodGetIamPolicyCall (line 4906) - compile ... ok
[INFO] [stdout] test src/api.rs - api::ProjectBrandIdentityAwareProxyClientListCall (line 2094) - compile ... ok
[INFO] [stdout] test src/api.rs - api::ProjectBrandGetCall (line 2964) - compile ... ok
[INFO] [stdout] test src/api.rs - api::ProjectBrandIdentityAwareProxyClientResetSecretCall (line 2380) - compile ... ok
[INFO] [stdout] test src/api.rs - api::ProjectBrandCreateCall (line 2672) - compile ... ok
[INFO] [stdout] test src/api.rs - api::MethodGetIapSettingCall (line 5198) - compile ... ok
[INFO] [stdout] test src/api.rs - api::ProjectBrandIdentityAwareProxyClientDeleteCall (line 1570) - compile ... ok
[INFO] [stdout] test src/api.rs - api::ProjectIapTunnelLocationDestGroupGetCall (line 4054) - compile ... ok
[INFO] [stdout] test src/api.rs - api::ProjectIapTunnelLocationDestGroupDeleteCall (line 3792) - compile ... ok
[INFO] [stdout] test src/lib.rs - (line 82) - compile ... ok
[INFO] [stdout] test src/api.rs - api::ProjectMethods (line 857) - compile ... ok
[INFO] [stdout] test src/api.rs - api::ProjectIapTunnelLocationDestGroupListCall (line 4316) - compile ... ok
[INFO] [stdout] test src/api.rs - api::ProjectIapTunnelLocationDestGroupPatchCall (line 4602) - compile ... FAILED
[INFO] [stdout] test src/api.rs - api::MethodUpdateIapSettingCall (line 6044) - compile ... FAILED
[INFO] [stdout] 
[INFO] [stdout] failures:
[INFO] [stdout] 
[INFO] [stdout] ---- src/api.rs - api::ProjectIapTunnelLocationDestGroupPatchCall (line 4602) stdout ----
[INFO] [stdout] error[E0308]: mismatched types
[INFO] [stdout]     --> src/api.rs:4626:27
[INFO] [stdout]      |
[INFO] [stdout] 25   |              .update_mask(&Default::default())
[INFO] [stdout]      |               ----------- ^^^^^^^^^^^^^^^^^^^ expected `FieldMask`, found `&_`
[INFO] [stdout]      |               |
[INFO] [stdout]      |               arguments to this method are incorrect
[INFO] [stdout]      |
[INFO] [stdout]      = note: expected struct `FieldMask`
[INFO] [stdout]              found reference `&_`
[INFO] [stdout] note: method defined here
[INFO] [stdout]     --> /opt/rustwide/workdir/src/api.rs:4817:12
[INFO] [stdout]      |
[INFO] [stdout] 4817 |     pub fn update_mask(mut self, new_value: client::FieldMask) -> ProjectIapTunnelLocationDestGroupPatchCall<'a, S> {
[INFO] [stdout]      |            ^^^^^^^^^^^
[INFO] [stdout] help: consider removing the borrow
[INFO] [stdout]      |
[INFO] [stdout] 25   -              .update_mask(&Default::default())
[INFO] [stdout] 25   +              .update_mask(Default::default())
[INFO] [stdout]      |
[INFO] [stdout] 
[INFO] [stdout] error: aborting due to 1 previous error
[INFO] [stdout] 
[INFO] [stdout] For more information about this error, try `rustc --explain E0308`.
[INFO] [stdout] Couldn't compile the test.
[INFO] [stdout] ---- src/api.rs - api::MethodUpdateIapSettingCall (line 6044) stdout ----
[INFO] [stdout] error[E0308]: mismatched types
[INFO] [stdout]     --> src/api.rs:6068:27
[INFO] [stdout]      |
[INFO] [stdout] 25   |              .update_mask(&Default::default())
[INFO] [stdout]      |               ----------- ^^^^^^^^^^^^^^^^^^^ expected `FieldMask`, found `&_`
[INFO] [stdout]      |               |
[INFO] [stdout]      |               arguments to this method are incorrect
[INFO] [stdout]      |
[INFO] [stdout]      = note: expected struct `FieldMask`
[INFO] [stdout]              found reference `&_`
[INFO] [stdout] note: method defined here
[INFO] [stdout]     --> /opt/rustwide/workdir/src/api.rs:6259:12
[INFO] [stdout]      |
[INFO] [stdout] 6259 |     pub fn update_mask(mut self, new_value: client::FieldMask) -> MethodUpdateIapSettingCall<'a, S> {
[INFO] [stdout]      |            ^^^^^^^^^^^
[INFO] [stdout] help: consider removing the borrow
[INFO] [stdout]      |
[INFO] [stdout] 25   -              .update_mask(&Default::default())
[INFO] [stdout] 25   +              .update_mask(Default::default())
[INFO] [stdout]      |
[INFO] [stdout] 
[INFO] [stdout] error: aborting due to 1 previous error
[INFO] [stdout] 
[INFO] [stdout] For more information about this error, try `rustc --explain E0308`.
[INFO] [stdout] Couldn't compile the test.
[INFO] [stdout] 
[INFO] [stdout] failures:
[INFO] [stdout]     src/api.rs - api::MethodUpdateIapSettingCall (line 6044)
[INFO] [stdout]     src/api.rs - api::ProjectIapTunnelLocationDestGroupPatchCall (line 4602)
[INFO] [stdout] 
[INFO] [stdout] test result: FAILED. 20 passed; 2 failed; 1 ignored; 0 measured; 0 filtered out; finished in 0.41s
[INFO] [stdout] 
[INFO] [stderr] error: doctest failed, to rerun pass `--doc`
[INFO] running `Command { std: "docker" "inspect" "406a94285ebe70b2ef55b88a1af2206b8a605746e3e25ce7ef843adcf9194b24", kill_on_drop: false }`
[INFO] running `Command { std: "docker" "rm" "-f" "406a94285ebe70b2ef55b88a1af2206b8a605746e3e25ce7ef843adcf9194b24", kill_on_drop: false }`
[INFO] [stdout] 406a94285ebe70b2ef55b88a1af2206b8a605746e3e25ce7ef843adcf9194b24
