[INFO] fetching crate google-healthcare1_beta1 5.0.3+20221220...
[INFO] testing google-healthcare1_beta1-5.0.3+20221220 against 1.75.0 for beta-1.76-1
[INFO] extracting crate google-healthcare1_beta1 5.0.3+20221220 into /workspace/builds/worker-7-tc1/source
[INFO] validating manifest of crates.io crate google-healthcare1_beta1 5.0.3+20221220 on toolchain 1.75.0
[INFO] running `Command { std: CARGO_HOME="/workspace/cargo-home" RUSTUP_HOME="/workspace/rustup-home" "/workspace/cargo-home/bin/cargo" "+1.75.0" "metadata" "--manifest-path" "Cargo.toml" "--no-deps", kill_on_drop: false }`
[INFO] started tweaking crates.io crate google-healthcare1_beta1 5.0.3+20221220
[INFO] finished tweaking crates.io crate google-healthcare1_beta1 5.0.3+20221220
[INFO] tweaked toml for crates.io crate google-healthcare1_beta1 5.0.3+20221220 written to /workspace/builds/worker-7-tc1/source/Cargo.toml
[INFO] running `Command { std: CARGO_HOME="/workspace/cargo-home" RUSTUP_HOME="/workspace/rustup-home" "/workspace/cargo-home/bin/cargo" "+1.75.0" "generate-lockfile" "--manifest-path" "Cargo.toml", kill_on_drop: false }`
[INFO] [stderr]     Updating crates.io index
[INFO] running `Command { std: CARGO_HOME="/workspace/cargo-home" RUSTUP_HOME="/workspace/rustup-home" "/workspace/cargo-home/bin/cargo" "+1.75.0" "fetch" "--manifest-path" "Cargo.toml", kill_on_drop: false }`
[INFO] running `Command { std: "docker" "create" "-v" "/var/lib/crater-agent-workspace/builds/worker-7-tc1/target:/opt/rustwide/target:rw,Z" "-v" "/var/lib/crater-agent-workspace/builds/worker-7-tc1/source:/opt/rustwide/workdir:ro,Z" "-v" "/var/lib/crater-agent-workspace/cargo-home:/opt/rustwide/cargo-home:ro,Z" "-v" "/var/lib/crater-agent-workspace/rustup-home:/opt/rustwide/rustup-home:ro,Z" "-e" "SOURCE_DIR=/opt/rustwide/workdir" "-e" "CARGO_TARGET_DIR=/opt/rustwide/target" "-e" "CARGO_HOME=/opt/rustwide/cargo-home" "-e" "RUSTUP_HOME=/opt/rustwide/rustup-home" "-w" "/opt/rustwide/workdir" "-m" "1610612736" "--user" "0:0" "--network" "none" "ghcr.io/rust-lang/crates-build-env/linux@sha256:2788e3201cd34a07e3172128adcd8b3090168a8e3bcc40d7c032b9dda1df7d1c" "/opt/rustwide/cargo-home/bin/cargo" "+1.75.0" "metadata" "--no-deps" "--format-version=1", kill_on_drop: false }`
[INFO] [stdout] 40d482abcda291e7a889e4985a414772ce554c423e93a185065dd152524ab96b
[INFO] running `Command { std: "docker" "start" "-a" "40d482abcda291e7a889e4985a414772ce554c423e93a185065dd152524ab96b", kill_on_drop: false }`
[INFO] running `Command { std: "docker" "inspect" "40d482abcda291e7a889e4985a414772ce554c423e93a185065dd152524ab96b", kill_on_drop: false }`
[INFO] running `Command { std: "docker" "rm" "-f" "40d482abcda291e7a889e4985a414772ce554c423e93a185065dd152524ab96b", kill_on_drop: false }`
[INFO] [stdout] 40d482abcda291e7a889e4985a414772ce554c423e93a185065dd152524ab96b
[INFO] running `Command { std: "docker" "create" "-v" "/var/lib/crater-agent-workspace/builds/worker-7-tc1/target:/opt/rustwide/target:rw,Z" "-v" "/var/lib/crater-agent-workspace/builds/worker-7-tc1/source:/opt/rustwide/workdir:ro,Z" "-v" "/var/lib/crater-agent-workspace/cargo-home:/opt/rustwide/cargo-home:ro,Z" "-v" "/var/lib/crater-agent-workspace/rustup-home:/opt/rustwide/rustup-home:ro,Z" "-e" "SOURCE_DIR=/opt/rustwide/workdir" "-e" "CARGO_TARGET_DIR=/opt/rustwide/target" "-e" "CARGO_INCREMENTAL=0" "-e" "RUST_BACKTRACE=full" "-e" "RUSTFLAGS=--cap-lints=warn" "-e" "RUSTDOCFLAGS=--cap-lints=warn" "-e" "CARGO_HOME=/opt/rustwide/cargo-home" "-e" "RUSTUP_HOME=/opt/rustwide/rustup-home" "-w" "/opt/rustwide/workdir" "-m" "1610612736" "--user" "0:0" "--network" "none" "ghcr.io/rust-lang/crates-build-env/linux@sha256:2788e3201cd34a07e3172128adcd8b3090168a8e3bcc40d7c032b9dda1df7d1c" "/opt/rustwide/cargo-home/bin/cargo" "+1.75.0" "build" "--frozen" "--message-format=json", kill_on_drop: false }`
[INFO] [stdout] 76aa4e559b6b8abb150ccc4f7fbf4fa52d7396312a4f54bc13b2922d79c7e874
[INFO] running `Command { std: "docker" "start" "-a" "76aa4e559b6b8abb150ccc4f7fbf4fa52d7396312a4f54bc13b2922d79c7e874", kill_on_drop: false }`
[INFO] [stderr]    Compiling proc-macro2 v1.0.75
[INFO] [stderr]    Compiling unicode-ident v1.0.12
[INFO] [stderr]    Compiling libc v0.2.151
[INFO] [stderr]    Compiling autocfg v1.1.0
[INFO] [stderr]    Compiling pin-project-lite v0.2.13
[INFO] [stderr]    Compiling fnv v1.0.7
[INFO] [stderr]    Compiling cfg-if v1.0.0
[INFO] [stderr]    Compiling bytes v1.5.0
[INFO] [stderr]    Compiling spin v0.9.8
[INFO] [stderr]    Compiling futures-sink v0.3.30
[INFO] [stderr]    Compiling untrusted v0.9.0
[INFO] [stderr]    Compiling futures-core v0.3.30
[INFO] [stderr]    Compiling serde v1.0.194
[INFO] [stderr]    Compiling itoa v1.0.10
[INFO] [stderr]    Compiling futures-task v0.3.30
[INFO] [stderr]    Compiling futures-channel v0.3.30
[INFO] [stderr]    Compiling pin-utils v0.1.0
[INFO] [stderr]    Compiling once_cell v1.19.0
[INFO] [stderr]    Compiling tinyvec_macros v0.1.1
[INFO] [stderr]    Compiling futures-io v0.3.30
[INFO] [stderr]    Compiling slab v0.4.9
[INFO] [stderr]    Compiling memchr v2.7.1
[INFO] [stderr]    Compiling tracing-core v0.1.32
[INFO] [stderr]    Compiling tinyvec v1.6.0
[INFO] [stderr]    Compiling strsim v0.10.0
[INFO] [stderr]    Compiling http v0.2.11
[INFO] [stderr]    Compiling httparse v1.8.0
[INFO] [stderr]    Compiling rustls v0.21.10
[INFO] [stderr]    Compiling quote v1.0.35
[INFO] [stderr]    Compiling tracing v0.1.40
[INFO] [stderr]    Compiling syn v2.0.48
[INFO] [stderr]    Compiling unicode-bidi v0.3.14
[INFO] [stderr]    Compiling ident_case v1.0.1
[INFO] [stderr]    Compiling log v0.4.20
[INFO] [stderr]    Compiling cc v1.0.83
[INFO] [stderr]    Compiling getrandom v0.2.11
[INFO] [stderr]    Compiling socket2 v0.5.5
[INFO] [stderr]    Compiling mio v0.8.10
[INFO] [stderr]    Compiling unicode-normalization v0.1.22
[INFO] [stderr]    Compiling hashbrown v0.14.3
[INFO] [stderr]    Compiling equivalent v1.0.1
[INFO] [stderr]    Compiling base64 v0.21.5
[INFO] [stderr]    Compiling try-lock v0.2.5
[INFO] [stderr]    Compiling want v0.3.1
[INFO] [stderr]    Compiling http-body v0.4.6
[INFO] [stderr]    Compiling num-traits v0.2.17
[INFO] [stderr]    Compiling anyhow v1.0.79
[INFO] [stderr]    Compiling rustls-pemfile v1.0.4
[INFO] [stderr]    Compiling percent-encoding v2.3.1
[INFO] [stderr]    Compiling either v1.9.0
[INFO] [stderr]    Compiling indexmap v2.1.0
[INFO] [stderr]    Compiling powerfmt v0.2.0
[INFO] [stderr]    Compiling tower-service v0.3.2
[INFO] [stderr]    Compiling serde_json v1.0.111
[INFO] [stderr]    Compiling ring v0.17.7
[INFO] [stderr]    Compiling rustls-pki-types v1.1.0
[INFO] [stderr]    Compiling rustls v0.22.1
[INFO] [stderr]    Compiling async-trait v0.1.77
[INFO] [stderr]    Compiling httpdate v1.0.3
[INFO] [stderr]    Compiling openssl-probe v0.1.5
[INFO] [stderr]    Compiling rustls-native-certs v0.6.3
[INFO] [stderr]    Compiling form_urlencoded v1.2.1
[INFO] [stderr]    Compiling idna v0.5.0
[INFO] [stderr]    Compiling time-core v0.1.2
[INFO] [stderr]    Compiling ryu v1.0.16
[INFO] [stderr]    Compiling zeroize v1.7.0
[INFO] [stderr]    Compiling subtle v2.5.0
[INFO] [stderr]    Compiling matches v0.1.10
[INFO] [stderr]    Compiling num_threads v0.1.6
[INFO] [stderr]    Compiling idna v0.1.5
[INFO] [stderr]    Compiling itertools v0.12.0
[INFO] [stderr]    Compiling iana-time-zone v0.1.59
[INFO] [stderr]    Compiling url v2.5.0
[INFO] [stderr]    Compiling seahash v4.1.0
[INFO] [stderr]    Compiling percent-encoding v1.0.1
[INFO] [stderr]    Compiling itertools v0.10.5
[INFO] [stderr]    Compiling mime v0.3.17
[INFO] [stderr]    Compiling url v1.7.2
[INFO] [stderr]    Compiling base64 v0.13.1
[INFO] [stderr]    Compiling darling_core v0.20.3
[INFO] [stderr]    Compiling serde_derive v1.0.194
[INFO] [stderr]    Compiling tokio-macros v2.2.0
[INFO] [stderr]    Compiling futures-macro v0.3.30
[INFO] [stderr]    Compiling rustls-webpki v0.101.7
[INFO] [stderr]    Compiling tokio v1.35.1
[INFO] [stderr]    Compiling sct v0.7.1
[INFO] [stderr]    Compiling darling_macro v0.20.3
[INFO] [stderr]    Compiling rustls-webpki v0.102.1
[INFO] [stderr]    Compiling futures-util v0.3.30
[INFO] [stderr]    Compiling darling v0.20.3
[INFO] [stderr]    Compiling serde_with_macros v2.3.3
[INFO] [stderr]    Compiling futures-executor v0.3.30
[INFO] [stderr]    Compiling futures v0.3.30
[INFO] [stderr]    Compiling tokio-util v0.7.10
[INFO] [stderr]    Compiling tokio-rustls v0.24.1
[INFO] [stderr]    Compiling h2 v0.3.22
[INFO] [stderr]    Compiling deranged v0.3.11
[INFO] [stderr]    Compiling chrono v0.4.31
[INFO] [stderr]    Compiling serde_with v2.3.3
[INFO] [stderr]    Compiling time v0.3.31
[INFO] [stderr]    Compiling hyper v0.14.28
[INFO] [stderr]    Compiling hyper-rustls v0.24.2
[INFO] [stderr]    Compiling yup-oauth2 v8.3.2
[INFO] [stderr]    Compiling google-apis-common v6.0.0
[INFO] [stderr]    Compiling google-healthcare1_beta1 v5.0.3+20221220 (/opt/rustwide/workdir)
[INFO] [stdout] warning: method `locations_datasets_fhir_stores_fhir__concept_map_search_translate` should have a snake case name
[INFO] [stdout]     --> src/api.rs:5826:12
[INFO] [stdout]      |
[INFO] [stdout] 5826 |     pub fn locations_datasets_fhir_stores_fhir__concept_map_search_translate(&self, parent: &str) -> ProjectLocationDatasetFhirStoreFhirC...
[INFO] [stdout]      |            ^^^^^^^^^^^^^^^^^^^^^^^^^^^^^^^^^^^^^^^^^^^^^^^^^^^^^^^^^^^^^^^^^ help: convert the identifier to snake case: `locations_datasets_fhir_stores_fhir_concept_map_search_translate`
[INFO] [stdout]      |
[INFO] [stdout]      = note: `#[warn(non_snake_case)]` on by default
[INFO] [stdout] 
[INFO] [stdout] 
[INFO] [stdout] warning: method `locations_datasets_fhir_stores_fhir__concept_map_translate` should have a snake case name
[INFO] [stdout]     --> src/api.rs:5849:12
[INFO] [stdout]      |
[INFO] [stdout] 5849 |     pub fn locations_datasets_fhir_stores_fhir__concept_map_translate(&self, name: &str) -> ProjectLocationDatasetFhirStoreFhirConceptMap...
[INFO] [stdout]      |            ^^^^^^^^^^^^^^^^^^^^^^^^^^^^^^^^^^^^^^^^^^^^^^^^^^^^^^^^^^ help: convert the identifier to snake case: `locations_datasets_fhir_stores_fhir_concept_map_translate`
[INFO] [stdout] 
[INFO] [stdout] 
[INFO] [stdout] warning: method `locations_datasets_fhir_stores_fhir__observation_lastn` should have a snake case name
[INFO] [stdout]     --> src/api.rs:5869:12
[INFO] [stdout]      |
[INFO] [stdout] 5869 |     pub fn locations_datasets_fhir_stores_fhir__observation_lastn(&self, parent: &str) -> ProjectLocationDatasetFhirStoreFhirObservationL...
[INFO] [stdout]      |            ^^^^^^^^^^^^^^^^^^^^^^^^^^^^^^^^^^^^^^^^^^^^^^^^^^^^^^ help: convert the identifier to snake case: `locations_datasets_fhir_stores_fhir_observation_lastn`
[INFO] [stdout] 
[INFO] [stdout] 
[INFO] [stdout] warning: method `locations_datasets_fhir_stores_fhir__patient_everything` should have a snake case name
[INFO] [stdout]     --> src/api.rs:5886:12
[INFO] [stdout]      |
[INFO] [stdout] 5886 |     pub fn locations_datasets_fhir_stores_fhir__patient_everything(&self, name: &str) -> ProjectLocationDatasetFhirStoreFhirPatientEveryt...
[INFO] [stdout]      |            ^^^^^^^^^^^^^^^^^^^^^^^^^^^^^^^^^^^^^^^^^^^^^^^^^^^^^^^ help: convert the identifier to snake case: `locations_datasets_fhir_stores_fhir_patient_everything`
[INFO] [stdout] 
[INFO] [stdout] 
[INFO] [stdout] warning: method `locations_datasets_fhir_stores_fhir__resource_purge` should have a snake case name
[INFO] [stdout]     --> src/api.rs:5909:12
[INFO] [stdout]      |
[INFO] [stdout] 5909 |     pub fn locations_datasets_fhir_stores_fhir__resource_purge(&self, name: &str) -> ProjectLocationDatasetFhirStoreFhirResourcePurgeCall...
[INFO] [stdout]      |            ^^^^^^^^^^^^^^^^^^^^^^^^^^^^^^^^^^^^^^^^^^^^^^^^^^^ help: convert the identifier to snake case: `locations_datasets_fhir_stores_fhir_resource_purge`
[INFO] [stdout] 
[INFO] [stdout] 
[INFO] [stdout] warning: method `locations_datasets_fhir_stores_fhir__resource_validate` should have a snake case name
[INFO] [stdout]     --> src/api.rs:5928:12
[INFO] [stdout]      |
[INFO] [stdout] 5928 |     pub fn locations_datasets_fhir_stores_fhir__resource_validate(&self, request: HttpBody, parent: &str, type_: &str) -> ProjectLocation...
[INFO] [stdout]      |            ^^^^^^^^^^^^^^^^^^^^^^^^^^^^^^^^^^^^^^^^^^^^^^^^^^^^^^ help: convert the identifier to snake case: `locations_datasets_fhir_stores_fhir_resource_validate`
[INFO] [stdout] 
[INFO] [stdout] 
[INFO] [stdout] warning: 6 warnings emitted
[INFO] [stdout] 
[INFO] [stdout] 
[INFO] [stderr]     Finished dev [unoptimized + debuginfo] target(s) in 2m 00s
[INFO] running `Command { std: "docker" "inspect" "76aa4e559b6b8abb150ccc4f7fbf4fa52d7396312a4f54bc13b2922d79c7e874", kill_on_drop: false }`
[INFO] running `Command { std: "docker" "rm" "-f" "76aa4e559b6b8abb150ccc4f7fbf4fa52d7396312a4f54bc13b2922d79c7e874", kill_on_drop: false }`
[INFO] [stdout] 76aa4e559b6b8abb150ccc4f7fbf4fa52d7396312a4f54bc13b2922d79c7e874
[INFO] running `Command { std: "docker" "create" "-v" "/var/lib/crater-agent-workspace/builds/worker-7-tc1/target:/opt/rustwide/target:rw,Z" "-v" "/var/lib/crater-agent-workspace/builds/worker-7-tc1/source:/opt/rustwide/workdir:ro,Z" "-v" "/var/lib/crater-agent-workspace/cargo-home:/opt/rustwide/cargo-home:ro,Z" "-v" "/var/lib/crater-agent-workspace/rustup-home:/opt/rustwide/rustup-home:ro,Z" "-e" "SOURCE_DIR=/opt/rustwide/workdir" "-e" "CARGO_TARGET_DIR=/opt/rustwide/target" "-e" "CARGO_INCREMENTAL=0" "-e" "RUST_BACKTRACE=full" "-e" "RUSTFLAGS=--cap-lints=warn" "-e" "RUSTDOCFLAGS=--cap-lints=warn" "-e" "CARGO_HOME=/opt/rustwide/cargo-home" "-e" "RUSTUP_HOME=/opt/rustwide/rustup-home" "-w" "/opt/rustwide/workdir" "-m" "1610612736" "--user" "0:0" "--network" "none" "ghcr.io/rust-lang/crates-build-env/linux@sha256:2788e3201cd34a07e3172128adcd8b3090168a8e3bcc40d7c032b9dda1df7d1c" "/opt/rustwide/cargo-home/bin/cargo" "+1.75.0" "test" "--frozen" "--no-run" "--message-format=json", kill_on_drop: false }`
[INFO] [stdout] 09af5358b5fbd8c5f3ce10fd1e3172cb96489859d0e56f18ba780854e39c8893
[INFO] running `Command { std: "docker" "start" "-a" "09af5358b5fbd8c5f3ce10fd1e3172cb96489859d0e56f18ba780854e39c8893", kill_on_drop: false }`
[INFO] [stderr]    Compiling google-healthcare1_beta1 v5.0.3+20221220 (/opt/rustwide/workdir)
[INFO] [stdout] warning: method `locations_datasets_fhir_stores_fhir__concept_map_search_translate` should have a snake case name
[INFO] [stdout]     --> src/api.rs:5826:12
[INFO] [stdout]      |
[INFO] [stdout] 5826 |     pub fn locations_datasets_fhir_stores_fhir__concept_map_search_translate(&self, parent: &str) -> ProjectLocationDatasetFhirStoreFhirC...
[INFO] [stdout]      |            ^^^^^^^^^^^^^^^^^^^^^^^^^^^^^^^^^^^^^^^^^^^^^^^^^^^^^^^^^^^^^^^^^ help: convert the identifier to snake case: `locations_datasets_fhir_stores_fhir_concept_map_search_translate`
[INFO] [stdout]      |
[INFO] [stdout]      = note: `#[warn(non_snake_case)]` on by default
[INFO] [stdout] 
[INFO] [stdout] 
[INFO] [stdout] warning: method `locations_datasets_fhir_stores_fhir__concept_map_translate` should have a snake case name
[INFO] [stdout]     --> src/api.rs:5849:12
[INFO] [stdout]      |
[INFO] [stdout] 5849 |     pub fn locations_datasets_fhir_stores_fhir__concept_map_translate(&self, name: &str) -> ProjectLocationDatasetFhirStoreFhirConceptMap...
[INFO] [stdout]      |            ^^^^^^^^^^^^^^^^^^^^^^^^^^^^^^^^^^^^^^^^^^^^^^^^^^^^^^^^^^ help: convert the identifier to snake case: `locations_datasets_fhir_stores_fhir_concept_map_translate`
[INFO] [stdout] 
[INFO] [stdout] 
[INFO] [stdout] warning: method `locations_datasets_fhir_stores_fhir__observation_lastn` should have a snake case name
[INFO] [stdout]     --> src/api.rs:5869:12
[INFO] [stdout]      |
[INFO] [stdout] 5869 |     pub fn locations_datasets_fhir_stores_fhir__observation_lastn(&self, parent: &str) -> ProjectLocationDatasetFhirStoreFhirObservationL...
[INFO] [stdout]      |            ^^^^^^^^^^^^^^^^^^^^^^^^^^^^^^^^^^^^^^^^^^^^^^^^^^^^^^ help: convert the identifier to snake case: `locations_datasets_fhir_stores_fhir_observation_lastn`
[INFO] [stdout] 
[INFO] [stdout] 
[INFO] [stdout] warning: method `locations_datasets_fhir_stores_fhir__patient_everything` should have a snake case name
[INFO] [stdout]     --> src/api.rs:5886:12
[INFO] [stdout]      |
[INFO] [stdout] 5886 |     pub fn locations_datasets_fhir_stores_fhir__patient_everything(&self, name: &str) -> ProjectLocationDatasetFhirStoreFhirPatientEveryt...
[INFO] [stdout]      |            ^^^^^^^^^^^^^^^^^^^^^^^^^^^^^^^^^^^^^^^^^^^^^^^^^^^^^^^ help: convert the identifier to snake case: `locations_datasets_fhir_stores_fhir_patient_everything`
[INFO] [stdout] 
[INFO] [stdout] 
[INFO] [stdout] warning: method `locations_datasets_fhir_stores_fhir__resource_purge` should have a snake case name
[INFO] [stdout]     --> src/api.rs:5909:12
[INFO] [stdout]      |
[INFO] [stdout] 5909 |     pub fn locations_datasets_fhir_stores_fhir__resource_purge(&self, name: &str) -> ProjectLocationDatasetFhirStoreFhirResourcePurgeCall...
[INFO] [stdout]      |            ^^^^^^^^^^^^^^^^^^^^^^^^^^^^^^^^^^^^^^^^^^^^^^^^^^^ help: convert the identifier to snake case: `locations_datasets_fhir_stores_fhir_resource_purge`
[INFO] [stdout] 
[INFO] [stdout] 
[INFO] [stdout] warning: method `locations_datasets_fhir_stores_fhir__resource_validate` should have a snake case name
[INFO] [stdout]     --> src/api.rs:5928:12
[INFO] [stdout]      |
[INFO] [stdout] 5928 |     pub fn locations_datasets_fhir_stores_fhir__resource_validate(&self, request: HttpBody, parent: &str, type_: &str) -> ProjectLocation...
[INFO] [stdout]      |            ^^^^^^^^^^^^^^^^^^^^^^^^^^^^^^^^^^^^^^^^^^^^^^^^^^^^^^ help: convert the identifier to snake case: `locations_datasets_fhir_stores_fhir_resource_validate`
[INFO] [stdout] 
[INFO] [stdout] 
[INFO] [stdout] warning: 6 warnings emitted
[INFO] [stdout] 
[INFO] [stdout] 
[INFO] [stdout] warning: method `locations_datasets_fhir_stores_fhir__concept_map_search_translate` should have a snake case name
[INFO] [stdout]     --> src/api.rs:5826:12
[INFO] [stdout]      |
[INFO] [stdout] 5826 |     pub fn locations_datasets_fhir_stores_fhir__concept_map_search_translate(&self, parent: &str) -> ProjectLocationDatasetFhirStoreFhirC...
[INFO] [stdout]      |            ^^^^^^^^^^^^^^^^^^^^^^^^^^^^^^^^^^^^^^^^^^^^^^^^^^^^^^^^^^^^^^^^^ help: convert the identifier to snake case: `locations_datasets_fhir_stores_fhir_concept_map_search_translate`
[INFO] [stdout]      |
[INFO] [stdout]      = note: `#[warn(non_snake_case)]` on by default
[INFO] [stdout] 
[INFO] [stdout] 
[INFO] [stdout] warning: method `locations_datasets_fhir_stores_fhir__concept_map_translate` should have a snake case name
[INFO] [stdout]     --> src/api.rs:5849:12
[INFO] [stdout]      |
[INFO] [stdout] 5849 |     pub fn locations_datasets_fhir_stores_fhir__concept_map_translate(&self, name: &str) -> ProjectLocationDatasetFhirStoreFhirConceptMap...
[INFO] [stdout]      |            ^^^^^^^^^^^^^^^^^^^^^^^^^^^^^^^^^^^^^^^^^^^^^^^^^^^^^^^^^^ help: convert the identifier to snake case: `locations_datasets_fhir_stores_fhir_concept_map_translate`
[INFO] [stdout] 
[INFO] [stdout] 
[INFO] [stdout] warning: method `locations_datasets_fhir_stores_fhir__observation_lastn` should have a snake case name
[INFO] [stdout]     --> src/api.rs:5869:12
[INFO] [stdout]      |
[INFO] [stdout] 5869 |     pub fn locations_datasets_fhir_stores_fhir__observation_lastn(&self, parent: &str) -> ProjectLocationDatasetFhirStoreFhirObservationL...
[INFO] [stdout]      |            ^^^^^^^^^^^^^^^^^^^^^^^^^^^^^^^^^^^^^^^^^^^^^^^^^^^^^^ help: convert the identifier to snake case: `locations_datasets_fhir_stores_fhir_observation_lastn`
[INFO] [stdout] 
[INFO] [stdout] 
[INFO] [stdout] warning: method `locations_datasets_fhir_stores_fhir__patient_everything` should have a snake case name
[INFO] [stdout]     --> src/api.rs:5886:12
[INFO] [stdout]      |
[INFO] [stdout] 5886 |     pub fn locations_datasets_fhir_stores_fhir__patient_everything(&self, name: &str) -> ProjectLocationDatasetFhirStoreFhirPatientEveryt...
[INFO] [stdout]      |            ^^^^^^^^^^^^^^^^^^^^^^^^^^^^^^^^^^^^^^^^^^^^^^^^^^^^^^^ help: convert the identifier to snake case: `locations_datasets_fhir_stores_fhir_patient_everything`
[INFO] [stdout] 
[INFO] [stdout] 
[INFO] [stdout] warning: method `locations_datasets_fhir_stores_fhir__resource_purge` should have a snake case name
[INFO] [stdout]     --> src/api.rs:5909:12
[INFO] [stdout]      |
[INFO] [stdout] 5909 |     pub fn locations_datasets_fhir_stores_fhir__resource_purge(&self, name: &str) -> ProjectLocationDatasetFhirStoreFhirResourcePurgeCall...
[INFO] [stdout]      |            ^^^^^^^^^^^^^^^^^^^^^^^^^^^^^^^^^^^^^^^^^^^^^^^^^^^ help: convert the identifier to snake case: `locations_datasets_fhir_stores_fhir_resource_purge`
[INFO] [stdout] 
[INFO] [stdout] 
[INFO] [stdout] warning: method `locations_datasets_fhir_stores_fhir__resource_validate` should have a snake case name
[INFO] [stdout]     --> src/api.rs:5928:12
[INFO] [stdout]      |
[INFO] [stdout] 5928 |     pub fn locations_datasets_fhir_stores_fhir__resource_validate(&self, request: HttpBody, parent: &str, type_: &str) -> ProjectLocation...
[INFO] [stdout]      |            ^^^^^^^^^^^^^^^^^^^^^^^^^^^^^^^^^^^^^^^^^^^^^^^^^^^^^^ help: convert the identifier to snake case: `locations_datasets_fhir_stores_fhir_resource_validate`
[INFO] [stdout] 
[INFO] [stdout] 
[INFO] [stdout] warning: 6 warnings emitted
[INFO] [stdout] 
[INFO] [stdout] 
[INFO] [stderr]     Finished test [unoptimized + debuginfo] target(s) in 10.46s
[INFO] running `Command { std: "docker" "inspect" "09af5358b5fbd8c5f3ce10fd1e3172cb96489859d0e56f18ba780854e39c8893", kill_on_drop: false }`
[INFO] running `Command { std: "docker" "rm" "-f" "09af5358b5fbd8c5f3ce10fd1e3172cb96489859d0e56f18ba780854e39c8893", kill_on_drop: false }`
[INFO] [stdout] 09af5358b5fbd8c5f3ce10fd1e3172cb96489859d0e56f18ba780854e39c8893
[INFO] running `Command { std: "docker" "create" "-v" "/var/lib/crater-agent-workspace/builds/worker-7-tc1/target:/opt/rustwide/target:rw,Z" "-v" "/var/lib/crater-agent-workspace/builds/worker-7-tc1/source:/opt/rustwide/workdir:ro,Z" "-v" "/var/lib/crater-agent-workspace/cargo-home:/opt/rustwide/cargo-home:ro,Z" "-v" "/var/lib/crater-agent-workspace/rustup-home:/opt/rustwide/rustup-home:ro,Z" "-e" "SOURCE_DIR=/opt/rustwide/workdir" "-e" "CARGO_TARGET_DIR=/opt/rustwide/target" "-e" "CARGO_INCREMENTAL=0" "-e" "RUST_BACKTRACE=full" "-e" "RUSTFLAGS=--cap-lints=warn" "-e" "RUSTDOCFLAGS=--cap-lints=warn" "-e" "CARGO_HOME=/opt/rustwide/cargo-home" "-e" "RUSTUP_HOME=/opt/rustwide/rustup-home" "-w" "/opt/rustwide/workdir" "-m" "1610612736" "--user" "0:0" "--network" "none" "ghcr.io/rust-lang/crates-build-env/linux@sha256:2788e3201cd34a07e3172128adcd8b3090168a8e3bcc40d7c032b9dda1df7d1c" "/opt/rustwide/cargo-home/bin/cargo" "+1.75.0" "test" "--frozen", kill_on_drop: false }`
[INFO] [stdout] f342bae6811ac7dc56843e7ac09ca72797a57d7c0c0050686661503213a19cb1
[INFO] running `Command { std: "docker" "start" "-a" "f342bae6811ac7dc56843e7ac09ca72797a57d7c0c0050686661503213a19cb1", kill_on_drop: false }`
[INFO] [stderr] warning: method `locations_datasets_fhir_stores_fhir__concept_map_search_translate` should have a snake case name
[INFO] [stderr]     --> src/api.rs:5826:12
[INFO] [stderr]      |
[INFO] [stderr] 5826 |     pub fn locations_datasets_fhir_stores_fhir__concept_map_search_translate(&self, parent: &str) -> ProjectLocationDatasetFhirStoreFhirC...
[INFO] [stderr]      |            ^^^^^^^^^^^^^^^^^^^^^^^^^^^^^^^^^^^^^^^^^^^^^^^^^^^^^^^^^^^^^^^^^ help: convert the identifier to snake case: `locations_datasets_fhir_stores_fhir_concept_map_search_translate`
[INFO] [stderr]      |
[INFO] [stderr]      = note: `#[warn(non_snake_case)]` on by default
[INFO] [stderr] 
[INFO] [stderr] warning: method `locations_datasets_fhir_stores_fhir__concept_map_translate` should have a snake case name
[INFO] [stderr]     --> src/api.rs:5849:12
[INFO] [stderr]      |
[INFO] [stderr] 5849 |     pub fn locations_datasets_fhir_stores_fhir__concept_map_translate(&self, name: &str) -> ProjectLocationDatasetFhirStoreFhirConceptMap...
[INFO] [stderr]      |            ^^^^^^^^^^^^^^^^^^^^^^^^^^^^^^^^^^^^^^^^^^^^^^^^^^^^^^^^^^ help: convert the identifier to snake case: `locations_datasets_fhir_stores_fhir_concept_map_translate`
[INFO] [stderr] 
[INFO] [stderr] warning: method `locations_datasets_fhir_stores_fhir__observation_lastn` should have a snake case name
[INFO] [stderr]     --> src/api.rs:5869:12
[INFO] [stderr]      |
[INFO] [stderr] 5869 |     pub fn locations_datasets_fhir_stores_fhir__observation_lastn(&self, parent: &str) -> ProjectLocationDatasetFhirStoreFhirObservationL...
[INFO] [stderr]      |            ^^^^^^^^^^^^^^^^^^^^^^^^^^^^^^^^^^^^^^^^^^^^^^^^^^^^^^ help: convert the identifier to snake case: `locations_datasets_fhir_stores_fhir_observation_lastn`
[INFO] [stderr] 
[INFO] [stderr] warning: method `locations_datasets_fhir_stores_fhir__patient_everything` should have a snake case name
[INFO] [stderr]     --> src/api.rs:5886:12
[INFO] [stderr]      |
[INFO] [stderr] 5886 |     pub fn locations_datasets_fhir_stores_fhir__patient_everything(&self, name: &str) -> ProjectLocationDatasetFhirStoreFhirPatientEveryt...
[INFO] [stderr]      |            ^^^^^^^^^^^^^^^^^^^^^^^^^^^^^^^^^^^^^^^^^^^^^^^^^^^^^^^ help: convert the identifier to snake case: `locations_datasets_fhir_stores_fhir_patient_everything`
[INFO] [stderr] 
[INFO] [stderr] warning: method `locations_datasets_fhir_stores_fhir__resource_purge` should have a snake case name
[INFO] [stderr]     --> src/api.rs:5909:12
[INFO] [stderr]      |
[INFO] [stderr] 5909 |     pub fn locations_datasets_fhir_stores_fhir__resource_purge(&self, name: &str) -> ProjectLocationDatasetFhirStoreFhirResourcePurgeCall...
[INFO] [stderr]      |            ^^^^^^^^^^^^^^^^^^^^^^^^^^^^^^^^^^^^^^^^^^^^^^^^^^^ help: convert the identifier to snake case: `locations_datasets_fhir_stores_fhir_resource_purge`
[INFO] [stderr] 
[INFO] [stderr] warning: method `locations_datasets_fhir_stores_fhir__resource_validate` should have a snake case name
[INFO] [stderr]     --> src/api.rs:5928:12
[INFO] [stderr]      |
[INFO] [stderr] 5928 |     pub fn locations_datasets_fhir_stores_fhir__resource_validate(&self, request: HttpBody, parent: &str, type_: &str) -> ProjectLocation...
[INFO] [stderr]      |            ^^^^^^^^^^^^^^^^^^^^^^^^^^^^^^^^^^^^^^^^^^^^^^^^^^^^^^ help: convert the identifier to snake case: `locations_datasets_fhir_stores_fhir_resource_validate`
[INFO] [stderr] 
[INFO] [stderr] warning: `google-healthcare1_beta1` (lib) generated 6 warnings
[INFO] [stderr] warning: `google-healthcare1_beta1` (lib test) generated 6 warnings (6 duplicates)
[INFO] [stderr]     Finished test [unoptimized + debuginfo] target(s) in 0.15s
[INFO] [stderr]      Running unittests src/lib.rs (/opt/rustwide/target/debug/deps/google_healthcare1_beta1-0405a1d336e7758d)
[INFO] [stdout] 
[INFO] [stdout] running 0 tests
[INFO] [stdout] 
[INFO] [stdout] test result: ok. 0 passed; 0 failed; 0 ignored; 0 measured; 0 filtered out; finished in 0.00s
[INFO] [stdout] 
[INFO] [stderr]    Doc-tests google-healthcare1_beta1
[INFO] [stdout] 
[INFO] [stdout] running 151 tests
[INFO] [stdout] test src/api.rs - api::ProjectLocationDatasetAnnotationStoreAnnotationCreateCall (line 7055) - compile ... ok
[INFO] [stdout] test src/api.rs - api::ProjectLocationDatasetAnnotationStoreAnnotationListCall (line 7871) - compile ... ok
[INFO] [stdout] test src/api.rs - api::CloudHealthcare (line 58) - compile ... ok
[INFO] [stdout] test src/api.rs - api::ProjectLocationDatasetAnnotationStoreCreateCall (line 8485) - compile ... ok
[INFO] [stdout] test src/api.rs - api::ProjectLocationDatasetAnnotationStoreAnnotationDeleteCall (line 7347) - compile ... ok
[INFO] [stdout] test src/api.rs - api::ProjectLocationDatasetAnnotationStoreDeleteCall (line 8789) - compile ... ok
[INFO] [stdout] test src/api.rs - api::ProjectLocationDatasetAnnotationStoreAnnotationGetCall (line 7609) - compile ... ok
[INFO] [stdout] test src/api.rs - api::ProjectLocationDatasetAnnotationStoreAnnotationPatchCall (line 8181) - compile ... FAILED
[INFO] [stdout] test src/api.rs - api::ProjectLocationDatasetAnnotationStoreExportCall (line 9343) - compile ... ok
[INFO] [stdout] test src/api.rs - api::ProjectLocationDatasetAnnotationStoreGetCall (line 9635) - compile ... ok
[INFO] [stdout] test src/api.rs - api::ProjectLocationDatasetAnnotationStoreEvaluateCall (line 9051) - compile ... ok
[INFO] [stdout] test src/api.rs - api::ProjectLocationDatasetAnnotationStoreListCall (line 10463) - compile ... ok
[INFO] [stdout] test src/api.rs - api::ProjectLocationDatasetAnnotationStoreGetIamPolicyCall (line 9897) - compile ... ok
[INFO] [stdout] test src/api.rs - api::ProjectLocationDatasetAnnotationStoreImportCall (line 10171) - compile ... ok
[INFO] [stdout] test src/api.rs - api::ProjectLocationDatasetAnnotationStorePatchCall (line 10761) - compile ... FAILED
[INFO] [stdout] test src/api.rs - api::ProjectLocationDatasetAnnotationStoreTestIamPermissionCall (line 11357) - compile ... ok
[INFO] [stdout] test src/api.rs - api::ProjectLocationDatasetAnnotationStoreSetIamPolicyCall (line 11065) - compile ... ok
[INFO] [stdout] test src/api.rs - api::ProjectLocationDatasetConsentStoreAttributeDefinitionDeleteCall (line 11953) - compile ... ok
[INFO] [stdout] test src/api.rs - api::ProjectLocationDatasetConsentStoreAttributeDefinitionGetCall (line 12215) - compile ... ok
[INFO] [stdout] test src/api.rs - api::ProjectLocationDatasetConsentStoreAttributeDefinitionCreateCall (line 11649) - compile ... ok
[INFO] [stdout] test src/api.rs - api::ProjectLocationDatasetConsentStoreAttributeDefinitionListCall (line 12477) - compile ... ok
[INFO] [stdout] test src/api.rs - api::ProjectLocationDatasetConsentStoreCheckDataAccesCall (line 18757) - compile ... ok
[INFO] [stdout] test src/api.rs - api::ProjectLocationDatasetConsentStoreAttributeDefinitionPatchCall (line 12775) - compile ... FAILED
[INFO] [stdout] test src/api.rs - api::ProjectLocationDatasetConsentStoreConsentActivateCall (line 14193) - compile ... ok
[INFO] [stdout] test src/api.rs - api::ProjectLocationDatasetConsentStoreConsentCreateCall (line 14485) - compile ... ok
[INFO] [stdout] test src/api.rs - api::ProjectLocationDatasetConsentStoreConsentArtifactListCall (line 13895) - compile ... ok
[INFO] [stdout] test src/api.rs - api::ProjectLocationDatasetConsentStoreConsentArtifactDeleteCall (line 13371) - compile ... ok
[INFO] [stdout] test src/api.rs - api::ProjectLocationDatasetConsentStoreConsentArtifactGetCall (line 13633) - compile ... ok
[INFO] [stdout] test src/api.rs - api::ProjectLocationDatasetConsentStoreConsentArtifactCreateCall (line 13079) - compile ... ok
[INFO] [stdout] test src/api.rs - api::ProjectLocationDatasetConsentStoreConsentDeleteCall (line 14777) - compile ... ok
[INFO] [stdout] test src/api.rs - api::ProjectLocationDatasetConsentStoreConsentDeleteRevisionCall (line 15039) - compile ... ok
[INFO] [stdout] test src/api.rs - api::ProjectLocationDatasetConsentStoreConsentGetCall (line 15301) - compile ... ok
[INFO] [stdout] test src/api.rs - api::ProjectLocationDatasetConsentStoreConsentListCall (line 15563) - compile ... ok
[INFO] [stdout] test src/api.rs - api::ProjectLocationDatasetConsentStoreCreateCall (line 19049) - compile ... ok
[INFO] [stdout] test src/api.rs - api::ProjectLocationDatasetConsentStoreConsentRevokeCall (line 16755) - compile ... ok
[INFO] [stdout] test src/api.rs - api::ProjectLocationDatasetConsentStoreConsentRejectCall (line 16463) - compile ... ok
[INFO] [stdout] test src/api.rs - api::ProjectLocationDatasetConsentStoreConsentPatchCall (line 16159) - compile ... FAILED
[INFO] [stdout] test src/api.rs - api::ProjectLocationDatasetConsentStoreConsentListRevisionCall (line 15861) - compile ... ok
[INFO] [stdout] test src/api.rs - api::ProjectLocationDatasetConsentStoreDeleteCall (line 19353) - compile ... ok
[INFO] [stdout] test src/api.rs - api::ProjectLocationDatasetConsentStoreGetCall (line 19907) - compile ... ok
[INFO] [stdout] test src/api.rs - api::ProjectLocationDatasetConsentStoreSetIamPolicyCall (line 21337) - compile ... ok
[INFO] [stdout] test src/api.rs - api::ProjectLocationDatasetConsentStoreListCall (line 20443) - compile ... ok
[INFO] [stdout] test src/api.rs - api::ProjectLocationDatasetConsentStorePatchCall (line 20741) - compile ... FAILED
[INFO] [stdout] test src/api.rs - api::ProjectLocationDatasetConsentStoreEvaluateUserConsentCall (line 19615) - compile ... ok
[INFO] [stdout] test src/api.rs - api::ProjectLocationDatasetConsentStoreQueryAccessibleDataCall (line 21045) - compile ... ok
[INFO] [stdout] test src/api.rs - api::ProjectLocationDatasetConsentStoreGetIamPolicyCall (line 20169) - compile ... ok
[INFO] [stdout] test src/api.rs - api::ProjectLocationDatasetConsentStoreUserDataMappingPatchCall (line 18453) - compile ... FAILED
[INFO] [stdout] test src/api.rs - api::ProjectLocationDatasetDeidentifyCall (line 45965) - compile ... ok
[INFO] [stdout] test src/api.rs - api::ProjectLocationDatasetConsentStoreUserDataMappingGetCall (line 17893) - compile ... ok
[INFO] [stdout] test src/api.rs - api::ProjectLocationDatasetConsentStoreUserDataMappingCreateCall (line 17339) - compile ... ok
[INFO] [stdout] test src/api.rs - api::ProjectLocationDatasetConsentStoreUserDataMappingArchiveCall (line 17047) - compile ... ok
[INFO] [stdout] test src/api.rs - api::ProjectLocationDatasetConsentStoreUserDataMappingDeleteCall (line 17631) - compile ... ok
[INFO] [stdout] test src/api.rs - api::ProjectLocationDatasetConsentStoreTestIamPermissionCall (line 21629) - compile ... ok
[INFO] [stdout] test src/api.rs - api::ProjectLocationDatasetCreateCall (line 45661) - compile ... ok
[INFO] [stdout] test src/api.rs - api::ProjectLocationDatasetConsentStoreUserDataMappingListCall (line 18155) - compile ... ok
[INFO] [stdout] test src/api.rs - api::ProjectLocationDatasetDeleteCall (line 46257) - compile ... ok
[INFO] [stdout] test src/api.rs - api::ProjectLocationDatasetDicomStoreDeleteCall (line 26930) - compile ... ok
[INFO] [stdout] test src/api.rs - api::ProjectLocationDatasetDicomStoreCreateCall (line 26334) - compile ... ok
[INFO] [stdout] test src/api.rs - api::ProjectLocationDatasetDicomStoreSearchForInstanceCall (line 28914) - compile ... ok
[INFO] [stdout] test src/api.rs - api::ProjectLocationDatasetDicomStoreDeidentifyCall (line 26638) - compile ... ok
[INFO] [stdout] test src/api.rs - api::ProjectLocationDatasetDicomStoreImportCall (line 28020) - compile ... ok
[INFO] [stdout] test src/api.rs - api::ProjectLocationDatasetDicomStoreExportCall (line 27192) - compile ... ok
[INFO] [stdout] test src/api.rs - api::ProjectLocationDatasetDicomStoreListCall (line 28312) - compile ... ok
[INFO] [stdout] test src/api.rs - api::ProjectLocationDatasetDicomStoreSearchForSeryCall (line 29188) - compile ... ok
[INFO] [stdout] test src/api.rs - api::ProjectLocationDatasetDicomStoreGetIamPolicyCall (line 27746) - compile ... ok
[INFO] [stdout] test src/api.rs - api::ProjectLocationDatasetDicomStoreSearchForStudyCall (line 29462) - compile ... ok
[INFO] [stdout] test src/api.rs - api::ProjectLocationDatasetDicomStoreGetCall (line 27484) - compile ... ok
[INFO] [stdout] test src/api.rs - api::ProjectLocationDatasetDicomStoreSetIamPolicyCall (line 29736) - compile ... ok
[INFO] [stdout] test src/api.rs - api::ProjectLocationDatasetDicomStoreStudySearchForInstanceCall (line 25482) - compile ... ok
[INFO] [stdout] test src/api.rs - api::ProjectLocationDatasetDicomStorePatchCall (line 28610) - compile ... FAILED
[INFO] [stdout] test src/api.rs - api::ProjectLocationDatasetDicomStoreStoreInstanceCall (line 30028) - compile ... ok
[INFO] [stdout] test src/api.rs - api::ProjectLocationDatasetDicomStoreStudySeriesInstanceDeleteCall (line 22469) - compile ... ok
[INFO] [stdout] test src/api.rs - api::ProjectLocationDatasetDicomStoreStudySearchForSeryCall (line 25756) - compile ... ok
[INFO] [stdout] test src/api.rs - api::ProjectLocationDatasetDicomStoreStudySeriesInstanceFrameRetrieveRenderedCall (line 22195) - compile ... ok
[INFO] [stdout] test src/api.rs - api::ProjectLocationDatasetDicomStoreStudyRetrieveMetadataCall (line 24934) - compile ... ok
[INFO] [stdout] test src/api.rs - api::ProjectLocationDatasetDicomStoreStudyRetrieveStudyCall (line 25208) - compile ... ok
[INFO] [stdout] test src/api.rs - api::ProjectLocationDatasetDicomStoreStudyDeleteCall (line 24661) - compile ... ok
[INFO] [stdout] test src/api.rs - api::ProjectLocationDatasetDicomStoreStudySeriesInstanceRetrieveInstanceCall (line 22743) - compile ... ok
[INFO] [stdout] test src/api.rs - api::ProjectLocationDatasetDicomStoreStudySeriesDeleteCall (line 23565) - compile ... ok
[INFO] [stdout] test src/api.rs - api::ProjectLocationDatasetDicomStoreStudySeriesInstanceFrameRetrieveFrameCall (line 21921) - compile ... ok
[INFO] [stdout] test src/api.rs - api::ProjectLocationDatasetDicomStoreStudySeriesInstanceRetrieveRenderedCall (line 23291) - compile ... ok
[INFO] [stdout] test src/api.rs - api::ProjectLocationDatasetDicomStoreStudySeriesRetrieveSeryCall (line 24113) - compile ... ok
[INFO] [stdout] test src/api.rs - api::ProjectLocationDatasetDicomStoreStudySeriesInstanceRetrieveMetadataCall (line 23017) - compile ... ok
[INFO] [stdout] test src/api.rs - api::ProjectLocationDatasetDicomStoreStudySeriesRetrieveMetadataCall (line 23839) - compile ... ok
[INFO] [stdout] test src/api.rs - api::ProjectLocationDatasetDicomStoreStudySeriesSearchForInstanceCall (line 24387) - compile ... ok
[INFO] [stdout] test src/api.rs - api::ProjectLocationDatasetDicomStoreTestIamPermissionCall (line 30332) - compile ... ok
[INFO] [stdout] test src/api.rs - api::ProjectLocationDatasetDicomStoreStudyStoreInstanceCall (line 26030) - compile ... ok
[INFO] [stdout] test src/api.rs - api::ProjectLocationDatasetFhirStoreConfigureSearchCall (line 36446) - compile ... ok
[INFO] [stdout] test src/api.rs - api::ProjectLocationDatasetFhirStoreCreateCall (line 36738) - compile ... ok
[INFO] [stdout] test src/api.rs - api::ProjectLocationDatasetFhirStoreDeleteCall (line 37334) - compile ... ok
[INFO] [stdout] test src/api.rs - api::ProjectLocationDatasetFhirStoreFhirConceptMapSearchTranslateCall (line 30624) - compile ... ok
[INFO] [stdout] test src/api.rs - api::ProjectLocationDatasetFhirStoreDeidentifyCall (line 37042) - compile ... ok
[INFO] [stdout] test src/api.rs - api::ProjectLocationDatasetFhirStoreExportCall (line 37596) - compile ... ok
[INFO] [stdout] test src/api.rs - api::ProjectLocationDatasetFhirStoreFhirConditionalPatchCall (line 32966) - compile ... ok
[INFO] [stdout] test src/api.rs - api::ProjectLocationDatasetFhirStoreFhirConditionalUpdateCall (line 33270) - compile ... ok
[INFO] [stdout] test src/api.rs - api::ProjectLocationDatasetFhirStoreFhirCapabilityCall (line 32430) - compile ... ok
[INFO] [stdout] test src/api.rs - api::ProjectLocationDatasetFhirStoreFhirConceptMapTranslateCall (line 30958) - compile ... ok
[INFO] [stdout] test src/api.rs - api::ProjectLocationDatasetFhirStoreFhirDeleteCall (line 33878) - compile ... ok
[INFO] [stdout] test src/api.rs - api::ProjectLocationDatasetFhirStoreFhirPatientEverythingCall (line 31518) - compile ... ok
[INFO] [stdout] test src/api.rs - api::ProjectLocationDatasetFhirStoreFhirConditionalDeleteCall (line 32692) - compile ... ok
[INFO] [stdout] test src/api.rs - api::ProjectLocationDatasetFhirStoreFhirCreateCall (line 33574) - compile ... ok
[INFO] [stdout] test src/api.rs - api::ProjectLocationDatasetFhirStoreFhirObservationLastnCall (line 31256) - compile ... ok
[INFO] [stdout] test src/api.rs - api::ProjectLocationDatasetFhirStoreFhirHistoryCall (line 34432) - compile ... ok
[INFO] [stdout] test src/api.rs - api::ProjectLocationDatasetFhirStoreFhirResourcePurgeCall (line 31852) - compile ... ok
[INFO] [stdout] test src/api.rs - api::ProjectLocationDatasetFhirStoreFhirExecuteBundleCall (line 34140) - compile ... ok
[INFO] [stdout] test src/api.rs - api::ProjectLocationDatasetFhirStoreFhirReadCall (line 35034) - compile ... ok
[INFO] [stdout] test src/api.rs - api::ProjectLocationDatasetFhirStoreFhirSearchCall (line 35296) - compile ... ok
[INFO] [stdout] test src/api.rs - api::ProjectLocationDatasetFhirStoreFhirResourceValidateCall (line 32114) - compile ... ok
[INFO] [stdout] test src/api.rs - api::ProjectLocationDatasetFhirStoreFhirUpdateCall (line 35892) - compile ... ok
[INFO] [stdout] test src/api.rs - api::ProjectLocationDatasetFhirStoreGetCall (line 37888) - compile ... ok
[INFO] [stdout] test src/api.rs - api::ProjectLocationDatasetFhirStoreGetIamPolicyCall (line 38150) - compile ... ok
[INFO] [stdout] test src/api.rs - api::ProjectLocationDatasetFhirStoreFhirPatchCall (line 34742) - compile ... ok
[INFO] [stdout] test src/api.rs - api::ProjectLocationDatasetFhirStoreFhirVreadCall (line 36184) - compile ... ok
[INFO] [stdout] test src/api.rs - api::ProjectLocationDatasetFhirStoreFhirSearchTypeCall (line 35588) - compile ... ok
[INFO] [stdout] test src/api.rs - api::ProjectLocationDatasetFhirStoreImportCall (line 38424) - compile ... ok
[INFO] [stdout] test src/api.rs - api::ProjectLocationDatasetFhirStoreListCall (line 38716) - compile ... ok
[INFO] [stdout] test src/api.rs - api::ProjectLocationDatasetGetCall (line 46519) - compile ... ok
[INFO] [stdout] test src/api.rs - api::ProjectLocationDatasetFhirStoreSetIamPolicyCall (line 39318) - compile ... ok
[INFO] [stdout] test src/api.rs - api::ProjectLocationDatasetFhirStoreTestIamPermissionCall (line 39610) - compile ... ok
[INFO] [stdout] test src/api.rs - api::ProjectLocationDatasetHl7V2StoreCreateCall (line 41937) - compile ... ok
[INFO] [stdout] test src/api.rs - api::ProjectLocationDatasetGetIamPolicyCall (line 46781) - compile ... ok
[INFO] [stdout] test src/api.rs - api::ProjectLocationDatasetHl7V2StoreGetCall (line 42795) - compile ... ok
[INFO] [stdout] test src/api.rs - api::ProjectLocationDatasetFhirStorePatchCall (line 39014) - compile ... FAILED
[INFO] [stdout] test src/api.rs - api::ProjectLocationDatasetHl7V2StoreGetIamPolicyCall (line 43057) - compile ... ok
[INFO] [stdout] test src/api.rs - api::ProjectLocationDatasetHl7V2StoreExportCall (line 42503) - compile ... ok
[INFO] [stdout] test src/api.rs - api::ProjectLocationDatasetHl7V2StoreMessageDeleteCall (line 40483) - compile ... ok
[INFO] [stdout] test src/api.rs - api::ProjectLocationDatasetHl7V2StoreDeleteCall (line 42241) - compile ... ok
[INFO] [stdout] test src/api.rs - api::ProjectLocationDatasetHl7V2StoreListCall (line 43623) - compile ... ok
[INFO] [stdout] test src/api.rs - api::ProjectLocationDatasetHl7V2StoreImportCall (line 43331) - compile ... ok
[INFO] [stdout] test src/api.rs - api::ProjectLocationDatasetHl7V2StoreMessageCreateCall (line 40191) - compile ... ok
[INFO] [stdout] test src/api.rs - api::ProjectLocationDatasetHl7V2StoreMessageListCall (line 41311) - compile ... ok
[INFO] [stdout] test src/api.rs - api::ProjectLocationDatasetHl7V2StoreMessageBatchGetCall (line 39902) - compile ... ok
[INFO] [stdout] test src/api.rs - api::ProjectLocationDatasetHl7V2StoreMessageIngestCall (line 41019) - compile ... ok
[INFO] [stdout] test src/api.rs - api::ProjectLocationDatasetHl7V2StoreTestIamPermissionCall (line 44517) - compile ... ok
[INFO] [stdout] test src/api.rs - api::ProjectLocationDatasetOperationGetCall (line 45101) - compile ... ok
[INFO] [stdout] test src/api.rs - api::ProjectLocationDatasetListCall (line 47055) - compile ... ok
[INFO] [stdout] test src/api.rs - api::ProjectLocationDatasetHl7V2StoreSetIamPolicyCall (line 44225) - compile ... ok
[INFO] [stdout] test src/api.rs - api::ProjectLocationDatasetHl7V2StoreMessageGetCall (line 40745) - compile ... ok
[INFO] [stdout] test src/api.rs - api::ProjectLocationDatasetHl7V2StorePatchCall (line 43921) - compile ... FAILED
[INFO] [stdout] test src/api.rs - api::ProjectLocationDatasetHl7V2StoreMessagePatchCall (line 41633) - compile ... FAILED
[INFO] [stdout] test src/api.rs - api::ProjectLocationDatasetOperationCancelCall (line 44809) - compile ... ok
[INFO] [stdout] test src/api.rs - api::ProjectLocationDatasetPatchCall (line 47341) - compile ... FAILED
[INFO] [stdout] test src/api.rs - api::ProjectLocationDatasetOperationListCall (line 45363) - compile ... ok
[INFO] [stdout] test src/lib.rs - (line 49) ... ignored
[INFO] [stdout] test src/api.rs - api::ProjectLocationGetCall (line 48521) - compile ... ok
[INFO] [stdout] test src/api.rs - api::ProjectLocationDatasetTestIamPermissionCall (line 47937) - compile ... ok
[INFO] [stdout] test src/api.rs - api::ProjectLocationDatasetSetIamPolicyCall (line 47645) - compile ... ok
[INFO] [stdout] test src/api.rs - api::ProjectLocationListCall (line 48783) - compile ... ok
[INFO] [stdout] test src/api.rs - api::ProjectMethods (line 4223) - compile ... ok
[INFO] [stdout] test src/api.rs - api::ProjectLocationServiceNlpAnalyzeEntityCall (line 48229) - compile ... ok
[INFO] [stdout] test src/lib.rs - (line 107) - compile ... ok
[INFO] [stdout] 
[INFO] [stdout] failures:
[INFO] [stdout] 
[INFO] [stdout] ---- src/api.rs - api::ProjectLocationDatasetAnnotationStoreAnnotationPatchCall (line 8181) stdout ----
[INFO] [stdout] error[E0308]: mismatched types
[INFO] [stdout]     --> src/api.rs:8205:27
[INFO] [stdout]      |
[INFO] [stdout] 25   |              .update_mask(&Default::default())
[INFO] [stdout]      |               ----------- ^^^^^^^^^^^^^^^^^^^ expected `FieldMask`, found `&_`
[INFO] [stdout]      |               |
[INFO] [stdout]      |               arguments to this method are incorrect
[INFO] [stdout]      |
[INFO] [stdout]      = note: expected struct `FieldMask`
[INFO] [stdout]              found reference `&_`
[INFO] [stdout] note: method defined here
[INFO] [stdout]     --> /opt/rustwide/workdir/src/api.rs:8396:12
[INFO] [stdout]      |
[INFO] [stdout] 8396 |     pub fn update_mask(mut self, new_value: client::FieldMask) -> ProjectLocationDatasetAnnotationStoreAnnotationPatchCall<'a, S> {
[INFO] [stdout]      |            ^^^^^^^^^^^
[INFO] [stdout] help: consider removing the borrow
[INFO] [stdout]      |
[INFO] [stdout] 25   -              .update_mask(&Default::default())
[INFO] [stdout] 25   +              .update_mask(Default::default())
[INFO] [stdout]      |
[INFO] [stdout] 
[INFO] [stdout] error: aborting due to previous error
[INFO] [stdout] 
[INFO] [stdout] For more information about this error, try `rustc --explain E0308`.
[INFO] [stdout] Couldn't compile the test.
[INFO] [stdout] ---- src/api.rs - api::ProjectLocationDatasetAnnotationStorePatchCall (line 10761) stdout ----
[INFO] [stdout] error[E0308]: mismatched types
[INFO] [stdout]      --> src/api.rs:10785:27
[INFO] [stdout]       |
[INFO] [stdout] 25    |              .update_mask(&Default::default())
[INFO] [stdout]       |               ----------- ^^^^^^^^^^^^^^^^^^^ expected `FieldMask`, found `&_`
[INFO] [stdout]       |               |
[INFO] [stdout]       |               arguments to this method are incorrect
[INFO] [stdout]       |
[INFO] [stdout]       = note: expected struct `FieldMask`
[INFO] [stdout]               found reference `&_`
[INFO] [stdout] note: method defined here
[INFO] [stdout]      --> /opt/rustwide/workdir/src/api.rs:10976:12
[INFO] [stdout]       |
[INFO] [stdout] 10976 |     pub fn update_mask(mut self, new_value: client::FieldMask) -> ProjectLocationDatasetAnnotationStorePatchCall<'a, S> {
[INFO] [stdout]       |            ^^^^^^^^^^^
[INFO] [stdout] help: consider removing the borrow
[INFO] [stdout]       |
[INFO] [stdout] 25    -              .update_mask(&Default::default())
[INFO] [stdout] 25    +              .update_mask(Default::default())
[INFO] [stdout]       |
[INFO] [stdout] 
[INFO] [stdout] error: aborting due to previous error
[INFO] [stdout] 
[INFO] [stdout] For more information about this error, try `rustc --explain E0308`.
[INFO] [stdout] Couldn't compile the test.
[INFO] [stdout] ---- src/api.rs - api::ProjectLocationDatasetConsentStoreAttributeDefinitionPatchCall (line 12775) stdout ----
[INFO] [stdout] error[E0308]: mismatched types
[INFO] [stdout]      --> src/api.rs:12799:27
[INFO] [stdout]       |
[INFO] [stdout] 25    |              .update_mask(&Default::default())
[INFO] [stdout]       |               ----------- ^^^^^^^^^^^^^^^^^^^ expected `FieldMask`, found `&_`
[INFO] [stdout]       |               |
[INFO] [stdout]       |               arguments to this method are incorrect
[INFO] [stdout]       |
[INFO] [stdout]       = note: expected struct `FieldMask`
[INFO] [stdout]               found reference `&_`
[INFO] [stdout] note: method defined here
[INFO] [stdout]      --> /opt/rustwide/workdir/src/api.rs:12990:12
[INFO] [stdout]       |
[INFO] [stdout] 12990 |     pub fn update_mask(mut self, new_value: client::FieldMask) -> ProjectLocationDatasetConsentStoreAttributeDefinitionPatchCall<'a, S> {
[INFO] [stdout]       |            ^^^^^^^^^^^
[INFO] [stdout] help: consider removing the borrow
[INFO] [stdout]       |
[INFO] [stdout] 25    -              .update_mask(&Default::default())
[INFO] [stdout] 25    +              .update_mask(Default::default())
[INFO] [stdout]       |
[INFO] [stdout] 
[INFO] [stdout] error: aborting due to previous error
[INFO] [stdout] 
[INFO] [stdout] For more information about this error, try `rustc --explain E0308`.
[INFO] [stdout] Couldn't compile the test.
[INFO] [stdout] ---- src/api.rs - api::ProjectLocationDatasetConsentStoreConsentPatchCall (line 16159) stdout ----
[INFO] [stdout] error[E0308]: mismatched types
[INFO] [stdout]      --> src/api.rs:16183:27
[INFO] [stdout]       |
[INFO] [stdout] 25    |              .update_mask(&Default::default())
[INFO] [stdout]       |               ----------- ^^^^^^^^^^^^^^^^^^^ expected `FieldMask`, found `&_`
[INFO] [stdout]       |               |
[INFO] [stdout]       |               arguments to this method are incorrect
[INFO] [stdout]       |
[INFO] [stdout]       = note: expected struct `FieldMask`
[INFO] [stdout]               found reference `&_`
[INFO] [stdout] note: method defined here
[INFO] [stdout]      --> /opt/rustwide/workdir/src/api.rs:16374:12
[INFO] [stdout]       |
[INFO] [stdout] 16374 |     pub fn update_mask(mut self, new_value: client::FieldMask) -> ProjectLocationDatasetConsentStoreConsentPatchCall<'a, S> {
[INFO] [stdout]       |            ^^^^^^^^^^^
[INFO] [stdout] help: consider removing the borrow
[INFO] [stdout]       |
[INFO] [stdout] 25    -              .update_mask(&Default::default())
[INFO] [stdout] 25    +              .update_mask(Default::default())
[INFO] [stdout]       |
[INFO] [stdout] 
[INFO] [stdout] error: aborting due to previous error
[INFO] [stdout] 
[INFO] [stdout] For more information about this error, try `rustc --explain E0308`.
[INFO] [stdout] Couldn't compile the test.
[INFO] [stdout] ---- src/api.rs - api::ProjectLocationDatasetConsentStorePatchCall (line 20741) stdout ----
[INFO] [stdout] error[E0308]: mismatched types
[INFO] [stdout]      --> src/api.rs:20765:27
[INFO] [stdout]       |
[INFO] [stdout] 25    |              .update_mask(&Default::default())
[INFO] [stdout]       |               ----------- ^^^^^^^^^^^^^^^^^^^ expected `FieldMask`, found `&_`
[INFO] [stdout]       |               |
[INFO] [stdout]       |               arguments to this method are incorrect
[INFO] [stdout]       |
[INFO] [stdout]       = note: expected struct `FieldMask`
[INFO] [stdout]               found reference `&_`
[INFO] [stdout] note: method defined here
[INFO] [stdout]      --> /opt/rustwide/workdir/src/api.rs:20956:12
[INFO] [stdout]       |
[INFO] [stdout] 20956 |     pub fn update_mask(mut self, new_value: client::FieldMask) -> ProjectLocationDatasetConsentStorePatchCall<'a, S> {
[INFO] [stdout]       |            ^^^^^^^^^^^
[INFO] [stdout] help: consider removing the borrow
[INFO] [stdout]       |
[INFO] [stdout] 25    -              .update_mask(&Default::default())
[INFO] [stdout] 25    +              .update_mask(Default::default())
[INFO] [stdout]       |
[INFO] [stdout] 
[INFO] [stdout] error: aborting due to previous error
[INFO] [stdout] 
[INFO] [stdout] For more information about this error, try `rustc --explain E0308`.
[INFO] [stdout] Couldn't compile the test.
[INFO] [stdout] ---- src/api.rs - api::ProjectLocationDatasetConsentStoreUserDataMappingPatchCall (line 18453) stdout ----
[INFO] [stdout] error[E0308]: mismatched types
[INFO] [stdout]      --> src/api.rs:18477:27
[INFO] [stdout]       |
[INFO] [stdout] 25    |              .update_mask(&Default::default())
[INFO] [stdout]       |               ----------- ^^^^^^^^^^^^^^^^^^^ expected `FieldMask`, found `&_`
[INFO] [stdout]       |               |
[INFO] [stdout]       |               arguments to this method are incorrect
[INFO] [stdout]       |
[INFO] [stdout]       = note: expected struct `FieldMask`
[INFO] [stdout]               found reference `&_`
[INFO] [stdout] note: method defined here
[INFO] [stdout]      --> /opt/rustwide/workdir/src/api.rs:18668:12
[INFO] [stdout]       |
[INFO] [stdout] 18668 |     pub fn update_mask(mut self, new_value: client::FieldMask) -> ProjectLocationDatasetConsentStoreUserDataMappingPatchCall<'a, S> {
[INFO] [stdout]       |            ^^^^^^^^^^^
[INFO] [stdout] help: consider removing the borrow
[INFO] [stdout]       |
[INFO] [stdout] 25    -              .update_mask(&Default::default())
[INFO] [stdout] 25    +              .update_mask(Default::default())
[INFO] [stdout]       |
[INFO] [stdout] 
[INFO] [stdout] error: aborting due to previous error
[INFO] [stdout] 
[INFO] [stdout] For more information about this error, try `rustc --explain E0308`.
[INFO] [stdout] Couldn't compile the test.
[INFO] [stdout] ---- src/api.rs - api::ProjectLocationDatasetDicomStorePatchCall (line 28610) stdout ----
[INFO] [stdout] error[E0308]: mismatched types
[INFO] [stdout]      --> src/api.rs:28634:27
[INFO] [stdout]       |
[INFO] [stdout] 25    |              .update_mask(&Default::default())
[INFO] [stdout]       |               ----------- ^^^^^^^^^^^^^^^^^^^ expected `FieldMask`, found `&_`
[INFO] [stdout]       |               |
[INFO] [stdout]       |               arguments to this method are incorrect
[INFO] [stdout]       |
[INFO] [stdout]       = note: expected struct `FieldMask`
[INFO] [stdout]               found reference `&_`
[INFO] [stdout] note: method defined here
[INFO] [stdout]      --> /opt/rustwide/workdir/src/api.rs:28825:12
[INFO] [stdout]       |
[INFO] [stdout] 28825 |     pub fn update_mask(mut self, new_value: client::FieldMask) -> ProjectLocationDatasetDicomStorePatchCall<'a, S> {
[INFO] [stdout]       |            ^^^^^^^^^^^
[INFO] [stdout] help: consider removing the borrow
[INFO] [stdout]       |
[INFO] [stdout] 25    -              .update_mask(&Default::default())
[INFO] [stdout] 25    +              .update_mask(Default::default())
[INFO] [stdout]       |
[INFO] [stdout] 
[INFO] [stdout] error: aborting due to previous error
[INFO] [stdout] 
[INFO] [stdout] For more information about this error, try `rustc --explain E0308`.
[INFO] [stdout] Couldn't compile the test.
[INFO] [stdout] ---- src/api.rs - api::ProjectLocationDatasetFhirStorePatchCall (line 39014) stdout ----
[INFO] [stdout] error[E0308]: mismatched types
[INFO] [stdout]      --> src/api.rs:39038:27
[INFO] [stdout]       |
[INFO] [stdout] 25    |              .update_mask(&Default::default())
[INFO] [stdout]       |               ----------- ^^^^^^^^^^^^^^^^^^^ expected `FieldMask`, found `&_`
[INFO] [stdout]       |               |
[INFO] [stdout]       |               arguments to this method are incorrect
[INFO] [stdout]       |
[INFO] [stdout]       = note: expected struct `FieldMask`
[INFO] [stdout]               found reference `&_`
[INFO] [stdout] note: method defined here
[INFO] [stdout]      --> /opt/rustwide/workdir/src/api.rs:39229:12
[INFO] [stdout]       |
[INFO] [stdout] 39229 |     pub fn update_mask(mut self, new_value: client::FieldMask) -> ProjectLocationDatasetFhirStorePatchCall<'a, S> {
[INFO] [stdout]       |            ^^^^^^^^^^^
[INFO] [stdout] help: consider removing the borrow
[INFO] [stdout]       |
[INFO] [stdout] 25    -              .update_mask(&Default::default())
[INFO] [stdout] 25    +              .update_mask(Default::default())
[INFO] [stdout]       |
[INFO] [stdout] 
[INFO] [stdout] error: aborting due to previous error
[INFO] [stdout] 
[INFO] [stdout] For more information about this error, try `rustc --explain E0308`.
[INFO] [stdout] Couldn't compile the test.
[INFO] [stdout] ---- src/api.rs - api::ProjectLocationDatasetHl7V2StorePatchCall (line 43921) stdout ----
[INFO] [stdout] error[E0308]: mismatched types
[INFO] [stdout]      --> src/api.rs:43945:27
[INFO] [stdout]       |
[INFO] [stdout] 25    |              .update_mask(&Default::default())
[INFO] [stdout]       |               ----------- ^^^^^^^^^^^^^^^^^^^ expected `FieldMask`, found `&_`
[INFO] [stdout]       |               |
[INFO] [stdout]       |               arguments to this method are incorrect
[INFO] [stdout]       |
[INFO] [stdout]       = note: expected struct `FieldMask`
[INFO] [stdout]               found reference `&_`
[INFO] [stdout] note: method defined here
[INFO] [stdout]      --> /opt/rustwide/workdir/src/api.rs:44136:12
[INFO] [stdout]       |
[INFO] [stdout] 44136 |     pub fn update_mask(mut self, new_value: client::FieldMask) -> ProjectLocationDatasetHl7V2StorePatchCall<'a, S> {
[INFO] [stdout]       |            ^^^^^^^^^^^
[INFO] [stdout] help: consider removing the borrow
[INFO] [stdout]       |
[INFO] [stdout] 25    -              .update_mask(&Default::default())
[INFO] [stdout] 25    +              .update_mask(Default::default())
[INFO] [stdout]       |
[INFO] [stdout] 
[INFO] [stdout] error: aborting due to previous error
[INFO] [stdout] 
[INFO] [stdout] For more information about this error, try `rustc --explain E0308`.
[INFO] [stdout] Couldn't compile the test.
[INFO] [stdout] ---- src/api.rs - api::ProjectLocationDatasetHl7V2StoreMessagePatchCall (line 41633) stdout ----
[INFO] [stdout] error[E0308]: mismatched types
[INFO] [stdout]      --> src/api.rs:41657:27
[INFO] [stdout]       |
[INFO] [stdout] 25    |              .update_mask(&Default::default())
[INFO] [stdout]       |               ----------- ^^^^^^^^^^^^^^^^^^^ expected `FieldMask`, found `&_`
[INFO] [stdout]       |               |
[INFO] [stdout]       |               arguments to this method are incorrect
[INFO] [stdout]       |
[INFO] [stdout]       = note: expected struct `FieldMask`
[INFO] [stdout]               found reference `&_`
[INFO] [stdout] note: method defined here
[INFO] [stdout]      --> /opt/rustwide/workdir/src/api.rs:41848:12
[INFO] [stdout]       |
[INFO] [stdout] 41848 |     pub fn update_mask(mut self, new_value: client::FieldMask) -> ProjectLocationDatasetHl7V2StoreMessagePatchCall<'a, S> {
[INFO] [stdout]       |            ^^^^^^^^^^^
[INFO] [stdout] help: consider removing the borrow
[INFO] [stdout]       |
[INFO] [stdout] 25    -              .update_mask(&Default::default())
[INFO] [stdout] 25    +              .update_mask(Default::default())
[INFO] [stdout]       |
[INFO] [stdout] 
[INFO] [stdout] error: aborting due to previous error
[INFO] [stdout] 
[INFO] [stdout] For more information about this error, try `rustc --explain E0308`.
[INFO] [stdout] Couldn't compile the test.
[INFO] [stdout] ---- src/api.rs - api::ProjectLocationDatasetPatchCall (line 47341) stdout ----
[INFO] [stdout] error[E0308]: mismatched types
[INFO] [stdout]      --> src/api.rs:47365:27
[INFO] [stdout]       |
[INFO] [stdout] 25    |              .update_mask(&Default::default())
[INFO] [stdout]       |               ----------- ^^^^^^^^^^^^^^^^^^^ expected `FieldMask`, found `&_`
[INFO] [stdout]       |               |
[INFO] [stdout]       |               arguments to this method are incorrect
[INFO] [stdout]       |
[INFO] [stdout]       = note: expected struct `FieldMask`
[INFO] [stdout]               found reference `&_`
[INFO] [stdout] note: method defined here
[INFO] [stdout]      --> /opt/rustwide/workdir/src/api.rs:47556:12
[INFO] [stdout]       |
[INFO] [stdout] 47556 |     pub fn update_mask(mut self, new_value: client::FieldMask) -> ProjectLocationDatasetPatchCall<'a, S> {
[INFO] [stdout]       |            ^^^^^^^^^^^
[INFO] [stdout] help: consider removing the borrow
[INFO] [stdout]       |
[INFO] [stdout] 25    -              .update_mask(&Default::default())
[INFO] [stdout] 25    +              .update_mask(Default::default())
[INFO] [stdout]       |
[INFO] [stdout] 
[INFO] [stdout] error: aborting due to previous error
[INFO] [stdout] 
[INFO] [stdout] For more information about this error, try `rustc --explain E0308`.
[INFO] [stdout] Couldn't compile the test.
[INFO] [stdout] 
[INFO] [stdout] failures:
[INFO] [stdout]     src/api.rs - api::ProjectLocationDatasetAnnotationStoreAnnotationPatchCall (line 8181)
[INFO] [stdout]     src/api.rs - api::ProjectLocationDatasetAnnotationStorePatchCall (line 10761)
[INFO] [stdout]     src/api.rs - api::ProjectLocationDatasetConsentStoreAttributeDefinitionPatchCall (line 12775)
[INFO] [stdout]     src/api.rs - api::ProjectLocationDatasetConsentStoreConsentPatchCall (line 16159)
[INFO] [stdout]     src/api.rs - api::ProjectLocationDatasetConsentStorePatchCall (line 20741)
[INFO] [stdout]     src/api.rs - api::ProjectLocationDatasetConsentStoreUserDataMappingPatchCall (line 18453)
[INFO] [stdout]     src/api.rs - api::ProjectLocationDatasetDicomStorePatchCall (line 28610)
[INFO] [stdout]     src/api.rs - api::ProjectLocationDatasetFhirStorePatchCall (line 39014)
[INFO] [stdout]     src/api.rs - api::ProjectLocationDatasetHl7V2StoreMessagePatchCall (line 41633)
[INFO] [stdout]     src/api.rs - api::ProjectLocationDatasetHl7V2StorePatchCall (line 43921)
[INFO] [stdout]     src/api.rs - api::ProjectLocationDatasetPatchCall (line 47341)
[INFO] [stdout] 
[INFO] [stdout] test result: FAILED. 139 passed; 11 failed; 1 ignored; 0 measured; 0 filtered out; finished in 9.39s
[INFO] [stdout] 
[INFO] [stderr] error: doctest failed, to rerun pass `--doc`
[INFO] running `Command { std: "docker" "inspect" "f342bae6811ac7dc56843e7ac09ca72797a57d7c0c0050686661503213a19cb1", kill_on_drop: false }`
[INFO] running `Command { std: "docker" "rm" "-f" "f342bae6811ac7dc56843e7ac09ca72797a57d7c0c0050686661503213a19cb1", kill_on_drop: false }`
[INFO] [stdout] f342bae6811ac7dc56843e7ac09ca72797a57d7c0c0050686661503213a19cb1
