[INFO] fetching crate google-firestore1 5.0.3+20230118...
[INFO] testing google-firestore1-5.0.3+20230118 against 1.75.0 for beta-1.76-1
[INFO] extracting crate google-firestore1 5.0.3+20230118 into /workspace/builds/worker-5-tc1/source
[INFO] validating manifest of crates.io crate google-firestore1 5.0.3+20230118 on toolchain 1.75.0
[INFO] running `Command { std: CARGO_HOME="/workspace/cargo-home" RUSTUP_HOME="/workspace/rustup-home" "/workspace/cargo-home/bin/cargo" "+1.75.0" "metadata" "--manifest-path" "Cargo.toml" "--no-deps", kill_on_drop: false }`
[INFO] started tweaking crates.io crate google-firestore1 5.0.3+20230118
[INFO] finished tweaking crates.io crate google-firestore1 5.0.3+20230118
[INFO] tweaked toml for crates.io crate google-firestore1 5.0.3+20230118 written to /workspace/builds/worker-5-tc1/source/Cargo.toml
[INFO] running `Command { std: CARGO_HOME="/workspace/cargo-home" RUSTUP_HOME="/workspace/rustup-home" "/workspace/cargo-home/bin/cargo" "+1.75.0" "generate-lockfile" "--manifest-path" "Cargo.toml", kill_on_drop: false }`
[INFO] [stderr]     Updating crates.io index
[INFO] running `Command { std: CARGO_HOME="/workspace/cargo-home" RUSTUP_HOME="/workspace/rustup-home" "/workspace/cargo-home/bin/cargo" "+1.75.0" "fetch" "--manifest-path" "Cargo.toml", kill_on_drop: false }`
[INFO] running `Command { std: "docker" "create" "-v" "/var/lib/crater-agent-workspace/builds/worker-5-tc1/target:/opt/rustwide/target:rw,Z" "-v" "/var/lib/crater-agent-workspace/builds/worker-5-tc1/source:/opt/rustwide/workdir:ro,Z" "-v" "/var/lib/crater-agent-workspace/cargo-home:/opt/rustwide/cargo-home:ro,Z" "-v" "/var/lib/crater-agent-workspace/rustup-home:/opt/rustwide/rustup-home:ro,Z" "-e" "SOURCE_DIR=/opt/rustwide/workdir" "-e" "CARGO_TARGET_DIR=/opt/rustwide/target" "-e" "CARGO_HOME=/opt/rustwide/cargo-home" "-e" "RUSTUP_HOME=/opt/rustwide/rustup-home" "-w" "/opt/rustwide/workdir" "-m" "1610612736" "--user" "0:0" "--network" "none" "ghcr.io/rust-lang/crates-build-env/linux@sha256:2788e3201cd34a07e3172128adcd8b3090168a8e3bcc40d7c032b9dda1df7d1c" "/opt/rustwide/cargo-home/bin/cargo" "+1.75.0" "metadata" "--no-deps" "--format-version=1", kill_on_drop: false }`
[INFO] [stdout] e76a097f9436cc14892e01f8cadb3cb8eb9e339f609229b37ebf3dcd1ec834c2
[INFO] running `Command { std: "docker" "start" "-a" "e76a097f9436cc14892e01f8cadb3cb8eb9e339f609229b37ebf3dcd1ec834c2", kill_on_drop: false }`
[INFO] running `Command { std: "docker" "inspect" "e76a097f9436cc14892e01f8cadb3cb8eb9e339f609229b37ebf3dcd1ec834c2", kill_on_drop: false }`
[INFO] running `Command { std: "docker" "rm" "-f" "e76a097f9436cc14892e01f8cadb3cb8eb9e339f609229b37ebf3dcd1ec834c2", kill_on_drop: false }`
[INFO] [stdout] e76a097f9436cc14892e01f8cadb3cb8eb9e339f609229b37ebf3dcd1ec834c2
[INFO] running `Command { std: "docker" "create" "-v" "/var/lib/crater-agent-workspace/builds/worker-5-tc1/target:/opt/rustwide/target:rw,Z" "-v" "/var/lib/crater-agent-workspace/builds/worker-5-tc1/source:/opt/rustwide/workdir:ro,Z" "-v" "/var/lib/crater-agent-workspace/cargo-home:/opt/rustwide/cargo-home:ro,Z" "-v" "/var/lib/crater-agent-workspace/rustup-home:/opt/rustwide/rustup-home:ro,Z" "-e" "SOURCE_DIR=/opt/rustwide/workdir" "-e" "CARGO_TARGET_DIR=/opt/rustwide/target" "-e" "CARGO_INCREMENTAL=0" "-e" "RUST_BACKTRACE=full" "-e" "RUSTFLAGS=--cap-lints=warn" "-e" "RUSTDOCFLAGS=--cap-lints=warn" "-e" "CARGO_HOME=/opt/rustwide/cargo-home" "-e" "RUSTUP_HOME=/opt/rustwide/rustup-home" "-w" "/opt/rustwide/workdir" "-m" "1610612736" "--user" "0:0" "--network" "none" "ghcr.io/rust-lang/crates-build-env/linux@sha256:2788e3201cd34a07e3172128adcd8b3090168a8e3bcc40d7c032b9dda1df7d1c" "/opt/rustwide/cargo-home/bin/cargo" "+1.75.0" "build" "--frozen" "--message-format=json", kill_on_drop: false }`
[INFO] [stdout] 5b7889aaf8a61b3377e2b5bd930bf196e38613b64c6b507f23e97279b2fad5b8
[INFO] running `Command { std: "docker" "start" "-a" "5b7889aaf8a61b3377e2b5bd930bf196e38613b64c6b507f23e97279b2fad5b8", kill_on_drop: false }`
[INFO] [stderr]    Compiling pin-project-lite v0.2.13
[INFO] [stderr]    Compiling futures-core v0.3.30
[INFO] [stderr]    Compiling slab v0.4.9
[INFO] [stderr]    Compiling futures-sink v0.3.30
[INFO] [stderr]    Compiling bytes v1.5.0
[INFO] [stderr]    Compiling untrusted v0.9.0
[INFO] [stderr]    Compiling syn v2.0.48
[INFO] [stderr]    Compiling cc v1.0.83
[INFO] [stderr]    Compiling getrandom v0.2.11
[INFO] [stderr]    Compiling spin v0.9.8
[INFO] [stderr]    Compiling serde v1.0.194
[INFO] [stderr]    Compiling futures-channel v0.3.30
[INFO] [stderr]    Compiling socket2 v0.5.5
[INFO] [stderr]    Compiling mio v0.8.10
[INFO] [stderr]    Compiling itoa v1.0.10
[INFO] [stderr]    Compiling once_cell v1.19.0
[INFO] [stderr]    Compiling memchr v2.7.1
[INFO] [stderr]    Compiling tinyvec_macros v0.1.1
[INFO] [stderr]    Compiling futures-task v0.3.30
[INFO] [stderr]    Compiling futures-io v0.3.30
[INFO] [stderr]    Compiling tracing-core v0.1.32
[INFO] [stderr]    Compiling tinyvec v1.6.0
[INFO] [stderr]    Compiling http v0.2.11
[INFO] [stderr]    Compiling tracing v0.1.40
[INFO] [stderr]    Compiling unicode-bidi v0.3.14
[INFO] [stderr]    Compiling equivalent v1.0.1
[INFO] [stderr]    Compiling httparse v1.8.0
[INFO] [stderr]    Compiling log v0.4.20
[INFO] [stderr]    Compiling strsim v0.10.0
[INFO] [stderr]    Compiling ident_case v1.0.1
[INFO] [stderr]    Compiling ring v0.17.7
[INFO] [stderr]    Compiling hashbrown v0.14.3
[INFO] [stderr]    Compiling rustls v0.21.10
[INFO] [stderr]    Compiling try-lock v0.2.5
[INFO] [stderr]    Compiling unicode-normalization v0.1.22
[INFO] [stderr]    Compiling base64 v0.21.5
[INFO] [stderr]    Compiling want v0.3.1
[INFO] [stderr]    Compiling http-body v0.4.6
[INFO] [stderr]    Compiling num-traits v0.2.17
[INFO] [stderr]    Compiling indexmap v2.1.0
[INFO] [stderr]    Compiling rustls-pemfile v1.0.4
[INFO] [stderr]    Compiling tower-service v0.3.2
[INFO] [stderr]    Compiling async-trait v0.1.77
[INFO] [stderr]    Compiling httpdate v1.0.3
[INFO] [stderr]    Compiling percent-encoding v2.3.1
[INFO] [stderr]    Compiling serde_json v1.0.111
[INFO] [stderr]    Compiling rustls v0.22.1
[INFO] [stderr]    Compiling powerfmt v0.2.0
[INFO] [stderr]    Compiling either v1.9.0
[INFO] [stderr]    Compiling rustls-pki-types v1.1.0
[INFO] [stderr]    Compiling anyhow v1.0.79
[INFO] [stderr]    Compiling rustls-native-certs v0.6.3
[INFO] [stderr]    Compiling form_urlencoded v1.2.1
[INFO] [stderr]    Compiling idna v0.5.0
[INFO] [stderr]    Compiling num_threads v0.1.6
[INFO] [stderr]    Compiling subtle v2.5.0
[INFO] [stderr]    Compiling ryu v1.0.16
[INFO] [stderr]    Compiling matches v0.1.10
[INFO] [stderr]    Compiling zeroize v1.7.0
[INFO] [stderr]    Compiling time-core v0.1.2
[INFO] [stderr]    Compiling idna v0.1.5
[INFO] [stderr]    Compiling itertools v0.12.0
[INFO] [stderr]    Compiling iana-time-zone v0.1.59
[INFO] [stderr]    Compiling darling_core v0.20.3
[INFO] [stderr]    Compiling url v2.5.0
[INFO] [stderr]    Compiling url v1.7.2
[INFO] [stderr]    Compiling itertools v0.10.5
[INFO] [stderr]    Compiling base64 v0.13.1
[INFO] [stderr]    Compiling mime v0.3.17
[INFO] [stderr]    Compiling tokio-macros v2.2.0
[INFO] [stderr]    Compiling futures-macro v0.3.30
[INFO] [stderr]    Compiling serde_derive v1.0.194
[INFO] [stderr]    Compiling darling_macro v0.20.3
[INFO] [stderr]    Compiling sct v0.7.1
[INFO] [stderr]    Compiling rustls-webpki v0.101.7
[INFO] [stderr]    Compiling darling v0.20.3
[INFO] [stderr]    Compiling rustls-webpki v0.102.1
[INFO] [stderr]    Compiling futures-util v0.3.30
[INFO] [stderr]    Compiling serde_with_macros v2.3.3
[INFO] [stderr]    Compiling tokio v1.35.1
[INFO] [stderr]    Compiling tokio-util v0.7.10
[INFO] [stderr]    Compiling tokio-rustls v0.24.1
[INFO] [stderr]    Compiling futures-executor v0.3.30
[INFO] [stderr]    Compiling futures v0.3.30
[INFO] [stderr]    Compiling h2 v0.3.22
[INFO] [stderr]    Compiling deranged v0.3.11
[INFO] [stderr]    Compiling chrono v0.4.31
[INFO] [stderr]    Compiling serde_with v2.3.3
[INFO] [stderr]    Compiling time v0.3.31
[INFO] [stderr]    Compiling hyper v0.14.28
[INFO] [stderr]    Compiling hyper-rustls v0.24.2
[INFO] [stderr]    Compiling yup-oauth2 v8.3.2
[INFO] [stderr]    Compiling google-apis-common v6.0.0
[INFO] [stderr]    Compiling google-firestore1 v5.0.3+20230118 (/opt/rustwide/workdir)
[INFO] [stderr]     Finished dev [unoptimized + debuginfo] target(s) in 1m 07s
[INFO] running `Command { std: "docker" "inspect" "5b7889aaf8a61b3377e2b5bd930bf196e38613b64c6b507f23e97279b2fad5b8", kill_on_drop: false }`
[INFO] running `Command { std: "docker" "rm" "-f" "5b7889aaf8a61b3377e2b5bd930bf196e38613b64c6b507f23e97279b2fad5b8", kill_on_drop: false }`
[INFO] [stdout] 5b7889aaf8a61b3377e2b5bd930bf196e38613b64c6b507f23e97279b2fad5b8
[INFO] running `Command { std: "docker" "create" "-v" "/var/lib/crater-agent-workspace/builds/worker-5-tc1/target:/opt/rustwide/target:rw,Z" "-v" "/var/lib/crater-agent-workspace/builds/worker-5-tc1/source:/opt/rustwide/workdir:ro,Z" "-v" "/var/lib/crater-agent-workspace/cargo-home:/opt/rustwide/cargo-home:ro,Z" "-v" "/var/lib/crater-agent-workspace/rustup-home:/opt/rustwide/rustup-home:ro,Z" "-e" "SOURCE_DIR=/opt/rustwide/workdir" "-e" "CARGO_TARGET_DIR=/opt/rustwide/target" "-e" "CARGO_INCREMENTAL=0" "-e" "RUST_BACKTRACE=full" "-e" "RUSTFLAGS=--cap-lints=warn" "-e" "RUSTDOCFLAGS=--cap-lints=warn" "-e" "CARGO_HOME=/opt/rustwide/cargo-home" "-e" "RUSTUP_HOME=/opt/rustwide/rustup-home" "-w" "/opt/rustwide/workdir" "-m" "1610612736" "--user" "0:0" "--network" "none" "ghcr.io/rust-lang/crates-build-env/linux@sha256:2788e3201cd34a07e3172128adcd8b3090168a8e3bcc40d7c032b9dda1df7d1c" "/opt/rustwide/cargo-home/bin/cargo" "+1.75.0" "test" "--frozen" "--no-run" "--message-format=json", kill_on_drop: false }`
[INFO] [stdout] 4b3c307066efcbb3fc96aac104928ec3bf39a54c07878b97ee8c6b9fc0b3c4c6
[INFO] running `Command { std: "docker" "start" "-a" "4b3c307066efcbb3fc96aac104928ec3bf39a54c07878b97ee8c6b9fc0b3c4c6", kill_on_drop: false }`
[INFO] [stderr]    Compiling google-firestore1 v5.0.3+20230118 (/opt/rustwide/workdir)
[INFO] [stderr]     Finished test [unoptimized + debuginfo] target(s) in 4.11s
[INFO] running `Command { std: "docker" "inspect" "4b3c307066efcbb3fc96aac104928ec3bf39a54c07878b97ee8c6b9fc0b3c4c6", kill_on_drop: false }`
[INFO] running `Command { std: "docker" "rm" "-f" "4b3c307066efcbb3fc96aac104928ec3bf39a54c07878b97ee8c6b9fc0b3c4c6", kill_on_drop: false }`
[INFO] [stdout] 4b3c307066efcbb3fc96aac104928ec3bf39a54c07878b97ee8c6b9fc0b3c4c6
[INFO] running `Command { std: "docker" "create" "-v" "/var/lib/crater-agent-workspace/builds/worker-5-tc1/target:/opt/rustwide/target:rw,Z" "-v" "/var/lib/crater-agent-workspace/builds/worker-5-tc1/source:/opt/rustwide/workdir:ro,Z" "-v" "/var/lib/crater-agent-workspace/cargo-home:/opt/rustwide/cargo-home:ro,Z" "-v" "/var/lib/crater-agent-workspace/rustup-home:/opt/rustwide/rustup-home:ro,Z" "-e" "SOURCE_DIR=/opt/rustwide/workdir" "-e" "CARGO_TARGET_DIR=/opt/rustwide/target" "-e" "CARGO_INCREMENTAL=0" "-e" "RUST_BACKTRACE=full" "-e" "RUSTFLAGS=--cap-lints=warn" "-e" "RUSTDOCFLAGS=--cap-lints=warn" "-e" "CARGO_HOME=/opt/rustwide/cargo-home" "-e" "RUSTUP_HOME=/opt/rustwide/rustup-home" "-w" "/opt/rustwide/workdir" "-m" "1610612736" "--user" "0:0" "--network" "none" "ghcr.io/rust-lang/crates-build-env/linux@sha256:2788e3201cd34a07e3172128adcd8b3090168a8e3bcc40d7c032b9dda1df7d1c" "/opt/rustwide/cargo-home/bin/cargo" "+1.75.0" "test" "--frozen", kill_on_drop: false }`
[INFO] [stdout] 82a102bcb23507d3bc4387dfbb36e323d7d7d07f1a873256b1d18c7c6342a9d0
[INFO] running `Command { std: "docker" "start" "-a" "82a102bcb23507d3bc4387dfbb36e323d7d7d07f1a873256b1d18c7c6342a9d0", kill_on_drop: false }`
[INFO] [stderr]     Finished test [unoptimized + debuginfo] target(s) in 0.15s
[INFO] [stderr]      Running unittests src/lib.rs (/opt/rustwide/target/debug/deps/google_firestore1-62d8d93d21cd98bc)
[INFO] [stdout] 
[INFO] [stdout] running 0 tests
[INFO] [stdout] 
[INFO] [stdout] test result: ok. 0 passed; 0 failed; 0 ignored; 0 measured; 0 filtered out; finished in 0.00s
[INFO] [stdout] 
[INFO] [stderr]    Doc-tests google-firestore1
[INFO] [stdout] 
[INFO] [stdout] running 41 tests
[INFO] [stdout] test src/api.rs - api::ProjectDatabaseCollectionGroupIndexGetCall (line 4237) - compile ... ok
[INFO] [stdout] test src/api.rs - api::ProjectDatabaseCollectionGroupIndexDeleteCall (line 3975) - compile ... ok
[INFO] [stdout] test src/api.rs - api::ProjectDatabaseCollectionGroupIndexCreateCall (line 3683) - compile ... ok
[INFO] [stdout] test src/api.rs - api::ProjectDatabaseCollectionGroupFieldGetCall (line 2819) - compile ... ok
[INFO] [stdout] test src/api.rs - api::Firestore (line 62) - compile ... ok
[INFO] [stdout] test src/api.rs - api::ProjectDatabaseCollectionGroupIndexListCall (line 4499) - compile ... ok
[INFO] [stdout] test src/api.rs - api::ProjectDatabaseCollectionGroupFieldListCall (line 3081) - compile ... ok
[INFO] [stdout] test src/api.rs - api::ProjectDatabaseCollectionGroupFieldPatchCall (line 3379) - compile ... FAILED
[INFO] [stdout] test src/api.rs - api::ProjectDatabaseDocumentCommitCall (line 5673) - compile ... ok
[INFO] [stdout] test src/api.rs - api::ProjectDatabaseDeleteCall (line 11413) - compile ... ok
[INFO] [stdout] test src/api.rs - api::ProjectDatabaseDocumentBatchWriteCall (line 5089) - compile ... ok
[INFO] [stdout] test src/api.rs - api::ProjectDatabaseCreateCall (line 11109) - compile ... ok
[INFO] [stdout] test src/api.rs - api::ProjectDatabaseDocumentBatchGetCall (line 4797) - compile ... ok
[INFO] [stdout] test src/api.rs - api::ProjectDatabaseDocumentBeginTransactionCall (line 5381) - compile ... ok
[INFO] [stdout] test src/api.rs - api::ProjectDatabaseDocumentCreateDocumentCall (line 5965) - compile ... ok
[INFO] [stdout] test src/api.rs - api::ProjectDatabaseDocumentListCall (line 6883) - compile ... ok
[INFO] [stdout] test src/api.rs - api::ProjectDatabaseDocumentDeleteCall (line 6296) - compile ... ok
[INFO] [stdout] test src/api.rs - api::ProjectDatabaseDocumentGetCall (line 6582) - compile ... ok
[INFO] [stdout] test src/api.rs - api::ProjectDatabaseDocumentListCollectionIdCall (line 7244) - compile ... ok
[INFO] [stdout] test src/api.rs - api::ProjectDatabaseDocumentListDocumentCall (line 7536) - compile ... ok
[INFO] [stdout] test src/api.rs - api::ProjectDatabaseDocumentListenCall (line 7897) - compile ... ok
[INFO] [stdout] test src/api.rs - api::ProjectDatabaseDocumentPatchCall (line 8481) - compile ... ok
[INFO] [stdout] test src/api.rs - api::ProjectDatabaseDocumentPartitionQueryCall (line 8189) - compile ... ok
[INFO] [stdout] test src/api.rs - api::ProjectDatabaseDocumentRunQueryCall (line 9411) - compile ... ok
[INFO] [stdout] test src/api.rs - api::ProjectDatabaseExportDocumentCall (line 11723) - compile ... ok
[INFO] [stdout] test src/api.rs - api::ProjectDatabaseDocumentRollbackCall (line 8827) - compile ... ok
[INFO] [stdout] test src/api.rs - api::ProjectDatabaseDocumentWriteCall (line 9703) - compile ... ok
[INFO] [stdout] test src/api.rs - api::ProjectDatabaseGetCall (line 12015) - compile ... ok
[INFO] [stdout] test src/api.rs - api::ProjectDatabaseDocumentRunAggregationQueryCall (line 9119) - compile ... ok
[INFO] [stdout] test src/api.rs - api::ProjectDatabaseImportDocumentCall (line 12277) - compile ... ok
[INFO] [stdout] test src/api.rs - api::ProjectDatabaseListCall (line 12569) - compile ... ok
[INFO] [stdout] test src/api.rs - api::ProjectLocationGetCall (line 13135) - compile ... ok
[INFO] [stdout] test src/lib.rs - (line 49) ... ignored
[INFO] [stdout] test src/api.rs - api::ProjectDatabaseOperationDeleteCall (line 10287) - compile ... ok
[INFO] [stdout] test src/api.rs - api::ProjectDatabaseOperationListCall (line 10811) - compile ... ok
[INFO] [stdout] test src/api.rs - api::ProjectDatabaseOperationCancelCall (line 9995) - compile ... ok
[INFO] [stdout] test src/api.rs - api::ProjectDatabaseOperationGetCall (line 10549) - compile ... ok
[INFO] [stdout] test src/api.rs - api::ProjectDatabasePatchCall (line 12831) - compile ... FAILED
[INFO] [stdout] test src/api.rs - api::ProjectMethods (line 2051) - compile ... ok
[INFO] [stdout] test src/api.rs - api::ProjectLocationListCall (line 13397) - compile ... ok
[INFO] [stdout] test src/lib.rs - (line 80) - compile ... ok
[INFO] [stdout] 
[INFO] [stdout] failures:
[INFO] [stdout] 
[INFO] [stdout] ---- src/api.rs - api::ProjectDatabaseCollectionGroupFieldPatchCall (line 3379) stdout ----
[INFO] [stdout] error[E0308]: mismatched types
[INFO] [stdout]     --> src/api.rs:3403:27
[INFO] [stdout]      |
[INFO] [stdout] 25   |              .update_mask(&Default::default())
[INFO] [stdout]      |               ----------- ^^^^^^^^^^^^^^^^^^^ expected `FieldMask`, found `&_`
[INFO] [stdout]      |               |
[INFO] [stdout]      |               arguments to this method are incorrect
[INFO] [stdout]      |
[INFO] [stdout]      = note: expected struct `FieldMask`
[INFO] [stdout]              found reference `&_`
[INFO] [stdout] note: method defined here
[INFO] [stdout]     --> /opt/rustwide/workdir/src/api.rs:3594:12
[INFO] [stdout]      |
[INFO] [stdout] 3594 |     pub fn update_mask(mut self, new_value: client::FieldMask) -> ProjectDatabaseCollectionGroupFieldPatchCall<'a, S> {
[INFO] [stdout]      |            ^^^^^^^^^^^
[INFO] [stdout] help: consider removing the borrow
[INFO] [stdout]      |
[INFO] [stdout] 25   -              .update_mask(&Default::default())
[INFO] [stdout] 25   +              .update_mask(Default::default())
[INFO] [stdout]      |
[INFO] [stdout] 
[INFO] [stdout] error: aborting due to previous error
[INFO] [stdout] 
[INFO] [stdout] For more information about this error, try `rustc --explain E0308`.
[INFO] [stdout] Couldn't compile the test.
[INFO] [stdout] ---- src/api.rs - api::ProjectDatabasePatchCall (line 12831) stdout ----
[INFO] [stdout] error[E0308]: mismatched types
[INFO] [stdout]      --> src/api.rs:12855:27
[INFO] [stdout]       |
[INFO] [stdout] 25    |              .update_mask(&Default::default())
[INFO] [stdout]       |               ----------- ^^^^^^^^^^^^^^^^^^^ expected `FieldMask`, found `&_`
[INFO] [stdout]       |               |
[INFO] [stdout]       |               arguments to this method are incorrect
[INFO] [stdout]       |
[INFO] [stdout]       = note: expected struct `FieldMask`
[INFO] [stdout]               found reference `&_`
[INFO] [stdout] note: method defined here
[INFO] [stdout]      --> /opt/rustwide/workdir/src/api.rs:13046:12
[INFO] [stdout]       |
[INFO] [stdout] 13046 |     pub fn update_mask(mut self, new_value: client::FieldMask) -> ProjectDatabasePatchCall<'a, S> {
[INFO] [stdout]       |            ^^^^^^^^^^^
[INFO] [stdout] help: consider removing the borrow
[INFO] [stdout]       |
[INFO] [stdout] 25    -              .update_mask(&Default::default())
[INFO] [stdout] 25    +              .update_mask(Default::default())
[INFO] [stdout]       |
[INFO] [stdout] 
[INFO] [stdout] error: aborting due to previous error
[INFO] [stdout] 
[INFO] [stdout] For more information about this error, try `rustc --explain E0308`.
[INFO] [stdout] Couldn't compile the test.
[INFO] [stdout] 
[INFO] [stdout] failures:
[INFO] [stdout]     src/api.rs - api::ProjectDatabaseCollectionGroupFieldPatchCall (line 3379)
[INFO] [stdout]     src/api.rs - api::ProjectDatabasePatchCall (line 12831)
[INFO] [stdout] 
[INFO] [stdout] test result: FAILED. 38 passed; 2 failed; 1 ignored; 0 measured; 0 filtered out; finished in 2.62s
[INFO] [stdout] 
[INFO] [stderr] error: doctest failed, to rerun pass `--doc`
[INFO] running `Command { std: "docker" "inspect" "82a102bcb23507d3bc4387dfbb36e323d7d7d07f1a873256b1d18c7c6342a9d0", kill_on_drop: false }`
[INFO] running `Command { std: "docker" "rm" "-f" "82a102bcb23507d3bc4387dfbb36e323d7d7d07f1a873256b1d18c7c6342a9d0", kill_on_drop: false }`
[INFO] [stdout] 82a102bcb23507d3bc4387dfbb36e323d7d7d07f1a873256b1d18c7c6342a9d0
