[INFO] fetching crate google-file1 5.0.3+20230103...
[INFO] testing google-file1-5.0.3+20230103 against 1.75.0 for beta-1.76-1
[INFO] extracting crate google-file1 5.0.3+20230103 into /workspace/builds/worker-4-tc1/source
[INFO] validating manifest of crates.io crate google-file1 5.0.3+20230103 on toolchain 1.75.0
[INFO] running `Command { std: CARGO_HOME="/workspace/cargo-home" RUSTUP_HOME="/workspace/rustup-home" "/workspace/cargo-home/bin/cargo" "+1.75.0" "metadata" "--manifest-path" "Cargo.toml" "--no-deps", kill_on_drop: false }`
[INFO] started tweaking crates.io crate google-file1 5.0.3+20230103
[INFO] finished tweaking crates.io crate google-file1 5.0.3+20230103
[INFO] tweaked toml for crates.io crate google-file1 5.0.3+20230103 written to /workspace/builds/worker-4-tc1/source/Cargo.toml
[INFO] running `Command { std: CARGO_HOME="/workspace/cargo-home" RUSTUP_HOME="/workspace/rustup-home" "/workspace/cargo-home/bin/cargo" "+1.75.0" "generate-lockfile" "--manifest-path" "Cargo.toml", kill_on_drop: false }`
[INFO] [stderr]     Updating crates.io index
[INFO] running `Command { std: CARGO_HOME="/workspace/cargo-home" RUSTUP_HOME="/workspace/rustup-home" "/workspace/cargo-home/bin/cargo" "+1.75.0" "fetch" "--manifest-path" "Cargo.toml", kill_on_drop: false }`
[INFO] running `Command { std: "docker" "create" "-v" "/var/lib/crater-agent-workspace/builds/worker-4-tc1/target:/opt/rustwide/target:rw,Z" "-v" "/var/lib/crater-agent-workspace/builds/worker-4-tc1/source:/opt/rustwide/workdir:ro,Z" "-v" "/var/lib/crater-agent-workspace/cargo-home:/opt/rustwide/cargo-home:ro,Z" "-v" "/var/lib/crater-agent-workspace/rustup-home:/opt/rustwide/rustup-home:ro,Z" "-e" "SOURCE_DIR=/opt/rustwide/workdir" "-e" "CARGO_TARGET_DIR=/opt/rustwide/target" "-e" "CARGO_HOME=/opt/rustwide/cargo-home" "-e" "RUSTUP_HOME=/opt/rustwide/rustup-home" "-w" "/opt/rustwide/workdir" "-m" "1610612736" "--user" "0:0" "--network" "none" "ghcr.io/rust-lang/crates-build-env/linux@sha256:2788e3201cd34a07e3172128adcd8b3090168a8e3bcc40d7c032b9dda1df7d1c" "/opt/rustwide/cargo-home/bin/cargo" "+1.75.0" "metadata" "--no-deps" "--format-version=1", kill_on_drop: false }`
[INFO] [stdout] 918fac1f148b8749455ed84d2f7ce2e83e170181acdb4cb20d2499fcfd2bffef
[INFO] running `Command { std: "docker" "start" "-a" "918fac1f148b8749455ed84d2f7ce2e83e170181acdb4cb20d2499fcfd2bffef", kill_on_drop: false }`
[INFO] running `Command { std: "docker" "inspect" "918fac1f148b8749455ed84d2f7ce2e83e170181acdb4cb20d2499fcfd2bffef", kill_on_drop: false }`
[INFO] running `Command { std: "docker" "rm" "-f" "918fac1f148b8749455ed84d2f7ce2e83e170181acdb4cb20d2499fcfd2bffef", kill_on_drop: false }`
[INFO] [stdout] 918fac1f148b8749455ed84d2f7ce2e83e170181acdb4cb20d2499fcfd2bffef
[INFO] running `Command { std: "docker" "create" "-v" "/var/lib/crater-agent-workspace/builds/worker-4-tc1/target:/opt/rustwide/target:rw,Z" "-v" "/var/lib/crater-agent-workspace/builds/worker-4-tc1/source:/opt/rustwide/workdir:ro,Z" "-v" "/var/lib/crater-agent-workspace/cargo-home:/opt/rustwide/cargo-home:ro,Z" "-v" "/var/lib/crater-agent-workspace/rustup-home:/opt/rustwide/rustup-home:ro,Z" "-e" "SOURCE_DIR=/opt/rustwide/workdir" "-e" "CARGO_TARGET_DIR=/opt/rustwide/target" "-e" "CARGO_INCREMENTAL=0" "-e" "RUST_BACKTRACE=full" "-e" "RUSTFLAGS=--cap-lints=warn" "-e" "RUSTDOCFLAGS=--cap-lints=warn" "-e" "CARGO_HOME=/opt/rustwide/cargo-home" "-e" "RUSTUP_HOME=/opt/rustwide/rustup-home" "-w" "/opt/rustwide/workdir" "-m" "1610612736" "--user" "0:0" "--network" "none" "ghcr.io/rust-lang/crates-build-env/linux@sha256:2788e3201cd34a07e3172128adcd8b3090168a8e3bcc40d7c032b9dda1df7d1c" "/opt/rustwide/cargo-home/bin/cargo" "+1.75.0" "build" "--frozen" "--message-format=json", kill_on_drop: false }`
[INFO] [stdout] 3fa7f28f9e36d682212b5e402cf6e896e19b2edb41fb19cb5a5660c30cac977a
[INFO] running `Command { std: "docker" "start" "-a" "3fa7f28f9e36d682212b5e402cf6e896e19b2edb41fb19cb5a5660c30cac977a", kill_on_drop: false }`
[INFO] [stderr]    Compiling google-file1 v5.0.3+20230103 (/opt/rustwide/workdir)
[INFO] [stderr]     Finished dev [unoptimized + debuginfo] target(s) in 1.14s
[INFO] running `Command { std: "docker" "inspect" "3fa7f28f9e36d682212b5e402cf6e896e19b2edb41fb19cb5a5660c30cac977a", kill_on_drop: false }`
[INFO] running `Command { std: "docker" "rm" "-f" "3fa7f28f9e36d682212b5e402cf6e896e19b2edb41fb19cb5a5660c30cac977a", kill_on_drop: false }`
[INFO] [stdout] 3fa7f28f9e36d682212b5e402cf6e896e19b2edb41fb19cb5a5660c30cac977a
[INFO] running `Command { std: "docker" "create" "-v" "/var/lib/crater-agent-workspace/builds/worker-4-tc1/target:/opt/rustwide/target:rw,Z" "-v" "/var/lib/crater-agent-workspace/builds/worker-4-tc1/source:/opt/rustwide/workdir:ro,Z" "-v" "/var/lib/crater-agent-workspace/cargo-home:/opt/rustwide/cargo-home:ro,Z" "-v" "/var/lib/crater-agent-workspace/rustup-home:/opt/rustwide/rustup-home:ro,Z" "-e" "SOURCE_DIR=/opt/rustwide/workdir" "-e" "CARGO_TARGET_DIR=/opt/rustwide/target" "-e" "CARGO_INCREMENTAL=0" "-e" "RUST_BACKTRACE=full" "-e" "RUSTFLAGS=--cap-lints=warn" "-e" "RUSTDOCFLAGS=--cap-lints=warn" "-e" "CARGO_HOME=/opt/rustwide/cargo-home" "-e" "RUSTUP_HOME=/opt/rustwide/rustup-home" "-w" "/opt/rustwide/workdir" "-m" "1610612736" "--user" "0:0" "--network" "none" "ghcr.io/rust-lang/crates-build-env/linux@sha256:2788e3201cd34a07e3172128adcd8b3090168a8e3bcc40d7c032b9dda1df7d1c" "/opt/rustwide/cargo-home/bin/cargo" "+1.75.0" "test" "--frozen" "--no-run" "--message-format=json", kill_on_drop: false }`
[INFO] [stdout] 9782377c0d8237eb2b510db1802afdeef67a34bb44db198d1042c2ebc403dd3f
[INFO] running `Command { std: "docker" "start" "-a" "9782377c0d8237eb2b510db1802afdeef67a34bb44db198d1042c2ebc403dd3f", kill_on_drop: false }`
[INFO] [stderr]    Compiling google-file1 v5.0.3+20230103 (/opt/rustwide/workdir)
[INFO] [stderr]     Finished test [unoptimized + debuginfo] target(s) in 1.48s
[INFO] running `Command { std: "docker" "inspect" "9782377c0d8237eb2b510db1802afdeef67a34bb44db198d1042c2ebc403dd3f", kill_on_drop: false }`
[INFO] running `Command { std: "docker" "rm" "-f" "9782377c0d8237eb2b510db1802afdeef67a34bb44db198d1042c2ebc403dd3f", kill_on_drop: false }`
[INFO] [stdout] 9782377c0d8237eb2b510db1802afdeef67a34bb44db198d1042c2ebc403dd3f
[INFO] running `Command { std: "docker" "create" "-v" "/var/lib/crater-agent-workspace/builds/worker-4-tc1/target:/opt/rustwide/target:rw,Z" "-v" "/var/lib/crater-agent-workspace/builds/worker-4-tc1/source:/opt/rustwide/workdir:ro,Z" "-v" "/var/lib/crater-agent-workspace/cargo-home:/opt/rustwide/cargo-home:ro,Z" "-v" "/var/lib/crater-agent-workspace/rustup-home:/opt/rustwide/rustup-home:ro,Z" "-e" "SOURCE_DIR=/opt/rustwide/workdir" "-e" "CARGO_TARGET_DIR=/opt/rustwide/target" "-e" "CARGO_INCREMENTAL=0" "-e" "RUST_BACKTRACE=full" "-e" "RUSTFLAGS=--cap-lints=warn" "-e" "RUSTDOCFLAGS=--cap-lints=warn" "-e" "CARGO_HOME=/opt/rustwide/cargo-home" "-e" "RUSTUP_HOME=/opt/rustwide/rustup-home" "-w" "/opt/rustwide/workdir" "-m" "1610612736" "--user" "0:0" "--network" "none" "ghcr.io/rust-lang/crates-build-env/linux@sha256:2788e3201cd34a07e3172128adcd8b3090168a8e3bcc40d7c032b9dda1df7d1c" "/opt/rustwide/cargo-home/bin/cargo" "+1.75.0" "test" "--frozen", kill_on_drop: false }`
[INFO] [stdout] 5f1713b8e9d731f00d3565816c5be45a2df5f2d6d9ff1830029c676d791b3c75
[INFO] running `Command { std: "docker" "start" "-a" "5f1713b8e9d731f00d3565816c5be45a2df5f2d6d9ff1830029c676d791b3c75", kill_on_drop: false }`
[INFO] [stderr]     Finished test [unoptimized + debuginfo] target(s) in 0.07s
[INFO] [stderr]      Running unittests src/lib.rs (/opt/rustwide/target/debug/deps/google_file1-62c673de5b46a0d9)
[INFO] [stdout] 
[INFO] [stdout] running 0 tests
[INFO] [stdout] 
[INFO] [stdout] test result: ok. 0 passed; 0 failed; 0 ignored; 0 measured; 0 filtered out; finished in 0.00s
[INFO] [stdout] 
[INFO] [stderr]    Doc-tests google-file1
[INFO] [stdout] 
[INFO] [stdout] running 26 tests
[INFO] [stdout] test src/api.rs - api::ProjectLocationInstanceCreateCall (line 4062) - compile ... ok
[INFO] [stdout] test src/api.rs - api::CloudFilestore (line 58) - compile ... ok
[INFO] [stdout] test src/api.rs - api::ProjectLocationGetCall (line 6922) - compile ... ok
[INFO] [stdout] test src/api.rs - api::ProjectLocationInstanceGetCall (line 4640) - compile ... ok
[INFO] [stdout] test src/api.rs - api::ProjectLocationInstanceRestoreCall (line 5516) - compile ... ok
[INFO] [stdout] test src/api.rs - api::ProjectLocationInstanceSnapshotDeleteCall (line 2924) - compile ... ok
[INFO] [stdout] test src/api.rs - api::ProjectLocationInstanceSnapshotGetCall (line 3186) - compile ... ok
[INFO] [stdout] test src/api.rs - api::ProjectLocationBackupGetCall (line 1744) - compile ... ok
[INFO] [stdout] test src/api.rs - api::ProjectLocationInstanceDeleteCall (line 4366) - compile ... ok
[INFO] [stdout] test src/api.rs - api::ProjectLocationBackupDeleteCall (line 1482) - compile ... ok
[INFO] [stdout] test src/lib.rs - (line 49) ... ignored
[INFO] [stdout] test src/api.rs - api::ProjectLocationInstanceListCall (line 4902) - compile ... ok
[INFO] [stdout] test src/api.rs - api::ProjectLocationBackupCreateCall (line 1178) - compile ... ok
[INFO] [stdout] test src/api.rs - api::ProjectLocationBackupListCall (line 2006) - compile ... ok
[INFO] [stdout] test src/api.rs - api::ProjectLocationInstanceSnapshotCreateCall (line 2620) - compile ... ok
[INFO] [stdout] test src/api.rs - api::ProjectLocationOperationGetCall (line 6362) - compile ... ok
[INFO] [stdout] test src/api.rs - api::ProjectLocationOperationDeleteCall (line 6100) - compile ... ok
[INFO] [stdout] test src/api.rs - api::ProjectLocationListCall (line 7184) - compile ... ok
[INFO] [stdout] test src/api.rs - api::ProjectMethods (line 713) - compile ... ok
[INFO] [stdout] test src/api.rs - api::ProjectLocationOperationCancelCall (line 5808) - compile ... ok
[INFO] [stdout] test src/api.rs - api::ProjectLocationInstanceSnapshotListCall (line 3448) - compile ... ok
[INFO] [stdout] test src/api.rs - api::ProjectLocationOperationListCall (line 6624) - compile ... ok
[INFO] [stdout] test src/lib.rs - (line 83) - compile ... ok
[INFO] [stdout] test src/api.rs - api::ProjectLocationInstancePatchCall (line 5212) - compile ... FAILED
[INFO] [stdout] test src/api.rs - api::ProjectLocationBackupPatchCall (line 2316) - compile ... FAILED
[INFO] [stdout] test src/api.rs - api::ProjectLocationInstanceSnapshotPatchCall (line 3758) - compile ... FAILED
[INFO] [stdout] 
[INFO] [stdout] failures:
[INFO] [stdout] 
[INFO] [stdout] ---- src/api.rs - api::ProjectLocationInstancePatchCall (line 5212) stdout ----
[INFO] [stdout] error[E0308]: mismatched types
[INFO] [stdout]     --> src/api.rs:5236:27
[INFO] [stdout]      |
[INFO] [stdout] 25   |              .update_mask(&Default::default())
[INFO] [stdout]      |               ----------- ^^^^^^^^^^^^^^^^^^^ expected `FieldMask`, found `&_`
[INFO] [stdout]      |               |
[INFO] [stdout]      |               arguments to this method are incorrect
[INFO] [stdout]      |
[INFO] [stdout]      = note: expected struct `FieldMask`
[INFO] [stdout]              found reference `&_`
[INFO] [stdout] note: method defined here
[INFO] [stdout]     --> /opt/rustwide/workdir/src/api.rs:5427:12
[INFO] [stdout]      |
[INFO] [stdout] 5427 |     pub fn update_mask(mut self, new_value: client::FieldMask) -> ProjectLocationInstancePatchCall<'a, S> {
[INFO] [stdout]      |            ^^^^^^^^^^^
[INFO] [stdout] help: consider removing the borrow
[INFO] [stdout]      |
[INFO] [stdout] 25   -              .update_mask(&Default::default())
[INFO] [stdout] 25   +              .update_mask(Default::default())
[INFO] [stdout]      |
[INFO] [stdout] 
[INFO] [stdout] error: aborting due to previous error
[INFO] [stdout] 
[INFO] [stdout] For more information about this error, try `rustc --explain E0308`.
[INFO] [stdout] Couldn't compile the test.
[INFO] [stdout] ---- src/api.rs - api::ProjectLocationBackupPatchCall (line 2316) stdout ----
[INFO] [stdout] error[E0308]: mismatched types
[INFO] [stdout]     --> src/api.rs:2340:27
[INFO] [stdout]      |
[INFO] [stdout] 25   |              .update_mask(&Default::default())
[INFO] [stdout]      |               ----------- ^^^^^^^^^^^^^^^^^^^ expected `FieldMask`, found `&_`
[INFO] [stdout]      |               |
[INFO] [stdout]      |               arguments to this method are incorrect
[INFO] [stdout]      |
[INFO] [stdout]      = note: expected struct `FieldMask`
[INFO] [stdout]              found reference `&_`
[INFO] [stdout] note: method defined here
[INFO] [stdout]     --> /opt/rustwide/workdir/src/api.rs:2531:12
[INFO] [stdout]      |
[INFO] [stdout] 2531 |     pub fn update_mask(mut self, new_value: client::FieldMask) -> ProjectLocationBackupPatchCall<'a, S> {
[INFO] [stdout]      |            ^^^^^^^^^^^
[INFO] [stdout] help: consider removing the borrow
[INFO] [stdout]      |
[INFO] [stdout] 25   -              .update_mask(&Default::default())
[INFO] [stdout] 25   +              .update_mask(Default::default())
[INFO] [stdout]      |
[INFO] [stdout] 
[INFO] [stdout] error: aborting due to previous error
[INFO] [stdout] 
[INFO] [stdout] For more information about this error, try `rustc --explain E0308`.
[INFO] [stdout] Couldn't compile the test.
[INFO] [stdout] ---- src/api.rs - api::ProjectLocationInstanceSnapshotPatchCall (line 3758) stdout ----
[INFO] [stdout] error[E0308]: mismatched types
[INFO] [stdout]     --> src/api.rs:3782:27
[INFO] [stdout]      |
[INFO] [stdout] 25   |              .update_mask(&Default::default())
[INFO] [stdout]      |               ----------- ^^^^^^^^^^^^^^^^^^^ expected `FieldMask`, found `&_`
[INFO] [stdout]      |               |
[INFO] [stdout]      |               arguments to this method are incorrect
[INFO] [stdout]      |
[INFO] [stdout]      = note: expected struct `FieldMask`
[INFO] [stdout]              found reference `&_`
[INFO] [stdout] note: method defined here
[INFO] [stdout]     --> /opt/rustwide/workdir/src/api.rs:3973:12
[INFO] [stdout]      |
[INFO] [stdout] 3973 |     pub fn update_mask(mut self, new_value: client::FieldMask) -> ProjectLocationInstanceSnapshotPatchCall<'a, S> {
[INFO] [stdout]      |            ^^^^^^^^^^^
[INFO] [stdout] help: consider removing the borrow
[INFO] [stdout]      |
[INFO] [stdout] 25   -              .update_mask(&Default::default())
[INFO] [stdout] 25   +              .update_mask(Default::default())
[INFO] [stdout]      |
[INFO] [stdout] 
[INFO] [stdout] error: aborting due to previous error
[INFO] [stdout] 
[INFO] [stdout] For more information about this error, try `rustc --explain E0308`.
[INFO] [stdout] Couldn't compile the test.
[INFO] [stdout] 
[INFO] [stdout] failures:
[INFO] [stdout]     src/api.rs - api::ProjectLocationBackupPatchCall (line 2316)
[INFO] [stdout]     src/api.rs - api::ProjectLocationInstancePatchCall (line 5212)
[INFO] [stdout]     src/api.rs - api::ProjectLocationInstanceSnapshotPatchCall (line 3758)
[INFO] [stdout] 
[INFO] [stdout] test result: FAILED. 22 passed; 3 failed; 1 ignored; 0 measured; 0 filtered out; finished in 0.19s
[INFO] [stdout] 
[INFO] [stderr] error: doctest failed, to rerun pass `--doc`
[INFO] running `Command { std: "docker" "inspect" "5f1713b8e9d731f00d3565816c5be45a2df5f2d6d9ff1830029c676d791b3c75", kill_on_drop: false }`
[INFO] running `Command { std: "docker" "rm" "-f" "5f1713b8e9d731f00d3565816c5be45a2df5f2d6d9ff1830029c676d791b3c75", kill_on_drop: false }`
[INFO] [stdout] 5f1713b8e9d731f00d3565816c5be45a2df5f2d6d9ff1830029c676d791b3c75
[INFO] testing google-file1-5.0.3+20230103 against beta-2023-12-22 for beta-1.76-1
[INFO] extracting crate google-file1 5.0.3+20230103 into /workspace/builds/worker-4-tc2/source
[INFO] validating manifest of crates.io crate google-file1 5.0.3+20230103 on toolchain beta-2023-12-22
[INFO] running `Command { std: CARGO_HOME="/workspace/cargo-home" RUSTUP_HOME="/workspace/rustup-home" "/workspace/cargo-home/bin/cargo" "+beta-2023-12-22" "metadata" "--manifest-path" "Cargo.toml" "--no-deps", kill_on_drop: false }`
[INFO] started tweaking crates.io crate google-file1 5.0.3+20230103
[INFO] finished tweaking crates.io crate google-file1 5.0.3+20230103
[INFO] tweaked toml for crates.io crate google-file1 5.0.3+20230103 written to /workspace/builds/worker-4-tc2/source/Cargo.toml
[INFO] running `Command { std: CARGO_HOME="/workspace/cargo-home" RUSTUP_HOME="/workspace/rustup-home" "/workspace/cargo-home/bin/cargo" "+beta-2023-12-22" "generate-lockfile" "--manifest-path" "Cargo.toml", kill_on_drop: false }`
[INFO] [stderr]     Blocking waiting for file lock on package cache
[INFO] [stderr]     Updating crates.io index
[INFO] running `Command { std: CARGO_HOME="/workspace/cargo-home" RUSTUP_HOME="/workspace/rustup-home" "/workspace/cargo-home/bin/cargo" "+beta-2023-12-22" "fetch" "--manifest-path" "Cargo.toml", kill_on_drop: false }`
[INFO] running `Command { std: "docker" "create" "-v" "/var/lib/crater-agent-workspace/builds/worker-4-tc2/target:/opt/rustwide/target:rw,Z" "-v" "/var/lib/crater-agent-workspace/builds/worker-4-tc2/source:/opt/rustwide/workdir:ro,Z" "-v" "/var/lib/crater-agent-workspace/cargo-home:/opt/rustwide/cargo-home:ro,Z" "-v" "/var/lib/crater-agent-workspace/rustup-home:/opt/rustwide/rustup-home:ro,Z" "-e" "SOURCE_DIR=/opt/rustwide/workdir" "-e" "CARGO_TARGET_DIR=/opt/rustwide/target" "-e" "CARGO_HOME=/opt/rustwide/cargo-home" "-e" "RUSTUP_HOME=/opt/rustwide/rustup-home" "-w" "/opt/rustwide/workdir" "-m" "1610612736" "--user" "0:0" "--network" "none" "ghcr.io/rust-lang/crates-build-env/linux@sha256:2788e3201cd34a07e3172128adcd8b3090168a8e3bcc40d7c032b9dda1df7d1c" "/opt/rustwide/cargo-home/bin/cargo" "+beta-2023-12-22" "metadata" "--no-deps" "--format-version=1", kill_on_drop: false }`
[INFO] [stdout] a552ddfeed44306fe1def0d750dc6257f2f4723dae0b3d4539ce79777ec0c586
[INFO] running `Command { std: "docker" "start" "-a" "a552ddfeed44306fe1def0d750dc6257f2f4723dae0b3d4539ce79777ec0c586", kill_on_drop: false }`
[INFO] running `Command { std: "docker" "inspect" "a552ddfeed44306fe1def0d750dc6257f2f4723dae0b3d4539ce79777ec0c586", kill_on_drop: false }`
[INFO] running `Command { std: "docker" "rm" "-f" "a552ddfeed44306fe1def0d750dc6257f2f4723dae0b3d4539ce79777ec0c586", kill_on_drop: false }`
[INFO] [stdout] a552ddfeed44306fe1def0d750dc6257f2f4723dae0b3d4539ce79777ec0c586
[INFO] running `Command { std: "docker" "create" "-v" "/var/lib/crater-agent-workspace/builds/worker-4-tc2/target:/opt/rustwide/target:rw,Z" "-v" "/var/lib/crater-agent-workspace/builds/worker-4-tc2/source:/opt/rustwide/workdir:ro,Z" "-v" "/var/lib/crater-agent-workspace/cargo-home:/opt/rustwide/cargo-home:ro,Z" "-v" "/var/lib/crater-agent-workspace/rustup-home:/opt/rustwide/rustup-home:ro,Z" "-e" "SOURCE_DIR=/opt/rustwide/workdir" "-e" "CARGO_TARGET_DIR=/opt/rustwide/target" "-e" "CARGO_INCREMENTAL=0" "-e" "RUST_BACKTRACE=full" "-e" "RUSTFLAGS=--cap-lints=warn" "-e" "RUSTDOCFLAGS=--cap-lints=warn" "-e" "CARGO_HOME=/opt/rustwide/cargo-home" "-e" "RUSTUP_HOME=/opt/rustwide/rustup-home" "-w" "/opt/rustwide/workdir" "-m" "1610612736" "--user" "0:0" "--network" "none" "ghcr.io/rust-lang/crates-build-env/linux@sha256:2788e3201cd34a07e3172128adcd8b3090168a8e3bcc40d7c032b9dda1df7d1c" "/opt/rustwide/cargo-home/bin/cargo" "+beta-2023-12-22" "build" "--frozen" "--message-format=json", kill_on_drop: false }`
[INFO] [stdout] ec2b884ba82d837bf69c71913b73c80a758b6077455a8ba3e68ab405e814a3b4
[INFO] running `Command { std: "docker" "start" "-a" "ec2b884ba82d837bf69c71913b73c80a758b6077455a8ba3e68ab405e814a3b4", kill_on_drop: false }`
[INFO] [stderr]    Compiling google-file1 v5.0.3+20230103 (/opt/rustwide/workdir)
[INFO] [stderr]     Finished dev [unoptimized + debuginfo] target(s) in 1.09s
[INFO] running `Command { std: "docker" "inspect" "ec2b884ba82d837bf69c71913b73c80a758b6077455a8ba3e68ab405e814a3b4", kill_on_drop: false }`
[INFO] running `Command { std: "docker" "rm" "-f" "ec2b884ba82d837bf69c71913b73c80a758b6077455a8ba3e68ab405e814a3b4", kill_on_drop: false }`
[INFO] [stdout] ec2b884ba82d837bf69c71913b73c80a758b6077455a8ba3e68ab405e814a3b4
[INFO] running `Command { std: "docker" "create" "-v" "/var/lib/crater-agent-workspace/builds/worker-4-tc2/target:/opt/rustwide/target:rw,Z" "-v" "/var/lib/crater-agent-workspace/builds/worker-4-tc2/source:/opt/rustwide/workdir:ro,Z" "-v" "/var/lib/crater-agent-workspace/cargo-home:/opt/rustwide/cargo-home:ro,Z" "-v" "/var/lib/crater-agent-workspace/rustup-home:/opt/rustwide/rustup-home:ro,Z" "-e" "SOURCE_DIR=/opt/rustwide/workdir" "-e" "CARGO_TARGET_DIR=/opt/rustwide/target" "-e" "CARGO_INCREMENTAL=0" "-e" "RUST_BACKTRACE=full" "-e" "RUSTFLAGS=--cap-lints=warn" "-e" "RUSTDOCFLAGS=--cap-lints=warn" "-e" "CARGO_HOME=/opt/rustwide/cargo-home" "-e" "RUSTUP_HOME=/opt/rustwide/rustup-home" "-w" "/opt/rustwide/workdir" "-m" "1610612736" "--user" "0:0" "--network" "none" "ghcr.io/rust-lang/crates-build-env/linux@sha256:2788e3201cd34a07e3172128adcd8b3090168a8e3bcc40d7c032b9dda1df7d1c" "/opt/rustwide/cargo-home/bin/cargo" "+beta-2023-12-22" "test" "--frozen" "--no-run" "--message-format=json", kill_on_drop: false }`
[INFO] [stdout] 95b521d74774b1911d78780052a076e0b55dd7816cede9a17fcbb17f6a4cc0d8
[INFO] running `Command { std: "docker" "start" "-a" "95b521d74774b1911d78780052a076e0b55dd7816cede9a17fcbb17f6a4cc0d8", kill_on_drop: false }`
[INFO] [stderr]    Compiling google-file1 v5.0.3+20230103 (/opt/rustwide/workdir)
[INFO] [stderr]     Finished test [unoptimized + debuginfo] target(s) in 1.25s
[INFO] running `Command { std: "docker" "inspect" "95b521d74774b1911d78780052a076e0b55dd7816cede9a17fcbb17f6a4cc0d8", kill_on_drop: false }`
[INFO] running `Command { std: "docker" "rm" "-f" "95b521d74774b1911d78780052a076e0b55dd7816cede9a17fcbb17f6a4cc0d8", kill_on_drop: false }`
[INFO] [stdout] 95b521d74774b1911d78780052a076e0b55dd7816cede9a17fcbb17f6a4cc0d8
[INFO] running `Command { std: "docker" "create" "-v" "/var/lib/crater-agent-workspace/builds/worker-4-tc2/target:/opt/rustwide/target:rw,Z" "-v" "/var/lib/crater-agent-workspace/builds/worker-4-tc2/source:/opt/rustwide/workdir:ro,Z" "-v" "/var/lib/crater-agent-workspace/cargo-home:/opt/rustwide/cargo-home:ro,Z" "-v" "/var/lib/crater-agent-workspace/rustup-home:/opt/rustwide/rustup-home:ro,Z" "-e" "SOURCE_DIR=/opt/rustwide/workdir" "-e" "CARGO_TARGET_DIR=/opt/rustwide/target" "-e" "CARGO_INCREMENTAL=0" "-e" "RUST_BACKTRACE=full" "-e" "RUSTFLAGS=--cap-lints=warn" "-e" "RUSTDOCFLAGS=--cap-lints=warn" "-e" "CARGO_HOME=/opt/rustwide/cargo-home" "-e" "RUSTUP_HOME=/opt/rustwide/rustup-home" "-w" "/opt/rustwide/workdir" "-m" "1610612736" "--user" "0:0" "--network" "none" "ghcr.io/rust-lang/crates-build-env/linux@sha256:2788e3201cd34a07e3172128adcd8b3090168a8e3bcc40d7c032b9dda1df7d1c" "/opt/rustwide/cargo-home/bin/cargo" "+beta-2023-12-22" "test" "--frozen", kill_on_drop: false }`
[INFO] [stdout] de5d419bb55adbde6d60817e4d67a70665c4300130a207171b7b331773903484
[INFO] running `Command { std: "docker" "start" "-a" "de5d419bb55adbde6d60817e4d67a70665c4300130a207171b7b331773903484", kill_on_drop: false }`
[INFO] [stderr]     Finished test [unoptimized + debuginfo] target(s) in 0.07s
[INFO] [stderr]      Running unittests src/lib.rs (/opt/rustwide/target/debug/deps/google_file1-43fc9991fc205430)
[INFO] [stdout] 
[INFO] [stdout] running 0 tests
[INFO] [stdout] 
[INFO] [stdout] test result: ok. 0 passed; 0 failed; 0 ignored; 0 measured; 0 filtered out; finished in 0.00s
[INFO] [stdout] 
[INFO] [stderr]    Doc-tests google-file1
[INFO] [stdout] 
[INFO] [stdout] running 26 tests
[INFO] [stdout] test src/api.rs - api::ProjectLocationInstanceSnapshotGetCall (line 3186) - compile ... ok
[INFO] [stdout] test src/api.rs - api::ProjectLocationGetCall (line 6922) - compile ... ok
[INFO] [stdout] test src/api.rs - api::ProjectLocationBackupDeleteCall (line 1482) - compile ... ok
[INFO] [stdout] test src/api.rs - api::ProjectLocationBackupListCall (line 2006) - compile ... ok
[INFO] [stdout] test src/api.rs - api::ProjectLocationInstanceSnapshotCreateCall (line 2620) - compile ... ok
[INFO] [stdout] test src/api.rs - api::ProjectLocationInstanceListCall (line 4902) - compile ... ok
[INFO] [stdout] test src/api.rs - api::ProjectLocationBackupCreateCall (line 1178) - compile ... ok
[INFO] [stdout] test src/api.rs - api::CloudFilestore (line 58) - compile ... ok
[INFO] [stdout] test src/api.rs - api::ProjectLocationInstanceDeleteCall (line 4366) - compile ... ok
[INFO] [stdout] test src/api.rs - api::ProjectLocationInstanceRestoreCall (line 5516) - compile ... ok
[INFO] [stdout] test src/api.rs - api::ProjectLocationInstanceCreateCall (line 4062) - compile ... ok
[INFO] [stdout] test src/api.rs - api::ProjectLocationBackupGetCall (line 1744) - compile ... ok
[INFO] [stdout] test src/lib.rs - (line 49) ... ignored
[INFO] [stdout] test src/api.rs - api::ProjectLocationInstanceGetCall (line 4640) - compile ... ok
[INFO] [stdout] test src/api.rs - api::ProjectLocationInstanceSnapshotDeleteCall (line 2924) - compile ... ok
[INFO] [stdout] test src/api.rs - api::ProjectLocationInstancePatchCall (line 5212) - compile ... FAILED
[INFO] [stdout] test src/api.rs - api::ProjectLocationBackupPatchCall (line 2316) - compile ... FAILED
[INFO] [stdout] test src/api.rs - api::ProjectLocationInstanceSnapshotListCall (line 3448) - compile ... ok
[INFO] [stdout] test src/api.rs - api::ProjectMethods (line 713) - compile ... ok
[INFO] [stdout] test src/api.rs - api::ProjectLocationListCall (line 7184) - compile ... ok
[INFO] [stdout] test src/api.rs - api::ProjectLocationOperationGetCall (line 6362) - compile ... ok
[INFO] [stdout] test src/api.rs - api::ProjectLocationOperationCancelCall (line 5808) - compile ... ok
[INFO] [stdout] test src/api.rs - api::ProjectLocationOperationListCall (line 6624) - compile ... ok
[INFO] [stdout] test src/api.rs - api::ProjectLocationInstanceSnapshotPatchCall (line 3758) - compile ... FAILED
[INFO] [stdout] test src/lib.rs - (line 83) - compile ... ok
[INFO] [stdout] test src/api.rs - api::ProjectLocationOperationDeleteCall (line 6100) - compile ... ok
[INFO] [stdout] 
[INFO] [stdout] failures:
[INFO] [stdout] 
[INFO] [stdout] ---- src/api.rs - api::ProjectLocationInstancePatchCall (line 5212) stdout ----
[INFO] [stdout] error[E0308]: mismatched types
[INFO] [stdout]     --> src/api.rs:5236:27
[INFO] [stdout]      |
[INFO] [stdout] 25   |              .update_mask(&Default::default())
[INFO] [stdout]      |               ----------- ^^^^^^^^^^^^^^^^^^^ expected `FieldMask`, found `&_`
[INFO] [stdout]      |               |
[INFO] [stdout]      |               arguments to this method are incorrect
[INFO] [stdout]      |
[INFO] [stdout]      = note: expected struct `FieldMask`
[INFO] [stdout]              found reference `&_`
[INFO] [stdout] note: method defined here
[INFO] [stdout]     --> /opt/rustwide/workdir/src/api.rs:5427:12
[INFO] [stdout]      |
[INFO] [stdout] 5427 |     pub fn update_mask(mut self, new_value: client::FieldMask) -> ProjectLocationInstancePatchCall<'a, S> {
[INFO] [stdout]      |            ^^^^^^^^^^^
[INFO] [stdout] help: consider removing the borrow
[INFO] [stdout]      |
[INFO] [stdout] 25   -              .update_mask(&Default::default())
[INFO] [stdout] 25   +              .update_mask(Default::default())
[INFO] [stdout]      |
[INFO] [stdout] 
[INFO] [stdout] error: aborting due to 1 previous error
[INFO] [stdout] 
[INFO] [stdout] For more information about this error, try `rustc --explain E0308`.
[INFO] [stdout] Couldn't compile the test.
[INFO] [stdout] ---- src/api.rs - api::ProjectLocationBackupPatchCall (line 2316) stdout ----
[INFO] [stdout] error[E0308]: mismatched types
[INFO] [stdout]     --> src/api.rs:2340:27
[INFO] [stdout]      |
[INFO] [stdout] 25   |              .update_mask(&Default::default())
[INFO] [stdout]      |               ----------- ^^^^^^^^^^^^^^^^^^^ expected `FieldMask`, found `&_`
[INFO] [stdout]      |               |
[INFO] [stdout]      |               arguments to this method are incorrect
[INFO] [stdout]      |
[INFO] [stdout]      = note: expected struct `FieldMask`
[INFO] [stdout]              found reference `&_`
[INFO] [stdout] note: method defined here
[INFO] [stdout]     --> /opt/rustwide/workdir/src/api.rs:2531:12
[INFO] [stdout]      |
[INFO] [stdout] 2531 |     pub fn update_mask(mut self, new_value: client::FieldMask) -> ProjectLocationBackupPatchCall<'a, S> {
[INFO] [stdout]      |            ^^^^^^^^^^^
[INFO] [stdout] help: consider removing the borrow
[INFO] [stdout]      |
[INFO] [stdout] 25   -              .update_mask(&Default::default())
[INFO] [stdout] 25   +              .update_mask(Default::default())
[INFO] [stdout]      |
[INFO] [stdout] 
[INFO] [stdout] error: aborting due to 1 previous error
[INFO] [stdout] 
[INFO] [stdout] For more information about this error, try `rustc --explain E0308`.
[INFO] [stdout] Couldn't compile the test.
[INFO] [stdout] ---- src/api.rs - api::ProjectLocationInstanceSnapshotPatchCall (line 3758) stdout ----
[INFO] [stdout] error[E0308]: mismatched types
[INFO] [stdout]     --> src/api.rs:3782:27
[INFO] [stdout]      |
[INFO] [stdout] 25   |              .update_mask(&Default::default())
[INFO] [stdout]      |               ----------- ^^^^^^^^^^^^^^^^^^^ expected `FieldMask`, found `&_`
[INFO] [stdout]      |               |
[INFO] [stdout]      |               arguments to this method are incorrect
[INFO] [stdout]      |
[INFO] [stdout]      = note: expected struct `FieldMask`
[INFO] [stdout]              found reference `&_`
[INFO] [stdout] note: method defined here
[INFO] [stdout]     --> /opt/rustwide/workdir/src/api.rs:3973:12
[INFO] [stdout]      |
[INFO] [stdout] 3973 |     pub fn update_mask(mut self, new_value: client::FieldMask) -> ProjectLocationInstanceSnapshotPatchCall<'a, S> {
[INFO] [stdout]      |            ^^^^^^^^^^^
[INFO] [stdout] help: consider removing the borrow
[INFO] [stdout]      |
[INFO] [stdout] 25   -              .update_mask(&Default::default())
[INFO] [stdout] 25   +              .update_mask(Default::default())
[INFO] [stdout]      |
[INFO] [stdout] 
[INFO] [stdout] error: aborting due to 1 previous error
[INFO] [stdout] 
[INFO] [stdout] For more information about this error, try `rustc --explain E0308`.
[INFO] [stdout] Couldn't compile the test.
[INFO] [stdout] 
[INFO] [stdout] failures:
[INFO] [stdout]     src/api.rs - api::ProjectLocationBackupPatchCall (line 2316)
[INFO] [stdout]     src/api.rs - api::ProjectLocationInstancePatchCall (line 5212)
[INFO] [stdout]     src/api.rs - api::ProjectLocationInstanceSnapshotPatchCall (line 3758)
[INFO] [stdout] 
[INFO] [stdout] test result: FAILED. 22 passed; 3 failed; 1 ignored; 0 measured; 0 filtered out; finished in 0.20s
[INFO] [stdout] 
[INFO] [stderr] error: doctest failed, to rerun pass `--doc`
[INFO] running `Command { std: "docker" "inspect" "de5d419bb55adbde6d60817e4d67a70665c4300130a207171b7b331773903484", kill_on_drop: false }`
[INFO] running `Command { std: "docker" "rm" "-f" "de5d419bb55adbde6d60817e4d67a70665c4300130a207171b7b331773903484", kill_on_drop: false }`
[INFO] [stdout] de5d419bb55adbde6d60817e4d67a70665c4300130a207171b7b331773903484
