[INFO] fetching crate google-essentialcontacts1 5.0.3+20230123...
[INFO] testing google-essentialcontacts1-5.0.3+20230123 against 1.75.0 for beta-1.76-1
[INFO] extracting crate google-essentialcontacts1 5.0.3+20230123 into /workspace/builds/worker-6-tc1/source
[INFO] validating manifest of crates.io crate google-essentialcontacts1 5.0.3+20230123 on toolchain 1.75.0
[INFO] running `Command { std: CARGO_HOME="/workspace/cargo-home" RUSTUP_HOME="/workspace/rustup-home" "/workspace/cargo-home/bin/cargo" "+1.75.0" "metadata" "--manifest-path" "Cargo.toml" "--no-deps", kill_on_drop: false }`
[INFO] started tweaking crates.io crate google-essentialcontacts1 5.0.3+20230123
[INFO] finished tweaking crates.io crate google-essentialcontacts1 5.0.3+20230123
[INFO] tweaked toml for crates.io crate google-essentialcontacts1 5.0.3+20230123 written to /workspace/builds/worker-6-tc1/source/Cargo.toml
[INFO] running `Command { std: CARGO_HOME="/workspace/cargo-home" RUSTUP_HOME="/workspace/rustup-home" "/workspace/cargo-home/bin/cargo" "+1.75.0" "generate-lockfile" "--manifest-path" "Cargo.toml", kill_on_drop: false }`
[INFO] [stderr]     Blocking waiting for file lock on package cache
[INFO] [stderr]     Updating crates.io index
[INFO] running `Command { std: CARGO_HOME="/workspace/cargo-home" RUSTUP_HOME="/workspace/rustup-home" "/workspace/cargo-home/bin/cargo" "+1.75.0" "fetch" "--manifest-path" "Cargo.toml", kill_on_drop: false }`
[INFO] [stderr]     Blocking waiting for file lock on package cache
[INFO] [stderr]     Blocking waiting for file lock on package cache
[INFO] running `Command { std: "docker" "create" "-v" "/var/lib/crater-agent-workspace/builds/worker-6-tc1/target:/opt/rustwide/target:rw,Z" "-v" "/var/lib/crater-agent-workspace/builds/worker-6-tc1/source:/opt/rustwide/workdir:ro,Z" "-v" "/var/lib/crater-agent-workspace/cargo-home:/opt/rustwide/cargo-home:ro,Z" "-v" "/var/lib/crater-agent-workspace/rustup-home:/opt/rustwide/rustup-home:ro,Z" "-e" "SOURCE_DIR=/opt/rustwide/workdir" "-e" "CARGO_TARGET_DIR=/opt/rustwide/target" "-e" "CARGO_HOME=/opt/rustwide/cargo-home" "-e" "RUSTUP_HOME=/opt/rustwide/rustup-home" "-w" "/opt/rustwide/workdir" "-m" "1610612736" "--user" "0:0" "--network" "none" "ghcr.io/rust-lang/crates-build-env/linux@sha256:2788e3201cd34a07e3172128adcd8b3090168a8e3bcc40d7c032b9dda1df7d1c" "/opt/rustwide/cargo-home/bin/cargo" "+1.75.0" "metadata" "--no-deps" "--format-version=1", kill_on_drop: false }`
[INFO] [stdout] e015c7df554f7bfd73b83bc8773457d385cbf3b26cf5ed670763437e2289fbc9
[INFO] running `Command { std: "docker" "start" "-a" "e015c7df554f7bfd73b83bc8773457d385cbf3b26cf5ed670763437e2289fbc9", kill_on_drop: false }`
[INFO] running `Command { std: "docker" "inspect" "e015c7df554f7bfd73b83bc8773457d385cbf3b26cf5ed670763437e2289fbc9", kill_on_drop: false }`
[INFO] running `Command { std: "docker" "rm" "-f" "e015c7df554f7bfd73b83bc8773457d385cbf3b26cf5ed670763437e2289fbc9", kill_on_drop: false }`
[INFO] [stdout] e015c7df554f7bfd73b83bc8773457d385cbf3b26cf5ed670763437e2289fbc9
[INFO] running `Command { std: "docker" "create" "-v" "/var/lib/crater-agent-workspace/builds/worker-6-tc1/target:/opt/rustwide/target:rw,Z" "-v" "/var/lib/crater-agent-workspace/builds/worker-6-tc1/source:/opt/rustwide/workdir:ro,Z" "-v" "/var/lib/crater-agent-workspace/cargo-home:/opt/rustwide/cargo-home:ro,Z" "-v" "/var/lib/crater-agent-workspace/rustup-home:/opt/rustwide/rustup-home:ro,Z" "-e" "SOURCE_DIR=/opt/rustwide/workdir" "-e" "CARGO_TARGET_DIR=/opt/rustwide/target" "-e" "CARGO_INCREMENTAL=0" "-e" "RUST_BACKTRACE=full" "-e" "RUSTFLAGS=--cap-lints=warn" "-e" "RUSTDOCFLAGS=--cap-lints=warn" "-e" "CARGO_HOME=/opt/rustwide/cargo-home" "-e" "RUSTUP_HOME=/opt/rustwide/rustup-home" "-w" "/opt/rustwide/workdir" "-m" "1610612736" "--user" "0:0" "--network" "none" "ghcr.io/rust-lang/crates-build-env/linux@sha256:2788e3201cd34a07e3172128adcd8b3090168a8e3bcc40d7c032b9dda1df7d1c" "/opt/rustwide/cargo-home/bin/cargo" "+1.75.0" "build" "--frozen" "--message-format=json", kill_on_drop: false }`
[INFO] [stdout] b3f0b42edfe2b255769e3aac67d0f6c6298daa6f9f56c0ae01d683b65d87799a
[INFO] running `Command { std: "docker" "start" "-a" "b3f0b42edfe2b255769e3aac67d0f6c6298daa6f9f56c0ae01d683b65d87799a", kill_on_drop: false }`
[INFO] [stderr]    Compiling google-essentialcontacts1 v5.0.3+20230123 (/opt/rustwide/workdir)
[INFO] [stderr]     Finished dev [unoptimized + debuginfo] target(s) in 1.18s
[INFO] running `Command { std: "docker" "inspect" "b3f0b42edfe2b255769e3aac67d0f6c6298daa6f9f56c0ae01d683b65d87799a", kill_on_drop: false }`
[INFO] running `Command { std: "docker" "rm" "-f" "b3f0b42edfe2b255769e3aac67d0f6c6298daa6f9f56c0ae01d683b65d87799a", kill_on_drop: false }`
[INFO] [stdout] b3f0b42edfe2b255769e3aac67d0f6c6298daa6f9f56c0ae01d683b65d87799a
[INFO] running `Command { std: "docker" "create" "-v" "/var/lib/crater-agent-workspace/builds/worker-6-tc1/target:/opt/rustwide/target:rw,Z" "-v" "/var/lib/crater-agent-workspace/builds/worker-6-tc1/source:/opt/rustwide/workdir:ro,Z" "-v" "/var/lib/crater-agent-workspace/cargo-home:/opt/rustwide/cargo-home:ro,Z" "-v" "/var/lib/crater-agent-workspace/rustup-home:/opt/rustwide/rustup-home:ro,Z" "-e" "SOURCE_DIR=/opt/rustwide/workdir" "-e" "CARGO_TARGET_DIR=/opt/rustwide/target" "-e" "CARGO_INCREMENTAL=0" "-e" "RUST_BACKTRACE=full" "-e" "RUSTFLAGS=--cap-lints=warn" "-e" "RUSTDOCFLAGS=--cap-lints=warn" "-e" "CARGO_HOME=/opt/rustwide/cargo-home" "-e" "RUSTUP_HOME=/opt/rustwide/rustup-home" "-w" "/opt/rustwide/workdir" "-m" "1610612736" "--user" "0:0" "--network" "none" "ghcr.io/rust-lang/crates-build-env/linux@sha256:2788e3201cd34a07e3172128adcd8b3090168a8e3bcc40d7c032b9dda1df7d1c" "/opt/rustwide/cargo-home/bin/cargo" "+1.75.0" "test" "--frozen" "--no-run" "--message-format=json", kill_on_drop: false }`
[INFO] [stdout] 269ebe91aee029c457de4df4c6fc4ca8722a3feef839fb782d81ecc468bdfd21
[INFO] running `Command { std: "docker" "start" "-a" "269ebe91aee029c457de4df4c6fc4ca8722a3feef839fb782d81ecc468bdfd21", kill_on_drop: false }`
[INFO] [stderr]    Compiling google-essentialcontacts1 v5.0.3+20230123 (/opt/rustwide/workdir)
[INFO] [stderr]     Finished test [unoptimized + debuginfo] target(s) in 1.59s
[INFO] running `Command { std: "docker" "inspect" "269ebe91aee029c457de4df4c6fc4ca8722a3feef839fb782d81ecc468bdfd21", kill_on_drop: false }`
[INFO] running `Command { std: "docker" "rm" "-f" "269ebe91aee029c457de4df4c6fc4ca8722a3feef839fb782d81ecc468bdfd21", kill_on_drop: false }`
[INFO] [stdout] 269ebe91aee029c457de4df4c6fc4ca8722a3feef839fb782d81ecc468bdfd21
[INFO] running `Command { std: "docker" "create" "-v" "/var/lib/crater-agent-workspace/builds/worker-6-tc1/target:/opt/rustwide/target:rw,Z" "-v" "/var/lib/crater-agent-workspace/builds/worker-6-tc1/source:/opt/rustwide/workdir:ro,Z" "-v" "/var/lib/crater-agent-workspace/cargo-home:/opt/rustwide/cargo-home:ro,Z" "-v" "/var/lib/crater-agent-workspace/rustup-home:/opt/rustwide/rustup-home:ro,Z" "-e" "SOURCE_DIR=/opt/rustwide/workdir" "-e" "CARGO_TARGET_DIR=/opt/rustwide/target" "-e" "CARGO_INCREMENTAL=0" "-e" "RUST_BACKTRACE=full" "-e" "RUSTFLAGS=--cap-lints=warn" "-e" "RUSTDOCFLAGS=--cap-lints=warn" "-e" "CARGO_HOME=/opt/rustwide/cargo-home" "-e" "RUSTUP_HOME=/opt/rustwide/rustup-home" "-w" "/opt/rustwide/workdir" "-m" "1610612736" "--user" "0:0" "--network" "none" "ghcr.io/rust-lang/crates-build-env/linux@sha256:2788e3201cd34a07e3172128adcd8b3090168a8e3bcc40d7c032b9dda1df7d1c" "/opt/rustwide/cargo-home/bin/cargo" "+1.75.0" "test" "--frozen", kill_on_drop: false }`
[INFO] [stdout] 53bb8c6a35d093f2e9dbece826f60123e0aa6a09cacc51e5247c2fffb991c504
[INFO] running `Command { std: "docker" "start" "-a" "53bb8c6a35d093f2e9dbece826f60123e0aa6a09cacc51e5247c2fffb991c504", kill_on_drop: false }`
[INFO] [stderr]     Finished test [unoptimized + debuginfo] target(s) in 0.10s
[INFO] [stderr]      Running unittests src/lib.rs (/opt/rustwide/target/debug/deps/google_essentialcontacts1-0f4d6e8f416dba71)
[INFO] [stdout] 
[INFO] [stdout] running 0 tests
[INFO] [stdout] 
[INFO] [stdout] test result: ok. 0 passed; 0 failed; 0 ignored; 0 measured; 0 filtered out; finished in 0.00s
[INFO] [stdout] 
[INFO] [stderr]    Doc-tests google-essentialcontacts1
[INFO] [stdout] 
[INFO] [stdout] running 27 tests
[INFO] [stdout] test src/api.rs - api::FolderContactListCall (line 1969) - compile ... ok
[INFO] [stdout] test src/api.rs - api::OrganizationContactComputeCall (line 2851) - compile ... ok
[INFO] [stdout] test src/api.rs - api::OrganizationContactSendTestMessageCall (line 4558) - compile ... ok
[INFO] [stdout] test src/api.rs - api::OrganizationContactCreateCall (line 3152) - compile ... ok
[INFO] [stdout] test src/api.rs - api::FolderContactComputeCall (line 852) - compile ... ok
[INFO] [stdout] test src/api.rs - api::FolderContactGetCall (line 1707) - compile ... ok
[INFO] [stdout] test src/api.rs - api::FolderMethods (line 328) - compile ... ok
[INFO] [stdout] test src/api.rs - api::FolderContactDeleteCall (line 1445) - compile ... ok
[INFO] [stdout] test src/api.rs - api::FolderContactPatchCall (line 2255) - compile ... FAILED
[INFO] [stdout] test src/api.rs - api::OrganizationContactListCall (line 3968) - compile ... ok
[INFO] [stdout] test src/lib.rs - (line 53) ... ignored
[INFO] [stdout] test src/api.rs - api::OrganizationContactDeleteCall (line 3444) - compile ... ok
[INFO] [stdout] test src/api.rs - api::OrganizationContactGetCall (line 3706) - compile ... ok
[INFO] [stdout] test src/api.rs - api::Essentialcontacts (line 58) - compile ... FAILED
[INFO] [stdout] test src/api.rs - api::OrganizationContactPatchCall (line 4254) - compile ... FAILED
[INFO] [stdout] test src/api.rs - api::FolderContactCreateCall (line 1153) - compile ... ok
[INFO] [stdout] test src/api.rs - api::FolderContactSendTestMessageCall (line 2559) - compile ... ok
[INFO] [stdout] test src/api.rs - api::ProjectContactComputeCall (line 4850) - compile ... ok
[INFO] [stdout] test src/api.rs - api::OrganizationMethods (line 500) - compile ... ok
[INFO] [stdout] test src/api.rs - api::ProjectContactGetCall (line 5705) - compile ... ok
[INFO] [stdout] test src/api.rs - api::ProjectContactDeleteCall (line 5443) - compile ... ok
[INFO] [stdout] test src/api.rs - api::ProjectContactSendTestMessageCall (line 6557) - compile ... ok
[INFO] [stdout] test src/api.rs - api::ProjectContactListCall (line 5967) - compile ... ok
[INFO] [stdout] test src/api.rs - api::ProjectMethods (line 672) - compile ... ok
[INFO] [stdout] test src/api.rs - api::ProjectContactCreateCall (line 5151) - compile ... ok
[INFO] [stdout] test src/api.rs - api::ProjectContactPatchCall (line 6253) - compile ... FAILED
[INFO] [stdout] test src/lib.rs - (line 85) - compile ... FAILED
[INFO] [stderr] error: doctest failed, to rerun pass `--doc`
[INFO] [stdout] 
[INFO] [stdout] failures:
[INFO] [stdout] 
[INFO] [stdout] ---- src/api.rs - api::FolderContactPatchCall (line 2255) stdout ----
[INFO] [stdout] error[E0308]: mismatched types
[INFO] [stdout]     --> src/api.rs:2279:27
[INFO] [stdout]      |
[INFO] [stdout] 25   |              .update_mask(&Default::default())
[INFO] [stdout]      |               ----------- ^^^^^^^^^^^^^^^^^^^ expected `FieldMask`, found `&_`
[INFO] [stdout]      |               |
[INFO] [stdout]      |               arguments to this method are incorrect
[INFO] [stdout]      |
[INFO] [stdout]      = note: expected struct `FieldMask`
[INFO] [stdout]              found reference `&_`
[INFO] [stdout] note: method defined here
[INFO] [stdout]     --> /opt/rustwide/workdir/src/api.rs:2470:12
[INFO] [stdout]      |
[INFO] [stdout] 2470 |     pub fn update_mask(mut self, new_value: client::FieldMask) -> FolderContactPatchCall<'a, S> {
[INFO] [stdout]      |            ^^^^^^^^^^^
[INFO] [stdout] help: consider removing the borrow
[INFO] [stdout]      |
[INFO] [stdout] 25   -              .update_mask(&Default::default())
[INFO] [stdout] 25   +              .update_mask(Default::default())
[INFO] [stdout]      |
[INFO] [stdout] 
[INFO] [stdout] error: aborting due to previous error
[INFO] [stdout] 
[INFO] [stdout] For more information about this error, try `rustc --explain E0308`.
[INFO] [stdout] Couldn't compile the test.
[INFO] [stdout] ---- src/api.rs - api::Essentialcontacts (line 58) stdout ----
[INFO] [stdout] error[E0308]: mismatched types
[INFO] [stdout]     --> src/api.rs:90:27
[INFO] [stdout]      |
[INFO] [stdout] 33   |              .update_mask(&Default::default())
[INFO] [stdout]      |               ----------- ^^^^^^^^^^^^^^^^^^^ expected `FieldMask`, found `&_`
[INFO] [stdout]      |               |
[INFO] [stdout]      |               arguments to this method are incorrect
[INFO] [stdout]      |
[INFO] [stdout]      = note: expected struct `FieldMask`
[INFO] [stdout]              found reference `&_`
[INFO] [stdout] note: method defined here
[INFO] [stdout]     --> /opt/rustwide/workdir/src/api.rs:2470:12
[INFO] [stdout]      |
[INFO] [stdout] 2470 |     pub fn update_mask(mut self, new_value: client::FieldMask) -> FolderContactPatchCall<'a, S> {
[INFO] [stdout]      |            ^^^^^^^^^^^
[INFO] [stdout] help: consider removing the borrow
[INFO] [stdout]      |
[INFO] [stdout] 33   -              .update_mask(&Default::default())
[INFO] [stdout] 33   +              .update_mask(Default::default())
[INFO] [stdout]      |
[INFO] [stdout] 
[INFO] [stdout] error: aborting due to previous error
[INFO] [stdout] 
[INFO] [stdout] For more information about this error, try `rustc --explain E0308`.
[INFO] [stdout] Couldn't compile the test.
[INFO] [stdout] ---- src/api.rs - api::OrganizationContactPatchCall (line 4254) stdout ----
[INFO] [stdout] error[E0308]: mismatched types
[INFO] [stdout]     --> src/api.rs:4278:27
[INFO] [stdout]      |
[INFO] [stdout] 25   |              .update_mask(&Default::default())
[INFO] [stdout]      |               ----------- ^^^^^^^^^^^^^^^^^^^ expected `FieldMask`, found `&_`
[INFO] [stdout]      |               |
[INFO] [stdout]      |               arguments to this method are incorrect
[INFO] [stdout]      |
[INFO] [stdout]      = note: expected struct `FieldMask`
[INFO] [stdout]              found reference `&_`
[INFO] [stdout] note: method defined here
[INFO] [stdout]     --> /opt/rustwide/workdir/src/api.rs:4469:12
[INFO] [stdout]      |
[INFO] [stdout] 4469 |     pub fn update_mask(mut self, new_value: client::FieldMask) -> OrganizationContactPatchCall<'a, S> {
[INFO] [stdout]      |            ^^^^^^^^^^^
[INFO] [stdout] help: consider removing the borrow
[INFO] [stdout]      |
[INFO] [stdout] 25   -              .update_mask(&Default::default())
[INFO] [stdout] 25   +              .update_mask(Default::default())
[INFO] [stdout]      |
[INFO] [stdout] 
[INFO] [stdout] error: aborting due to previous error
[INFO] [stdout] 
[INFO] [stdout] For more information about this error, try `rustc --explain E0308`.
[INFO] [stdout] Couldn't compile the test.
[INFO] [stdout] ---- src/api.rs - api::ProjectContactPatchCall (line 6253) stdout ----
[INFO] [stdout] error[E0308]: mismatched types
[INFO] [stdout]     --> src/api.rs:6277:27
[INFO] [stdout]      |
[INFO] [stdout] 25   |              .update_mask(&Default::default())
[INFO] [stdout]      |               ----------- ^^^^^^^^^^^^^^^^^^^ expected `FieldMask`, found `&_`
[INFO] [stdout]      |               |
[INFO] [stdout]      |               arguments to this method are incorrect
[INFO] [stdout]      |
[INFO] [stdout]      = note: expected struct `FieldMask`
[INFO] [stdout]              found reference `&_`
[INFO] [stdout] note: method defined here
[INFO] [stdout]     --> /opt/rustwide/workdir/src/api.rs:6468:12
[INFO] [stdout]      |
[INFO] [stdout] 6468 |     pub fn update_mask(mut self, new_value: client::FieldMask) -> ProjectContactPatchCall<'a, S> {
[INFO] [stdout]      |            ^^^^^^^^^^^
[INFO] [stdout] help: consider removing the borrow
[INFO] [stdout]      |
[INFO] [stdout] 25   -              .update_mask(&Default::default())
[INFO] [stdout] 25   +              .update_mask(Default::default())
[INFO] [stdout]      |
[INFO] [stdout] 
[INFO] [stdout] error: aborting due to previous error
[INFO] [stdout] 
[INFO] [stdout] For more information about this error, try `rustc --explain E0308`.
[INFO] [stdout] Couldn't compile the test.
[INFO] [stdout] ---- src/lib.rs - (line 85) stdout ----
[INFO] [stdout] error[E0308]: mismatched types
[INFO] [stdout]     --> src/lib.rs:117:27
[INFO] [stdout]      |
[INFO] [stdout] 33   |              .update_mask(&Default::default())
[INFO] [stdout]      |               ----------- ^^^^^^^^^^^^^^^^^^^ expected `FieldMask`, found `&_`
[INFO] [stdout]      |               |
[INFO] [stdout]      |               arguments to this method are incorrect
[INFO] [stdout]      |
[INFO] [stdout]      = note: expected struct `FieldMask`
[INFO] [stdout]              found reference `&_`
[INFO] [stdout] note: method defined here
[INFO] [stdout]     --> /opt/rustwide/workdir/src/api.rs:2470:12
[INFO] [stdout]      |
[INFO] [stdout] 2470 |     pub fn update_mask(mut self, new_value: client::FieldMask) -> FolderContactPatchCall<'a, S> {
[INFO] [stdout]      |            ^^^^^^^^^^^
[INFO] [stdout] help: consider removing the borrow
[INFO] [stdout]      |
[INFO] [stdout] 33   -              .update_mask(&Default::default())
[INFO] [stdout] 33   +              .update_mask(Default::default())
[INFO] [stdout]      |
[INFO] [stdout] 
[INFO] [stdout] error: aborting due to previous error
[INFO] [stdout] 
[INFO] [stdout] For more information about this error, try `rustc --explain E0308`.
[INFO] [stdout] Couldn't compile the test.
[INFO] [stdout] 
[INFO] [stdout] failures:
[INFO] [stdout]     src/api.rs - api::Essentialcontacts (line 58)
[INFO] [stdout]     src/api.rs - api::FolderContactPatchCall (line 2255)
[INFO] [stdout]     src/api.rs - api::OrganizationContactPatchCall (line 4254)
[INFO] [stdout]     src/api.rs - api::ProjectContactPatchCall (line 6253)
[INFO] [stdout]     src/lib.rs - (line 85)
[INFO] [stdout] 
[INFO] [stdout] test result: FAILED. 21 passed; 5 failed; 1 ignored; 0 measured; 0 filtered out; finished in 0.50s
[INFO] [stdout] 
[INFO] running `Command { std: "docker" "inspect" "53bb8c6a35d093f2e9dbece826f60123e0aa6a09cacc51e5247c2fffb991c504", kill_on_drop: false }`
[INFO] running `Command { std: "docker" "rm" "-f" "53bb8c6a35d093f2e9dbece826f60123e0aa6a09cacc51e5247c2fffb991c504", kill_on_drop: false }`
[INFO] [stdout] 53bb8c6a35d093f2e9dbece826f60123e0aa6a09cacc51e5247c2fffb991c504
[INFO] testing google-essentialcontacts1-5.0.3+20230123 against beta-2023-12-22 for beta-1.76-1
[INFO] extracting crate google-essentialcontacts1 5.0.3+20230123 into /workspace/builds/worker-6-tc2/source
[INFO] validating manifest of crates.io crate google-essentialcontacts1 5.0.3+20230123 on toolchain beta-2023-12-22
[INFO] running `Command { std: CARGO_HOME="/workspace/cargo-home" RUSTUP_HOME="/workspace/rustup-home" "/workspace/cargo-home/bin/cargo" "+beta-2023-12-22" "metadata" "--manifest-path" "Cargo.toml" "--no-deps", kill_on_drop: false }`
[INFO] started tweaking crates.io crate google-essentialcontacts1 5.0.3+20230123
[INFO] finished tweaking crates.io crate google-essentialcontacts1 5.0.3+20230123
[INFO] tweaked toml for crates.io crate google-essentialcontacts1 5.0.3+20230123 written to /workspace/builds/worker-6-tc2/source/Cargo.toml
[INFO] running `Command { std: CARGO_HOME="/workspace/cargo-home" RUSTUP_HOME="/workspace/rustup-home" "/workspace/cargo-home/bin/cargo" "+beta-2023-12-22" "generate-lockfile" "--manifest-path" "Cargo.toml", kill_on_drop: false }`
[INFO] [stderr]     Updating crates.io index
[INFO] running `Command { std: CARGO_HOME="/workspace/cargo-home" RUSTUP_HOME="/workspace/rustup-home" "/workspace/cargo-home/bin/cargo" "+beta-2023-12-22" "fetch" "--manifest-path" "Cargo.toml", kill_on_drop: false }`
[INFO] running `Command { std: "docker" "create" "-v" "/var/lib/crater-agent-workspace/builds/worker-6-tc2/target:/opt/rustwide/target:rw,Z" "-v" "/var/lib/crater-agent-workspace/builds/worker-6-tc2/source:/opt/rustwide/workdir:ro,Z" "-v" "/var/lib/crater-agent-workspace/cargo-home:/opt/rustwide/cargo-home:ro,Z" "-v" "/var/lib/crater-agent-workspace/rustup-home:/opt/rustwide/rustup-home:ro,Z" "-e" "SOURCE_DIR=/opt/rustwide/workdir" "-e" "CARGO_TARGET_DIR=/opt/rustwide/target" "-e" "CARGO_HOME=/opt/rustwide/cargo-home" "-e" "RUSTUP_HOME=/opt/rustwide/rustup-home" "-w" "/opt/rustwide/workdir" "-m" "1610612736" "--user" "0:0" "--network" "none" "ghcr.io/rust-lang/crates-build-env/linux@sha256:2788e3201cd34a07e3172128adcd8b3090168a8e3bcc40d7c032b9dda1df7d1c" "/opt/rustwide/cargo-home/bin/cargo" "+beta-2023-12-22" "metadata" "--no-deps" "--format-version=1", kill_on_drop: false }`
[INFO] [stdout] 73665b3fc96f33a454e0708896953f0dd35e697252ecbf73325fe37e93fb4d5f
[INFO] running `Command { std: "docker" "start" "-a" "73665b3fc96f33a454e0708896953f0dd35e697252ecbf73325fe37e93fb4d5f", kill_on_drop: false }`
[INFO] running `Command { std: "docker" "inspect" "73665b3fc96f33a454e0708896953f0dd35e697252ecbf73325fe37e93fb4d5f", kill_on_drop: false }`
[INFO] running `Command { std: "docker" "rm" "-f" "73665b3fc96f33a454e0708896953f0dd35e697252ecbf73325fe37e93fb4d5f", kill_on_drop: false }`
[INFO] [stdout] 73665b3fc96f33a454e0708896953f0dd35e697252ecbf73325fe37e93fb4d5f
[INFO] running `Command { std: "docker" "create" "-v" "/var/lib/crater-agent-workspace/builds/worker-6-tc2/target:/opt/rustwide/target:rw,Z" "-v" "/var/lib/crater-agent-workspace/builds/worker-6-tc2/source:/opt/rustwide/workdir:ro,Z" "-v" "/var/lib/crater-agent-workspace/cargo-home:/opt/rustwide/cargo-home:ro,Z" "-v" "/var/lib/crater-agent-workspace/rustup-home:/opt/rustwide/rustup-home:ro,Z" "-e" "SOURCE_DIR=/opt/rustwide/workdir" "-e" "CARGO_TARGET_DIR=/opt/rustwide/target" "-e" "CARGO_INCREMENTAL=0" "-e" "RUST_BACKTRACE=full" "-e" "RUSTFLAGS=--cap-lints=warn" "-e" "RUSTDOCFLAGS=--cap-lints=warn" "-e" "CARGO_HOME=/opt/rustwide/cargo-home" "-e" "RUSTUP_HOME=/opt/rustwide/rustup-home" "-w" "/opt/rustwide/workdir" "-m" "1610612736" "--user" "0:0" "--network" "none" "ghcr.io/rust-lang/crates-build-env/linux@sha256:2788e3201cd34a07e3172128adcd8b3090168a8e3bcc40d7c032b9dda1df7d1c" "/opt/rustwide/cargo-home/bin/cargo" "+beta-2023-12-22" "build" "--frozen" "--message-format=json", kill_on_drop: false }`
[INFO] [stdout] 464e9b30b28df3ac89672b335eb3c96f00e575beb57bd2fe0bba020ed83577fa
[INFO] running `Command { std: "docker" "start" "-a" "464e9b30b28df3ac89672b335eb3c96f00e575beb57bd2fe0bba020ed83577fa", kill_on_drop: false }`
[INFO] [stderr]    Compiling google-essentialcontacts1 v5.0.3+20230123 (/opt/rustwide/workdir)
[INFO] [stderr]     Finished dev [unoptimized + debuginfo] target(s) in 1.08s
[INFO] running `Command { std: "docker" "inspect" "464e9b30b28df3ac89672b335eb3c96f00e575beb57bd2fe0bba020ed83577fa", kill_on_drop: false }`
[INFO] running `Command { std: "docker" "rm" "-f" "464e9b30b28df3ac89672b335eb3c96f00e575beb57bd2fe0bba020ed83577fa", kill_on_drop: false }`
[INFO] [stdout] 464e9b30b28df3ac89672b335eb3c96f00e575beb57bd2fe0bba020ed83577fa
[INFO] running `Command { std: "docker" "create" "-v" "/var/lib/crater-agent-workspace/builds/worker-6-tc2/target:/opt/rustwide/target:rw,Z" "-v" "/var/lib/crater-agent-workspace/builds/worker-6-tc2/source:/opt/rustwide/workdir:ro,Z" "-v" "/var/lib/crater-agent-workspace/cargo-home:/opt/rustwide/cargo-home:ro,Z" "-v" "/var/lib/crater-agent-workspace/rustup-home:/opt/rustwide/rustup-home:ro,Z" "-e" "SOURCE_DIR=/opt/rustwide/workdir" "-e" "CARGO_TARGET_DIR=/opt/rustwide/target" "-e" "CARGO_INCREMENTAL=0" "-e" "RUST_BACKTRACE=full" "-e" "RUSTFLAGS=--cap-lints=warn" "-e" "RUSTDOCFLAGS=--cap-lints=warn" "-e" "CARGO_HOME=/opt/rustwide/cargo-home" "-e" "RUSTUP_HOME=/opt/rustwide/rustup-home" "-w" "/opt/rustwide/workdir" "-m" "1610612736" "--user" "0:0" "--network" "none" "ghcr.io/rust-lang/crates-build-env/linux@sha256:2788e3201cd34a07e3172128adcd8b3090168a8e3bcc40d7c032b9dda1df7d1c" "/opt/rustwide/cargo-home/bin/cargo" "+beta-2023-12-22" "test" "--frozen" "--no-run" "--message-format=json", kill_on_drop: false }`
[INFO] [stdout] 77df992cffa44c032527da2334a8b915c2a8e07bec7a8d36f5820a4574793538
[INFO] running `Command { std: "docker" "start" "-a" "77df992cffa44c032527da2334a8b915c2a8e07bec7a8d36f5820a4574793538", kill_on_drop: false }`
[INFO] [stderr]    Compiling google-essentialcontacts1 v5.0.3+20230123 (/opt/rustwide/workdir)
[INFO] [stderr]     Finished test [unoptimized + debuginfo] target(s) in 1.54s
[INFO] running `Command { std: "docker" "inspect" "77df992cffa44c032527da2334a8b915c2a8e07bec7a8d36f5820a4574793538", kill_on_drop: false }`
[INFO] running `Command { std: "docker" "rm" "-f" "77df992cffa44c032527da2334a8b915c2a8e07bec7a8d36f5820a4574793538", kill_on_drop: false }`
[INFO] [stdout] 77df992cffa44c032527da2334a8b915c2a8e07bec7a8d36f5820a4574793538
[INFO] running `Command { std: "docker" "create" "-v" "/var/lib/crater-agent-workspace/builds/worker-6-tc2/target:/opt/rustwide/target:rw,Z" "-v" "/var/lib/crater-agent-workspace/builds/worker-6-tc2/source:/opt/rustwide/workdir:ro,Z" "-v" "/var/lib/crater-agent-workspace/cargo-home:/opt/rustwide/cargo-home:ro,Z" "-v" "/var/lib/crater-agent-workspace/rustup-home:/opt/rustwide/rustup-home:ro,Z" "-e" "SOURCE_DIR=/opt/rustwide/workdir" "-e" "CARGO_TARGET_DIR=/opt/rustwide/target" "-e" "CARGO_INCREMENTAL=0" "-e" "RUST_BACKTRACE=full" "-e" "RUSTFLAGS=--cap-lints=warn" "-e" "RUSTDOCFLAGS=--cap-lints=warn" "-e" "CARGO_HOME=/opt/rustwide/cargo-home" "-e" "RUSTUP_HOME=/opt/rustwide/rustup-home" "-w" "/opt/rustwide/workdir" "-m" "1610612736" "--user" "0:0" "--network" "none" "ghcr.io/rust-lang/crates-build-env/linux@sha256:2788e3201cd34a07e3172128adcd8b3090168a8e3bcc40d7c032b9dda1df7d1c" "/opt/rustwide/cargo-home/bin/cargo" "+beta-2023-12-22" "test" "--frozen", kill_on_drop: false }`
[INFO] [stdout] 2f302a17dc0c443fae9a9b58eb9ea65029737b001c8bfc43de0e84c8a2983aba
[INFO] running `Command { std: "docker" "start" "-a" "2f302a17dc0c443fae9a9b58eb9ea65029737b001c8bfc43de0e84c8a2983aba", kill_on_drop: false }`
[INFO] [stderr]     Finished test [unoptimized + debuginfo] target(s) in 0.11s
[INFO] [stderr]      Running unittests src/lib.rs (/opt/rustwide/target/debug/deps/google_essentialcontacts1-941d461cd56d3916)
[INFO] [stdout] 
[INFO] [stdout] running 0 tests
[INFO] [stdout] 
[INFO] [stdout] test result: ok. 0 passed; 0 failed; 0 ignored; 0 measured; 0 filtered out; finished in 0.00s
[INFO] [stdout] 
[INFO] [stderr]    Doc-tests google-essentialcontacts1
[INFO] [stdout] 
[INFO] [stdout] running 27 tests
[INFO] [stdout] test src/api.rs - api::FolderContactGetCall (line 1707) - compile ... ok
[INFO] [stdout] test src/api.rs - api::FolderContactDeleteCall (line 1445) - compile ... ok
[INFO] [stdout] test src/api.rs - api::FolderMethods (line 328) - compile ... ok
[INFO] [stdout] test src/api.rs - api::OrganizationContactDeleteCall (line 3444) - compile ... ok
[INFO] [stdout] test src/api.rs - api::FolderContactComputeCall (line 852) - compile ... ok
[INFO] [stdout] test src/api.rs - api::FolderContactListCall (line 1969) - compile ... ok
[INFO] [stdout] test src/api.rs - api::FolderContactCreateCall (line 1153) - compile ... ok
[INFO] [stdout] test src/api.rs - api::OrganizationContactSendTestMessageCall (line 4558) - compile ... ok
[INFO] [stdout] test src/api.rs - api::OrganizationContactListCall (line 3968) - compile ... ok
[INFO] [stdout] test src/api.rs - api::OrganizationContactComputeCall (line 2851) - compile ... ok
[INFO] [stdout] test src/lib.rs - (line 53) ... ignored
[INFO] [stdout] test src/api.rs - api::FolderContactSendTestMessageCall (line 2559) - compile ... ok
[INFO] [stdout] test src/api.rs - api::OrganizationContactCreateCall (line 3152) - compile ... ok
[INFO] [stdout] test src/api.rs - api::OrganizationContactGetCall (line 3706) - compile ... ok
[INFO] [stdout] test src/api.rs - api::FolderContactPatchCall (line 2255) - compile ... FAILED
[INFO] [stdout] test src/api.rs - api::OrganizationContactPatchCall (line 4254) - compile ... FAILED
[INFO] [stdout] test src/api.rs - api::ProjectContactDeleteCall (line 5443) - compile ... ok
[INFO] [stdout] test src/api.rs - api::ProjectContactGetCall (line 5705) - compile ... ok
[INFO] [stdout] test src/api.rs - api::ProjectContactPatchCall (line 6253) - compile ... FAILED
[INFO] [stdout] test src/api.rs - api::ProjectContactCreateCall (line 5151) - compile ... ok
[INFO] [stdout] test src/api.rs - api::ProjectContactComputeCall (line 4850) - compile ... ok
[INFO] [stdout] test src/api.rs - api::ProjectMethods (line 672) - compile ... ok
[INFO] [stdout] test src/api.rs - api::OrganizationMethods (line 500) - compile ... ok
[INFO] [stdout] test src/api.rs - api::ProjectContactListCall (line 5967) - compile ... ok
[INFO] [stdout] test src/api.rs - api::Essentialcontacts (line 58) - compile ... FAILED
[INFO] [stdout] test src/api.rs - api::ProjectContactSendTestMessageCall (line 6557) - compile ... ok
[INFO] [stdout] test src/lib.rs - (line 85) - compile ... FAILED
[INFO] [stdout] 
[INFO] [stdout] failures:
[INFO] [stdout] 
[INFO] [stdout] ---- src/api.rs - api::FolderContactPatchCall (line 2255) stdout ----
[INFO] [stdout] error[E0308]: mismatched types
[INFO] [stdout]     --> src/api.rs:2279:27
[INFO] [stdout]      |
[INFO] [stdout] 25   |              .update_mask(&Default::default())
[INFO] [stdout]      |               ----------- ^^^^^^^^^^^^^^^^^^^ expected `FieldMask`, found `&_`
[INFO] [stdout]      |               |
[INFO] [stdout]      |               arguments to this method are incorrect
[INFO] [stdout]      |
[INFO] [stdout]      = note: expected struct `FieldMask`
[INFO] [stdout]              found reference `&_`
[INFO] [stdout] note: method defined here
[INFO] [stdout]     --> /opt/rustwide/workdir/src/api.rs:2470:12
[INFO] [stdout]      |
[INFO] [stdout] 2470 |     pub fn update_mask(mut self, new_value: client::FieldMask) -> FolderContactPatchCall<'a, S> {
[INFO] [stdout]      |            ^^^^^^^^^^^
[INFO] [stdout] help: consider removing the borrow
[INFO] [stdout]      |
[INFO] [stdout] 25   -              .update_mask(&Default::default())
[INFO] [stdout] 25   +              .update_mask(Default::default())
[INFO] [stdout]      |
[INFO] [stdout] 
[INFO] [stdout] error: aborting due to 1 previous error
[INFO] [stdout] 
[INFO] [stdout] For more information about this error, try `rustc --explain E0308`.
[INFO] [stdout] Couldn't compile the test.
[INFO] [stdout] ---- src/api.rs - api::OrganizationContactPatchCall (line 4254) stdout ----
[INFO] [stdout] error[E0308]: mismatched types
[INFO] [stdout]     --> src/api.rs:4278:27
[INFO] [stdout]      |
[INFO] [stdout] 25   |              .update_mask(&Default::default())
[INFO] [stdout]      |               ----------- ^^^^^^^^^^^^^^^^^^^ expected `FieldMask`, found `&_`
[INFO] [stdout]      |               |
[INFO] [stdout]      |               arguments to this method are incorrect
[INFO] [stdout]      |
[INFO] [stdout]      = note: expected struct `FieldMask`
[INFO] [stdout]              found reference `&_`
[INFO] [stdout] note: method defined here
[INFO] [stdout]     --> /opt/rustwide/workdir/src/api.rs:4469:12
[INFO] [stdout]      |
[INFO] [stdout] 4469 |     pub fn update_mask(mut self, new_value: client::FieldMask) -> OrganizationContactPatchCall<'a, S> {
[INFO] [stdout]      |            ^^^^^^^^^^^
[INFO] [stdout] help: consider removing the borrow
[INFO] [stdout]      |
[INFO] [stdout] 25   -              .update_mask(&Default::default())
[INFO] [stdout] 25   +              .update_mask(Default::default())
[INFO] [stdout]      |
[INFO] [stdout] 
[INFO] [stdout] error: aborting due to 1 previous error
[INFO] [stdout] 
[INFO] [stdout] For more information about this error, try `rustc --explain E0308`.
[INFO] [stdout] Couldn't compile the test.
[INFO] [stdout] ---- src/api.rs - api::ProjectContactPatchCall (line 6253) stdout ----
[INFO] [stdout] error[E0308]: mismatched types
[INFO] [stdout]     --> src/api.rs:6277:27
[INFO] [stdout]      |
[INFO] [stdout] 25   |              .update_mask(&Default::default())
[INFO] [stdout]      |               ----------- ^^^^^^^^^^^^^^^^^^^ expected `FieldMask`, found `&_`
[INFO] [stdout]      |               |
[INFO] [stdout]      |               arguments to this method are incorrect
[INFO] [stdout]      |
[INFO] [stdout]      = note: expected struct `FieldMask`
[INFO] [stdout]              found reference `&_`
[INFO] [stdout] note: method defined here
[INFO] [stdout]     --> /opt/rustwide/workdir/src/api.rs:6468:12
[INFO] [stdout]      |
[INFO] [stdout] 6468 |     pub fn update_mask(mut self, new_value: client::FieldMask) -> ProjectContactPatchCall<'a, S> {
[INFO] [stdout]      |            ^^^^^^^^^^^
[INFO] [stdout] help: consider removing the borrow
[INFO] [stdout]      |
[INFO] [stdout] 25   -              .update_mask(&Default::default())
[INFO] [stdout] 25   +              .update_mask(Default::default())
[INFO] [stdout]      |
[INFO] [stdout] 
[INFO] [stdout] error: aborting due to 1 previous error
[INFO] [stdout] 
[INFO] [stdout] For more information about this error, try `rustc --explain E0308`.
[INFO] [stdout] Couldn't compile the test.
[INFO] [stdout] ---- src/api.rs - api::Essentialcontacts (line 58) stdout ----
[INFO] [stdout] error[E0308]: mismatched types
[INFO] [stdout]     --> src/api.rs:90:27
[INFO] [stdout]      |
[INFO] [stdout] 33   |              .update_mask(&Default::default())
[INFO] [stdout]      |               ----------- ^^^^^^^^^^^^^^^^^^^ expected `FieldMask`, found `&_`
[INFO] [stdout]      |               |
[INFO] [stdout]      |               arguments to this method are incorrect
[INFO] [stdout]      |
[INFO] [stdout]      = note: expected struct `FieldMask`
[INFO] [stdout]              found reference `&_`
[INFO] [stdout] note: method defined here
[INFO] [stdout]     --> /opt/rustwide/workdir/src/api.rs:2470:12
[INFO] [stdout]      |
[INFO] [stdout] 2470 |     pub fn update_mask(mut self, new_value: client::FieldMask) -> FolderContactPatchCall<'a, S> {
[INFO] [stdout]      |            ^^^^^^^^^^^
[INFO] [stdout] help: consider removing the borrow
[INFO] [stdout]      |
[INFO] [stdout] 33   -              .update_mask(&Default::default())
[INFO] [stdout] 33   +              .update_mask(Default::default())
[INFO] [stdout]      |
[INFO] [stdout] 
[INFO] [stdout] error: aborting due to 1 previous error
[INFO] [stdout] 
[INFO] [stdout] For more information about this error, try `rustc --explain E0308`.
[INFO] [stdout] Couldn't compile the test.
[INFO] [stdout] ---- src/lib.rs - (line 85) stdout ----
[INFO] [stdout] error[E0308]: mismatched types
[INFO] [stdout]     --> src/lib.rs:117:27
[INFO] [stdout]      |
[INFO] [stdout] 33   |              .update_mask(&Default::default())
[INFO] [stdout]      |               ----------- ^^^^^^^^^^^^^^^^^^^ expected `FieldMask`, found `&_`
[INFO] [stdout]      |               |
[INFO] [stdout]      |               arguments to this method are incorrect
[INFO] [stdout]      |
[INFO] [stdout]      = note: expected struct `FieldMask`
[INFO] [stdout]              found reference `&_`
[INFO] [stdout] note: method defined here
[INFO] [stdout]     --> /opt/rustwide/workdir/src/api.rs:2470:12
[INFO] [stdout]      |
[INFO] [stdout] 2470 |     pub fn update_mask(mut self, new_value: client::FieldMask) -> FolderContactPatchCall<'a, S> {
[INFO] [stdout]      |            ^^^^^^^^^^^
[INFO] [stdout] help: consider removing the borrow
[INFO] [stdout]      |
[INFO] [stdout] 33   -              .update_mask(&Default::default())
[INFO] [stdout] 33   +              .update_mask(Default::default())
[INFO] [stdout]      |
[INFO] [stdout] 
[INFO] [stdout] error: aborting due to 1 previous error
[INFO] [stdout] 
[INFO] [stdout] For more information about this error, try `rustc --explain E0308`.
[INFO] [stdout] Couldn't compile the test.
[INFO] [stdout] 
[INFO] [stdout] failures:
[INFO] [stdout]     src/api.rs - api::Essentialcontacts (line 58)
[INFO] [stdout]     src/api.rs - api::FolderContactPatchCall (line 2255)
[INFO] [stdout]     src/api.rs - api::OrganizationContactPatchCall (line 4254)
[INFO] [stdout]     src/api.rs - api::ProjectContactPatchCall (line 6253)
[INFO] [stdout]     src/lib.rs - (line 85)
[INFO] [stdout] 
[INFO] [stdout] test result: FAILED. 21 passed; 5 failed; 1 ignored; 0 measured; 0 filtered out; finished in 0.44s
[INFO] [stdout] 
[INFO] [stderr] error: doctest failed, to rerun pass `--doc`
[INFO] running `Command { std: "docker" "inspect" "2f302a17dc0c443fae9a9b58eb9ea65029737b001c8bfc43de0e84c8a2983aba", kill_on_drop: false }`
[INFO] running `Command { std: "docker" "rm" "-f" "2f302a17dc0c443fae9a9b58eb9ea65029737b001c8bfc43de0e84c8a2983aba", kill_on_drop: false }`
[INFO] [stdout] 2f302a17dc0c443fae9a9b58eb9ea65029737b001c8bfc43de0e84c8a2983aba
