[INFO] fetching crate google-drive 0.7.0...
[INFO] testing google-drive-0.7.0 against 1.75.0 for beta-1.76-1
[INFO] extracting crate google-drive 0.7.0 into /workspace/builds/worker-4-tc1/source
[INFO] validating manifest of crates.io crate google-drive 0.7.0 on toolchain 1.75.0
[INFO] running `Command { std: CARGO_HOME="/workspace/cargo-home" RUSTUP_HOME="/workspace/rustup-home" "/workspace/cargo-home/bin/cargo" "+1.75.0" "metadata" "--manifest-path" "Cargo.toml" "--no-deps", kill_on_drop: false }`
[INFO] started tweaking crates.io crate google-drive 0.7.0
[INFO] finished tweaking crates.io crate google-drive 0.7.0
[INFO] tweaked toml for crates.io crate google-drive 0.7.0 written to /workspace/builds/worker-4-tc1/source/Cargo.toml
[INFO] running `Command { std: CARGO_HOME="/workspace/cargo-home" RUSTUP_HOME="/workspace/rustup-home" "/workspace/cargo-home/bin/cargo" "+1.75.0" "generate-lockfile" "--manifest-path" "Cargo.toml", kill_on_drop: false }`
[INFO] [stderr]     Updating crates.io index
[INFO] running `Command { std: CARGO_HOME="/workspace/cargo-home" RUSTUP_HOME="/workspace/rustup-home" "/workspace/cargo-home/bin/cargo" "+1.75.0" "fetch" "--manifest-path" "Cargo.toml", kill_on_drop: false }`
[INFO] [stderr]  Downloading crates ...
[INFO] [stderr]   Downloaded reqwest-retry v0.2.3
[INFO] [stderr]   Downloaded reqwest-tracing v0.4.6
[INFO] [stderr]   Downloaded task-local-extensions v0.1.4
[INFO] [stderr]   Downloaded retry-policies v0.1.2
[INFO] [stderr]   Downloaded reqwest-middleware v0.2.4
[INFO] [stderr]   Downloaded parse_link_header v0.3.3
[INFO] [stderr]   Downloaded reqwest-conditional-middleware v0.2.1
[INFO] [stderr]   Downloaded rsa v0.8.2
[INFO] [stderr]   Downloaded wiremock v0.5.22
[INFO] [stderr]   Downloaded pkcs1 v0.4.1
[INFO] [stderr]   Downloaded pem-rfc7468 v0.6.0
[INFO] [stderr]   Downloaded nom_pem v4.0.0
[INFO] running `Command { std: "docker" "create" "-v" "/var/lib/crater-agent-workspace/builds/worker-4-tc1/target:/opt/rustwide/target:rw,Z" "-v" "/var/lib/crater-agent-workspace/builds/worker-4-tc1/source:/opt/rustwide/workdir:ro,Z" "-v" "/var/lib/crater-agent-workspace/cargo-home:/opt/rustwide/cargo-home:ro,Z" "-v" "/var/lib/crater-agent-workspace/rustup-home:/opt/rustwide/rustup-home:ro,Z" "-e" "SOURCE_DIR=/opt/rustwide/workdir" "-e" "CARGO_TARGET_DIR=/opt/rustwide/target" "-e" "CARGO_HOME=/opt/rustwide/cargo-home" "-e" "RUSTUP_HOME=/opt/rustwide/rustup-home" "-w" "/opt/rustwide/workdir" "-m" "1610612736" "--user" "0:0" "--network" "none" "ghcr.io/rust-lang/crates-build-env/linux@sha256:2788e3201cd34a07e3172128adcd8b3090168a8e3bcc40d7c032b9dda1df7d1c" "/opt/rustwide/cargo-home/bin/cargo" "+1.75.0" "metadata" "--no-deps" "--format-version=1", kill_on_drop: false }`
[INFO] [stdout] 6195532f86dcd4cf805235fc9cb7e3b1880117c9fbd3c5430a78bd8dd049098e
[INFO] running `Command { std: "docker" "start" "-a" "6195532f86dcd4cf805235fc9cb7e3b1880117c9fbd3c5430a78bd8dd049098e", kill_on_drop: false }`
[INFO] running `Command { std: "docker" "inspect" "6195532f86dcd4cf805235fc9cb7e3b1880117c9fbd3c5430a78bd8dd049098e", kill_on_drop: false }`
[INFO] running `Command { std: "docker" "rm" "-f" "6195532f86dcd4cf805235fc9cb7e3b1880117c9fbd3c5430a78bd8dd049098e", kill_on_drop: false }`
[INFO] [stdout] 6195532f86dcd4cf805235fc9cb7e3b1880117c9fbd3c5430a78bd8dd049098e
[INFO] running `Command { std: "docker" "create" "-v" "/var/lib/crater-agent-workspace/builds/worker-4-tc1/target:/opt/rustwide/target:rw,Z" "-v" "/var/lib/crater-agent-workspace/builds/worker-4-tc1/source:/opt/rustwide/workdir:ro,Z" "-v" "/var/lib/crater-agent-workspace/cargo-home:/opt/rustwide/cargo-home:ro,Z" "-v" "/var/lib/crater-agent-workspace/rustup-home:/opt/rustwide/rustup-home:ro,Z" "-e" "SOURCE_DIR=/opt/rustwide/workdir" "-e" "CARGO_TARGET_DIR=/opt/rustwide/target" "-e" "CARGO_INCREMENTAL=0" "-e" "RUST_BACKTRACE=full" "-e" "RUSTFLAGS=--cap-lints=warn" "-e" "RUSTDOCFLAGS=--cap-lints=warn" "-e" "CARGO_HOME=/opt/rustwide/cargo-home" "-e" "RUSTUP_HOME=/opt/rustwide/rustup-home" "-w" "/opt/rustwide/workdir" "-m" "1610612736" "--user" "0:0" "--network" "none" "ghcr.io/rust-lang/crates-build-env/linux@sha256:2788e3201cd34a07e3172128adcd8b3090168a8e3bcc40d7c032b9dda1df7d1c" "/opt/rustwide/cargo-home/bin/cargo" "+1.75.0" "build" "--frozen" "--message-format=json", kill_on_drop: false }`
[INFO] [stdout] 3981087aed0e977adaa76c2f759874c4ca4409f9840ac29eabf709221107616b
[INFO] running `Command { std: "docker" "start" "-a" "3981087aed0e977adaa76c2f759874c4ca4409f9840ac29eabf709221107616b", kill_on_drop: false }`
[INFO] [stderr]    Compiling serde v1.0.194
[INFO] [stderr]    Compiling itoa v1.0.10
[INFO] [stderr]    Compiling memchr v2.7.1
[INFO] [stderr]    Compiling parking_lot_core v0.9.9
[INFO] [stderr]    Compiling futures-sink v0.3.30
[INFO] [stderr]    Compiling spin v0.9.8
[INFO] [stderr]    Compiling futures-core v0.3.30
[INFO] [stderr]    Compiling scopeguard v1.2.0
[INFO] [stderr]    Compiling untrusted v0.9.0
[INFO] [stderr]    Compiling lock_api v0.4.11
[INFO] [stderr]    Compiling tracing-core v0.1.32
[INFO] [stderr]    Compiling syn v2.0.48
[INFO] [stderr]    Compiling cc v1.0.83
[INFO] [stderr]    Compiling getrandom v0.2.11
[INFO] [stderr]    Compiling socket2 v0.5.5
[INFO] [stderr]    Compiling mio v0.8.10
[INFO] [stderr]    Compiling num_cpus v1.16.0
[INFO] [stderr]    Compiling signal-hook-registry v1.4.1
[INFO] [stderr]    Compiling futures-channel v0.3.30
[INFO] [stderr]    Compiling tinyvec_macros v0.1.1
[INFO] [stderr]    Compiling libm v0.2.8
[INFO] [stderr]    Compiling unicase v2.7.0
[INFO] [stderr]    Compiling tinyvec v1.6.0
[INFO] [stderr]    Compiling num-traits v0.2.17
[INFO] [stderr]    Compiling equivalent v1.0.1
[INFO] [stderr]    Compiling serde_json v1.0.111
[INFO] [stderr]    Compiling base64 v0.21.5
[INFO] [stderr]    Compiling percent-encoding v2.3.1
[INFO] [stderr]    Compiling hashbrown v0.14.3
[INFO] [stderr]    Compiling parking_lot v0.12.1
[INFO] [stderr]    Compiling rustls v0.21.10
[INFO] [stderr]    Compiling ryu v1.0.16
[INFO] [stderr]    Compiling httparse v1.8.0
[INFO] [stderr]    Compiling form_urlencoded v1.2.1
[INFO] [stderr]    Compiling unicode-bidi v0.3.14
[INFO] [stderr]    Compiling try-lock v0.2.5
[INFO] [stderr]    Compiling rustls-pemfile v1.0.4
[INFO] [stderr]    Compiling tower-service v0.3.2
[INFO] [stderr]    Compiling httpdate v1.0.3
[INFO] [stderr]    Compiling anyhow v1.0.79
[INFO] [stderr]    Compiling want v0.3.1
[INFO] [stderr]    Compiling async-trait v0.1.77
[INFO] [stderr]    Compiling rustls-native-certs v0.6.3
[INFO] [stderr]    Compiling indexmap v2.1.0
[INFO] [stderr]    Compiling mime v0.3.17
[INFO] [stderr]    Compiling unicode-normalization v0.1.22
[INFO] [stderr]    Compiling mime_guess v2.0.4
[INFO] [stderr]    Compiling encoding_rs v0.8.33
[INFO] [stderr]    Compiling num-integer v0.1.45
[INFO] [stderr]    Compiling syn v1.0.109
[INFO] [stderr]    Compiling time-core v0.1.2
[INFO] [stderr]    Compiling powerfmt v0.2.0
[INFO] [stderr]    Compiling webpki-roots v0.25.3
[INFO] [stderr]    Compiling ipnet v2.9.0
[INFO] [stderr]    Compiling time-macros v0.2.16
[INFO] [stderr]    Compiling rand_core v0.6.4
[INFO] [stderr]    Compiling task-local-extensions v0.1.4
[INFO] [stderr]    Compiling num-bigint v0.4.4
[INFO] [stderr]    Compiling ring v0.17.7
[INFO] [stderr]    Compiling idna v0.5.0
[INFO] [stderr]    Compiling iana-time-zone v0.1.59
[INFO] [stderr]    Compiling num_threads v0.1.6
[INFO] [stderr]    Compiling ppv-lite86 v0.2.17
[INFO] [stderr]    Compiling ring v0.16.20
[INFO] [stderr]    Compiling aho-corasick v1.1.2
[INFO] [stderr]    Compiling rustls-pki-types v1.1.0
[INFO] [stderr]    Compiling regex-syntax v0.8.2
[INFO] [stderr]    Compiling rustls v0.22.1
[INFO] [stderr]    Compiling rand_chacha v0.3.1
[INFO] [stderr]    Compiling base64 v0.13.1
[INFO] [stderr]    Compiling either v1.9.0
[INFO] [stderr]    Compiling zeroize v1.7.0
[INFO] [stderr]    Compiling schemars v0.8.16
[INFO] [stderr]    Compiling rand v0.8.5
[INFO] [stderr]    Compiling subtle v2.5.0
[INFO] [stderr]    Compiling itertools v0.12.0
[INFO] [stderr]    Compiling pem v1.1.1
[INFO] [stderr]    Compiling lazy_static v1.4.0
[INFO] [stderr]    Compiling matchit v0.7.3
[INFO] [stderr]    Compiling dyn-clone v1.0.16
[INFO] [stderr]    Compiling regex-automata v0.4.3
[INFO] [stderr]    Compiling serde_derive_internals v0.26.0
[INFO] [stderr]    Compiling schemars_derive v0.8.16
[INFO] [stderr]    Compiling serde_derive v1.0.194
[INFO] [stderr]    Compiling futures-macro v0.3.30
[INFO] [stderr]    Compiling tokio-macros v2.2.0
[INFO] [stderr]    Compiling tracing-attributes v0.1.27
[INFO] [stderr]    Compiling thiserror-impl v1.0.56
[INFO] [stderr]    Compiling async-recursion v1.0.5
[INFO] [stderr]    Compiling futures-util v0.3.30
[INFO] [stderr]    Compiling regex v1.10.2
[INFO] [stderr]    Compiling sct v0.7.1
[INFO] [stderr]    Compiling rustls-webpki v0.101.7
[INFO] [stderr]    Compiling rustls-webpki v0.102.1
[INFO] [stderr]    Compiling thiserror v1.0.56
[INFO] [stderr]    Compiling tracing v0.1.40
[INFO] [stderr]    Compiling futures-executor v0.3.30
[INFO] [stderr]    Compiling futures v0.3.30
[INFO] [stderr]    Compiling bytes v1.5.0
[INFO] [stderr]    Compiling log v0.4.20
[INFO] [stderr]    Compiling url v2.5.0
[INFO] [stderr]    Compiling serde_urlencoded v0.7.1
[INFO] [stderr]    Compiling deranged v0.3.11
[INFO] [stderr]    Compiling chrono v0.4.31
[INFO] [stderr]    Compiling uuid v1.6.1
[INFO] [stderr]    Compiling tokio v1.35.1
[INFO] [stderr]    Compiling http v0.2.11
[INFO] [stderr]    Compiling time v0.3.31
[INFO] [stderr]    Compiling http-body v0.4.6
[INFO] [stderr]    Compiling parse_link_header v0.3.3
[INFO] [stderr]    Compiling retry-policies v0.1.2
[INFO] [stderr]    Compiling simple_asn1 v0.6.2
[INFO] [stderr]    Compiling jsonwebtoken v8.3.0
[INFO] [stderr]    Compiling tokio-util v0.7.10
[INFO] [stderr]    Compiling tokio-rustls v0.24.1
[INFO] [stderr]    Compiling h2 v0.3.22
[INFO] [stderr]    Compiling hyper v0.14.28
[INFO] [stderr]    Compiling hyper-rustls v0.24.2
[INFO] [stderr]    Compiling reqwest v0.11.23
[INFO] [stderr]    Compiling yup-oauth2 v8.3.2
[INFO] [stderr]    Compiling reqwest-middleware v0.2.4
[INFO] [stderr]    Compiling reqwest-conditional-middleware v0.2.1
[INFO] [stderr]    Compiling reqwest-tracing v0.4.6
[INFO] [stderr]    Compiling reqwest-retry v0.2.3
[INFO] [stderr]    Compiling google-drive v0.7.0 (/opt/rustwide/workdir)
[INFO] [stdout] warning: use of deprecated method `chrono::TimeZone::datetime_from_str`: use `DateTime::parse_from_str` instead
[INFO] [stdout]   --> src/utils.rs:74:31
[INFO] [stdout]    |
[INFO] [stdout] 74 |                     match Utc.datetime_from_str(&s, "%Y-%m-%dT%H:%M:%S%.3fZ") {
[INFO] [stdout]    |                               ^^^^^^^^^^^^^^^^^
[INFO] [stdout]    |
[INFO] [stdout]    = note: `#[warn(deprecated)]` on by default
[INFO] [stdout] 
[INFO] [stdout] 
[INFO] [stdout] warning: use of deprecated method `chrono::TimeZone::datetime_from_str`: use `DateTime::parse_from_str` instead
[INFO] [stdout]   --> src/utils.rs:76:45
[INFO] [stdout]    |
[INFO] [stdout] 76 |                         Err(_) => match Utc.datetime_from_str(&s, FORMAT) {
[INFO] [stdout]    |                                             ^^^^^^^^^^^^^^^^^
[INFO] [stdout] 
[INFO] [stdout] 
[INFO] [stdout] warning: use of deprecated method `chrono::TimeZone::datetime_from_str`: use `DateTime::parse_from_str` instead
[INFO] [stdout]   --> src/utils.rs:78:49
[INFO] [stdout]    |
[INFO] [stdout] 78 | ...                   Err(_) => match Utc.datetime_from_str(&s, "%+") {
[INFO] [stdout]    |                                           ^^^^^^^^^^^^^^^^^
[INFO] [stdout] 
[INFO] [stdout] 
[INFO] [stdout] warning: use of deprecated associated function `chrono::DateTime::<Tz>::from_utc`: Use TimeZone::from_utc_datetime() or DateTime::from_naive_utc_and_offset instead
[INFO] [stdout]   --> src/utils.rs:81:71
[INFO] [stdout]    |
[INFO] [stdout] 81 | ...                   Ok(d) => Ok(Some(DateTime::<Utc>::from_utc(
[INFO] [stdout]    |                                                         ^^^^^^^^
[INFO] [stdout] 
[INFO] [stdout] 
[INFO] [stdout] warning: use of deprecated method `chrono::TimeZone::datetime_from_str`: use `DateTime::parse_from_str` instead
[INFO] [stdout]   --> src/utils.rs:90:51
[INFO] [stdout]    |
[INFO] [stdout] 90 | ...                   match Utc.datetime_from_str(&s, FORMAT) {
[INFO] [stdout]    |                                 ^^^^^^^^^^^^^^^^^
[INFO] [stdout] 
[INFO] [stdout] 
[INFO] [stdout] warning: use of deprecated method `chrono::TimeZone::datetime_from_str`: use `DateTime::parse_from_str` instead
[INFO] [stdout]   --> src/utils.rs:92:65
[INFO] [stdout]    |
[INFO] [stdout] 92 | ...                   Err(_) => match Utc.datetime_from_str(&s, "%+") {
[INFO] [stdout]    |                                           ^^^^^^^^^^^^^^^^^
[INFO] [stdout] 
[INFO] [stdout] 
[INFO] [stdout] warning: 6 warnings emitted
[INFO] [stdout] 
[INFO] [stdout] 
[INFO] [stderr]     Finished dev [unoptimized + debuginfo] target(s) in 36.93s
[INFO] running `Command { std: "docker" "inspect" "3981087aed0e977adaa76c2f759874c4ca4409f9840ac29eabf709221107616b", kill_on_drop: false }`
[INFO] running `Command { std: "docker" "rm" "-f" "3981087aed0e977adaa76c2f759874c4ca4409f9840ac29eabf709221107616b", kill_on_drop: false }`
[INFO] [stdout] 3981087aed0e977adaa76c2f759874c4ca4409f9840ac29eabf709221107616b
[INFO] running `Command { std: "docker" "create" "-v" "/var/lib/crater-agent-workspace/builds/worker-4-tc1/target:/opt/rustwide/target:rw,Z" "-v" "/var/lib/crater-agent-workspace/builds/worker-4-tc1/source:/opt/rustwide/workdir:ro,Z" "-v" "/var/lib/crater-agent-workspace/cargo-home:/opt/rustwide/cargo-home:ro,Z" "-v" "/var/lib/crater-agent-workspace/rustup-home:/opt/rustwide/rustup-home:ro,Z" "-e" "SOURCE_DIR=/opt/rustwide/workdir" "-e" "CARGO_TARGET_DIR=/opt/rustwide/target" "-e" "CARGO_INCREMENTAL=0" "-e" "RUST_BACKTRACE=full" "-e" "RUSTFLAGS=--cap-lints=warn" "-e" "RUSTDOCFLAGS=--cap-lints=warn" "-e" "CARGO_HOME=/opt/rustwide/cargo-home" "-e" "RUSTUP_HOME=/opt/rustwide/rustup-home" "-w" "/opt/rustwide/workdir" "-m" "1610612736" "--user" "0:0" "--network" "none" "ghcr.io/rust-lang/crates-build-env/linux@sha256:2788e3201cd34a07e3172128adcd8b3090168a8e3bcc40d7c032b9dda1df7d1c" "/opt/rustwide/cargo-home/bin/cargo" "+1.75.0" "test" "--frozen" "--no-run" "--message-format=json", kill_on_drop: false }`
[INFO] [stdout] 8f74eb6b4f9e40c1a6e7b98ba52006cf2e702737f984bb0eb8de24846eedcb48
[INFO] running `Command { std: "docker" "start" "-a" "8f74eb6b4f9e40c1a6e7b98ba52006cf2e702737f984bb0eb8de24846eedcb48", kill_on_drop: false }`
[INFO] [stderr]    Compiling getrandom v0.1.16
[INFO] [stderr]    Compiling typenum v1.17.0
[INFO] [stderr]    Compiling const-oid v0.9.6
[INFO] [stderr]    Compiling generic-array v0.14.7
[INFO] [stderr]    Compiling base64ct v1.6.0
[INFO] [stderr]    Compiling crossbeam-utils v0.8.18
[INFO] [stderr]    Compiling num-iter v0.1.43
[INFO] [stderr]    Compiling version_check v0.1.5
[INFO] [stderr]    Compiling num-bigint-dig v0.8.4
[INFO] [stderr]    Compiling event-listener v2.5.3
[INFO] [stderr]    Compiling http-types v2.12.0
[INFO] [stderr]    Compiling fastrand v1.9.0
[INFO] [stderr]    Compiling waker-fn v1.1.1
[INFO] [stderr]    Compiling parking v2.2.0
[INFO] [stderr]    Compiling serde_qs v0.8.5
[INFO] [stderr]    Compiling deadpool-runtime v0.1.3
[INFO] [stderr]    Compiling infer v0.2.3
[INFO] [stderr]    Compiling byteorder v1.5.0
[INFO] [stderr]    Compiling futures-lite v1.13.0
[INFO] [stderr]    Compiling retain_mut v0.1.9
[INFO] [stderr]    Compiling assert-json-diff v2.0.2
[INFO] [stderr]    Compiling dirs-sys v0.3.7
[INFO] [stderr]    Compiling deadpool v0.9.5
[INFO] [stderr]    Compiling futures-timer v3.0.2
[INFO] [stderr]    Compiling pem-rfc7468 v0.6.0
[INFO] [stdout] warning: use of deprecated method `chrono::TimeZone::datetime_from_str`: use `DateTime::parse_from_str` instead
[INFO] [stdout]   --> src/utils.rs:74:31
[INFO] [stdout]    |
[INFO] [stdout] 74 |                     match Utc.datetime_from_str(&s, "%Y-%m-%dT%H:%M:%S%.3fZ") {
[INFO] [stdout]    |                               ^^^^^^^^^^^^^^^^^
[INFO] [stdout]    |
[INFO] [stdout]    = note: `#[warn(deprecated)]` on by default
[INFO] [stdout] 
[INFO] [stdout] 
[INFO] [stdout] warning: use of deprecated method `chrono::TimeZone::datetime_from_str`: use `DateTime::parse_from_str` instead
[INFO] [stdout]   --> src/utils.rs:76:45
[INFO] [stdout]    |
[INFO] [stdout] 76 |                         Err(_) => match Utc.datetime_from_str(&s, FORMAT) {
[INFO] [stdout]    |                                             ^^^^^^^^^^^^^^^^^
[INFO] [stdout] 
[INFO] [stdout] 
[INFO] [stdout] warning: use of deprecated method `chrono::TimeZone::datetime_from_str`: use `DateTime::parse_from_str` instead
[INFO] [stdout]   --> src/utils.rs:78:49
[INFO] [stdout]    |
[INFO] [stdout] 78 | ...                   Err(_) => match Utc.datetime_from_str(&s, "%+") {
[INFO] [stdout]    |                                           ^^^^^^^^^^^^^^^^^
[INFO] [stdout] 
[INFO] [stdout] 
[INFO] [stdout] warning: use of deprecated associated function `chrono::DateTime::<Tz>::from_utc`: Use TimeZone::from_utc_datetime() or DateTime::from_naive_utc_and_offset instead
[INFO] [stdout]   --> src/utils.rs:81:71
[INFO] [stdout]    |
[INFO] [stdout] 81 | ...                   Ok(d) => Ok(Some(DateTime::<Utc>::from_utc(
[INFO] [stdout]    |                                                         ^^^^^^^^
[INFO] [stdout] 
[INFO] [stdout] 
[INFO] [stdout] warning: use of deprecated method `chrono::TimeZone::datetime_from_str`: use `DateTime::parse_from_str` instead
[INFO] [stdout]   --> src/utils.rs:90:51
[INFO] [stdout]    |
[INFO] [stdout] 90 | ...                   match Utc.datetime_from_str(&s, FORMAT) {
[INFO] [stdout]    |                                 ^^^^^^^^^^^^^^^^^
[INFO] [stdout] 
[INFO] [stdout] 
[INFO] [stdout] warning: use of deprecated method `chrono::TimeZone::datetime_from_str`: use `DateTime::parse_from_str` instead
[INFO] [stdout]   --> src/utils.rs:92:65
[INFO] [stdout]    |
[INFO] [stdout] 92 | ...                   Err(_) => match Utc.datetime_from_str(&s, "%+") {
[INFO] [stdout]    |                                           ^^^^^^^^^^^^^^^^^
[INFO] [stdout] 
[INFO] [stdout] 
[INFO] [stdout] warning: 6 warnings emitted
[INFO] [stdout] 
[INFO] [stdout] 
[INFO] [stderr]    Compiling nom v4.2.3
[INFO] [stderr]    Compiling dirs v3.0.2
[INFO] [stderr]    Compiling rand_core v0.5.1
[INFO] [stderr]    Compiling der v0.6.1
[INFO] [stderr]    Compiling concurrent-queue v2.4.0
[INFO] [stderr]    Compiling rand_chacha v0.2.2
[INFO] [stderr]    Compiling async-channel v1.9.0
[INFO] [stderr]    Compiling rand v0.7.3
[INFO] [stderr]    Compiling nom_pem v4.0.0
[INFO] [stderr]    Compiling spki v0.6.0
[INFO] [stderr]    Compiling pkcs8 v0.9.0
[INFO] [stderr]    Compiling pkcs1 v0.4.1
[INFO] [stderr]    Compiling crypto-common v0.1.6
[INFO] [stderr]    Compiling digest v0.10.7
[INFO] [stderr]    Compiling signature v2.2.0
[INFO] [stderr]    Compiling rsa v0.8.2
[INFO] [stderr]    Compiling wiremock v0.5.22
[INFO] [stderr]    Compiling google-drive v0.7.0 (/opt/rustwide/workdir)
[INFO] [stdout] warning: use of deprecated method `chrono::TimeZone::datetime_from_str`: use `DateTime::parse_from_str` instead
[INFO] [stdout]   --> src/utils.rs:74:31
[INFO] [stdout]    |
[INFO] [stdout] 74 |                     match Utc.datetime_from_str(&s, "%Y-%m-%dT%H:%M:%S%.3fZ") {
[INFO] [stdout]    |                               ^^^^^^^^^^^^^^^^^
[INFO] [stdout]    |
[INFO] [stdout]    = note: `#[warn(deprecated)]` on by default
[INFO] [stdout] 
[INFO] [stdout] 
[INFO] [stdout] warning: use of deprecated method `chrono::TimeZone::datetime_from_str`: use `DateTime::parse_from_str` instead
[INFO] [stdout]   --> src/utils.rs:76:45
[INFO] [stdout]    |
[INFO] [stdout] 76 |                         Err(_) => match Utc.datetime_from_str(&s, FORMAT) {
[INFO] [stdout]    |                                             ^^^^^^^^^^^^^^^^^
[INFO] [stdout] 
[INFO] [stdout] 
[INFO] [stdout] warning: use of deprecated method `chrono::TimeZone::datetime_from_str`: use `DateTime::parse_from_str` instead
[INFO] [stdout]   --> src/utils.rs:78:49
[INFO] [stdout]    |
[INFO] [stdout] 78 | ...                   Err(_) => match Utc.datetime_from_str(&s, "%+") {
[INFO] [stdout]    |                                           ^^^^^^^^^^^^^^^^^
[INFO] [stdout] 
[INFO] [stdout] 
[INFO] [stdout] warning: use of deprecated associated function `chrono::DateTime::<Tz>::from_utc`: Use TimeZone::from_utc_datetime() or DateTime::from_naive_utc_and_offset instead
[INFO] [stdout]   --> src/utils.rs:81:71
[INFO] [stdout]    |
[INFO] [stdout] 81 | ...                   Ok(d) => Ok(Some(DateTime::<Utc>::from_utc(
[INFO] [stdout]    |                                                         ^^^^^^^^
[INFO] [stdout] 
[INFO] [stdout] 
[INFO] [stdout] warning: use of deprecated method `chrono::TimeZone::datetime_from_str`: use `DateTime::parse_from_str` instead
[INFO] [stdout]   --> src/utils.rs:90:51
[INFO] [stdout]    |
[INFO] [stdout] 90 | ...                   match Utc.datetime_from_str(&s, FORMAT) {
[INFO] [stdout]    |                                 ^^^^^^^^^^^^^^^^^
[INFO] [stdout] 
[INFO] [stdout] 
[INFO] [stdout] warning: use of deprecated method `chrono::TimeZone::datetime_from_str`: use `DateTime::parse_from_str` instead
[INFO] [stdout]   --> src/utils.rs:92:65
[INFO] [stdout]    |
[INFO] [stdout] 92 | ...                   Err(_) => match Utc.datetime_from_str(&s, "%+") {
[INFO] [stdout]    |                                           ^^^^^^^^^^^^^^^^^
[INFO] [stdout] 
[INFO] [stdout] 
[INFO] [stdout] warning: 6 warnings emitted
[INFO] [stdout] 
[INFO] [stdout] 
[INFO] [stderr]     Finished test [unoptimized + debuginfo] target(s) in 10.76s
[INFO] [stderr] warning: the following packages contain code that will be rejected by a future version of Rust: nom v4.2.3
[INFO] [stderr] note: to see what the problems were, use the option `--future-incompat-report`, or run `cargo report future-incompatibilities --id 1`
[INFO] running `Command { std: "docker" "inspect" "8f74eb6b4f9e40c1a6e7b98ba52006cf2e702737f984bb0eb8de24846eedcb48", kill_on_drop: false }`
[INFO] running `Command { std: "docker" "rm" "-f" "8f74eb6b4f9e40c1a6e7b98ba52006cf2e702737f984bb0eb8de24846eedcb48", kill_on_drop: false }`
[INFO] [stdout] 8f74eb6b4f9e40c1a6e7b98ba52006cf2e702737f984bb0eb8de24846eedcb48
[INFO] running `Command { std: "docker" "create" "-v" "/var/lib/crater-agent-workspace/builds/worker-4-tc1/target:/opt/rustwide/target:rw,Z" "-v" "/var/lib/crater-agent-workspace/builds/worker-4-tc1/source:/opt/rustwide/workdir:ro,Z" "-v" "/var/lib/crater-agent-workspace/cargo-home:/opt/rustwide/cargo-home:ro,Z" "-v" "/var/lib/crater-agent-workspace/rustup-home:/opt/rustwide/rustup-home:ro,Z" "-e" "SOURCE_DIR=/opt/rustwide/workdir" "-e" "CARGO_TARGET_DIR=/opt/rustwide/target" "-e" "CARGO_INCREMENTAL=0" "-e" "RUST_BACKTRACE=full" "-e" "RUSTFLAGS=--cap-lints=warn" "-e" "RUSTDOCFLAGS=--cap-lints=warn" "-e" "CARGO_HOME=/opt/rustwide/cargo-home" "-e" "RUSTUP_HOME=/opt/rustwide/rustup-home" "-w" "/opt/rustwide/workdir" "-m" "1610612736" "--user" "0:0" "--network" "none" "ghcr.io/rust-lang/crates-build-env/linux@sha256:2788e3201cd34a07e3172128adcd8b3090168a8e3bcc40d7c032b9dda1df7d1c" "/opt/rustwide/cargo-home/bin/cargo" "+1.75.0" "test" "--frozen", kill_on_drop: false }`
[INFO] [stdout] 2c3d40cf39e3923c78f9092bd873645bb1f5016548d527a509fb1e85bc924094
[INFO] running `Command { std: "docker" "start" "-a" "2c3d40cf39e3923c78f9092bd873645bb1f5016548d527a509fb1e85bc924094", kill_on_drop: false }`
[INFO] [stderr] warning: use of deprecated method `chrono::TimeZone::datetime_from_str`: use `DateTime::parse_from_str` instead
[INFO] [stderr]   --> src/utils.rs:74:31
[INFO] [stderr]    |
[INFO] [stderr] 74 |                     match Utc.datetime_from_str(&s, "%Y-%m-%dT%H:%M:%S%.3fZ") {
[INFO] [stderr]    |                               ^^^^^^^^^^^^^^^^^
[INFO] [stderr]    |
[INFO] [stderr]    = note: `#[warn(deprecated)]` on by default
[INFO] [stderr] 
[INFO] [stderr] warning: use of deprecated method `chrono::TimeZone::datetime_from_str`: use `DateTime::parse_from_str` instead
[INFO] [stderr]   --> src/utils.rs:76:45
[INFO] [stderr]    |
[INFO] [stderr] 76 |                         Err(_) => match Utc.datetime_from_str(&s, FORMAT) {
[INFO] [stderr]    |                                             ^^^^^^^^^^^^^^^^^
[INFO] [stderr] 
[INFO] [stderr] warning: use of deprecated method `chrono::TimeZone::datetime_from_str`: use `DateTime::parse_from_str` instead
[INFO] [stderr]   --> src/utils.rs:78:49
[INFO] [stderr]    |
[INFO] [stderr] 78 | ...                   Err(_) => match Utc.datetime_from_str(&s, "%+") {
[INFO] [stderr]    |                                           ^^^^^^^^^^^^^^^^^
[INFO] [stderr] 
[INFO] [stderr] warning: use of deprecated associated function `chrono::DateTime::<Tz>::from_utc`: Use TimeZone::from_utc_datetime() or DateTime::from_naive_utc_and_offset instead
[INFO] [stderr]   --> src/utils.rs:81:71
[INFO] [stderr]    |
[INFO] [stderr] 81 | ...                   Ok(d) => Ok(Some(DateTime::<Utc>::from_utc(
[INFO] [stderr]    |                                                         ^^^^^^^^
[INFO] [stderr] 
[INFO] [stderr] warning: use of deprecated method `chrono::TimeZone::datetime_from_str`: use `DateTime::parse_from_str` instead
[INFO] [stderr]   --> src/utils.rs:90:51
[INFO] [stderr]    |
[INFO] [stderr] 90 | ...                   match Utc.datetime_from_str(&s, FORMAT) {
[INFO] [stderr]    |                                 ^^^^^^^^^^^^^^^^^
[INFO] [stderr] 
[INFO] [stderr] warning: use of deprecated method `chrono::TimeZone::datetime_from_str`: use `DateTime::parse_from_str` instead
[INFO] [stderr]   --> src/utils.rs:92:65
[INFO] [stderr]    |
[INFO] [stderr] 92 | ...                   Err(_) => match Utc.datetime_from_str(&s, "%+") {
[INFO] [stderr]    |                                           ^^^^^^^^^^^^^^^^^
[INFO] [stderr] 
[INFO] [stderr] warning: `google-drive` (lib) generated 6 warnings
[INFO] [stderr] warning: `google-drive` (lib test) generated 6 warnings (6 duplicates)
[INFO] [stderr]     Finished test [unoptimized + debuginfo] target(s) in 0.18s
[INFO] [stderr] warning: the following packages contain code that will be rejected by a future version of Rust: nom v4.2.3
[INFO] [stderr] note: to see what the problems were, use the option `--future-incompat-report`, or run `cargo report future-incompatibilities --id 1`
[INFO] [stderr]      Running unittests src/lib.rs (/opt/rustwide/target/debug/deps/google_drive-a8ae9a3cacd2eaf5)
[INFO] [stdout] 
[INFO] [stdout] running 1 test
[INFO] [stdout] test utils::tests::test_hyperx_next_link_compat ... ok
[INFO] [stdout] 
[INFO] [stdout] test result: ok. 1 passed; 0 failed; 0 ignored; 0 measured; 0 filtered out; finished in 0.00s
[INFO] [stdout] 
[INFO] [stderr]      Running tests/tests.rs (/opt/rustwide/target/debug/deps/tests-0e8f487323b5c5eb)
[INFO] [stdout] 
[INFO] [stdout] running 0 tests
[INFO] [stdout] 
[INFO] [stdout] test result: ok. 0 passed; 0 failed; 0 ignored; 0 measured; 0 filtered out; finished in 0.00s
[INFO] [stdout] 
[INFO] [stderr]    Doc-tests google-drive
[INFO] [stdout] 
[INFO] [stdout] running 3 tests
[INFO] [stdout] test src/lib.rs - (line 46) ... FAILED
[INFO] [stdout] test src/lib.rs - (line 67) ... FAILED
[INFO] [stdout] test src/lib.rs - (line 81) ... FAILED
[INFO] [stdout] 
[INFO] [stdout] failures:
[INFO] [stdout] 
[INFO] [stdout] ---- src/lib.rs - (line 46) stdout ----
[INFO] [stdout] error: expected one of `:`, `;`, `=`, `@`, or `|`, found `drive`
[INFO] [stdout]  --> src/lib.rs:50:12
[INFO] [stdout]   |
[INFO] [stdout] 7 | let google drive = Client::new(
[INFO] [stdout]   |            ^^^^^ expected one of `:`, `;`, `=`, `@`, or `|`
[INFO] [stdout] 
[INFO] [stdout] error: aborting due to previous error
[INFO] [stdout] 
[INFO] [stdout] Couldn't compile the test.
[INFO] [stdout] ---- src/lib.rs - (line 67) stdout ----
[INFO] [stdout] error: expected one of `:`, `;`, `=`, `@`, or `|`, found `drive`
[INFO] [stdout]  --> src/lib.rs:71:12
[INFO] [stdout]   |
[INFO] [stdout] 7 | let google drive = Client::new_from_env(
[INFO] [stdout]   |            ^^^^^ expected one of `:`, `;`, `=`, `@`, or `|`
[INFO] [stdout] 
[INFO] [stdout] error: aborting due to previous error
[INFO] [stdout] 
[INFO] [stdout] Couldn't compile the test.
[INFO] [stdout] ---- src/lib.rs - (line 81) stdout ----
[INFO] [stdout] error: expected one of `:`, `;`, `=`, `@`, or `|`, found `drive`
[INFO] [stdout]  --> src/lib.rs:86:20
[INFO] [stdout]   |
[INFO] [stdout] 8 |     let mut google drive = Client::new_from_env("", "");
[INFO] [stdout]   |                    ^^^^^ expected one of `:`, `;`, `=`, `@`, or `|`
[INFO] [stdout] 
[INFO] [stdout] error: aborting due to previous error
[INFO] [stdout] 
[INFO] [stdout] Couldn't compile the test.
[INFO] [stdout] 
[INFO] [stdout] failures:
[INFO] [stdout]     src/lib.rs - (line 46)
[INFO] [stdout]     src/lib.rs - (line 67)
[INFO] [stdout]     src/lib.rs - (line 81)
[INFO] [stdout] 
[INFO] [stdout] test result: FAILED. 0 passed; 3 failed; 0 ignored; 0 measured; 0 filtered out; finished in 0.07s
[INFO] [stdout] 
[INFO] [stderr] error: doctest failed, to rerun pass `--doc`
[INFO] running `Command { std: "docker" "inspect" "2c3d40cf39e3923c78f9092bd873645bb1f5016548d527a509fb1e85bc924094", kill_on_drop: false }`
[INFO] running `Command { std: "docker" "rm" "-f" "2c3d40cf39e3923c78f9092bd873645bb1f5016548d527a509fb1e85bc924094", kill_on_drop: false }`
[INFO] [stdout] 2c3d40cf39e3923c78f9092bd873645bb1f5016548d527a509fb1e85bc924094
