[INFO] fetching crate google-dialogflow3 5.0.3+20230110...
[INFO] testing google-dialogflow3-5.0.3+20230110 against 1.75.0 for beta-1.76-1
[INFO] extracting crate google-dialogflow3 5.0.3+20230110 into /workspace/builds/worker-3-tc1/source
[INFO] validating manifest of crates.io crate google-dialogflow3 5.0.3+20230110 on toolchain 1.75.0
[INFO] running `Command { std: CARGO_HOME="/workspace/cargo-home" RUSTUP_HOME="/workspace/rustup-home" "/workspace/cargo-home/bin/cargo" "+1.75.0" "metadata" "--manifest-path" "Cargo.toml" "--no-deps", kill_on_drop: false }`
[INFO] started tweaking crates.io crate google-dialogflow3 5.0.3+20230110
[INFO] finished tweaking crates.io crate google-dialogflow3 5.0.3+20230110
[INFO] tweaked toml for crates.io crate google-dialogflow3 5.0.3+20230110 written to /workspace/builds/worker-3-tc1/source/Cargo.toml
[INFO] running `Command { std: CARGO_HOME="/workspace/cargo-home" RUSTUP_HOME="/workspace/rustup-home" "/workspace/cargo-home/bin/cargo" "+1.75.0" "generate-lockfile" "--manifest-path" "Cargo.toml", kill_on_drop: false }`
[INFO] [stderr]     Updating crates.io index
[INFO] running `Command { std: CARGO_HOME="/workspace/cargo-home" RUSTUP_HOME="/workspace/rustup-home" "/workspace/cargo-home/bin/cargo" "+1.75.0" "fetch" "--manifest-path" "Cargo.toml", kill_on_drop: false }`
[INFO] running `Command { std: "docker" "create" "-v" "/var/lib/crater-agent-workspace/builds/worker-3-tc1/target:/opt/rustwide/target:rw,Z" "-v" "/var/lib/crater-agent-workspace/builds/worker-3-tc1/source:/opt/rustwide/workdir:ro,Z" "-v" "/var/lib/crater-agent-workspace/cargo-home:/opt/rustwide/cargo-home:ro,Z" "-v" "/var/lib/crater-agent-workspace/rustup-home:/opt/rustwide/rustup-home:ro,Z" "-e" "SOURCE_DIR=/opt/rustwide/workdir" "-e" "CARGO_TARGET_DIR=/opt/rustwide/target" "-e" "CARGO_HOME=/opt/rustwide/cargo-home" "-e" "RUSTUP_HOME=/opt/rustwide/rustup-home" "-w" "/opt/rustwide/workdir" "-m" "1610612736" "--user" "0:0" "--network" "none" "ghcr.io/rust-lang/crates-build-env/linux@sha256:2788e3201cd34a07e3172128adcd8b3090168a8e3bcc40d7c032b9dda1df7d1c" "/opt/rustwide/cargo-home/bin/cargo" "+1.75.0" "metadata" "--no-deps" "--format-version=1", kill_on_drop: false }`
[INFO] [stdout] f82cbc6cb992a28e125425bb761caa5461cf6eee4d89d89d7aaed039de174dd0
[INFO] running `Command { std: "docker" "start" "-a" "f82cbc6cb992a28e125425bb761caa5461cf6eee4d89d89d7aaed039de174dd0", kill_on_drop: false }`
[INFO] running `Command { std: "docker" "inspect" "f82cbc6cb992a28e125425bb761caa5461cf6eee4d89d89d7aaed039de174dd0", kill_on_drop: false }`
[INFO] running `Command { std: "docker" "rm" "-f" "f82cbc6cb992a28e125425bb761caa5461cf6eee4d89d89d7aaed039de174dd0", kill_on_drop: false }`
[INFO] [stdout] f82cbc6cb992a28e125425bb761caa5461cf6eee4d89d89d7aaed039de174dd0
[INFO] running `Command { std: "docker" "create" "-v" "/var/lib/crater-agent-workspace/builds/worker-3-tc1/target:/opt/rustwide/target:rw,Z" "-v" "/var/lib/crater-agent-workspace/builds/worker-3-tc1/source:/opt/rustwide/workdir:ro,Z" "-v" "/var/lib/crater-agent-workspace/cargo-home:/opt/rustwide/cargo-home:ro,Z" "-v" "/var/lib/crater-agent-workspace/rustup-home:/opt/rustwide/rustup-home:ro,Z" "-e" "SOURCE_DIR=/opt/rustwide/workdir" "-e" "CARGO_TARGET_DIR=/opt/rustwide/target" "-e" "CARGO_INCREMENTAL=0" "-e" "RUST_BACKTRACE=full" "-e" "RUSTFLAGS=--cap-lints=warn" "-e" "RUSTDOCFLAGS=--cap-lints=warn" "-e" "CARGO_HOME=/opt/rustwide/cargo-home" "-e" "RUSTUP_HOME=/opt/rustwide/rustup-home" "-w" "/opt/rustwide/workdir" "-m" "1610612736" "--user" "0:0" "--network" "none" "ghcr.io/rust-lang/crates-build-env/linux@sha256:2788e3201cd34a07e3172128adcd8b3090168a8e3bcc40d7c032b9dda1df7d1c" "/opt/rustwide/cargo-home/bin/cargo" "+1.75.0" "build" "--frozen" "--message-format=json", kill_on_drop: false }`
[INFO] [stdout] 44ec391796c1e41d5611fb3a75889889c8e21a9fa20204c6f60297896226b84c
[INFO] running `Command { std: "docker" "start" "-a" "44ec391796c1e41d5611fb3a75889889c8e21a9fa20204c6f60297896226b84c", kill_on_drop: false }`
[INFO] [stderr]    Compiling pin-project-lite v0.2.13
[INFO] [stderr]    Compiling bytes v1.5.0
[INFO] [stderr]    Compiling untrusted v0.9.0
[INFO] [stderr]    Compiling futures-core v0.3.30
[INFO] [stderr]    Compiling spin v0.9.8
[INFO] [stderr]    Compiling futures-sink v0.3.30
[INFO] [stderr]    Compiling syn v2.0.48
[INFO] [stderr]    Compiling cc v1.0.83
[INFO] [stderr]    Compiling getrandom v0.2.11
[INFO] [stderr]    Compiling serde v1.0.194
[INFO] [stderr]    Compiling futures-channel v0.3.30
[INFO] [stderr]    Compiling socket2 v0.5.5
[INFO] [stderr]    Compiling mio v0.8.10
[INFO] [stderr]    Compiling futures-task v0.3.30
[INFO] [stderr]    Compiling memchr v2.7.1
[INFO] [stderr]    Compiling futures-io v0.3.30
[INFO] [stderr]    Compiling tracing-core v0.1.32
[INFO] [stderr]    Compiling http v0.2.11
[INFO] [stderr]    Compiling strsim v0.10.0
[INFO] [stderr]    Compiling tracing v0.1.40
[INFO] [stderr]    Compiling rustls v0.21.10
[INFO] [stderr]    Compiling ident_case v1.0.1
[INFO] [stderr]    Compiling hashbrown v0.14.3
[INFO] [stderr]    Compiling equivalent v1.0.1
[INFO] [stderr]    Compiling base64 v0.21.5
[INFO] [stderr]    Compiling want v0.3.1
[INFO] [stderr]    Compiling num-traits v0.2.17
[INFO] [stderr]    Compiling async-trait v0.1.77
[INFO] [stderr]    Compiling ring v0.17.7
[INFO] [stderr]    Compiling rustls-pemfile v1.0.4
[INFO] [stderr]    Compiling http-body v0.4.6
[INFO] [stderr]    Compiling httpdate v1.0.3
[INFO] [stderr]    Compiling rustls-pki-types v1.1.0
[INFO] [stderr]    Compiling indexmap v2.1.0
[INFO] [stderr]    Compiling either v1.9.0
[INFO] [stderr]    Compiling anyhow v1.0.79
[INFO] [stderr]    Compiling powerfmt v0.2.0
[INFO] [stderr]    Compiling rustls v0.22.1
[INFO] [stderr]    Compiling rustls-native-certs v0.6.3
[INFO] [stderr]    Compiling subtle v2.5.0
[INFO] [stderr]    Compiling num_threads v0.1.6
[INFO] [stderr]    Compiling time-core v0.1.2
[INFO] [stderr]    Compiling zeroize v1.7.0
[INFO] [stderr]    Compiling itertools v0.12.0
[INFO] [stderr]    Compiling seahash v4.1.0
[INFO] [stderr]    Compiling iana-time-zone v0.1.59
[INFO] [stderr]    Compiling itertools v0.10.5
[INFO] [stderr]    Compiling base64 v0.13.1
[INFO] [stderr]    Compiling darling_core v0.20.3
[INFO] [stderr]    Compiling futures-macro v0.3.30
[INFO] [stderr]    Compiling tokio-macros v2.2.0
[INFO] [stderr]    Compiling serde_derive v1.0.194
[INFO] [stderr]    Compiling tokio v1.35.1
[INFO] [stderr]    Compiling rustls-webpki v0.101.7
[INFO] [stderr]    Compiling sct v0.7.1
[INFO] [stderr]    Compiling futures-util v0.3.30
[INFO] [stderr]    Compiling rustls-webpki v0.102.1
[INFO] [stderr]    Compiling darling_macro v0.20.3
[INFO] [stderr]    Compiling darling v0.20.3
[INFO] [stderr]    Compiling serde_with_macros v2.3.3
[INFO] [stderr]    Compiling futures-executor v0.3.30
[INFO] [stderr]    Compiling futures v0.3.30
[INFO] [stderr]    Compiling tokio-util v0.7.10
[INFO] [stderr]    Compiling tokio-rustls v0.24.1
[INFO] [stderr]    Compiling h2 v0.3.22
[INFO] [stderr]    Compiling deranged v0.3.11
[INFO] [stderr]    Compiling serde_json v1.0.111
[INFO] [stderr]    Compiling serde_with v2.3.3
[INFO] [stderr]    Compiling chrono v0.4.31
[INFO] [stderr]    Compiling time v0.3.31
[INFO] [stderr]    Compiling hyper v0.14.28
[INFO] [stderr]    Compiling hyper-rustls v0.24.2
[INFO] [stderr]    Compiling yup-oauth2 v8.3.2
[INFO] [stderr]    Compiling google-apis-common v6.0.0
[INFO] [stderr]    Compiling google-dialogflow3 v5.0.3+20230110 (/opt/rustwide/workdir)
[INFO] [stderr]     Finished dev [unoptimized + debuginfo] target(s) in 46.67s
[INFO] running `Command { std: "docker" "inspect" "44ec391796c1e41d5611fb3a75889889c8e21a9fa20204c6f60297896226b84c", kill_on_drop: false }`
[INFO] running `Command { std: "docker" "rm" "-f" "44ec391796c1e41d5611fb3a75889889c8e21a9fa20204c6f60297896226b84c", kill_on_drop: false }`
[INFO] [stdout] 44ec391796c1e41d5611fb3a75889889c8e21a9fa20204c6f60297896226b84c
[INFO] running `Command { std: "docker" "create" "-v" "/var/lib/crater-agent-workspace/builds/worker-3-tc1/target:/opt/rustwide/target:rw,Z" "-v" "/var/lib/crater-agent-workspace/builds/worker-3-tc1/source:/opt/rustwide/workdir:ro,Z" "-v" "/var/lib/crater-agent-workspace/cargo-home:/opt/rustwide/cargo-home:ro,Z" "-v" "/var/lib/crater-agent-workspace/rustup-home:/opt/rustwide/rustup-home:ro,Z" "-e" "SOURCE_DIR=/opt/rustwide/workdir" "-e" "CARGO_TARGET_DIR=/opt/rustwide/target" "-e" "CARGO_INCREMENTAL=0" "-e" "RUST_BACKTRACE=full" "-e" "RUSTFLAGS=--cap-lints=warn" "-e" "RUSTDOCFLAGS=--cap-lints=warn" "-e" "CARGO_HOME=/opt/rustwide/cargo-home" "-e" "RUSTUP_HOME=/opt/rustwide/rustup-home" "-w" "/opt/rustwide/workdir" "-m" "1610612736" "--user" "0:0" "--network" "none" "ghcr.io/rust-lang/crates-build-env/linux@sha256:2788e3201cd34a07e3172128adcd8b3090168a8e3bcc40d7c032b9dda1df7d1c" "/opt/rustwide/cargo-home/bin/cargo" "+1.75.0" "test" "--frozen" "--no-run" "--message-format=json", kill_on_drop: false }`
[INFO] [stdout] 8cfb09742a0a82e0501f10d3897e746e1b9d341d3446aa956afb38b8880e3a6e
[INFO] running `Command { std: "docker" "start" "-a" "8cfb09742a0a82e0501f10d3897e746e1b9d341d3446aa956afb38b8880e3a6e", kill_on_drop: false }`
[INFO] [stderr]    Compiling google-dialogflow3 v5.0.3+20230110 (/opt/rustwide/workdir)
[INFO] [stderr]     Finished test [unoptimized + debuginfo] target(s) in 7.47s
[INFO] running `Command { std: "docker" "inspect" "8cfb09742a0a82e0501f10d3897e746e1b9d341d3446aa956afb38b8880e3a6e", kill_on_drop: false }`
[INFO] running `Command { std: "docker" "rm" "-f" "8cfb09742a0a82e0501f10d3897e746e1b9d341d3446aa956afb38b8880e3a6e", kill_on_drop: false }`
[INFO] [stdout] 8cfb09742a0a82e0501f10d3897e746e1b9d341d3446aa956afb38b8880e3a6e
[INFO] running `Command { std: "docker" "create" "-v" "/var/lib/crater-agent-workspace/builds/worker-3-tc1/target:/opt/rustwide/target:rw,Z" "-v" "/var/lib/crater-agent-workspace/builds/worker-3-tc1/source:/opt/rustwide/workdir:ro,Z" "-v" "/var/lib/crater-agent-workspace/cargo-home:/opt/rustwide/cargo-home:ro,Z" "-v" "/var/lib/crater-agent-workspace/rustup-home:/opt/rustwide/rustup-home:ro,Z" "-e" "SOURCE_DIR=/opt/rustwide/workdir" "-e" "CARGO_TARGET_DIR=/opt/rustwide/target" "-e" "CARGO_INCREMENTAL=0" "-e" "RUST_BACKTRACE=full" "-e" "RUSTFLAGS=--cap-lints=warn" "-e" "RUSTDOCFLAGS=--cap-lints=warn" "-e" "CARGO_HOME=/opt/rustwide/cargo-home" "-e" "RUSTUP_HOME=/opt/rustwide/rustup-home" "-w" "/opt/rustwide/workdir" "-m" "1610612736" "--user" "0:0" "--network" "none" "ghcr.io/rust-lang/crates-build-env/linux@sha256:2788e3201cd34a07e3172128adcd8b3090168a8e3bcc40d7c032b9dda1df7d1c" "/opt/rustwide/cargo-home/bin/cargo" "+1.75.0" "test" "--frozen", kill_on_drop: false }`
[INFO] [stdout] 46c52abe800c8eca58128fbd0e55cbf5a910a369cc68c43ce869e4e487d3dffa
[INFO] running `Command { std: "docker" "start" "-a" "46c52abe800c8eca58128fbd0e55cbf5a910a369cc68c43ce869e4e487d3dffa", kill_on_drop: false }`
[INFO] [stderr]     Finished test [unoptimized + debuginfo] target(s) in 0.12s
[INFO] [stderr]      Running unittests src/lib.rs (/opt/rustwide/target/debug/deps/google_dialogflow3-0e09fc53a2b233f3)
[INFO] [stdout] 
[INFO] [stdout] running 0 tests
[INFO] [stdout] 
[INFO] [stdout] test result: ok. 0 passed; 0 failed; 0 ignored; 0 measured; 0 filtered out; finished in 0.00s
[INFO] [stdout] 
[INFO] [stderr]    Doc-tests google-dialogflow3
[INFO] [stdout] 
[INFO] [stdout] running 116 tests
[INFO] [stdout] test src/api.rs - api::ProjectLocationAgentChangelogListCall (line 6448) - compile ... ok
[INFO] [stdout] test src/api.rs - api::ProjectLocationAgentEntityTypeCreateCall (line 6746) - compile ... ok
[INFO] [stdout] test src/api.rs - api::ProjectLocationAgentDeleteCall (line 32332) - compile ... ok
[INFO] [stdout] test src/api.rs - api::ProjectLocationAgentCreateCall (line 32040) - compile ... ok
[INFO] [stdout] test src/api.rs - api::Dialogflow (line 62) - compile ... FAILED
[INFO] [stdout] test src/api.rs - api::ProjectLocationAgentChangelogGetCall (line 6186) - compile ... ok
[INFO] [stdout] test src/api.rs - api::ProjectLocationAgentEntityTypeGetCall (line 7324) - compile ... ok
[INFO] [stdout] test src/api.rs - api::ProjectLocationAgentEntityTypeListCall (line 7598) - compile ... ok
[INFO] [stdout] test src/api.rs - api::ProjectLocationAgentEnvironmentContinuousTestResultListCall (line 8212) - compile ... ok
[INFO] [stdout] test src/api.rs - api::ProjectLocationAgentEntityTypeDeleteCall (line 7050) - compile ... ok
[INFO] [stdout] test src/api.rs - api::ProjectLocationAgentEnvironmentDeployFlowCall (line 13872) - compile ... ok
[INFO] [stdout] test src/api.rs - api::ProjectLocationAgentEntityTypePatchCall (line 7896) - compile ... FAILED
[INFO] [stdout] test src/api.rs - api::ProjectLocationAgentEnvironmentCreateCall (line 13318) - compile ... ok
[INFO] [stdout] test src/api.rs - api::ProjectLocationAgentEnvironmentDeleteCall (line 13610) - compile ... ok
[INFO] [stdout] test src/api.rs - api::ProjectLocationAgentEnvironmentDeploymentGetCall (line 8498) - compile ... ok
[INFO] [stdout] test src/api.rs - api::ProjectLocationAgentEnvironmentExperimentDeleteCall (line 9338) - compile ... ok
[INFO] [stdout] test src/api.rs - api::ProjectLocationAgentEnvironmentDeploymentListCall (line 8760) - compile ... ok
[INFO] [stdout] test src/api.rs - api::ProjectLocationAgentEnvironmentExperimentCreateCall (line 9046) - compile ... ok
[INFO] [stdout] test src/api.rs - api::ProjectLocationAgentEnvironmentExperimentStopCall (line 10744) - compile ... ok
[INFO] [stdout] test src/api.rs - api::ProjectLocationAgentEnvironmentGetCall (line 14164) - compile ... ok
[INFO] [stdout] test src/api.rs - api::ProjectLocationAgentEnvironmentExperimentStartCall (line 10452) - compile ... ok
[INFO] [stdout] test src/api.rs - api::ProjectLocationAgentEnvironmentExperimentGetCall (line 9600) - compile ... ok
[INFO] [stdout] test src/api.rs - api::ProjectLocationAgentEnvironmentListCall (line 14426) - compile ... ok
[INFO] [stdout] test src/api.rs - api::ProjectLocationAgentEnvironmentLookupEnvironmentHistoryCall (line 14712) - compile ... ok
[INFO] [stdout] test src/api.rs - api::ProjectLocationAgentEnvironmentExperimentListCall (line 9862) - compile ... ok
[INFO] [stdout] test src/api.rs - api::ProjectLocationAgentEnvironmentExperimentPatchCall (line 10148) - compile ... FAILED
[INFO] [stdout] test src/api.rs - api::ProjectLocationAgentEnvironmentPatchCall (line 14998) - compile ... FAILED
[INFO] [stdout] test src/api.rs - api::ProjectLocationAgentEnvironmentSessionEntityTypeGetCall (line 11590) - compile ... ok
[INFO] [stdout] test src/api.rs - api::ProjectLocationAgentEnvironmentSessionEntityTypeCreateCall (line 11036) - compile ... ok
[INFO] [stdout] test src/api.rs - api::ProjectLocationAgentEnvironmentSessionDetectIntentCall (line 12442) - compile ... ok
[INFO] [stdout] test src/api.rs - api::ProjectLocationAgentEnvironmentSessionEntityTypeDeleteCall (line 11328) - compile ... ok
[INFO] [stdout] test src/api.rs - api::ProjectLocationAgentEnvironmentRunContinuousTestCall (line 15302) - compile ... ok
[INFO] [stdout] test src/api.rs - api::ProjectLocationAgentEnvironmentSessionFulfillIntentCall (line 12734) - compile ... ok
[INFO] [stdout] test src/api.rs - api::ProjectLocationAgentEnvironmentSessionEntityTypePatchCall (line 12138) - compile ... FAILED
[INFO] [stdout] test src/api.rs - api::ProjectLocationAgentEnvironmentSessionEntityTypeListCall (line 11852) - compile ... ok
[INFO] [stdout] test src/api.rs - api::ProjectLocationAgentExportCall (line 32594) - compile ... ok
[INFO] [stdout] test src/api.rs - api::ProjectLocationAgentFlowCreateCall (line 20516) - compile ... ok
[INFO] [stdout] test src/api.rs - api::ProjectLocationAgentFlowExportCall (line 21094) - compile ... ok
[INFO] [stdout] test src/api.rs - api::ProjectLocationAgentEnvironmentSessionMatchIntentCall (line 13026) - compile ... ok
[INFO] [stdout] test src/api.rs - api::ProjectLocationAgentFlowDeleteCall (line 20820) - compile ... ok
[INFO] [stdout] test src/api.rs - api::ProjectLocationAgentFlowListCall (line 22226) - compile ... ok
[INFO] [stdout] test src/api.rs - api::ProjectLocationAgentFlowPageGetCall (line 16172) - compile ... ok
[INFO] [stdout] test src/api.rs - api::ProjectLocationAgentFlowGetCall (line 21386) - compile ... ok
[INFO] [stdout] test src/api.rs - api::ProjectLocationAgentFlowGetValidationResultCall (line 21660) - compile ... ok
[INFO] [stdout] test src/api.rs - api::ProjectLocationAgentFlowPageDeleteCall (line 15898) - compile ... ok
[INFO] [stdout] test src/api.rs - api::ProjectLocationAgentFlowPageCreateCall (line 15594) - compile ... ok
[INFO] [stdout] test src/api.rs - api::ProjectLocationAgentFlowImportCall (line 21934) - compile ... ok
[INFO] [stdout] test src/api.rs - api::ProjectLocationAgentFlowTransitionRouteGroupDeleteCall (line 17364) - compile ... ok
[INFO] [stdout] test src/api.rs - api::ProjectLocationAgentFlowPageListCall (line 16446) - compile ... ok
[INFO] [stdout] test src/api.rs - api::ProjectLocationAgentFlowPagePatchCall (line 16744) - compile ... FAILED
[INFO] [stdout] test src/api.rs - api::ProjectLocationAgentFlowTransitionRouteGroupGetCall (line 17638) - compile ... ok
[INFO] [stdout] test src/api.rs - api::ProjectLocationAgentFlowTrainCall (line 22840) - compile ... ok
[INFO] [stdout] test src/api.rs - api::ProjectLocationAgentFlowPatchCall (line 22524) - compile ... FAILED
[INFO] [stdout] test src/api.rs - api::ProjectLocationAgentFlowTransitionRouteGroupCreateCall (line 17060) - compile ... ok
[INFO] [stdout] test src/api.rs - api::ProjectLocationAgentFlowValidateCall (line 23132) - compile ... ok
[INFO] [stdout] test src/api.rs - api::ProjectLocationAgentFlowTransitionRouteGroupListCall (line 17912) - compile ... ok
[INFO] [stdout] test src/api.rs - api::ProjectLocationAgentFlowVersionCompareVersionCall (line 18526) - compile ... ok
[INFO] [stdout] test src/api.rs - api::ProjectLocationAgentFlowVersionListCall (line 19634) - compile ... ok
[INFO] [stdout] test src/api.rs - api::ProjectLocationAgentFlowVersionDeleteCall (line 19110) - compile ... ok
[INFO] [stdout] test src/api.rs - api::ProjectLocationAgentFlowTransitionRouteGroupPatchCall (line 18210) - compile ... FAILED
[INFO] [stdout] test src/api.rs - api::ProjectLocationAgentFlowVersionGetCall (line 19372) - compile ... ok
[INFO] [stdout] test src/api.rs - api::ProjectLocationAgentFlowVersionCreateCall (line 18818) - compile ... ok
[INFO] [stdout] test src/api.rs - api::ProjectLocationAgentGetCall (line 32886) - compile ... ok
[INFO] [stdout] test src/api.rs - api::ProjectLocationAgentFlowVersionLoadCall (line 19920) - compile ... ok
[INFO] [stdout] test src/api.rs - api::ProjectLocationAgentFlowVersionPatchCall (line 20212) - compile ... FAILED
[INFO] [stdout] test src/api.rs - api::ProjectLocationAgentGetValidationResultCall (line 33148) - compile ... ok
[INFO] [stdout] test src/api.rs - api::ProjectLocationAgentIntentCreateCall (line 23424) - compile ... ok
[INFO] [stdout] test src/api.rs - api::ProjectLocationAgentIntentDeleteCall (line 23728) - compile ... ok
[INFO] [stdout] test src/api.rs - api::ProjectLocationAgentListCall (line 33422) - compile ... ok
[INFO] [stdout] test src/api.rs - api::ProjectLocationAgentIntentGetCall (line 23990) - compile ... ok
[INFO] [stdout] test src/api.rs - api::ProjectLocationAgentIntentListCall (line 24264) - compile ... ok
[INFO] [stdout] test src/api.rs - api::ProjectLocationAgentRestoreCall (line 34012) - compile ... ok
[INFO] [stdout] test src/api.rs - api::ProjectLocationAgentSessionEntityTypeGetCall (line 25444) - compile ... ok
[INFO] [stdout] test src/api.rs - api::ProjectLocationAgentSessionDetectIntentCall (line 26296) - compile ... ok
[INFO] [stdout] test src/api.rs - api::ProjectLocationAgentSessionEntityTypeCreateCall (line 24890) - compile ... ok
[INFO] [stdout] test src/api.rs - api::ProjectLocationAgentIntentPatchCall (line 24574) - compile ... FAILED
[INFO] [stdout] test src/api.rs - api::ProjectLocationAgentPatchCall (line 33708) - compile ... FAILED
[INFO] [stdout] test src/api.rs - api::ProjectLocationAgentSessionEntityTypeDeleteCall (line 25182) - compile ... ok
[INFO] [stdout] test src/api.rs - api::ProjectLocationAgentSessionEntityTypeListCall (line 25706) - compile ... ok
[INFO] [stdout] test src/api.rs - api::ProjectLocationAgentSessionMatchIntentCall (line 26880) - compile ... ok
[INFO] [stdout] test src/api.rs - api::ProjectLocationAgentSessionFulfillIntentCall (line 26588) - compile ... ok
[INFO] [stdout] test src/api.rs - api::ProjectLocationAgentTestCaseBatchDeleteCall (line 27732) - compile ... ok
[INFO] [stdout] test src/api.rs - api::ProjectLocationAgentTestCaseCreateCall (line 28590) - compile ... ok
[INFO] [stdout] test src/api.rs - api::ProjectLocationAgentTestCaseCalculateCoverageCall (line 28316) - compile ... ok
[INFO] [stdout] test src/api.rs - api::ProjectLocationAgentTestCaseExportCall (line 28882) - compile ... ok
[INFO] [stdout] test src/api.rs - api::ProjectLocationAgentTestCaseBatchRunCall (line 28024) - compile ... ok
[INFO] [stdout] test src/api.rs - api::ProjectLocationAgentSessionEntityTypePatchCall (line 25992) - compile ... FAILED
[INFO] [stdout] test src/api.rs - api::ProjectLocationAgentTestCaseImportCall (line 29436) - compile ... ok
[INFO] [stdout] test src/api.rs - api::ProjectLocationAgentTestCaseListCall (line 29728) - compile ... ok
[INFO] [stdout] test src/api.rs - api::ProjectLocationAgentTestCasePatchCall (line 30026) - compile ... FAILED
[INFO] [stdout] test src/api.rs - api::ProjectLocationAgentTestCaseGetCall (line 29174) - compile ... ok
[INFO] [stdout] test src/api.rs - api::ProjectLocationAgentTestCaseResultGetCall (line 27172) - compile ... ok
[INFO] [stdout] test src/api.rs - api::ProjectLocationAgentTestCaseResultListCall (line 27434) - compile ... ok
[INFO] [stdout] test src/api.rs - api::ProjectLocationAgentWebhookGetCall (line 31188) - compile ... ok
[INFO] [stdout] test src/api.rs - api::ProjectLocationAgentTestCaseRunCall (line 30330) - compile ... ok
[INFO] [stdout] test src/api.rs - api::ProjectLocationAgentWebhookDeleteCall (line 30914) - compile ... ok
[INFO] [stdout] test src/api.rs - api::ProjectLocationAgentWebhookCreateCall (line 30622) - compile ... ok
[INFO] [stdout] test src/api.rs - api::ProjectLocationAgentWebhookListCall (line 31450) - compile ... ok
[INFO] [stdout] test src/api.rs - api::ProjectLocationAgentValidateCall (line 34304) - compile ... ok
[INFO] [stdout] test src/api.rs - api::ProjectLocationAgentWebhookPatchCall (line 31736) - compile ... FAILED
[INFO] [stdout] test src/api.rs - api::ProjectLocationGetCall (line 36824) - compile ... ok
[INFO] [stdout] test src/api.rs - api::ProjectLocationSecuritySettingDeleteCall (line 35710) - compile ... ok
[INFO] [stdout] test src/api.rs - api::ProjectLocationOperationCancelCall (line 34596) - compile ... ok
[INFO] [stdout] test src/api.rs - api::ProjectLocationOperationListCall (line 35120) - compile ... ok
[INFO] [stdout] test src/api.rs - api::ProjectLocationOperationGetCall (line 34858) - compile ... ok
[INFO] [stdout] test src/api.rs - api::ProjectLocationSecuritySettingGetCall (line 35972) - compile ... ok
[INFO] [stdout] test src/api.rs - api::ProjectLocationListCall (line 37086) - compile ... ok
[INFO] [stdout] test src/lib.rs - (line 49) ... ignored
[INFO] [stdout] test src/api.rs - api::ProjectMethods (line 4036) - compile ... ok
[INFO] [stdout] test src/api.rs - api::ProjectLocationSecuritySettingCreateCall (line 35418) - compile ... ok
[INFO] [stdout] test src/api.rs - api::ProjectLocationSecuritySettingListCall (line 36234) - compile ... ok
[INFO] [stdout] test src/api.rs - api::ProjectOperationListCall (line 37908) - compile ... ok
[INFO] [stdout] test src/api.rs - api::ProjectOperationCancelCall (line 37384) - compile ... ok
[INFO] [stdout] test src/api.rs - api::ProjectOperationGetCall (line 37646) - compile ... ok
[INFO] [stdout] test src/lib.rs - (line 89) - compile ... FAILED
[INFO] [stdout] test src/api.rs - api::ProjectLocationSecuritySettingPatchCall (line 36520) - compile ... FAILED
[INFO] [stdout] 
[INFO] [stdout] failures:
[INFO] [stdout] 
[INFO] [stdout] ---- src/api.rs - api::Dialogflow (line 62) stdout ----
[INFO] [stdout] error[E0308]: mismatched types
[INFO] [stdout]      --> src/api.rs:94:27
[INFO] [stdout]       |
[INFO] [stdout] 33    |              .update_mask(&Default::default())
[INFO] [stdout]       |               ----------- ^^^^^^^^^^^^^^^^^^^ expected `FieldMask`, found `&_`
[INFO] [stdout]       |               |
[INFO] [stdout]       |               arguments to this method are incorrect
[INFO] [stdout]       |
[INFO] [stdout]       = note: expected struct `FieldMask`
[INFO] [stdout]               found reference `&_`
[INFO] [stdout] note: method defined here
[INFO] [stdout]      --> /opt/rustwide/workdir/src/api.rs:15213:12
[INFO] [stdout]       |
[INFO] [stdout] 15213 |     pub fn update_mask(mut self, new_value: client::FieldMask) -> ProjectLocationAgentEnvironmentPatchCall<'a, S> {
[INFO] [stdout]       |            ^^^^^^^^^^^
[INFO] [stdout] help: consider removing the borrow
[INFO] [stdout]       |
[INFO] [stdout] 33    -              .update_mask(&Default::default())
[INFO] [stdout] 33    +              .update_mask(Default::default())
[INFO] [stdout]       |
[INFO] [stdout] 
[INFO] [stdout] error: aborting due to previous error
[INFO] [stdout] 
[INFO] [stdout] For more information about this error, try `rustc --explain E0308`.
[INFO] [stdout] Couldn't compile the test.
[INFO] [stdout] ---- src/api.rs - api::ProjectLocationAgentEntityTypePatchCall (line 7896) stdout ----
[INFO] [stdout] error[E0308]: mismatched types
[INFO] [stdout]     --> src/api.rs:7920:27
[INFO] [stdout]      |
[INFO] [stdout] 25   |              .update_mask(&Default::default())
[INFO] [stdout]      |               ----------- ^^^^^^^^^^^^^^^^^^^ expected `FieldMask`, found `&_`
[INFO] [stdout]      |               |
[INFO] [stdout]      |               arguments to this method are incorrect
[INFO] [stdout]      |
[INFO] [stdout]      = note: expected struct `FieldMask`
[INFO] [stdout]              found reference `&_`
[INFO] [stdout] note: method defined here
[INFO] [stdout]     --> /opt/rustwide/workdir/src/api.rs:8116:12
[INFO] [stdout]      |
[INFO] [stdout] 8116 |     pub fn update_mask(mut self, new_value: client::FieldMask) -> ProjectLocationAgentEntityTypePatchCall<'a, S> {
[INFO] [stdout]      |            ^^^^^^^^^^^
[INFO] [stdout] help: consider removing the borrow
[INFO] [stdout]      |
[INFO] [stdout] 25   -              .update_mask(&Default::default())
[INFO] [stdout] 25   +              .update_mask(Default::default())
[INFO] [stdout]      |
[INFO] [stdout] 
[INFO] [stdout] error: aborting due to previous error
[INFO] [stdout] 
[INFO] [stdout] For more information about this error, try `rustc --explain E0308`.
[INFO] [stdout] Couldn't compile the test.
[INFO] [stdout] ---- src/api.rs - api::ProjectLocationAgentEnvironmentExperimentPatchCall (line 10148) stdout ----
[INFO] [stdout] error[E0308]: mismatched types
[INFO] [stdout]      --> src/api.rs:10172:27
[INFO] [stdout]       |
[INFO] [stdout] 25    |              .update_mask(&Default::default())
[INFO] [stdout]       |               ----------- ^^^^^^^^^^^^^^^^^^^ expected `FieldMask`, found `&_`
[INFO] [stdout]       |               |
[INFO] [stdout]       |               arguments to this method are incorrect
[INFO] [stdout]       |
[INFO] [stdout]       = note: expected struct `FieldMask`
[INFO] [stdout]               found reference `&_`
[INFO] [stdout] note: method defined here
[INFO] [stdout]      --> /opt/rustwide/workdir/src/api.rs:10363:12
[INFO] [stdout]       |
[INFO] [stdout] 10363 |     pub fn update_mask(mut self, new_value: client::FieldMask) -> ProjectLocationAgentEnvironmentExperimentPatchCall<'a, S> {
[INFO] [stdout]       |            ^^^^^^^^^^^
[INFO] [stdout] help: consider removing the borrow
[INFO] [stdout]       |
[INFO] [stdout] 25    -              .update_mask(&Default::default())
[INFO] [stdout] 25    +              .update_mask(Default::default())
[INFO] [stdout]       |
[INFO] [stdout] 
[INFO] [stdout] error: aborting due to previous error
[INFO] [stdout] 
[INFO] [stdout] For more information about this error, try `rustc --explain E0308`.
[INFO] [stdout] Couldn't compile the test.
[INFO] [stdout] ---- src/api.rs - api::ProjectLocationAgentEnvironmentPatchCall (line 14998) stdout ----
[INFO] [stdout] error[E0308]: mismatched types
[INFO] [stdout]      --> src/api.rs:15022:27
[INFO] [stdout]       |
[INFO] [stdout] 25    |              .update_mask(&Default::default())
[INFO] [stdout]       |               ----------- ^^^^^^^^^^^^^^^^^^^ expected `FieldMask`, found `&_`
[INFO] [stdout]       |               |
[INFO] [stdout]       |               arguments to this method are incorrect
[INFO] [stdout]       |
[INFO] [stdout]       = note: expected struct `FieldMask`
[INFO] [stdout]               found reference `&_`
[INFO] [stdout] note: method defined here
[INFO] [stdout]      --> /opt/rustwide/workdir/src/api.rs:15213:12
[INFO] [stdout]       |
[INFO] [stdout] 15213 |     pub fn update_mask(mut self, new_value: client::FieldMask) -> ProjectLocationAgentEnvironmentPatchCall<'a, S> {
[INFO] [stdout]       |            ^^^^^^^^^^^
[INFO] [stdout] help: consider removing the borrow
[INFO] [stdout]       |
[INFO] [stdout] 25    -              .update_mask(&Default::default())
[INFO] [stdout] 25    +              .update_mask(Default::default())
[INFO] [stdout]       |
[INFO] [stdout] 
[INFO] [stdout] error: aborting due to previous error
[INFO] [stdout] 
[INFO] [stdout] For more information about this error, try `rustc --explain E0308`.
[INFO] [stdout] Couldn't compile the test.
[INFO] [stdout] ---- src/api.rs - api::ProjectLocationAgentEnvironmentSessionEntityTypePatchCall (line 12138) stdout ----
[INFO] [stdout] error[E0308]: mismatched types
[INFO] [stdout]      --> src/api.rs:12162:27
[INFO] [stdout]       |
[INFO] [stdout] 25    |              .update_mask(&Default::default())
[INFO] [stdout]       |               ----------- ^^^^^^^^^^^^^^^^^^^ expected `FieldMask`, found `&_`
[INFO] [stdout]       |               |
[INFO] [stdout]       |               arguments to this method are incorrect
[INFO] [stdout]       |
[INFO] [stdout]       = note: expected struct `FieldMask`
[INFO] [stdout]               found reference `&_`
[INFO] [stdout] note: method defined here
[INFO] [stdout]      --> /opt/rustwide/workdir/src/api.rs:12353:12
[INFO] [stdout]       |
[INFO] [stdout] 12353 |     pub fn update_mask(mut self, new_value: client::FieldMask) -> ProjectLocationAgentEnvironmentSessionEntityTypePatchCall<'a, S> {
[INFO] [stdout]       |            ^^^^^^^^^^^
[INFO] [stdout] help: consider removing the borrow
[INFO] [stdout]       |
[INFO] [stdout] 25    -              .update_mask(&Default::default())
[INFO] [stdout] 25    +              .update_mask(Default::default())
[INFO] [stdout]       |
[INFO] [stdout] 
[INFO] [stdout] error: aborting due to previous error
[INFO] [stdout] 
[INFO] [stdout] For more information about this error, try `rustc --explain E0308`.
[INFO] [stdout] Couldn't compile the test.
[INFO] [stdout] ---- src/api.rs - api::ProjectLocationAgentFlowPagePatchCall (line 16744) stdout ----
[INFO] [stdout] error[E0308]: mismatched types
[INFO] [stdout]      --> src/api.rs:16768:27
[INFO] [stdout]       |
[INFO] [stdout] 25    |              .update_mask(&Default::default())
[INFO] [stdout]       |               ----------- ^^^^^^^^^^^^^^^^^^^ expected `FieldMask`, found `&_`
[INFO] [stdout]       |               |
[INFO] [stdout]       |               arguments to this method are incorrect
[INFO] [stdout]       |
[INFO] [stdout]       = note: expected struct `FieldMask`
[INFO] [stdout]               found reference `&_`
[INFO] [stdout] note: method defined here
[INFO] [stdout]      --> /opt/rustwide/workdir/src/api.rs:16964:12
[INFO] [stdout]       |
[INFO] [stdout] 16964 |     pub fn update_mask(mut self, new_value: client::FieldMask) -> ProjectLocationAgentFlowPagePatchCall<'a, S> {
[INFO] [stdout]       |            ^^^^^^^^^^^
[INFO] [stdout] help: consider removing the borrow
[INFO] [stdout]       |
[INFO] [stdout] 25    -              .update_mask(&Default::default())
[INFO] [stdout] 25    +              .update_mask(Default::default())
[INFO] [stdout]       |
[INFO] [stdout] 
[INFO] [stdout] error: aborting due to previous error
[INFO] [stdout] 
[INFO] [stdout] For more information about this error, try `rustc --explain E0308`.
[INFO] [stdout] Couldn't compile the test.
[INFO] [stdout] ---- src/api.rs - api::ProjectLocationAgentFlowPatchCall (line 22524) stdout ----
[INFO] [stdout] error[E0308]: mismatched types
[INFO] [stdout]      --> src/api.rs:22548:27
[INFO] [stdout]       |
[INFO] [stdout] 25    |              .update_mask(&Default::default())
[INFO] [stdout]       |               ----------- ^^^^^^^^^^^^^^^^^^^ expected `FieldMask`, found `&_`
[INFO] [stdout]       |               |
[INFO] [stdout]       |               arguments to this method are incorrect
[INFO] [stdout]       |
[INFO] [stdout]       = note: expected struct `FieldMask`
[INFO] [stdout]               found reference `&_`
[INFO] [stdout] note: method defined here
[INFO] [stdout]      --> /opt/rustwide/workdir/src/api.rs:22744:12
[INFO] [stdout]       |
[INFO] [stdout] 22744 |     pub fn update_mask(mut self, new_value: client::FieldMask) -> ProjectLocationAgentFlowPatchCall<'a, S> {
[INFO] [stdout]       |            ^^^^^^^^^^^
[INFO] [stdout] help: consider removing the borrow
[INFO] [stdout]       |
[INFO] [stdout] 25    -              .update_mask(&Default::default())
[INFO] [stdout] 25    +              .update_mask(Default::default())
[INFO] [stdout]       |
[INFO] [stdout] 
[INFO] [stdout] error: aborting due to previous error
[INFO] [stdout] 
[INFO] [stdout] For more information about this error, try `rustc --explain E0308`.
[INFO] [stdout] Couldn't compile the test.
[INFO] [stdout] ---- src/api.rs - api::ProjectLocationAgentFlowTransitionRouteGroupPatchCall (line 18210) stdout ----
[INFO] [stdout] error[E0308]: mismatched types
[INFO] [stdout]      --> src/api.rs:18234:27
[INFO] [stdout]       |
[INFO] [stdout] 25    |              .update_mask(&Default::default())
[INFO] [stdout]       |               ----------- ^^^^^^^^^^^^^^^^^^^ expected `FieldMask`, found `&_`
[INFO] [stdout]       |               |
[INFO] [stdout]       |               arguments to this method are incorrect
[INFO] [stdout]       |
[INFO] [stdout]       = note: expected struct `FieldMask`
[INFO] [stdout]               found reference `&_`
[INFO] [stdout] note: method defined here
[INFO] [stdout]      --> /opt/rustwide/workdir/src/api.rs:18430:12
[INFO] [stdout]       |
[INFO] [stdout] 18430 |     pub fn update_mask(mut self, new_value: client::FieldMask) -> ProjectLocationAgentFlowTransitionRouteGroupPatchCall<'a, S> {
[INFO] [stdout]       |            ^^^^^^^^^^^
[INFO] [stdout] help: consider removing the borrow
[INFO] [stdout]       |
[INFO] [stdout] 25    -              .update_mask(&Default::default())
[INFO] [stdout] 25    +              .update_mask(Default::default())
[INFO] [stdout]       |
[INFO] [stdout] 
[INFO] [stdout] error: aborting due to previous error
[INFO] [stdout] 
[INFO] [stdout] For more information about this error, try `rustc --explain E0308`.
[INFO] [stdout] Couldn't compile the test.
[INFO] [stdout] ---- src/api.rs - api::ProjectLocationAgentFlowVersionPatchCall (line 20212) stdout ----
[INFO] [stdout] error[E0308]: mismatched types
[INFO] [stdout]      --> src/api.rs:20236:27
[INFO] [stdout]       |
[INFO] [stdout] 25    |              .update_mask(&Default::default())
[INFO] [stdout]       |               ----------- ^^^^^^^^^^^^^^^^^^^ expected `FieldMask`, found `&_`
[INFO] [stdout]       |               |
[INFO] [stdout]       |               arguments to this method are incorrect
[INFO] [stdout]       |
[INFO] [stdout]       = note: expected struct `FieldMask`
[INFO] [stdout]               found reference `&_`
[INFO] [stdout] note: method defined here
[INFO] [stdout]      --> /opt/rustwide/workdir/src/api.rs:20427:12
[INFO] [stdout]       |
[INFO] [stdout] 20427 |     pub fn update_mask(mut self, new_value: client::FieldMask) -> ProjectLocationAgentFlowVersionPatchCall<'a, S> {
[INFO] [stdout]       |            ^^^^^^^^^^^
[INFO] [stdout] help: consider removing the borrow
[INFO] [stdout]       |
[INFO] [stdout] 25    -              .update_mask(&Default::default())
[INFO] [stdout] 25    +              .update_mask(Default::default())
[INFO] [stdout]       |
[INFO] [stdout] 
[INFO] [stdout] error: aborting due to previous error
[INFO] [stdout] 
[INFO] [stdout] For more information about this error, try `rustc --explain E0308`.
[INFO] [stdout] Couldn't compile the test.
[INFO] [stdout] ---- src/api.rs - api::ProjectLocationAgentIntentPatchCall (line 24574) stdout ----
[INFO] [stdout] error[E0308]: mismatched types
[INFO] [stdout]      --> src/api.rs:24598:27
[INFO] [stdout]       |
[INFO] [stdout] 25    |              .update_mask(&Default::default())
[INFO] [stdout]       |               ----------- ^^^^^^^^^^^^^^^^^^^ expected `FieldMask`, found `&_`
[INFO] [stdout]       |               |
[INFO] [stdout]       |               arguments to this method are incorrect
[INFO] [stdout]       |
[INFO] [stdout]       = note: expected struct `FieldMask`
[INFO] [stdout]               found reference `&_`
[INFO] [stdout] note: method defined here
[INFO] [stdout]      --> /opt/rustwide/workdir/src/api.rs:24794:12
[INFO] [stdout]       |
[INFO] [stdout] 24794 |     pub fn update_mask(mut self, new_value: client::FieldMask) -> ProjectLocationAgentIntentPatchCall<'a, S> {
[INFO] [stdout]       |            ^^^^^^^^^^^
[INFO] [stdout] help: consider removing the borrow
[INFO] [stdout]       |
[INFO] [stdout] 25    -              .update_mask(&Default::default())
[INFO] [stdout] 25    +              .update_mask(Default::default())
[INFO] [stdout]       |
[INFO] [stdout] 
[INFO] [stdout] error: aborting due to previous error
[INFO] [stdout] 
[INFO] [stdout] For more information about this error, try `rustc --explain E0308`.
[INFO] [stdout] Couldn't compile the test.
[INFO] [stdout] ---- src/api.rs - api::ProjectLocationAgentPatchCall (line 33708) stdout ----
[INFO] [stdout] error[E0308]: mismatched types
[INFO] [stdout]      --> src/api.rs:33732:27
[INFO] [stdout]       |
[INFO] [stdout] 25    |              .update_mask(&Default::default())
[INFO] [stdout]       |               ----------- ^^^^^^^^^^^^^^^^^^^ expected `FieldMask`, found `&_`
[INFO] [stdout]       |               |
[INFO] [stdout]       |               arguments to this method are incorrect
[INFO] [stdout]       |
[INFO] [stdout]       = note: expected struct `FieldMask`
[INFO] [stdout]               found reference `&_`
[INFO] [stdout] note: method defined here
[INFO] [stdout]      --> /opt/rustwide/workdir/src/api.rs:33923:12
[INFO] [stdout]       |
[INFO] [stdout] 33923 |     pub fn update_mask(mut self, new_value: client::FieldMask) -> ProjectLocationAgentPatchCall<'a, S> {
[INFO] [stdout]       |            ^^^^^^^^^^^
[INFO] [stdout] help: consider removing the borrow
[INFO] [stdout]       |
[INFO] [stdout] 25    -              .update_mask(&Default::default())
[INFO] [stdout] 25    +              .update_mask(Default::default())
[INFO] [stdout]       |
[INFO] [stdout] 
[INFO] [stdout] error: aborting due to previous error
[INFO] [stdout] 
[INFO] [stdout] For more information about this error, try `rustc --explain E0308`.
[INFO] [stdout] Couldn't compile the test.
[INFO] [stdout] ---- src/api.rs - api::ProjectLocationAgentSessionEntityTypePatchCall (line 25992) stdout ----
[INFO] [stdout] error[E0308]: mismatched types
[INFO] [stdout]      --> src/api.rs:26016:27
[INFO] [stdout]       |
[INFO] [stdout] 25    |              .update_mask(&Default::default())
[INFO] [stdout]       |               ----------- ^^^^^^^^^^^^^^^^^^^ expected `FieldMask`, found `&_`
[INFO] [stdout]       |               |
[INFO] [stdout]       |               arguments to this method are incorrect
[INFO] [stdout]       |
[INFO] [stdout]       = note: expected struct `FieldMask`
[INFO] [stdout]               found reference `&_`
[INFO] [stdout] note: method defined here
[INFO] [stdout]      --> /opt/rustwide/workdir/src/api.rs:26207:12
[INFO] [stdout]       |
[INFO] [stdout] 26207 |     pub fn update_mask(mut self, new_value: client::FieldMask) -> ProjectLocationAgentSessionEntityTypePatchCall<'a, S> {
[INFO] [stdout]       |            ^^^^^^^^^^^
[INFO] [stdout] help: consider removing the borrow
[INFO] [stdout]       |
[INFO] [stdout] 25    -              .update_mask(&Default::default())
[INFO] [stdout] 25    +              .update_mask(Default::default())
[INFO] [stdout]       |
[INFO] [stdout] 
[INFO] [stdout] error: aborting due to previous error
[INFO] [stdout] 
[INFO] [stdout] For more information about this error, try `rustc --explain E0308`.
[INFO] [stdout] Couldn't compile the test.
[INFO] [stdout] ---- src/api.rs - api::ProjectLocationAgentTestCasePatchCall (line 30026) stdout ----
[INFO] [stdout] error[E0308]: mismatched types
[INFO] [stdout]      --> src/api.rs:30050:27
[INFO] [stdout]       |
[INFO] [stdout] 25    |              .update_mask(&Default::default())
[INFO] [stdout]       |               ----------- ^^^^^^^^^^^^^^^^^^^ expected `FieldMask`, found `&_`
[INFO] [stdout]       |               |
[INFO] [stdout]       |               arguments to this method are incorrect
[INFO] [stdout]       |
[INFO] [stdout]       = note: expected struct `FieldMask`
[INFO] [stdout]               found reference `&_`
[INFO] [stdout] note: method defined here
[INFO] [stdout]      --> /opt/rustwide/workdir/src/api.rs:30241:12
[INFO] [stdout]       |
[INFO] [stdout] 30241 |     pub fn update_mask(mut self, new_value: client::FieldMask) -> ProjectLocationAgentTestCasePatchCall<'a, S> {
[INFO] [stdout]       |            ^^^^^^^^^^^
[INFO] [stdout] help: consider removing the borrow
[INFO] [stdout]       |
[INFO] [stdout] 25    -              .update_mask(&Default::default())
[INFO] [stdout] 25    +              .update_mask(Default::default())
[INFO] [stdout]       |
[INFO] [stdout] 
[INFO] [stdout] error: aborting due to previous error
[INFO] [stdout] 
[INFO] [stdout] For more information about this error, try `rustc --explain E0308`.
[INFO] [stdout] Couldn't compile the test.
[INFO] [stdout] ---- src/api.rs - api::ProjectLocationAgentWebhookPatchCall (line 31736) stdout ----
[INFO] [stdout] error[E0308]: mismatched types
[INFO] [stdout]      --> src/api.rs:31760:27
[INFO] [stdout]       |
[INFO] [stdout] 25    |              .update_mask(&Default::default())
[INFO] [stdout]       |               ----------- ^^^^^^^^^^^^^^^^^^^ expected `FieldMask`, found `&_`
[INFO] [stdout]       |               |
[INFO] [stdout]       |               arguments to this method are incorrect
[INFO] [stdout]       |
[INFO] [stdout]       = note: expected struct `FieldMask`
[INFO] [stdout]               found reference `&_`
[INFO] [stdout] note: method defined here
[INFO] [stdout]      --> /opt/rustwide/workdir/src/api.rs:31951:12
[INFO] [stdout]       |
[INFO] [stdout] 31951 |     pub fn update_mask(mut self, new_value: client::FieldMask) -> ProjectLocationAgentWebhookPatchCall<'a, S> {
[INFO] [stdout]       |            ^^^^^^^^^^^
[INFO] [stdout] help: consider removing the borrow
[INFO] [stdout]       |
[INFO] [stdout] 25    -              .update_mask(&Default::default())
[INFO] [stdout] 25    +              .update_mask(Default::default())
[INFO] [stdout]       |
[INFO] [stdout] 
[INFO] [stdout] error: aborting due to previous error
[INFO] [stdout] 
[INFO] [stdout] For more information about this error, try `rustc --explain E0308`.
[INFO] [stdout] Couldn't compile the test.
[INFO] [stdout] ---- src/lib.rs - (line 89) stdout ----
[INFO] [stdout] error[E0308]: mismatched types
[INFO] [stdout]      --> src/lib.rs:121:27
[INFO] [stdout]       |
[INFO] [stdout] 33    |              .update_mask(&Default::default())
[INFO] [stdout]       |               ----------- ^^^^^^^^^^^^^^^^^^^ expected `FieldMask`, found `&_`
[INFO] [stdout]       |               |
[INFO] [stdout]       |               arguments to this method are incorrect
[INFO] [stdout]       |
[INFO] [stdout]       = note: expected struct `FieldMask`
[INFO] [stdout]               found reference `&_`
[INFO] [stdout] note: method defined here
[INFO] [stdout]      --> /opt/rustwide/workdir/src/api.rs:15213:12
[INFO] [stdout]       |
[INFO] [stdout] 15213 |     pub fn update_mask(mut self, new_value: client::FieldMask) -> ProjectLocationAgentEnvironmentPatchCall<'a, S> {
[INFO] [stdout]       |            ^^^^^^^^^^^
[INFO] [stdout] help: consider removing the borrow
[INFO] [stdout]       |
[INFO] [stdout] 33    -              .update_mask(&Default::default())
[INFO] [stdout] 33    +              .update_mask(Default::default())
[INFO] [stdout]       |
[INFO] [stdout] 
[INFO] [stdout] error: aborting due to previous error
[INFO] [stdout] 
[INFO] [stdout] For more information about this error, try `rustc --explain E0308`.
[INFO] [stdout] Couldn't compile the test.
[INFO] [stdout] ---- src/api.rs - api::ProjectLocationSecuritySettingPatchCall (line 36520) stdout ----
[INFO] [stdout] error[E0308]: mismatched types
[INFO] [stdout]      --> src/api.rs:36544:27
[INFO] [stdout]       |
[INFO] [stdout] 25    |              .update_mask(&Default::default())
[INFO] [stdout]       |               ----------- ^^^^^^^^^^^^^^^^^^^ expected `FieldMask`, found `&_`
[INFO] [stdout]       |               |
[INFO] [stdout]       |               arguments to this method are incorrect
[INFO] [stdout]       |
[INFO] [stdout]       = note: expected struct `FieldMask`
[INFO] [stdout]               found reference `&_`
[INFO] [stdout] note: method defined here
[INFO] [stdout]      --> /opt/rustwide/workdir/src/api.rs:36735:12
[INFO] [stdout]       |
[INFO] [stdout] 36735 |     pub fn update_mask(mut self, new_value: client::FieldMask) -> ProjectLocationSecuritySettingPatchCall<'a, S> {
[INFO] [stdout]       |            ^^^^^^^^^^^
[INFO] [stdout] help: consider removing the borrow
[INFO] [stdout]       |
[INFO] [stdout] 25    -              .update_mask(&Default::default())
[INFO] [stdout] 25    +              .update_mask(Default::default())
[INFO] [stdout]       |
[INFO] [stdout] 
[INFO] [stdout] error: aborting due to previous error
[INFO] [stdout] 
[INFO] [stdout] For more information about this error, try `rustc --explain E0308`.
[INFO] [stdout] Couldn't compile the test.
[INFO] [stdout] 
[INFO] [stderr] error: doctest failed, to rerun pass `--doc`
[INFO] [stdout] failures:
[INFO] [stdout]     src/api.rs - api::Dialogflow (line 62)
[INFO] [stdout]     src/api.rs - api::ProjectLocationAgentEntityTypePatchCall (line 7896)
[INFO] [stdout]     src/api.rs - api::ProjectLocationAgentEnvironmentExperimentPatchCall (line 10148)
[INFO] [stdout]     src/api.rs - api::ProjectLocationAgentEnvironmentPatchCall (line 14998)
[INFO] [stdout]     src/api.rs - api::ProjectLocationAgentEnvironmentSessionEntityTypePatchCall (line 12138)
[INFO] [stdout]     src/api.rs - api::ProjectLocationAgentFlowPagePatchCall (line 16744)
[INFO] [stdout]     src/api.rs - api::ProjectLocationAgentFlowPatchCall (line 22524)
[INFO] [stdout]     src/api.rs - api::ProjectLocationAgentFlowTransitionRouteGroupPatchCall (line 18210)
[INFO] [stdout]     src/api.rs - api::ProjectLocationAgentFlowVersionPatchCall (line 20212)
[INFO] [stdout]     src/api.rs - api::ProjectLocationAgentIntentPatchCall (line 24574)
[INFO] [stdout]     src/api.rs - api::ProjectLocationAgentPatchCall (line 33708)
[INFO] [stdout]     src/api.rs - api::ProjectLocationAgentSessionEntityTypePatchCall (line 25992)
[INFO] [stdout]     src/api.rs - api::ProjectLocationAgentTestCasePatchCall (line 30026)
[INFO] [stdout]     src/api.rs - api::ProjectLocationAgentWebhookPatchCall (line 31736)
[INFO] [stdout]     src/api.rs - api::ProjectLocationSecuritySettingPatchCall (line 36520)
[INFO] [stdout]     src/lib.rs - (line 89)
[INFO] [stdout] 
[INFO] [stdout] test result: FAILED. 99 passed; 16 failed; 1 ignored; 0 measured; 0 filtered out; finished in 3.79s
[INFO] [stdout] 
[INFO] running `Command { std: "docker" "inspect" "46c52abe800c8eca58128fbd0e55cbf5a910a369cc68c43ce869e4e487d3dffa", kill_on_drop: false }`
[INFO] running `Command { std: "docker" "rm" "-f" "46c52abe800c8eca58128fbd0e55cbf5a910a369cc68c43ce869e4e487d3dffa", kill_on_drop: false }`
[INFO] [stdout] 46c52abe800c8eca58128fbd0e55cbf5a910a369cc68c43ce869e4e487d3dffa
