[INFO] fetching crate google-dialogflow2_beta1 5.0.3+20230110...
[INFO] testing google-dialogflow2_beta1-5.0.3+20230110 against 1.75.0 for beta-1.76-1
[INFO] extracting crate google-dialogflow2_beta1 5.0.3+20230110 into /workspace/builds/worker-4-tc1/source
[INFO] validating manifest of crates.io crate google-dialogflow2_beta1 5.0.3+20230110 on toolchain 1.75.0
[INFO] running `Command { std: CARGO_HOME="/workspace/cargo-home" RUSTUP_HOME="/workspace/rustup-home" "/workspace/cargo-home/bin/cargo" "+1.75.0" "metadata" "--manifest-path" "Cargo.toml" "--no-deps", kill_on_drop: false }`
[INFO] started tweaking crates.io crate google-dialogflow2_beta1 5.0.3+20230110
[INFO] finished tweaking crates.io crate google-dialogflow2_beta1 5.0.3+20230110
[INFO] tweaked toml for crates.io crate google-dialogflow2_beta1 5.0.3+20230110 written to /workspace/builds/worker-4-tc1/source/Cargo.toml
[INFO] running `Command { std: CARGO_HOME="/workspace/cargo-home" RUSTUP_HOME="/workspace/rustup-home" "/workspace/cargo-home/bin/cargo" "+1.75.0" "generate-lockfile" "--manifest-path" "Cargo.toml", kill_on_drop: false }`
[INFO] [stderr]     Blocking waiting for file lock on package cache
[INFO] [stderr]     Updating crates.io index
[INFO] running `Command { std: CARGO_HOME="/workspace/cargo-home" RUSTUP_HOME="/workspace/rustup-home" "/workspace/cargo-home/bin/cargo" "+1.75.0" "fetch" "--manifest-path" "Cargo.toml", kill_on_drop: false }`
[INFO] running `Command { std: "docker" "create" "-v" "/var/lib/crater-agent-workspace/builds/worker-4-tc1/target:/opt/rustwide/target:rw,Z" "-v" "/var/lib/crater-agent-workspace/builds/worker-4-tc1/source:/opt/rustwide/workdir:ro,Z" "-v" "/var/lib/crater-agent-workspace/cargo-home:/opt/rustwide/cargo-home:ro,Z" "-v" "/var/lib/crater-agent-workspace/rustup-home:/opt/rustwide/rustup-home:ro,Z" "-e" "SOURCE_DIR=/opt/rustwide/workdir" "-e" "CARGO_TARGET_DIR=/opt/rustwide/target" "-e" "CARGO_HOME=/opt/rustwide/cargo-home" "-e" "RUSTUP_HOME=/opt/rustwide/rustup-home" "-w" "/opt/rustwide/workdir" "-m" "1610612736" "--user" "0:0" "--network" "none" "ghcr.io/rust-lang/crates-build-env/linux@sha256:2788e3201cd34a07e3172128adcd8b3090168a8e3bcc40d7c032b9dda1df7d1c" "/opt/rustwide/cargo-home/bin/cargo" "+1.75.0" "metadata" "--no-deps" "--format-version=1", kill_on_drop: false }`
[INFO] [stdout] 6005fe75239df0a888cb886582db7924d29737753a55c23dc576893362b34ae3
[INFO] running `Command { std: "docker" "start" "-a" "6005fe75239df0a888cb886582db7924d29737753a55c23dc576893362b34ae3", kill_on_drop: false }`
[INFO] running `Command { std: "docker" "inspect" "6005fe75239df0a888cb886582db7924d29737753a55c23dc576893362b34ae3", kill_on_drop: false }`
[INFO] running `Command { std: "docker" "rm" "-f" "6005fe75239df0a888cb886582db7924d29737753a55c23dc576893362b34ae3", kill_on_drop: false }`
[INFO] [stdout] 6005fe75239df0a888cb886582db7924d29737753a55c23dc576893362b34ae3
[INFO] running `Command { std: "docker" "create" "-v" "/var/lib/crater-agent-workspace/builds/worker-4-tc1/target:/opt/rustwide/target:rw,Z" "-v" "/var/lib/crater-agent-workspace/builds/worker-4-tc1/source:/opt/rustwide/workdir:ro,Z" "-v" "/var/lib/crater-agent-workspace/cargo-home:/opt/rustwide/cargo-home:ro,Z" "-v" "/var/lib/crater-agent-workspace/rustup-home:/opt/rustwide/rustup-home:ro,Z" "-e" "SOURCE_DIR=/opt/rustwide/workdir" "-e" "CARGO_TARGET_DIR=/opt/rustwide/target" "-e" "CARGO_INCREMENTAL=0" "-e" "RUST_BACKTRACE=full" "-e" "RUSTFLAGS=--cap-lints=warn" "-e" "RUSTDOCFLAGS=--cap-lints=warn" "-e" "CARGO_HOME=/opt/rustwide/cargo-home" "-e" "RUSTUP_HOME=/opt/rustwide/rustup-home" "-w" "/opt/rustwide/workdir" "-m" "1610612736" "--user" "0:0" "--network" "none" "ghcr.io/rust-lang/crates-build-env/linux@sha256:2788e3201cd34a07e3172128adcd8b3090168a8e3bcc40d7c032b9dda1df7d1c" "/opt/rustwide/cargo-home/bin/cargo" "+1.75.0" "build" "--frozen" "--message-format=json", kill_on_drop: false }`
[INFO] [stdout] fc7fcb5362b83442f702300ec6c67793dac859d830187aa361c7453171e91022
[INFO] running `Command { std: "docker" "start" "-a" "fc7fcb5362b83442f702300ec6c67793dac859d830187aa361c7453171e91022", kill_on_drop: false }`
[INFO] [stderr]    Compiling spin v0.9.8
[INFO] [stderr]    Compiling untrusted v0.9.0
[INFO] [stderr]    Compiling serde v1.0.194
[INFO] [stderr]    Compiling ident_case v1.0.1
[INFO] [stderr]    Compiling tracing v0.1.40
[INFO] [stderr]    Compiling strsim v0.10.0
[INFO] [stderr]    Compiling rustls v0.21.10
[INFO] [stderr]    Compiling base64 v0.21.5
[INFO] [stderr]    Compiling cc v1.0.83
[INFO] [stderr]    Compiling getrandom v0.2.11
[INFO] [stderr]    Compiling socket2 v0.5.5
[INFO] [stderr]    Compiling mio v0.8.10
[INFO] [stderr]    Compiling futures-util v0.3.30
[INFO] [stderr]    Compiling either v1.9.0
[INFO] [stderr]    Compiling rustls v0.22.1
[INFO] [stderr]    Compiling rustls-pki-types v1.1.0
[INFO] [stderr]    Compiling form_urlencoded v1.2.1
[INFO] [stderr]    Compiling idna v0.5.0
[INFO] [stderr]    Compiling num_threads v0.1.6
[INFO] [stderr]    Compiling darling_core v0.20.3
[INFO] [stderr]    Compiling zeroize v1.7.0
[INFO] [stderr]    Compiling subtle v2.5.0
[INFO] [stderr]    Compiling itertools v0.12.0
[INFO] [stderr]    Compiling seahash v4.1.0
[INFO] [stderr]    Compiling url v1.7.2
[INFO] [stderr]    Compiling itertools v0.10.5
[INFO] [stderr]    Compiling rustls-pemfile v1.0.4
[INFO] [stderr]    Compiling mime v0.3.17
[INFO] [stderr]    Compiling tokio v1.35.1
[INFO] [stderr]    Compiling rustls-native-certs v0.6.3
[INFO] [stderr]    Compiling url v2.5.0
[INFO] [stderr]    Compiling ring v0.17.7
[INFO] [stderr]    Compiling darling_macro v0.20.3
[INFO] [stderr]    Compiling darling v0.20.3
[INFO] [stderr]    Compiling serde_with_macros v2.3.3
[INFO] [stderr]    Compiling futures-executor v0.3.30
[INFO] [stderr]    Compiling futures v0.3.30
[INFO] [stderr]    Compiling deranged v0.3.11
[INFO] [stderr]    Compiling serde_json v1.0.111
[INFO] [stderr]    Compiling chrono v0.4.31
[INFO] [stderr]    Compiling serde_with v2.3.3
[INFO] [stderr]    Compiling time v0.3.31
[INFO] [stderr]    Compiling tokio-util v0.7.10
[INFO] [stderr]    Compiling rustls-webpki v0.101.7
[INFO] [stderr]    Compiling sct v0.7.1
[INFO] [stderr]    Compiling rustls-webpki v0.102.1
[INFO] [stderr]    Compiling h2 v0.3.22
[INFO] [stderr]    Compiling tokio-rustls v0.24.1
[INFO] [stderr]    Compiling hyper v0.14.28
[INFO] [stderr]    Compiling hyper-rustls v0.24.2
[INFO] [stderr]    Compiling yup-oauth2 v8.3.2
[INFO] [stderr]    Compiling google-apis-common v6.0.0
[INFO] [stderr]    Compiling google-dialogflow2_beta1 v5.0.3+20230110 (/opt/rustwide/workdir)
[INFO] [stderr]     Finished dev [unoptimized + debuginfo] target(s) in 27.44s
[INFO] running `Command { std: "docker" "inspect" "fc7fcb5362b83442f702300ec6c67793dac859d830187aa361c7453171e91022", kill_on_drop: false }`
[INFO] running `Command { std: "docker" "rm" "-f" "fc7fcb5362b83442f702300ec6c67793dac859d830187aa361c7453171e91022", kill_on_drop: false }`
[INFO] [stdout] fc7fcb5362b83442f702300ec6c67793dac859d830187aa361c7453171e91022
[INFO] running `Command { std: "docker" "create" "-v" "/var/lib/crater-agent-workspace/builds/worker-4-tc1/target:/opt/rustwide/target:rw,Z" "-v" "/var/lib/crater-agent-workspace/builds/worker-4-tc1/source:/opt/rustwide/workdir:ro,Z" "-v" "/var/lib/crater-agent-workspace/cargo-home:/opt/rustwide/cargo-home:ro,Z" "-v" "/var/lib/crater-agent-workspace/rustup-home:/opt/rustwide/rustup-home:ro,Z" "-e" "SOURCE_DIR=/opt/rustwide/workdir" "-e" "CARGO_TARGET_DIR=/opt/rustwide/target" "-e" "CARGO_INCREMENTAL=0" "-e" "RUST_BACKTRACE=full" "-e" "RUSTFLAGS=--cap-lints=warn" "-e" "RUSTDOCFLAGS=--cap-lints=warn" "-e" "CARGO_HOME=/opt/rustwide/cargo-home" "-e" "RUSTUP_HOME=/opt/rustwide/rustup-home" "-w" "/opt/rustwide/workdir" "-m" "1610612736" "--user" "0:0" "--network" "none" "ghcr.io/rust-lang/crates-build-env/linux@sha256:2788e3201cd34a07e3172128adcd8b3090168a8e3bcc40d7c032b9dda1df7d1c" "/opt/rustwide/cargo-home/bin/cargo" "+1.75.0" "test" "--frozen" "--no-run" "--message-format=json", kill_on_drop: false }`
[INFO] [stdout] e31c7825cdd7c8c73df509293d82774f670c10e2dadb6b01b5c2c9477012e46d
[INFO] running `Command { std: "docker" "start" "-a" "e31c7825cdd7c8c73df509293d82774f670c10e2dadb6b01b5c2c9477012e46d", kill_on_drop: false }`
[INFO] [stderr]    Compiling google-dialogflow2_beta1 v5.0.3+20230110 (/opt/rustwide/workdir)
[INFO] [stderr]     Finished test [unoptimized + debuginfo] target(s) in 15.42s
[INFO] running `Command { std: "docker" "inspect" "e31c7825cdd7c8c73df509293d82774f670c10e2dadb6b01b5c2c9477012e46d", kill_on_drop: false }`
[INFO] running `Command { std: "docker" "rm" "-f" "e31c7825cdd7c8c73df509293d82774f670c10e2dadb6b01b5c2c9477012e46d", kill_on_drop: false }`
[INFO] [stdout] e31c7825cdd7c8c73df509293d82774f670c10e2dadb6b01b5c2c9477012e46d
[INFO] running `Command { std: "docker" "create" "-v" "/var/lib/crater-agent-workspace/builds/worker-4-tc1/target:/opt/rustwide/target:rw,Z" "-v" "/var/lib/crater-agent-workspace/builds/worker-4-tc1/source:/opt/rustwide/workdir:ro,Z" "-v" "/var/lib/crater-agent-workspace/cargo-home:/opt/rustwide/cargo-home:ro,Z" "-v" "/var/lib/crater-agent-workspace/rustup-home:/opt/rustwide/rustup-home:ro,Z" "-e" "SOURCE_DIR=/opt/rustwide/workdir" "-e" "CARGO_TARGET_DIR=/opt/rustwide/target" "-e" "CARGO_INCREMENTAL=0" "-e" "RUST_BACKTRACE=full" "-e" "RUSTFLAGS=--cap-lints=warn" "-e" "RUSTDOCFLAGS=--cap-lints=warn" "-e" "CARGO_HOME=/opt/rustwide/cargo-home" "-e" "RUSTUP_HOME=/opt/rustwide/rustup-home" "-w" "/opt/rustwide/workdir" "-m" "1610612736" "--user" "0:0" "--network" "none" "ghcr.io/rust-lang/crates-build-env/linux@sha256:2788e3201cd34a07e3172128adcd8b3090168a8e3bcc40d7c032b9dda1df7d1c" "/opt/rustwide/cargo-home/bin/cargo" "+1.75.0" "test" "--frozen", kill_on_drop: false }`
[INFO] [stdout] 8119e39e7171f06e33a4b3c32eb07a56976c94624c8e369f7067da191ed3db4f
[INFO] running `Command { std: "docker" "start" "-a" "8119e39e7171f06e33a4b3c32eb07a56976c94624c8e369f7067da191ed3db4f", kill_on_drop: false }`
[INFO] [stderr]     Finished test [unoptimized + debuginfo] target(s) in 0.11s
[INFO] [stderr]      Running unittests src/lib.rs (/opt/rustwide/target/debug/deps/google_dialogflow2_beta1-c00adb23b1025dc4)
[INFO] [stdout] 
[INFO] [stdout] running 0 tests
[INFO] [stdout] 
[INFO] [stdout] test result: ok. 0 passed; 0 failed; 0 ignored; 0 measured; 0 filtered out; finished in 0.00s
[INFO] [stdout] 
[INFO] [stderr]    Doc-tests google-dialogflow2_beta1
[INFO] [stdout] 
[INFO] [stdout] running 227 tests
[INFO] [stdout] test src/api.rs - api::ProjectAgentEnvironmentDeleteCall (line 16398) - compile ... ok
[INFO] [stdout] test src/api.rs - api::ProjectAgentEntityTypeEntityBatchDeleteCall (line 9796) - compile ... ok
[INFO] [stdout] test src/api.rs - api::ProjectAgentEntityTypeBatchDeleteCall (line 10380) - compile ... ok
[INFO] [stdout] test src/api.rs - api::ProjectAgentEntityTypeBatchUpdateCall (line 10672) - compile ... ok
[INFO] [stdout] test src/api.rs - api::Dialogflow (line 62) - compile ... ok
[INFO] [stdout] test src/api.rs - api::ProjectAgentEntityTypeEntityBatchUpdateCall (line 10088) - compile ... ok
[INFO] [stdout] test src/api.rs - api::ProjectAgentEnvironmentCreateCall (line 16094) - compile ... ok
[INFO] [stdout] test src/api.rs - api::ProjectAgentEntityTypeDeleteCall (line 11268) - compile ... ok
[INFO] [stdout] test src/api.rs - api::ProjectAgentEnvironmentGetHistoryCall (line 16922) - compile ... ok
[INFO] [stdout] test src/api.rs - api::ProjectAgentEnvironmentIntentListCall (line 12418) - compile ... ok
[INFO] [stdout] test src/api.rs - api::ProjectAgentEnvironmentGetCall (line 16660) - compile ... ok
[INFO] [stdout] test src/api.rs - api::ProjectAgentEntityTypeGetCall (line 11530) - compile ... ok
[INFO] [stdout] test src/api.rs - api::ProjectAgentEntityTypeCreateCall (line 10964) - compile ... ok
[INFO] [stdout] test src/api.rs - api::ProjectAgentEnvironmentUserSessionContextListCall (line 13544) - compile ... ok
[INFO] [stdout] test src/api.rs - api::ProjectAgentEntityTypeEntityBatchCreateCall (line 9504) - compile ... ok
[INFO] [stdout] test src/api.rs - api::ProjectAgentEnvironmentUserSessionContextGetCall (line 13282) - compile ... ok
[INFO] [stdout] test src/api.rs - api::ProjectAgentEntityTypeListCall (line 11804) - compile ... ok
[INFO] [stdout] test src/api.rs - api::ProjectAgentEnvironmentUserSessionContextDeleteCall (line 13020) - compile ... ok
[INFO] [stdout] test src/api.rs - api::ProjectAgentEnvironmentListCall (line 17208) - compile ... ok
[INFO] [stdout] test src/api.rs - api::ProjectAgentEnvironmentUserSessionContextCreateCall (line 12728) - compile ... ok
[INFO] [stdout] test src/api.rs - api::ProjectAgentExportCall (line 27820) - compile ... ok
[INFO] [stdout] test src/api.rs - api::ProjectAgentEnvironmentUserSessionDeleteContextCall (line 15540) - compile ... ok
[INFO] [stdout] test src/api.rs - api::ProjectAgentEnvironmentUserSessionDetectIntentCall (line 15802) - compile ... ok
[INFO] [stdout] test src/api.rs - api::ProjectAgentEntityTypePatchCall (line 12102) - compile ... FAILED
[INFO] [stdout] test src/api.rs - api::ProjectAgentEnvironmentUserSessionEntityTypeDeleteCall (line 14426) - compile ... ok
[INFO] [stdout] test src/api.rs - api::ProjectAgentEnvironmentUserSessionEntityTypeGetCall (line 14688) - compile ... ok
[INFO] [stdout] test src/api.rs - api::ProjectAgentIntentBatchUpdateCall (line 18102) - compile ... ok
[INFO] [stdout] test src/api.rs - api::ProjectAgentEnvironmentUserSessionEntityTypeListCall (line 14950) - compile ... ok
[INFO] [stdout] test src/api.rs - api::ProjectAgentEnvironmentUserSessionEntityTypeCreateCall (line 14134) - compile ... ok
[INFO] [stdout] test src/api.rs - api::ProjectAgentIntentBatchDeleteCall (line 17810) - compile ... ok
[INFO] [stdout] test src/api.rs - api::ProjectAgentEnvironmentPatchCall (line 17494) - compile ... FAILED
[INFO] [stdout] test src/api.rs - api::ProjectAgentGetValidationResultCall (line 28374) - compile ... ok
[INFO] [stdout] test src/api.rs - api::ProjectAgentGetFulfillmentCall (line 28112) - compile ... ok
[INFO] [stdout] test src/api.rs - api::ProjectAgentEnvironmentUserSessionContextPatchCall (line 13830) - compile ... FAILED
[INFO] [stdout] test src/api.rs - api::ProjectAgentIntentGetCall (line 18972) - compile ... ok
[INFO] [stdout] test src/api.rs - api::ProjectAgentIntentDeleteCall (line 18710) - compile ... ok
[INFO] [stdout] test src/api.rs - api::ProjectAgentIntentListCall (line 19258) - compile ... ok
[INFO] [stdout] test src/api.rs - api::ProjectAgentImportCall (line 28648) - compile ... ok
[INFO] [stdout] test src/api.rs - api::ProjectAgentKnowledgeBaseDocumentCreateCall (line 19896) - compile ... ok
[INFO] [stdout] test src/api.rs - api::ProjectAgentIntentCreateCall (line 18394) - compile ... ok
[INFO] [stdout] test src/api.rs - api::ProjectAgentKnowledgeBaseListCall (line 22446) - compile ... ok
[INFO] [stdout] test src/api.rs - api::ProjectAgentKnowledgeBaseGetCall (line 22184) - compile ... ok
[INFO] [stdout] test src/api.rs - api::ProjectAgentIntentPatchCall (line 19568) - compile ... FAILED
[INFO] [stdout] test src/api.rs - api::ProjectAgentEnvironmentUserSessionEntityTypePatchCall (line 15236) - compile ... FAILED
[INFO] [stdout] test src/api.rs - api::ProjectAgentKnowledgeBaseDeleteCall (line 21910) - compile ... ok
[INFO] [stdout] test src/api.rs - api::ProjectAgentRestoreCall (line 28940) - compile ... ok
[INFO] [stdout] test src/api.rs - api::ProjectAgentSessionContextListCall (line 23864) - compile ... ok
[INFO] [stdout] test src/api.rs - api::ProjectAgentSessionContextDeleteCall (line 23340) - compile ... ok
[INFO] [stdout] test src/api.rs - api::ProjectAgentKnowledgeBaseDocumentListCall (line 20724) - compile ... ok
[INFO] [stdout] test src/api.rs - api::ProjectAgentKnowledgeBaseCreateCall (line 21618) - compile ... ok
[INFO] [stdout] test src/api.rs - api::ProjectAgentKnowledgeBaseDocumentDeleteCall (line 20200) - compile ... ok
[INFO] [stdout] test src/api.rs - api::ProjectAgentKnowledgeBaseDocumentReloadCall (line 21326) - compile ... ok
[INFO] [stdout] test src/api.rs - api::ProjectAgentSessionEntityTypeGetCall (line 25008) - compile ... ok
[INFO] [stdout] test src/api.rs - api::ProjectAgentSessionEntityTypeDeleteCall (line 24746) - compile ... ok
[INFO] [stdout] test src/api.rs - api::ProjectAgentSessionEntityTypeListCall (line 25270) - compile ... ok
[INFO] [stdout] test src/api.rs - api::ProjectAgentSessionContextCreateCall (line 23048) - compile ... ok
[INFO] [stdout] test src/api.rs - api::ProjectAgentSessionEntityTypePatchCall (line 25556) - compile ... FAILED
[INFO] [stdout] test src/api.rs - api::ProjectAgentSearchCall (line 29232) - compile ... ok
[INFO] [stdout] test src/api.rs - api::ProjectAgentKnowledgeBaseDocumentGetCall (line 20462) - compile ... ok
[INFO] [stdout] test src/api.rs - api::ProjectAgentSessionDetectIntentCall (line 26122) - compile ... ok
[INFO] [stdout] test src/api.rs - api::ProjectAgentUpdateFulfillmentCall (line 29810) - compile ... FAILED
[INFO] [stdout] test src/api.rs - api::ProjectAgentVersionDeleteCall (line 26706) - compile ... ok
[INFO] [stdout] test src/api.rs - api::ProjectAgentKnowledgeBasePatchCall (line 22744) - compile ... FAILED
[INFO] [stdout] test src/api.rs - api::ProjectAgentSessionDeleteContextCall (line 25860) - compile ... ok
[INFO] [stdout] test src/api.rs - api::ProjectAgentSessionContextGetCall (line 23602) - compile ... ok
[INFO] [stdout] test src/api.rs - api::ProjectAgentTrainCall (line 29518) - compile ... ok
[INFO] [stdout] test src/api.rs - api::ProjectAgentSessionEntityTypeCreateCall (line 24454) - compile ... ok
[INFO] [stdout] test src/api.rs - api::ProjectAgentKnowledgeBaseDocumentPatchCall (line 21022) - compile ... FAILED
[INFO] [stdout] test src/api.rs - api::ProjectAnswerRecordGetCall (line 30114) - compile ... ok
[INFO] [stdout] test src/api.rs - api::ProjectAgentVersionPatchCall (line 27516) - compile ... FAILED
[INFO] [stdout] test src/api.rs - api::ProjectAgentVersionListCall (line 27230) - compile ... ok
[INFO] [stdout] test src/api.rs - api::ProjectAgentVersionCreateCall (line 26414) - compile ... ok
[INFO] [stdout] test src/api.rs - api::ProjectAgentVersionGetCall (line 26968) - compile ... ok
[INFO] [stdout] test src/api.rs - api::ProjectConversationGetCall (line 37348) - compile ... ok
[INFO] [stdout] test src/api.rs - api::ProjectAgentSessionContextPatchCall (line 24150) - compile ... FAILED
[INFO] [stdout] test src/api.rs - api::ProjectConversationCompleteCall (line 36752) - compile ... ok
[INFO] [stdout] test src/api.rs - api::ProjectConversationParticipantListCall (line 35870) - compile ... ok
[INFO] [stdout] test src/api.rs - api::ProjectAnswerRecordListCall (line 30376) - compile ... ok
[INFO] [stdout] test src/api.rs - api::ProjectConversationParticipantAnalyzeContentCall (line 35024) - compile ... ok
[INFO] [stdout] test src/api.rs - api::ProjectConversationCreateCall (line 37044) - compile ... ok
[INFO] [stdout] test src/api.rs - api::ProjectConversationParticipantGetCall (line 35608) - compile ... ok
[INFO] [stdout] test src/api.rs - api::ProjectConversationMessageBatchCreateCall (line 32968) - compile ... ok
[INFO] [stdout] test src/api.rs - api::ProjectConversationMessageListCall (line 33260) - compile ... ok
[INFO] [stdout] test src/api.rs - api::ProjectConversationParticipantSuggestionListCall (line 33850) - compile ... ok
[INFO] [stdout] test src/api.rs - api::ProjectConversationProfileCreateCall (line 31270) - compile ... ok
[INFO] [stdout] test src/api.rs - api::ProjectConversationProfileClearSuggestionFeatureConfigCall (line 30978) - compile ... ok
[INFO] [stdout] test src/api.rs - api::ProjectConversationListCall (line 37610) - compile ... ok
[INFO] [stdout] test src/api.rs - api::ProjectAnswerRecordPatchCall (line 30674) - compile ... FAILED
[INFO] [stdout] test src/api.rs - api::ProjectConversationParticipantSuggestionSuggestArticleCall (line 34148) - compile ... ok
[INFO] [stdout] test src/api.rs - api::ProjectConversationParticipantSuggestionSuggestFaqAnswerCall (line 34440) - compile ... ok
[INFO] [stdout] test src/api.rs - api::ProjectConversationParticipantCreateCall (line 35316) - compile ... ok
[INFO] [stdout] test src/api.rs - api::ProjectConversationProfileDeleteCall (line 31562) - compile ... ok
[INFO] [stdout] test src/api.rs - api::ProjectConversationParticipantSuggestionCompileCall (line 33558) - compile ... ok
[INFO] [stdout] test src/api.rs - api::ProjectConversationParticipantPatchCall (line 36156) - compile ... FAILED
[INFO] [stdout] test src/api.rs - api::ProjectConversationParticipantSuggestionSuggestSmartReplyCall (line 34732) - compile ... ok
[INFO] [stdout] test src/api.rs - api::ProjectConversationSuggestionSuggestConversationSummaryCall (line 36460) - compile ... ok
[INFO] [stdout] test src/api.rs - api::ProjectDeleteAgentCall (line 72490) - compile ... ok
[INFO] [stdout] test src/api.rs - api::ProjectGetAgentCall (line 72752) - compile ... ok
[INFO] [stdout] test src/api.rs - api::ProjectConversationProfileListCall (line 32086) - compile ... ok
[INFO] [stdout] test src/api.rs - api::ProjectConversationProfileGetCall (line 31824) - compile ... ok
[INFO] [stdout] test src/api.rs - api::ProjectKnowledgeBaseCreateCall (line 39922) - compile ... ok
[INFO] [stdout] test src/api.rs - api::ProjectConversationProfileSetSuggestionFeatureConfigCall (line 32676) - compile ... ok
[INFO] [stdout] test src/api.rs - api::ProjectKnowledgeBaseDeleteCall (line 40214) - compile ... ok
[INFO] [stdout] test src/api.rs - api::ProjectKnowledgeBaseDocumentImportCall (line 38736) - compile ... ok
[INFO] [stdout] test src/api.rs - api::ProjectKnowledgeBaseDocumentGetCall (line 38474) - compile ... ok
[INFO] [stdout] test src/api.rs - api::ProjectKnowledgeBaseDocumentDeleteCall (line 38212) - compile ... ok
[INFO] [stdout] test src/api.rs - api::ProjectConversationProfilePatchCall (line 32372) - compile ... FAILED
[INFO] [stdout] test src/api.rs - api::ProjectKnowledgeBaseListCall (line 40750) - compile ... ok
[INFO] [stdout] test src/api.rs - api::ProjectKnowledgeBaseDocumentCreateCall (line 37908) - compile ... ok
[INFO] [stdout] test src/api.rs - api::ProjectLocationAgentEntityTypeBatchDeleteCall (line 42228) - compile ... ok
[INFO] [stdout] test src/api.rs - api::ProjectKnowledgeBaseDocumentPatchCall (line 39326) - compile ... FAILED
[INFO] [stdout] test src/api.rs - api::ProjectKnowledgeBaseGetCall (line 40488) - compile ... ok
[INFO] [stdout] test src/api.rs - api::ProjectLocationAgentEntityTypeCreateCall (line 42812) - compile ... ok
[INFO] [stdout] test src/api.rs - api::ProjectKnowledgeBaseDocumentListCall (line 39028) - compile ... ok
[INFO] [stdout] test src/api.rs - api::ProjectKnowledgeBaseDocumentReloadCall (line 39630) - compile ... ok
[INFO] [stdout] test src/api.rs - api::ProjectKnowledgeBasePatchCall (line 41048) - compile ... FAILED
[INFO] [stdout] test src/api.rs - api::ProjectLocationAgentEntityTypeListCall (line 43652) - compile ... ok
[INFO] [stdout] test src/api.rs - api::ProjectLocationAgentEntityTypeEntityBatchCreateCall (line 41352) - compile ... ok
[INFO] [stdout] test src/api.rs - api::ProjectLocationAgentEntityTypeGetCall (line 43378) - compile ... ok
[INFO] [stdout] test src/api.rs - api::ProjectLocationAgentEnvironmentCreateCall (line 47942) - compile ... ok
[INFO] [stdout] test src/api.rs - api::ProjectLocationAgentEntityTypeEntityBatchDeleteCall (line 41644) - compile ... ok
[INFO] [stdout] test src/api.rs - api::ProjectLocationAgentEntityTypeBatchUpdateCall (line 42520) - compile ... ok
[INFO] [stdout] test src/api.rs - api::ProjectLocationAgentEnvironmentDeleteCall (line 48246) - compile ... ok
[INFO] [stdout] test src/api.rs - api::ProjectLocationAgentEntityTypeDeleteCall (line 43116) - compile ... ok
[INFO] [stdout] test src/api.rs - api::ProjectLocationAgentEntityTypePatchCall (line 43950) - compile ... FAILED
[INFO] [stdout] test src/api.rs - api::ProjectLocationAgentEntityTypeEntityBatchUpdateCall (line 41936) - compile ... ok
[INFO] [stdout] test src/api.rs - api::ProjectLocationAgentEnvironmentGetCall (line 48508) - compile ... ok
[INFO] [stdout] test src/api.rs - api::ProjectLocationAgentEnvironmentListCall (line 49056) - compile ... ok
[INFO] [stdout] test src/api.rs - api::ProjectLocationAgentEnvironmentUserSessionContextCreateCall (line 44576) - compile ... ok
[INFO] [stdout] test src/api.rs - api::ProjectLocationAgentEnvironmentUserSessionContextGetCall (line 45130) - compile ... ok
[INFO] [stdout] test src/api.rs - api::ProjectLocationAgentEnvironmentGetHistoryCall (line 48770) - compile ... ok
[INFO] [stdout] test src/api.rs - api::ProjectLocationAgentEnvironmentUserSessionEntityTypeDeleteCall (line 46274) - compile ... ok
[INFO] [stdout] test src/api.rs - api::ProjectLocationAgentEnvironmentUserSessionContextDeleteCall (line 44868) - compile ... ok
[INFO] [stdout] test src/api.rs - api::ProjectLocationAgentEnvironmentUserSessionDetectIntentCall (line 47650) - compile ... ok
[INFO] [stdout] test src/api.rs - api::ProjectLocationAgentEnvironmentPatchCall (line 49342) - compile ... FAILED
[INFO] [stdout] test src/api.rs - api::ProjectLocationAgentEnvironmentUserSessionEntityTypePatchCall (line 47084) - compile ... FAILED
[INFO] [stdout] test src/api.rs - api::ProjectLocationAgentEnvironmentUserSessionContextListCall (line 45392) - compile ... ok
[INFO] [stdout] test src/api.rs - api::ProjectLocationAgentEnvironmentUserSessionContextPatchCall (line 45678) - compile ... FAILED
[INFO] [stdout] test src/api.rs - api::ProjectLocationAgentEnvironmentIntentListCall (line 44266) - compile ... ok
[INFO] [stdout] test src/api.rs - api::ProjectLocationAgentEnvironmentUserSessionDeleteContextCall (line 47388) - compile ... ok
[INFO] [stdout] test src/api.rs - api::ProjectLocationAgentEnvironmentUserSessionEntityTypeCreateCall (line 45982) - compile ... ok
[INFO] [stdout] test src/api.rs - api::ProjectLocationAgentEnvironmentUserSessionEntityTypeGetCall (line 46536) - compile ... ok
[INFO] [stdout] test src/api.rs - api::ProjectLocationAgentGetValidationResultCall (line 57070) - compile ... ok
[INFO] [stdout] test src/api.rs - api::ProjectLocationAgentExportCall (line 56516) - compile ... ok
[INFO] [stdout] test src/api.rs - api::ProjectLocationAgentIntentGetCall (line 50820) - compile ... ok
[INFO] [stdout] test src/api.rs - api::ProjectLocationAgentIntentDeleteCall (line 50558) - compile ... ok
[INFO] [stdout] test src/api.rs - api::ProjectLocationAgentEnvironmentUserSessionEntityTypeListCall (line 46798) - compile ... ok
[INFO] [stdout] test src/api.rs - api::ProjectLocationAgentGetFulfillmentCall (line 56808) - compile ... ok
[INFO] [stdout] test src/api.rs - api::ProjectLocationAgentImportCall (line 57344) - compile ... ok
[INFO] [stdout] test src/api.rs - api::ProjectLocationAgentIntentCreateCall (line 50242) - compile ... ok
[INFO] [stdout] test src/api.rs - api::ProjectLocationAgentSessionContextListCall (line 52560) - compile ... ok
[INFO] [stdout] test src/api.rs - api::ProjectLocationAgentSessionContextDeleteCall (line 52036) - compile ... ok
[INFO] [stdout] test src/api.rs - api::ProjectLocationAgentIntentBatchUpdateCall (line 49950) - compile ... ok
[INFO] [stdout] test src/api.rs - api::ProjectLocationAgentIntentListCall (line 51106) - compile ... ok
[INFO] [stdout] test src/api.rs - api::ProjectLocationAgentIntentBatchDeleteCall (line 49658) - compile ... ok
[INFO] [stdout] test src/api.rs - api::ProjectLocationAgentRestoreCall (line 57636) - compile ... ok
[INFO] [stdout] test src/api.rs - api::ProjectLocationAgentSessionContextGetCall (line 52298) - compile ... ok
[INFO] [stdout] test src/api.rs - api::ProjectLocationAgentSessionContextCreateCall (line 51744) - compile ... ok
[INFO] [stdout] test src/api.rs - api::ProjectLocationAgentSessionDeleteContextCall (line 54556) - compile ... ok
[INFO] [stdout] test src/api.rs - api::ProjectLocationAgentSearchCall (line 57928) - compile ... ok
[INFO] [stdout] test src/api.rs - api::ProjectLocationAgentSessionDetectIntentCall (line 54818) - compile ... ok
[INFO] [stdout] test src/api.rs - api::ProjectLocationAgentSessionEntityTypeDeleteCall (line 53442) - compile ... ok
[INFO] [stdout] test src/api.rs - api::ProjectLocationAgentSessionEntityTypeCreateCall (line 53150) - compile ... ok
[INFO] [stdout] test src/api.rs - api::ProjectLocationAgentVersionDeleteCall (line 55402) - compile ... ok
[INFO] [stdout] test src/api.rs - api::ProjectLocationAgentIntentPatchCall (line 51416) - compile ... FAILED
[INFO] [stdout] test src/api.rs - api::ProjectLocationAgentSessionContextPatchCall (line 52846) - compile ... FAILED
[INFO] [stdout] test src/api.rs - api::ProjectLocationAgentTrainCall (line 58214) - compile ... ok
[INFO] [stdout] test src/api.rs - api::ProjectLocationAnswerRecordListCall (line 59072) - compile ... ok
[INFO] [stdout] test src/api.rs - api::ProjectLocationAgentSessionEntityTypeListCall (line 53966) - compile ... ok
[INFO] [stdout] test src/api.rs - api::ProjectLocationAgentSessionEntityTypeGetCall (line 53704) - compile ... ok
[INFO] [stdout] test src/api.rs - api::ProjectLocationAnswerRecordGetCall (line 58810) - compile ... ok
[INFO] [stdout] test src/api.rs - api::ProjectLocationAgentUpdateFulfillmentCall (line 58506) - compile ... FAILED
[INFO] [stdout] test src/api.rs - api::ProjectLocationConversationCompleteCall (line 64858) - compile ... ok
[INFO] [stdout] test src/api.rs - api::ProjectLocationAgentVersionPatchCall (line 56212) - compile ... FAILED
[INFO] [stdout] test src/api.rs - api::ProjectLocationAgentVersionListCall (line 55926) - compile ... ok
[INFO] [stdout] test src/api.rs - api::ProjectLocationAgentVersionGetCall (line 55664) - compile ... ok
[INFO] [stdout] test src/api.rs - api::ProjectLocationAgentVersionCreateCall (line 55110) - compile ... ok
[INFO] [stdout] test src/api.rs - api::ProjectLocationConversationCreateCall (line 65150) - compile ... ok
[INFO] [stdout] test src/api.rs - api::ProjectLocationAnswerRecordPatchCall (line 59370) - compile ... FAILED
[INFO] [stdout] test src/api.rs - api::ProjectLocationAgentSessionEntityTypePatchCall (line 54252) - compile ... FAILED
[INFO] [stdout] test src/api.rs - api::ProjectLocationConversationListCall (line 65716) - compile ... ok
[INFO] [stdout] test src/api.rs - api::ProjectLocationConversationMessageListCall (line 61956) - compile ... ok
[INFO] [stdout] test src/api.rs - api::ProjectLocationConversationGetCall (line 65454) - compile ... ok
[INFO] [stdout] test src/api.rs - api::ProjectLocationConversationParticipantListCall (line 63976) - compile ... ok
[INFO] [stdout] test src/api.rs - api::ProjectLocationConversationParticipantCreateCall (line 63422) - compile ... ok
[INFO] [stdout] test src/api.rs - api::ProjectLocationConversationMessageBatchCreateCall (line 61664) - compile ... ok
[INFO] [stdout] test src/api.rs - api::ProjectLocationConversationParticipantSuggestionSuggestFaqAnswerCall (line 62546) - compile ... ok
[INFO] [stdout] test src/api.rs - api::ProjectLocationConversationParticipantSuggestionSuggestArticleCall (line 62254) - compile ... ok
[INFO] [stdout] test src/api.rs - api::ProjectLocationConversationProfileDeleteCall (line 60258) - compile ... ok
[INFO] [stdout] test src/api.rs - api::ProjectLocationConversationParticipantAnalyzeContentCall (line 63130) - compile ... ok
[INFO] [stdout] test src/api.rs - api::ProjectLocationConversationParticipantGetCall (line 63714) - compile ... ok
[INFO] [stdout] test src/api.rs - api::ProjectLocationConversationParticipantSuggestionSuggestSmartReplyCall (line 62838) - compile ... ok
[INFO] [stdout] test src/api.rs - api::ProjectLocationConversationProfileCreateCall (line 59966) - compile ... ok
[INFO] [stdout] test src/api.rs - api::ProjectLocationConversationParticipantPatchCall (line 64262) - compile ... FAILED
[INFO] [stdout] test src/api.rs - api::ProjectLocationConversationProfileClearSuggestionFeatureConfigCall (line 59674) - compile ... ok
[INFO] [stdout] test src/api.rs - api::ProjectLocationConversationProfileGetCall (line 60520) - compile ... ok
[INFO] [stdout] test src/api.rs - api::ProjectLocationGetAgentCall (line 70804) - compile ... ok
[INFO] [stdout] test src/api.rs - api::ProjectLocationConversationProfileSetSuggestionFeatureConfigCall (line 61372) - compile ... ok
[INFO] [stdout] test src/api.rs - api::ProjectLocationConversationProfileListCall (line 60782) - compile ... ok
[INFO] [stdout] test src/api.rs - api::ProjectLocationConversationSuggestionSuggestConversationSummaryCall (line 64566) - compile ... ok
[INFO] [stdout] test src/api.rs - api::ProjectLocationKnowledgeBaseDocumentCreateCall (line 66014) - compile ... ok
[INFO] [stdout] test src/api.rs - api::ProjectLocationKnowledgeBaseDocumentReloadCall (line 67736) - compile ... ok
[INFO] [stdout] test src/api.rs - api::ProjectLocationKnowledgeBaseDocumentDeleteCall (line 66318) - compile ... ok
[INFO] [stdout] test src/api.rs - api::ProjectLocationDeleteAgentCall (line 70280) - compile ... ok
[INFO] [stdout] test src/api.rs - api::ProjectLocationListCall (line 71066) - compile ... ok
[INFO] [stdout] test src/api.rs - api::ProjectLocationKnowledgeBaseCreateCall (line 68028) - compile ... ok
[INFO] [stdout] test src/api.rs - api::ProjectLocationGetCall (line 70542) - compile ... ok
[INFO] [stdout] test src/api.rs - api::ProjectLocationKnowledgeBaseDocumentGetCall (line 66580) - compile ... ok
[INFO] [stdout] test src/api.rs - api::ProjectLocationKnowledgeBaseDocumentListCall (line 67134) - compile ... ok
[INFO] [stdout] test src/api.rs - api::ProjectLocationKnowledgeBaseGetCall (line 68594) - compile ... ok
[INFO] [stdout] test src/api.rs - api::ProjectLocationKnowledgeBaseDocumentImportCall (line 66842) - compile ... ok
[INFO] [stdout] test src/api.rs - api::ProjectLocationKnowledgeBaseDeleteCall (line 68320) - compile ... ok
[INFO] [stdout] test src/lib.rs - (line 49) ... ignored
[INFO] [stdout] test src/api.rs - api::ProjectLocationConversationProfilePatchCall (line 61068) - compile ... FAILED
[INFO] [stdout] test src/api.rs - api::ProjectLocationOperationCancelCall (line 69458) - compile ... ok
[INFO] [stdout] test src/api.rs - api::ProjectLocationKnowledgeBaseListCall (line 68856) - compile ... ok
[INFO] [stdout] test src/api.rs - api::ProjectLocationOperationGetCall (line 69720) - compile ... ok
[INFO] [stdout] test src/lib.rs - (line 114) - compile ... ok
[INFO] [stdout] test src/api.rs - api::ProjectMethods (line 5270) - compile ... ok
[INFO] [stdout] test src/api.rs - api::ProjectLocationOperationListCall (line 69982) - compile ... ok
[INFO] [stdout] test src/api.rs - api::ProjectLocationKnowledgeBasePatchCall (line 69154) - compile ... FAILED
[INFO] [stdout] test src/api.rs - api::ProjectLocationKnowledgeBaseDocumentPatchCall (line 67432) - compile ... FAILED
[INFO] [stdout] test src/api.rs - api::ProjectOperationListCall (line 72192) - compile ... ok
[INFO] [stdout] test src/api.rs - api::ProjectLocationSetAgentCall (line 71364) - compile ... FAILED
[INFO] [stdout] test src/api.rs - api::ProjectOperationGetCall (line 71930) - compile ... ok
[INFO] [stdout] test src/api.rs - api::ProjectOperationCancelCall (line 71668) - compile ... ok
[INFO] [stdout] test src/api.rs - api::ProjectSetAgentCall (line 73014) - compile ... FAILED
[INFO] [stdout] 
[INFO] [stdout] failures:
[INFO] [stdout] 
[INFO] [stdout] ---- src/api.rs - api::ProjectAgentEntityTypePatchCall (line 12102) stdout ----
[INFO] [stdout] error[E0308]: mismatched types
[INFO] [stdout]      --> src/api.rs:12126:27
[INFO] [stdout]       |
[INFO] [stdout] 25    |              .update_mask(&Default::default())
[INFO] [stdout]       |               ----------- ^^^^^^^^^^^^^^^^^^^ expected `FieldMask`, found `&_`
[INFO] [stdout]       |               |
[INFO] [stdout]       |               arguments to this method are incorrect
[INFO] [stdout]       |
[INFO] [stdout]       = note: expected struct `FieldMask`
[INFO] [stdout]               found reference `&_`
[INFO] [stdout] note: method defined here
[INFO] [stdout]      --> /opt/rustwide/workdir/src/api.rs:12322:12
[INFO] [stdout]       |
[INFO] [stdout] 12322 |     pub fn update_mask(mut self, new_value: client::FieldMask) -> ProjectAgentEntityTypePatchCall<'a, S> {
[INFO] [stdout]       |            ^^^^^^^^^^^
[INFO] [stdout] help: consider removing the borrow
[INFO] [stdout]       |
[INFO] [stdout] 25    -              .update_mask(&Default::default())
[INFO] [stdout] 25    +              .update_mask(Default::default())
[INFO] [stdout]       |
[INFO] [stdout] 
[INFO] [stdout] error: aborting due to previous error
[INFO] [stdout] 
[INFO] [stdout] For more information about this error, try `rustc --explain E0308`.
[INFO] [stdout] Couldn't compile the test.
[INFO] [stdout] ---- src/api.rs - api::ProjectAgentEnvironmentPatchCall (line 17494) stdout ----
[INFO] [stdout] error[E0308]: mismatched types
[INFO] [stdout]      --> src/api.rs:17518:27
[INFO] [stdout]       |
[INFO] [stdout] 25    |              .update_mask(&Default::default())
[INFO] [stdout]       |               ----------- ^^^^^^^^^^^^^^^^^^^ expected `FieldMask`, found `&_`
[INFO] [stdout]       |               |
[INFO] [stdout]       |               arguments to this method are incorrect
[INFO] [stdout]       |
[INFO] [stdout]       = note: expected struct `FieldMask`
[INFO] [stdout]               found reference `&_`
[INFO] [stdout] note: method defined here
[INFO] [stdout]      --> /opt/rustwide/workdir/src/api.rs:17714:12
[INFO] [stdout]       |
[INFO] [stdout] 17714 |     pub fn update_mask(mut self, new_value: client::FieldMask) -> ProjectAgentEnvironmentPatchCall<'a, S> {
[INFO] [stdout]       |            ^^^^^^^^^^^
[INFO] [stdout] help: consider removing the borrow
[INFO] [stdout]       |
[INFO] [stdout] 25    -              .update_mask(&Default::default())
[INFO] [stdout] 25    +              .update_mask(Default::default())
[INFO] [stdout]       |
[INFO] [stdout] 
[INFO] [stdout] error: aborting due to previous error
[INFO] [stdout] 
[INFO] [stdout] For more information about this error, try `rustc --explain E0308`.
[INFO] [stdout] Couldn't compile the test.
[INFO] [stdout] ---- src/api.rs - api::ProjectAgentEnvironmentUserSessionContextPatchCall (line 13830) stdout ----
[INFO] [stdout] error[E0308]: mismatched types
[INFO] [stdout]      --> src/api.rs:13854:27
[INFO] [stdout]       |
[INFO] [stdout] 25    |              .update_mask(&Default::default())
[INFO] [stdout]       |               ----------- ^^^^^^^^^^^^^^^^^^^ expected `FieldMask`, found `&_`
[INFO] [stdout]       |               |
[INFO] [stdout]       |               arguments to this method are incorrect
[INFO] [stdout]       |
[INFO] [stdout]       = note: expected struct `FieldMask`
[INFO] [stdout]               found reference `&_`
[INFO] [stdout] note: method defined here
[INFO] [stdout]      --> /opt/rustwide/workdir/src/api.rs:14045:12
[INFO] [stdout]       |
[INFO] [stdout] 14045 |     pub fn update_mask(mut self, new_value: client::FieldMask) -> ProjectAgentEnvironmentUserSessionContextPatchCall<'a, S> {
[INFO] [stdout]       |            ^^^^^^^^^^^
[INFO] [stdout] help: consider removing the borrow
[INFO] [stdout]       |
[INFO] [stdout] 25    -              .update_mask(&Default::default())
[INFO] [stdout] 25    +              .update_mask(Default::default())
[INFO] [stdout]       |
[INFO] [stdout] 
[INFO] [stdout] error: aborting due to previous error
[INFO] [stdout] 
[INFO] [stdout] For more information about this error, try `rustc --explain E0308`.
[INFO] [stdout] Couldn't compile the test.
[INFO] [stdout] ---- src/api.rs - api::ProjectAgentIntentPatchCall (line 19568) stdout ----
[INFO] [stdout] error[E0308]: mismatched types
[INFO] [stdout]      --> src/api.rs:19592:27
[INFO] [stdout]       |
[INFO] [stdout] 25    |              .update_mask(&Default::default())
[INFO] [stdout]       |               ----------- ^^^^^^^^^^^^^^^^^^^ expected `FieldMask`, found `&_`
[INFO] [stdout]       |               |
[INFO] [stdout]       |               arguments to this method are incorrect
[INFO] [stdout]       |
[INFO] [stdout]       = note: expected struct `FieldMask`
[INFO] [stdout]               found reference `&_`
[INFO] [stdout] note: method defined here
[INFO] [stdout]      --> /opt/rustwide/workdir/src/api.rs:19793:12
[INFO] [stdout]       |
[INFO] [stdout] 19793 |     pub fn update_mask(mut self, new_value: client::FieldMask) -> ProjectAgentIntentPatchCall<'a, S> {
[INFO] [stdout]       |            ^^^^^^^^^^^
[INFO] [stdout] help: consider removing the borrow
[INFO] [stdout]       |
[INFO] [stdout] 25    -              .update_mask(&Default::default())
[INFO] [stdout] 25    +              .update_mask(Default::default())
[INFO] [stdout]       |
[INFO] [stdout] 
[INFO] [stdout] error: aborting due to previous error
[INFO] [stdout] 
[INFO] [stdout] For more information about this error, try `rustc --explain E0308`.
[INFO] [stdout] Couldn't compile the test.
[INFO] [stdout] ---- src/api.rs - api::ProjectAgentEnvironmentUserSessionEntityTypePatchCall (line 15236) stdout ----
[INFO] [stdout] error[E0308]: mismatched types
[INFO] [stdout]      --> src/api.rs:15260:27
[INFO] [stdout]       |
[INFO] [stdout] 25    |              .update_mask(&Default::default())
[INFO] [stdout]       |               ----------- ^^^^^^^^^^^^^^^^^^^ expected `FieldMask`, found `&_`
[INFO] [stdout]       |               |
[INFO] [stdout]       |               arguments to this method are incorrect
[INFO] [stdout]       |
[INFO] [stdout]       = note: expected struct `FieldMask`
[INFO] [stdout]               found reference `&_`
[INFO] [stdout] note: method defined here
[INFO] [stdout]      --> /opt/rustwide/workdir/src/api.rs:15451:12
[INFO] [stdout]       |
[INFO] [stdout] 15451 |     pub fn update_mask(mut self, new_value: client::FieldMask) -> ProjectAgentEnvironmentUserSessionEntityTypePatchCall<'a, S> {
[INFO] [stdout]       |            ^^^^^^^^^^^
[INFO] [stdout] help: consider removing the borrow
[INFO] [stdout]       |
[INFO] [stdout] 25    -              .update_mask(&Default::default())
[INFO] [stdout] 25    +              .update_mask(Default::default())
[INFO] [stdout]       |
[INFO] [stdout] 
[INFO] [stdout] error: aborting due to previous error
[INFO] [stdout] 
[INFO] [stdout] For more information about this error, try `rustc --explain E0308`.
[INFO] [stdout] Couldn't compile the test.
[INFO] [stdout] ---- src/api.rs - api::ProjectAgentSessionEntityTypePatchCall (line 25556) stdout ----
[INFO] [stdout] error[E0308]: mismatched types
[INFO] [stdout]      --> src/api.rs:25580:27
[INFO] [stdout]       |
[INFO] [stdout] 25    |              .update_mask(&Default::default())
[INFO] [stdout]       |               ----------- ^^^^^^^^^^^^^^^^^^^ expected `FieldMask`, found `&_`
[INFO] [stdout]       |               |
[INFO] [stdout]       |               arguments to this method are incorrect
[INFO] [stdout]       |
[INFO] [stdout]       = note: expected struct `FieldMask`
[INFO] [stdout]               found reference `&_`
[INFO] [stdout] note: method defined here
[INFO] [stdout]      --> /opt/rustwide/workdir/src/api.rs:25771:12
[INFO] [stdout]       |
[INFO] [stdout] 25771 |     pub fn update_mask(mut self, new_value: client::FieldMask) -> ProjectAgentSessionEntityTypePatchCall<'a, S> {
[INFO] [stdout]       |            ^^^^^^^^^^^
[INFO] [stdout] help: consider removing the borrow
[INFO] [stdout]       |
[INFO] [stdout] 25    -              .update_mask(&Default::default())
[INFO] [stdout] 25    +              .update_mask(Default::default())
[INFO] [stdout]       |
[INFO] [stdout] 
[INFO] [stdout] error: aborting due to previous error
[INFO] [stdout] 
[INFO] [stdout] For more information about this error, try `rustc --explain E0308`.
[INFO] [stdout] Couldn't compile the test.
[INFO] [stdout] ---- src/api.rs - api::ProjectAgentUpdateFulfillmentCall (line 29810) stdout ----
[INFO] [stdout] error[E0308]: mismatched types
[INFO] [stdout]      --> src/api.rs:29834:27
[INFO] [stdout]       |
[INFO] [stdout] 25    |              .update_mask(&Default::default())
[INFO] [stdout]       |               ----------- ^^^^^^^^^^^^^^^^^^^ expected `FieldMask`, found `&_`
[INFO] [stdout]       |               |
[INFO] [stdout]       |               arguments to this method are incorrect
[INFO] [stdout]       |
[INFO] [stdout]       = note: expected struct `FieldMask`
[INFO] [stdout]               found reference `&_`
[INFO] [stdout] note: method defined here
[INFO] [stdout]      --> /opt/rustwide/workdir/src/api.rs:30025:12
[INFO] [stdout]       |
[INFO] [stdout] 30025 |     pub fn update_mask(mut self, new_value: client::FieldMask) -> ProjectAgentUpdateFulfillmentCall<'a, S> {
[INFO] [stdout]       |            ^^^^^^^^^^^
[INFO] [stdout] help: consider removing the borrow
[INFO] [stdout]       |
[INFO] [stdout] 25    -              .update_mask(&Default::default())
[INFO] [stdout] 25    +              .update_mask(Default::default())
[INFO] [stdout]       |
[INFO] [stdout] 
[INFO] [stdout] error: aborting due to previous error
[INFO] [stdout] 
[INFO] [stdout] For more information about this error, try `rustc --explain E0308`.
[INFO] [stdout] Couldn't compile the test.
[INFO] [stdout] ---- src/api.rs - api::ProjectAgentKnowledgeBasePatchCall (line 22744) stdout ----
[INFO] [stdout] error[E0308]: mismatched types
[INFO] [stdout]      --> src/api.rs:22768:27
[INFO] [stdout]       |
[INFO] [stdout] 25    |              .update_mask(&Default::default())
[INFO] [stdout]       |               ----------- ^^^^^^^^^^^^^^^^^^^ expected `FieldMask`, found `&_`
[INFO] [stdout]       |               |
[INFO] [stdout]       |               arguments to this method are incorrect
[INFO] [stdout]       |
[INFO] [stdout]       = note: expected struct `FieldMask`
[INFO] [stdout]               found reference `&_`
[INFO] [stdout] note: method defined here
[INFO] [stdout]      --> /opt/rustwide/workdir/src/api.rs:22959:12
[INFO] [stdout]       |
[INFO] [stdout] 22959 |     pub fn update_mask(mut self, new_value: client::FieldMask) -> ProjectAgentKnowledgeBasePatchCall<'a, S> {
[INFO] [stdout]       |            ^^^^^^^^^^^
[INFO] [stdout] help: consider removing the borrow
[INFO] [stdout]       |
[INFO] [stdout] 25    -              .update_mask(&Default::default())
[INFO] [stdout] 25    +              .update_mask(Default::default())
[INFO] [stdout]       |
[INFO] [stdout] 
[INFO] [stdout] error: aborting due to previous error
[INFO] [stdout] 
[INFO] [stdout] For more information about this error, try `rustc --explain E0308`.
[INFO] [stdout] Couldn't compile the test.
[INFO] [stdout] ---- src/api.rs - api::ProjectAgentKnowledgeBaseDocumentPatchCall (line 21022) stdout ----
[INFO] [stdout] error[E0308]: mismatched types
[INFO] [stdout]      --> src/api.rs:21046:27
[INFO] [stdout]       |
[INFO] [stdout] 25    |              .update_mask(&Default::default())
[INFO] [stdout]       |               ----------- ^^^^^^^^^^^^^^^^^^^ expected `FieldMask`, found `&_`
[INFO] [stdout]       |               |
[INFO] [stdout]       |               arguments to this method are incorrect
[INFO] [stdout]       |
[INFO] [stdout]       = note: expected struct `FieldMask`
[INFO] [stdout]               found reference `&_`
[INFO] [stdout] note: method defined here
[INFO] [stdout]      --> /opt/rustwide/workdir/src/api.rs:21237:12
[INFO] [stdout]       |
[INFO] [stdout] 21237 |     pub fn update_mask(mut self, new_value: client::FieldMask) -> ProjectAgentKnowledgeBaseDocumentPatchCall<'a, S> {
[INFO] [stdout]       |            ^^^^^^^^^^^
[INFO] [stdout] help: consider removing the borrow
[INFO] [stdout]       |
[INFO] [stdout] 25    -              .update_mask(&Default::default())
[INFO] [stdout] 25    +              .update_mask(Default::default())
[INFO] [stdout]       |
[INFO] [stdout] 
[INFO] [stdout] error: aborting due to previous error
[INFO] [stdout] 
[INFO] [stdout] For more information about this error, try `rustc --explain E0308`.
[INFO] [stdout] Couldn't compile the test.
[INFO] [stdout] ---- src/api.rs - api::ProjectAgentVersionPatchCall (line 27516) stdout ----
[INFO] [stdout] error[E0308]: mismatched types
[INFO] [stdout]      --> src/api.rs:27540:27
[INFO] [stdout]       |
[INFO] [stdout] 25    |              .update_mask(&Default::default())
[INFO] [stdout]       |               ----------- ^^^^^^^^^^^^^^^^^^^ expected `FieldMask`, found `&_`
[INFO] [stdout]       |               |
[INFO] [stdout]       |               arguments to this method are incorrect
[INFO] [stdout]       |
[INFO] [stdout]       = note: expected struct `FieldMask`
[INFO] [stdout]               found reference `&_`
[INFO] [stdout] note: method defined here
[INFO] [stdout]      --> /opt/rustwide/workdir/src/api.rs:27731:12
[INFO] [stdout]       |
[INFO] [stdout] 27731 |     pub fn update_mask(mut self, new_value: client::FieldMask) -> ProjectAgentVersionPatchCall<'a, S> {
[INFO] [stdout]       |            ^^^^^^^^^^^
[INFO] [stdout] help: consider removing the borrow
[INFO] [stdout]       |
[INFO] [stdout] 25    -              .update_mask(&Default::default())
[INFO] [stdout] 25    +              .update_mask(Default::default())
[INFO] [stdout]       |
[INFO] [stdout] 
[INFO] [stdout] error: aborting due to previous error
[INFO] [stdout] 
[INFO] [stdout] For more information about this error, try `rustc --explain E0308`.
[INFO] [stdout] Couldn't compile the test.
[INFO] [stdout] ---- src/api.rs - api::ProjectAgentSessionContextPatchCall (line 24150) stdout ----
[INFO] [stdout] error[E0308]: mismatched types
[INFO] [stdout]      --> src/api.rs:24174:27
[INFO] [stdout]       |
[INFO] [stdout] 25    |              .update_mask(&Default::default())
[INFO] [stdout]       |               ----------- ^^^^^^^^^^^^^^^^^^^ expected `FieldMask`, found `&_`
[INFO] [stdout]       |               |
[INFO] [stdout]       |               arguments to this method are incorrect
[INFO] [stdout]       |
[INFO] [stdout]       = note: expected struct `FieldMask`
[INFO] [stdout]               found reference `&_`
[INFO] [stdout] note: method defined here
[INFO] [stdout]      --> /opt/rustwide/workdir/src/api.rs:24365:12
[INFO] [stdout]       |
[INFO] [stdout] 24365 |     pub fn update_mask(mut self, new_value: client::FieldMask) -> ProjectAgentSessionContextPatchCall<'a, S> {
[INFO] [stdout]       |            ^^^^^^^^^^^
[INFO] [stdout] help: consider removing the borrow
[INFO] [stdout]       |
[INFO] [stdout] 25    -              .update_mask(&Default::default())
[INFO] [stdout] 25    +              .update_mask(Default::default())
[INFO] [stdout]       |
[INFO] [stdout] 
[INFO] [stdout] error: aborting due to previous error
[INFO] [stdout] 
[INFO] [stdout] For more information about this error, try `rustc --explain E0308`.
[INFO] [stdout] Couldn't compile the test.
[INFO] [stdout] ---- src/api.rs - api::ProjectAnswerRecordPatchCall (line 30674) stdout ----
[INFO] [stdout] error[E0308]: mismatched types
[INFO] [stdout]      --> src/api.rs:30698:27
[INFO] [stdout]       |
[INFO] [stdout] 25    |              .update_mask(&Default::default())
[INFO] [stdout]       |               ----------- ^^^^^^^^^^^^^^^^^^^ expected `FieldMask`, found `&_`
[INFO] [stdout]       |               |
[INFO] [stdout]       |               arguments to this method are incorrect
[INFO] [stdout]       |
[INFO] [stdout]       = note: expected struct `FieldMask`
[INFO] [stdout]               found reference `&_`
[INFO] [stdout] note: method defined here
[INFO] [stdout]      --> /opt/rustwide/workdir/src/api.rs:30889:12
[INFO] [stdout]       |
[INFO] [stdout] 30889 |     pub fn update_mask(mut self, new_value: client::FieldMask) -> ProjectAnswerRecordPatchCall<'a, S> {
[INFO] [stdout]       |            ^^^^^^^^^^^
[INFO] [stdout] help: consider removing the borrow
[INFO] [stdout]       |
[INFO] [stdout] 25    -              .update_mask(&Default::default())
[INFO] [stdout] 25    +              .update_mask(Default::default())
[INFO] [stdout]       |
[INFO] [stdout] 
[INFO] [stdout] error: aborting due to previous error
[INFO] [stdout] 
[INFO] [stdout] For more information about this error, try `rustc --explain E0308`.
[INFO] [stdout] Couldn't compile the test.
[INFO] [stdout] ---- src/api.rs - api::ProjectConversationParticipantPatchCall (line 36156) stdout ----
[INFO] [stdout] error[E0308]: mismatched types
[INFO] [stdout]      --> src/api.rs:36180:27
[INFO] [stdout]       |
[INFO] [stdout] 25    |              .update_mask(&Default::default())
[INFO] [stdout]       |               ----------- ^^^^^^^^^^^^^^^^^^^ expected `FieldMask`, found `&_`
[INFO] [stdout]       |               |
[INFO] [stdout]       |               arguments to this method are incorrect
[INFO] [stdout]       |
[INFO] [stdout]       = note: expected struct `FieldMask`
[INFO] [stdout]               found reference `&_`
[INFO] [stdout] note: method defined here
[INFO] [stdout]      --> /opt/rustwide/workdir/src/api.rs:36371:12
[INFO] [stdout]       |
[INFO] [stdout] 36371 |     pub fn update_mask(mut self, new_value: client::FieldMask) -> ProjectConversationParticipantPatchCall<'a, S> {
[INFO] [stdout]       |            ^^^^^^^^^^^
[INFO] [stdout] help: consider removing the borrow
[INFO] [stdout]       |
[INFO] [stdout] 25    -              .update_mask(&Default::default())
[INFO] [stdout] 25    +              .update_mask(Default::default())
[INFO] [stdout]       |
[INFO] [stdout] 
[INFO] [stdout] error: aborting due to previous error
[INFO] [stdout] 
[INFO] [stdout] For more information about this error, try `rustc --explain E0308`.
[INFO] [stdout] Couldn't compile the test.
[INFO] [stdout] ---- src/api.rs - api::ProjectConversationProfilePatchCall (line 32372) stdout ----
[INFO] [stdout] error[E0308]: mismatched types
[INFO] [stdout]      --> src/api.rs:32396:27
[INFO] [stdout]       |
[INFO] [stdout] 25    |              .update_mask(&Default::default())
[INFO] [stdout]       |               ----------- ^^^^^^^^^^^^^^^^^^^ expected `FieldMask`, found `&_`
[INFO] [stdout]       |               |
[INFO] [stdout]       |               arguments to this method are incorrect
[INFO] [stdout]       |
[INFO] [stdout]       = note: expected struct `FieldMask`
[INFO] [stdout]               found reference `&_`
[INFO] [stdout] note: method defined here
[INFO] [stdout]      --> /opt/rustwide/workdir/src/api.rs:32587:12
[INFO] [stdout]       |
[INFO] [stdout] 32587 |     pub fn update_mask(mut self, new_value: client::FieldMask) -> ProjectConversationProfilePatchCall<'a, S> {
[INFO] [stdout]       |            ^^^^^^^^^^^
[INFO] [stdout] help: consider removing the borrow
[INFO] [stdout]       |
[INFO] [stdout] 25    -              .update_mask(&Default::default())
[INFO] [stdout] 25    +              .update_mask(Default::default())
[INFO] [stdout]       |
[INFO] [stdout] 
[INFO] [stdout] error: aborting due to previous error
[INFO] [stdout] 
[INFO] [stdout] For more information about this error, try `rustc --explain E0308`.
[INFO] [stdout] Couldn't compile the test.
[INFO] [stdout] ---- src/api.rs - api::ProjectKnowledgeBaseDocumentPatchCall (line 39326) stdout ----
[INFO] [stdout] error[E0308]: mismatched types
[INFO] [stdout]      --> src/api.rs:39350:27
[INFO] [stdout]       |
[INFO] [stdout] 25    |              .update_mask(&Default::default())
[INFO] [stdout]       |               ----------- ^^^^^^^^^^^^^^^^^^^ expected `FieldMask`, found `&_`
[INFO] [stdout]       |               |
[INFO] [stdout]       |               arguments to this method are incorrect
[INFO] [stdout]       |
[INFO] [stdout]       = note: expected struct `FieldMask`
[INFO] [stdout]               found reference `&_`
[INFO] [stdout] note: method defined here
[INFO] [stdout]      --> /opt/rustwide/workdir/src/api.rs:39541:12
[INFO] [stdout]       |
[INFO] [stdout] 39541 |     pub fn update_mask(mut self, new_value: client::FieldMask) -> ProjectKnowledgeBaseDocumentPatchCall<'a, S> {
[INFO] [stdout]       |            ^^^^^^^^^^^
[INFO] [stdout] help: consider removing the borrow
[INFO] [stdout]       |
[INFO] [stdout] 25    -              .update_mask(&Default::default())
[INFO] [stdout] 25    +              .update_mask(Default::default())
[INFO] [stdout]       |
[INFO] [stdout] 
[INFO] [stdout] error: aborting due to previous error
[INFO] [stdout] 
[INFO] [stdout] For more information about this error, try `rustc --explain E0308`.
[INFO] [stdout] Couldn't compile the test.
[INFO] [stdout] ---- src/api.rs - api::ProjectKnowledgeBasePatchCall (line 41048) stdout ----
[INFO] [stdout] error[E0308]: mismatched types
[INFO] [stdout]      --> src/api.rs:41072:27
[INFO] [stdout]       |
[INFO] [stdout] 25    |              .update_mask(&Default::default())
[INFO] [stdout]       |               ----------- ^^^^^^^^^^^^^^^^^^^ expected `FieldMask`, found `&_`
[INFO] [stdout]       |               |
[INFO] [stdout]       |               arguments to this method are incorrect
[INFO] [stdout]       |
[INFO] [stdout]       = note: expected struct `FieldMask`
[INFO] [stdout]               found reference `&_`
[INFO] [stdout] note: method defined here
[INFO] [stdout]      --> /opt/rustwide/workdir/src/api.rs:41263:12
[INFO] [stdout]       |
[INFO] [stdout] 41263 |     pub fn update_mask(mut self, new_value: client::FieldMask) -> ProjectKnowledgeBasePatchCall<'a, S> {
[INFO] [stdout]       |            ^^^^^^^^^^^
[INFO] [stdout] help: consider removing the borrow
[INFO] [stdout]       |
[INFO] [stdout] 25    -              .update_mask(&Default::default())
[INFO] [stdout] 25    +              .update_mask(Default::default())
[INFO] [stdout]       |
[INFO] [stdout] 
[INFO] [stdout] error: aborting due to previous error
[INFO] [stdout] 
[INFO] [stdout] For more information about this error, try `rustc --explain E0308`.
[INFO] [stdout] Couldn't compile the test.
[INFO] [stdout] ---- src/api.rs - api::ProjectLocationAgentEntityTypePatchCall (line 43950) stdout ----
[INFO] [stdout] error[E0308]: mismatched types
[INFO] [stdout]      --> src/api.rs:43974:27
[INFO] [stdout]       |
[INFO] [stdout] 25    |              .update_mask(&Default::default())
[INFO] [stdout]       |               ----------- ^^^^^^^^^^^^^^^^^^^ expected `FieldMask`, found `&_`
[INFO] [stdout]       |               |
[INFO] [stdout]       |               arguments to this method are incorrect
[INFO] [stdout]       |
[INFO] [stdout]       = note: expected struct `FieldMask`
[INFO] [stdout]               found reference `&_`
[INFO] [stdout] note: method defined here
[INFO] [stdout]      --> /opt/rustwide/workdir/src/api.rs:44170:12
[INFO] [stdout]       |
[INFO] [stdout] 44170 |     pub fn update_mask(mut self, new_value: client::FieldMask) -> ProjectLocationAgentEntityTypePatchCall<'a, S> {
[INFO] [stdout]       |            ^^^^^^^^^^^
[INFO] [stdout] help: consider removing the borrow
[INFO] [stdout]       |
[INFO] [stdout] 25    -              .update_mask(&Default::default())
[INFO] [stdout] 25    +              .update_mask(Default::default())
[INFO] [stdout]       |
[INFO] [stdout] 
[INFO] [stdout] error: aborting due to previous error
[INFO] [stdout] 
[INFO] [stdout] For more information about this error, try `rustc --explain E0308`.
[INFO] [stdout] Couldn't compile the test.
[INFO] [stdout] ---- src/api.rs - api::ProjectLocationAgentEnvironmentPatchCall (line 49342) stdout ----
[INFO] [stdout] error[E0308]: mismatched types
[INFO] [stdout]      --> src/api.rs:49366:27
[INFO] [stdout]       |
[INFO] [stdout] 25    |              .update_mask(&Default::default())
[INFO] [stdout]       |               ----------- ^^^^^^^^^^^^^^^^^^^ expected `FieldMask`, found `&_`
[INFO] [stdout]       |               |
[INFO] [stdout]       |               arguments to this method are incorrect
[INFO] [stdout]       |
[INFO] [stdout]       = note: expected struct `FieldMask`
[INFO] [stdout]               found reference `&_`
[INFO] [stdout] note: method defined here
[INFO] [stdout]      --> /opt/rustwide/workdir/src/api.rs:49562:12
[INFO] [stdout]       |
[INFO] [stdout] 49562 |     pub fn update_mask(mut self, new_value: client::FieldMask) -> ProjectLocationAgentEnvironmentPatchCall<'a, S> {
[INFO] [stdout]       |            ^^^^^^^^^^^
[INFO] [stdout] help: consider removing the borrow
[INFO] [stdout]       |
[INFO] [stdout] 25    -              .update_mask(&Default::default())
[INFO] [stdout] 25    +              .update_mask(Default::default())
[INFO] [stdout]       |
[INFO] [stdout] 
[INFO] [stdout] error: aborting due to previous error
[INFO] [stdout] 
[INFO] [stdout] For more information about this error, try `rustc --explain E0308`.
[INFO] [stdout] Couldn't compile the test.
[INFO] [stdout] ---- src/api.rs - api::ProjectLocationAgentEnvironmentUserSessionEntityTypePatchCall (line 47084) stdout ----
[INFO] [stdout] error[E0308]: mismatched types
[INFO] [stdout]      --> src/api.rs:47108:27
[INFO] [stdout]       |
[INFO] [stdout] 25    |              .update_mask(&Default::default())
[INFO] [stdout]       |               ----------- ^^^^^^^^^^^^^^^^^^^ expected `FieldMask`, found `&_`
[INFO] [stdout]       |               |
[INFO] [stdout]       |               arguments to this method are incorrect
[INFO] [stdout]       |
[INFO] [stdout]       = note: expected struct `FieldMask`
[INFO] [stdout]               found reference `&_`
[INFO] [stdout] note: method defined here
[INFO] [stdout]      --> /opt/rustwide/workdir/src/api.rs:47299:12
[INFO] [stdout]       |
[INFO] [stdout] 47299 |     pub fn update_mask(mut self, new_value: client::FieldMask) -> ProjectLocationAgentEnvironmentUserSessionEntityTypePatchCall<'a, S> {
[INFO] [stdout]       |            ^^^^^^^^^^^
[INFO] [stdout] help: consider removing the borrow
[INFO] [stdout]       |
[INFO] [stdout] 25    -              .update_mask(&Default::default())
[INFO] [stdout] 25    +              .update_mask(Default::default())
[INFO] [stdout]       |
[INFO] [stdout] 
[INFO] [stdout] error: aborting due to previous error
[INFO] [stdout] 
[INFO] [stdout] For more information about this error, try `rustc --explain E0308`.
[INFO] [stdout] Couldn't compile the test.
[INFO] [stdout] ---- src/api.rs - api::ProjectLocationAgentEnvironmentUserSessionContextPatchCall (line 45678) stdout ----
[INFO] [stdout] error[E0308]: mismatched types
[INFO] [stdout]      --> src/api.rs:45702:27
[INFO] [stdout]       |
[INFO] [stdout] 25    |              .update_mask(&Default::default())
[INFO] [stdout]       |               ----------- ^^^^^^^^^^^^^^^^^^^ expected `FieldMask`, found `&_`
[INFO] [stdout]       |               |
[INFO] [stdout]       |               arguments to this method are incorrect
[INFO] [stdout]       |
[INFO] [stdout]       = note: expected struct `FieldMask`
[INFO] [stdout]               found reference `&_`
[INFO] [stdout] note: method defined here
[INFO] [stdout]      --> /opt/rustwide/workdir/src/api.rs:45893:12
[INFO] [stdout]       |
[INFO] [stdout] 45893 |     pub fn update_mask(mut self, new_value: client::FieldMask) -> ProjectLocationAgentEnvironmentUserSessionContextPatchCall<'a, S> {
[INFO] [stdout]       |            ^^^^^^^^^^^
[INFO] [stdout] help: consider removing the borrow
[INFO] [stdout]       |
[INFO] [stdout] 25    -              .update_mask(&Default::default())
[INFO] [stdout] 25    +              .update_mask(Default::default())
[INFO] [stdout]       |
[INFO] [stdout] 
[INFO] [stdout] error: aborting due to previous error
[INFO] [stdout] 
[INFO] [stdout] For more information about this error, try `rustc --explain E0308`.
[INFO] [stdout] Couldn't compile the test.
[INFO] [stdout] ---- src/api.rs - api::ProjectLocationAgentIntentPatchCall (line 51416) stdout ----
[INFO] [stdout] error[E0308]: mismatched types
[INFO] [stdout]      --> src/api.rs:51440:27
[INFO] [stdout]       |
[INFO] [stdout] 25    |              .update_mask(&Default::default())
[INFO] [stdout]       |               ----------- ^^^^^^^^^^^^^^^^^^^ expected `FieldMask`, found `&_`
[INFO] [stdout]       |               |
[INFO] [stdout]       |               arguments to this method are incorrect
[INFO] [stdout]       |
[INFO] [stdout]       = note: expected struct `FieldMask`
[INFO] [stdout]               found reference `&_`
[INFO] [stdout] note: method defined here
[INFO] [stdout]      --> /opt/rustwide/workdir/src/api.rs:51641:12
[INFO] [stdout]       |
[INFO] [stdout] 51641 |     pub fn update_mask(mut self, new_value: client::FieldMask) -> ProjectLocationAgentIntentPatchCall<'a, S> {
[INFO] [stdout]       |            ^^^^^^^^^^^
[INFO] [stdout] help: consider removing the borrow
[INFO] [stdout]       |
[INFO] [stdout] 25    -              .update_mask(&Default::default())
[INFO] [stdout] 25    +              .update_mask(Default::default())
[INFO] [stdout]       |
[INFO] [stdout] 
[INFO] [stdout] error: aborting due to previous error
[INFO] [stdout] 
[INFO] [stdout] For more information about this error, try `rustc --explain E0308`.
[INFO] [stdout] Couldn't compile the test.
[INFO] [stdout] ---- src/api.rs - api::ProjectLocationAgentSessionContextPatchCall (line 52846) stdout ----
[INFO] [stdout] error[E0308]: mismatched types
[INFO] [stdout]      --> src/api.rs:52870:27
[INFO] [stdout]       |
[INFO] [stdout] 25    |              .update_mask(&Default::default())
[INFO] [stdout]       |               ----------- ^^^^^^^^^^^^^^^^^^^ expected `FieldMask`, found `&_`
[INFO] [stdout]       |               |
[INFO] [stdout]       |               arguments to this method are incorrect
[INFO] [stdout]       |
[INFO] [stdout]       = note: expected struct `FieldMask`
[INFO] [stdout]               found reference `&_`
[INFO] [stdout] note: method defined here
[INFO] [stdout]      --> /opt/rustwide/workdir/src/api.rs:53061:12
[INFO] [stdout]       |
[INFO] [stdout] 53061 |     pub fn update_mask(mut self, new_value: client::FieldMask) -> ProjectLocationAgentSessionContextPatchCall<'a, S> {
[INFO] [stdout]       |            ^^^^^^^^^^^
[INFO] [stdout] help: consider removing the borrow
[INFO] [stdout]       |
[INFO] [stdout] 25    -              .update_mask(&Default::default())
[INFO] [stdout] 25    +              .update_mask(Default::default())
[INFO] [stdout]       |
[INFO] [stdout] 
[INFO] [stdout] error: aborting due to previous error
[INFO] [stdout] 
[INFO] [stdout] For more information about this error, try `rustc --explain E0308`.
[INFO] [stdout] Couldn't compile the test.
[INFO] [stdout] ---- src/api.rs - api::ProjectLocationAgentUpdateFulfillmentCall (line 58506) stdout ----
[INFO] [stdout] error[E0308]: mismatched types
[INFO] [stdout]      --> src/api.rs:58530:27
[INFO] [stdout]       |
[INFO] [stdout] 25    |              .update_mask(&Default::default())
[INFO] [stdout]       |               ----------- ^^^^^^^^^^^^^^^^^^^ expected `FieldMask`, found `&_`
[INFO] [stdout]       |               |
[INFO] [stdout]       |               arguments to this method are incorrect
[INFO] [stdout]       |
[INFO] [stdout]       = note: expected struct `FieldMask`
[INFO] [stdout]               found reference `&_`
[INFO] [stdout] note: method defined here
[INFO] [stdout]      --> /opt/rustwide/workdir/src/api.rs:58721:12
[INFO] [stdout]       |
[INFO] [stdout] 58721 |     pub fn update_mask(mut self, new_value: client::FieldMask) -> ProjectLocationAgentUpdateFulfillmentCall<'a, S> {
[INFO] [stdout]       |            ^^^^^^^^^^^
[INFO] [stdout] help: consider removing the borrow
[INFO] [stdout]       |
[INFO] [stdout] 25    -              .update_mask(&Default::default())
[INFO] [stdout] 25    +              .update_mask(Default::default())
[INFO] [stdout]       |
[INFO] [stdout] 
[INFO] [stdout] error: aborting due to previous error
[INFO] [stdout] 
[INFO] [stdout] For more information about this error, try `rustc --explain E0308`.
[INFO] [stdout] Couldn't compile the test.
[INFO] [stdout] ---- src/api.rs - api::ProjectLocationAgentVersionPatchCall (line 56212) stdout ----
[INFO] [stdout] error[E0308]: mismatched types
[INFO] [stdout]      --> src/api.rs:56236:27
[INFO] [stdout]       |
[INFO] [stdout] 25    |              .update_mask(&Default::default())
[INFO] [stdout]       |               ----------- ^^^^^^^^^^^^^^^^^^^ expected `FieldMask`, found `&_`
[INFO] [stdout]       |               |
[INFO] [stdout]       |               arguments to this method are incorrect
[INFO] [stdout]       |
[INFO] [stdout]       = note: expected struct `FieldMask`
[INFO] [stdout]               found reference `&_`
[INFO] [stdout] note: method defined here
[INFO] [stdout]      --> /opt/rustwide/workdir/src/api.rs:56427:12
[INFO] [stdout]       |
[INFO] [stdout] 56427 |     pub fn update_mask(mut self, new_value: client::FieldMask) -> ProjectLocationAgentVersionPatchCall<'a, S> {
[INFO] [stdout]       |            ^^^^^^^^^^^
[INFO] [stdout] help: consider removing the borrow
[INFO] [stdout]       |
[INFO] [stdout] 25    -              .update_mask(&Default::default())
[INFO] [stdout] 25    +              .update_mask(Default::default())
[INFO] [stdout]       |
[INFO] [stdout] 
[INFO] [stdout] error: aborting due to previous error
[INFO] [stdout] 
[INFO] [stdout] For more information about this error, try `rustc --explain E0308`.
[INFO] [stdout] Couldn't compile the test.
[INFO] [stdout] ---- src/api.rs - api::ProjectLocationAnswerRecordPatchCall (line 59370) stdout ----
[INFO] [stdout] error[E0308]: mismatched types
[INFO] [stdout]      --> src/api.rs:59394:27
[INFO] [stdout]       |
[INFO] [stdout] 25    |              .update_mask(&Default::default())
[INFO] [stdout]       |               ----------- ^^^^^^^^^^^^^^^^^^^ expected `FieldMask`, found `&_`
[INFO] [stdout]       |               |
[INFO] [stdout]       |               arguments to this method are incorrect
[INFO] [stdout]       |
[INFO] [stdout]       = note: expected struct `FieldMask`
[INFO] [stdout]               found reference `&_`
[INFO] [stdout] note: method defined here
[INFO] [stdout]      --> /opt/rustwide/workdir/src/api.rs:59585:12
[INFO] [stdout]       |
[INFO] [stdout] 59585 |     pub fn update_mask(mut self, new_value: client::FieldMask) -> ProjectLocationAnswerRecordPatchCall<'a, S> {
[INFO] [stdout]       |            ^^^^^^^^^^^
[INFO] [stdout] help: consider removing the borrow
[INFO] [stdout]       |
[INFO] [stdout] 25    -              .update_mask(&Default::default())
[INFO] [stdout] 25    +              .update_mask(Default::default())
[INFO] [stdout]       |
[INFO] [stdout] 
[INFO] [stdout] error: aborting due to previous error
[INFO] [stdout] 
[INFO] [stdout] For more information about this error, try `rustc --explain E0308`.
[INFO] [stdout] Couldn't compile the test.
[INFO] [stdout] ---- src/api.rs - api::ProjectLocationAgentSessionEntityTypePatchCall (line 54252) stdout ----
[INFO] [stdout] error[E0308]: mismatched types
[INFO] [stdout]      --> src/api.rs:54276:27
[INFO] [stdout]       |
[INFO] [stdout] 25    |              .update_mask(&Default::default())
[INFO] [stdout]       |               ----------- ^^^^^^^^^^^^^^^^^^^ expected `FieldMask`, found `&_`
[INFO] [stdout]       |               |
[INFO] [stdout]       |               arguments to this method are incorrect
[INFO] [stdout]       |
[INFO] [stdout]       = note: expected struct `FieldMask`
[INFO] [stdout]               found reference `&_`
[INFO] [stdout] note: method defined here
[INFO] [stdout]      --> /opt/rustwide/workdir/src/api.rs:54467:12
[INFO] [stdout]       |
[INFO] [stdout] 54467 |     pub fn update_mask(mut self, new_value: client::FieldMask) -> ProjectLocationAgentSessionEntityTypePatchCall<'a, S> {
[INFO] [stdout]       |            ^^^^^^^^^^^
[INFO] [stdout] help: consider removing the borrow
[INFO] [stdout]       |
[INFO] [stdout] 25    -              .update_mask(&Default::default())
[INFO] [stdout] 25    +              .update_mask(Default::default())
[INFO] [stdout]       |
[INFO] [stdout] 
[INFO] [stdout] error: aborting due to previous error
[INFO] [stdout] 
[INFO] [stdout] For more information about this error, try `rustc --explain E0308`.
[INFO] [stdout] Couldn't compile the test.
[INFO] [stdout] ---- src/api.rs - api::ProjectLocationConversationParticipantPatchCall (line 64262) stdout ----
[INFO] [stdout] error[E0308]: mismatched types
[INFO] [stdout]      --> src/api.rs:64286:27
[INFO] [stdout]       |
[INFO] [stdout] 25    |              .update_mask(&Default::default())
[INFO] [stdout]       |               ----------- ^^^^^^^^^^^^^^^^^^^ expected `FieldMask`, found `&_`
[INFO] [stdout]       |               |
[INFO] [stdout]       |               arguments to this method are incorrect
[INFO] [stdout]       |
[INFO] [stdout]       = note: expected struct `FieldMask`
[INFO] [stdout]               found reference `&_`
[INFO] [stdout] note: method defined here
[INFO] [stdout]      --> /opt/rustwide/workdir/src/api.rs:64477:12
[INFO] [stdout]       |
[INFO] [stdout] 64477 |     pub fn update_mask(mut self, new_value: client::FieldMask) -> ProjectLocationConversationParticipantPatchCall<'a, S> {
[INFO] [stdout]       |            ^^^^^^^^^^^
[INFO] [stdout] help: consider removing the borrow
[INFO] [stdout]       |
[INFO] [stdout] 25    -              .update_mask(&Default::default())
[INFO] [stdout] 25    +              .update_mask(Default::default())
[INFO] [stdout]       |
[INFO] [stdout] 
[INFO] [stdout] error: aborting due to previous error
[INFO] [stdout] 
[INFO] [stdout] For more information about this error, try `rustc --explain E0308`.
[INFO] [stdout] Couldn't compile the test.
[INFO] [stdout] ---- src/api.rs - api::ProjectLocationConversationProfilePatchCall (line 61068) stdout ----
[INFO] [stdout] error[E0308]: mismatched types
[INFO] [stdout]      --> src/api.rs:61092:27
[INFO] [stdout]       |
[INFO] [stdout] 25    |              .update_mask(&Default::default())
[INFO] [stdout]       |               ----------- ^^^^^^^^^^^^^^^^^^^ expected `FieldMask`, found `&_`
[INFO] [stdout]       |               |
[INFO] [stdout]       |               arguments to this method are incorrect
[INFO] [stdout]       |
[INFO] [stdout]       = note: expected struct `FieldMask`
[INFO] [stdout]               found reference `&_`
[INFO] [stdout] note: method defined here
[INFO] [stdout]      --> /opt/rustwide/workdir/src/api.rs:61283:12
[INFO] [stdout]       |
[INFO] [stdout] 61283 |     pub fn update_mask(mut self, new_value: client::FieldMask) -> ProjectLocationConversationProfilePatchCall<'a, S> {
[INFO] [stdout]       |            ^^^^^^^^^^^
[INFO] [stdout] help: consider removing the borrow
[INFO] [stdout]       |
[INFO] [stdout] 25    -              .update_mask(&Default::default())
[INFO] [stdout] 25    +              .update_mask(Default::default())
[INFO] [stdout]       |
[INFO] [stdout] 
[INFO] [stdout] error: aborting due to previous error
[INFO] [stdout] 
[INFO] [stdout] For more information about this error, try `rustc --explain E0308`.
[INFO] [stdout] Couldn't compile the test.
[INFO] [stdout] ---- src/api.rs - api::ProjectLocationKnowledgeBasePatchCall (line 69154) stdout ----
[INFO] [stdout] error[E0308]: mismatched types
[INFO] [stdout]      --> src/api.rs:69178:27
[INFO] [stdout]       |
[INFO] [stdout] 25    |              .update_mask(&Default::default())
[INFO] [stdout]       |               ----------- ^^^^^^^^^^^^^^^^^^^ expected `FieldMask`, found `&_`
[INFO] [stdout]       |               |
[INFO] [stdout]       |               arguments to this method are incorrect
[INFO] [stdout]       |
[INFO] [stdout]       = note: expected struct `FieldMask`
[INFO] [stdout]               found reference `&_`
[INFO] [stdout] note: method defined here
[INFO] [stdout]      --> /opt/rustwide/workdir/src/api.rs:69369:12
[INFO] [stdout]       |
[INFO] [stdout] 69369 |     pub fn update_mask(mut self, new_value: client::FieldMask) -> ProjectLocationKnowledgeBasePatchCall<'a, S> {
[INFO] [stdout]       |            ^^^^^^^^^^^
[INFO] [stdout] help: consider removing the borrow
[INFO] [stdout]       |
[INFO] [stdout] 25    -              .update_mask(&Default::default())
[INFO] [stdout] 25    +              .update_mask(Default::default())
[INFO] [stdout]       |
[INFO] [stdout] 
[INFO] [stdout] error: aborting due to previous error
[INFO] [stdout] 
[INFO] [stdout] For more information about this error, try `rustc --explain E0308`.
[INFO] [stdout] Couldn't compile the test.
[INFO] [stdout] ---- src/api.rs - api::ProjectLocationKnowledgeBaseDocumentPatchCall (line 67432) stdout ----
[INFO] [stdout] error[E0308]: mismatched types
[INFO] [stdout]      --> src/api.rs:67456:27
[INFO] [stdout]       |
[INFO] [stdout] 25    |              .update_mask(&Default::default())
[INFO] [stdout]       |               ----------- ^^^^^^^^^^^^^^^^^^^ expected `FieldMask`, found `&_`
[INFO] [stdout]       |               |
[INFO] [stdout]       |               arguments to this method are incorrect
[INFO] [stdout]       |
[INFO] [stdout]       = note: expected struct `FieldMask`
[INFO] [stdout]               found reference `&_`
[INFO] [stdout] note: method defined here
[INFO] [stdout]      --> /opt/rustwide/workdir/src/api.rs:67647:12
[INFO] [stdout]       |
[INFO] [stdout] 67647 |     pub fn update_mask(mut self, new_value: client::FieldMask) -> ProjectLocationKnowledgeBaseDocumentPatchCall<'a, S> {
[INFO] [stdout]       |            ^^^^^^^^^^^
[INFO] [stdout] help: consider removing the borrow
[INFO] [stdout]       |
[INFO] [stdout] 25    -              .update_mask(&Default::default())
[INFO] [stdout] 25    +              .update_mask(Default::default())
[INFO] [stdout]       |
[INFO] [stdout] 
[INFO] [stdout] error: aborting due to previous error
[INFO] [stdout] 
[INFO] [stdout] For more information about this error, try `rustc --explain E0308`.
[INFO] [stdout] Couldn't compile the test.
[INFO] [stdout] ---- src/api.rs - api::ProjectLocationSetAgentCall (line 71364) stdout ----
[INFO] [stdout] error[E0308]: mismatched types
[INFO] [stdout]      --> src/api.rs:71388:27
[INFO] [stdout]       |
[INFO] [stdout] 25    |              .update_mask(&Default::default())
[INFO] [stdout]       |               ----------- ^^^^^^^^^^^^^^^^^^^ expected `FieldMask`, found `&_`
[INFO] [stdout]       |               |
[INFO] [stdout]       |               arguments to this method are incorrect
[INFO] [stdout]       |
[INFO] [stdout]       = note: expected struct `FieldMask`
[INFO] [stdout]               found reference `&_`
[INFO] [stdout] note: method defined here
[INFO] [stdout]      --> /opt/rustwide/workdir/src/api.rs:71579:12
[INFO] [stdout]       |
[INFO] [stdout] 71579 |     pub fn update_mask(mut self, new_value: client::FieldMask) -> ProjectLocationSetAgentCall<'a, S> {
[INFO] [stdout]       |            ^^^^^^^^^^^
[INFO] [stdout] help: consider removing the borrow
[INFO] [stdout]       |
[INFO] [stdout] 25    -              .update_mask(&Default::default())
[INFO] [stdout] 25    +              .update_mask(Default::default())
[INFO] [stdout]       |
[INFO] [stdout] 
[INFO] [stdout] error: aborting due to previous error
[INFO] [stdout] 
[INFO] [stdout] For more information about this error, try `rustc --explain E0308`.
[INFO] [stdout] Couldn't compile the test.
[INFO] [stdout] ---- src/api.rs - api::ProjectSetAgentCall (line 73014) stdout ----
[INFO] [stdout] error[E0308]: mismatched types
[INFO] [stdout]      --> src/api.rs:73038:27
[INFO] [stdout]       |
[INFO] [stdout] 25    |              .update_mask(&Default::default())
[INFO] [stdout]       |               ----------- ^^^^^^^^^^^^^^^^^^^ expected `FieldMask`, found `&_`
[INFO] [stdout]       |               |
[INFO] [stdout]       |               arguments to this method are incorrect
[INFO] [stdout]       |
[INFO] [stdout]       = note: expected struct `FieldMask`
[INFO] [stdout]               found reference `&_`
[INFO] [stdout] note: method defined here
[INFO] [stdout]      --> /opt/rustwide/workdir/src/api.rs:73229:12
[INFO] [stdout]       |
[INFO] [stdout] 73229 |     pub fn update_mask(mut self, new_value: client::FieldMask) -> ProjectSetAgentCall<'a, S> {
[INFO] [stdout]       |            ^^^^^^^^^^^
[INFO] [stdout] help: consider removing the borrow
[INFO] [stdout]       |
[INFO] [stdout] 25    -              .update_mask(&Default::default())
[INFO] [stdout] 25    +              .update_mask(Default::default())
[INFO] [stdout]       |
[INFO] [stdout] 
[INFO] [stdout] error: aborting due to previous error
[INFO] [stdout] 
[INFO] [stdout] For more information about this error, try `rustc --explain E0308`.
[INFO] [stdout] Couldn't compile the test.
[INFO] [stdout] 
[INFO] [stdout] failures:
[INFO] [stdout]     src/api.rs - api::ProjectAgentEntityTypePatchCall (line 12102)
[INFO] [stdout]     src/api.rs - api::ProjectAgentEnvironmentPatchCall (line 17494)
[INFO] [stdout]     src/api.rs - api::ProjectAgentEnvironmentUserSessionContextPatchCall (line 13830)
[INFO] [stdout]     src/api.rs - api::ProjectAgentEnvironmentUserSessionEntityTypePatchCall (line 15236)
[INFO] [stdout]     src/api.rs - api::ProjectAgentIntentPatchCall (line 19568)
[INFO] [stdout]     src/api.rs - api::ProjectAgentKnowledgeBaseDocumentPatchCall (line 21022)
[INFO] [stdout]     src/api.rs - api::ProjectAgentKnowledgeBasePatchCall (line 22744)
[INFO] [stdout]     src/api.rs - api::ProjectAgentSessionContextPatchCall (line 24150)
[INFO] [stdout]     src/api.rs - api::ProjectAgentSessionEntityTypePatchCall (line 25556)
[INFO] [stdout]     src/api.rs - api::ProjectAgentUpdateFulfillmentCall (line 29810)
[INFO] [stdout]     src/api.rs - api::ProjectAgentVersionPatchCall (line 27516)
[INFO] [stdout]     src/api.rs - api::ProjectAnswerRecordPatchCall (line 30674)
[INFO] [stdout]     src/api.rs - api::ProjectConversationParticipantPatchCall (line 36156)
[INFO] [stdout]     src/api.rs - api::ProjectConversationProfilePatchCall (line 32372)
[INFO] [stdout]     src/api.rs - api::ProjectKnowledgeBaseDocumentPatchCall (line 39326)
[INFO] [stdout]     src/api.rs - api::ProjectKnowledgeBasePatchCall (line 41048)
[INFO] [stdout]     src/api.rs - api::ProjectLocationAgentEntityTypePatchCall (line 43950)
[INFO] [stdout]     src/api.rs - api::ProjectLocationAgentEnvironmentPatchCall (line 49342)
[INFO] [stdout]     src/api.rs - api::ProjectLocationAgentEnvironmentUserSessionContextPatchCall (line 45678)
[INFO] [stdout]     src/api.rs - api::ProjectLocationAgentEnvironmentUserSessionEntityTypePatchCall (line 47084)
[INFO] [stdout]     src/api.rs - api::ProjectLocationAgentIntentPatchCall (line 51416)
[INFO] [stdout]     src/api.rs - api::ProjectLocationAgentSessionContextPatchCall (line 52846)
[INFO] [stdout]     src/api.rs - api::ProjectLocationAgentSessionEntityTypePatchCall (line 54252)
[INFO] [stdout]     src/api.rs - api::ProjectLocationAgentUpdateFulfillmentCall (line 58506)
[INFO] [stdout]     src/api.rs - api::ProjectLocationAgentVersionPatchCall (line 56212)
[INFO] [stdout]     src/api.rs - api::ProjectLocationAnswerRecordPatchCall (line 59370)
[INFO] [stdout]     src/api.rs - api::ProjectLocationConversationParticipantPatchCall (line 64262)
[INFO] [stdout]     src/api.rs - api::ProjectLocationConversationProfilePatchCall (line 61068)
[INFO] [stdout]     src/api.rs - api::ProjectLocationKnowledgeBaseDocumentPatchCall (line 67432)
[INFO] [stdout]     src/api.rs - api::ProjectLocationKnowledgeBasePatchCall (line 69154)
[INFO] [stdout]     src/api.rs - api::ProjectLocationSetAgentCall (line 71364)
[INFO] [stdout]     src/api.rs - api::ProjectSetAgentCall (line 73014)
[INFO] [stdout] 
[INFO] [stdout] test result: FAILED. 194 passed; 32 failed; 1 ignored; 0 measured; 0 filtered out; finished in 6.62s
[INFO] [stdout] 
[INFO] [stderr] error: doctest failed, to rerun pass `--doc`
[INFO] running `Command { std: "docker" "inspect" "8119e39e7171f06e33a4b3c32eb07a56976c94624c8e369f7067da191ed3db4f", kill_on_drop: false }`
[INFO] running `Command { std: "docker" "rm" "-f" "8119e39e7171f06e33a4b3c32eb07a56976c94624c8e369f7067da191ed3db4f", kill_on_drop: false }`
[INFO] [stdout] 8119e39e7171f06e33a4b3c32eb07a56976c94624c8e369f7067da191ed3db4f
