[INFO] fetching crate google-dataplex1 5.0.3+20230120...
[INFO] testing google-dataplex1-5.0.3+20230120 against 1.75.0 for beta-1.76-1
[INFO] extracting crate google-dataplex1 5.0.3+20230120 into /workspace/builds/worker-7-tc1/source
[INFO] validating manifest of crates.io crate google-dataplex1 5.0.3+20230120 on toolchain 1.75.0
[INFO] running `Command { std: CARGO_HOME="/workspace/cargo-home" RUSTUP_HOME="/workspace/rustup-home" "/workspace/cargo-home/bin/cargo" "+1.75.0" "metadata" "--manifest-path" "Cargo.toml" "--no-deps", kill_on_drop: false }`
[INFO] started tweaking crates.io crate google-dataplex1 5.0.3+20230120
[INFO] finished tweaking crates.io crate google-dataplex1 5.0.3+20230120
[INFO] tweaked toml for crates.io crate google-dataplex1 5.0.3+20230120 written to /workspace/builds/worker-7-tc1/source/Cargo.toml
[INFO] running `Command { std: CARGO_HOME="/workspace/cargo-home" RUSTUP_HOME="/workspace/rustup-home" "/workspace/cargo-home/bin/cargo" "+1.75.0" "generate-lockfile" "--manifest-path" "Cargo.toml", kill_on_drop: false }`
[INFO] [stderr]     Updating crates.io index
[INFO] running `Command { std: CARGO_HOME="/workspace/cargo-home" RUSTUP_HOME="/workspace/rustup-home" "/workspace/cargo-home/bin/cargo" "+1.75.0" "fetch" "--manifest-path" "Cargo.toml", kill_on_drop: false }`
[INFO] running `Command { std: "docker" "create" "-v" "/var/lib/crater-agent-workspace/builds/worker-7-tc1/target:/opt/rustwide/target:rw,Z" "-v" "/var/lib/crater-agent-workspace/builds/worker-7-tc1/source:/opt/rustwide/workdir:ro,Z" "-v" "/var/lib/crater-agent-workspace/cargo-home:/opt/rustwide/cargo-home:ro,Z" "-v" "/var/lib/crater-agent-workspace/rustup-home:/opt/rustwide/rustup-home:ro,Z" "-e" "SOURCE_DIR=/opt/rustwide/workdir" "-e" "CARGO_TARGET_DIR=/opt/rustwide/target" "-e" "CARGO_HOME=/opt/rustwide/cargo-home" "-e" "RUSTUP_HOME=/opt/rustwide/rustup-home" "-w" "/opt/rustwide/workdir" "-m" "1610612736" "--user" "0:0" "--network" "none" "ghcr.io/rust-lang/crates-build-env/linux@sha256:2788e3201cd34a07e3172128adcd8b3090168a8e3bcc40d7c032b9dda1df7d1c" "/opt/rustwide/cargo-home/bin/cargo" "+1.75.0" "metadata" "--no-deps" "--format-version=1", kill_on_drop: false }`
[INFO] [stdout] 6e61b5085af098f165977d2f61af525553cf2de1e84084d50d927d8a0b247927
[INFO] running `Command { std: "docker" "start" "-a" "6e61b5085af098f165977d2f61af525553cf2de1e84084d50d927d8a0b247927", kill_on_drop: false }`
[INFO] running `Command { std: "docker" "inspect" "6e61b5085af098f165977d2f61af525553cf2de1e84084d50d927d8a0b247927", kill_on_drop: false }`
[INFO] running `Command { std: "docker" "rm" "-f" "6e61b5085af098f165977d2f61af525553cf2de1e84084d50d927d8a0b247927", kill_on_drop: false }`
[INFO] [stdout] 6e61b5085af098f165977d2f61af525553cf2de1e84084d50d927d8a0b247927
[INFO] running `Command { std: "docker" "create" "-v" "/var/lib/crater-agent-workspace/builds/worker-7-tc1/target:/opt/rustwide/target:rw,Z" "-v" "/var/lib/crater-agent-workspace/builds/worker-7-tc1/source:/opt/rustwide/workdir:ro,Z" "-v" "/var/lib/crater-agent-workspace/cargo-home:/opt/rustwide/cargo-home:ro,Z" "-v" "/var/lib/crater-agent-workspace/rustup-home:/opt/rustwide/rustup-home:ro,Z" "-e" "SOURCE_DIR=/opt/rustwide/workdir" "-e" "CARGO_TARGET_DIR=/opt/rustwide/target" "-e" "CARGO_INCREMENTAL=0" "-e" "RUST_BACKTRACE=full" "-e" "RUSTFLAGS=--cap-lints=warn" "-e" "RUSTDOCFLAGS=--cap-lints=warn" "-e" "CARGO_HOME=/opt/rustwide/cargo-home" "-e" "RUSTUP_HOME=/opt/rustwide/rustup-home" "-w" "/opt/rustwide/workdir" "-m" "1610612736" "--user" "0:0" "--network" "none" "ghcr.io/rust-lang/crates-build-env/linux@sha256:2788e3201cd34a07e3172128adcd8b3090168a8e3bcc40d7c032b9dda1df7d1c" "/opt/rustwide/cargo-home/bin/cargo" "+1.75.0" "build" "--frozen" "--message-format=json", kill_on_drop: false }`
[INFO] [stdout] 6f4ff5ff0dafd745ecd90d2c5e54da0d7450990080b79c8622786b24eccf52b5
[INFO] running `Command { std: "docker" "start" "-a" "6f4ff5ff0dafd745ecd90d2c5e54da0d7450990080b79c8622786b24eccf52b5", kill_on_drop: false }`
[INFO] [stderr]    Compiling google-dataplex1 v5.0.3+20230120 (/opt/rustwide/workdir)
[INFO] [stderr]     Finished dev [unoptimized + debuginfo] target(s) in 5.21s
[INFO] running `Command { std: "docker" "inspect" "6f4ff5ff0dafd745ecd90d2c5e54da0d7450990080b79c8622786b24eccf52b5", kill_on_drop: false }`
[INFO] running `Command { std: "docker" "rm" "-f" "6f4ff5ff0dafd745ecd90d2c5e54da0d7450990080b79c8622786b24eccf52b5", kill_on_drop: false }`
[INFO] [stdout] 6f4ff5ff0dafd745ecd90d2c5e54da0d7450990080b79c8622786b24eccf52b5
[INFO] running `Command { std: "docker" "create" "-v" "/var/lib/crater-agent-workspace/builds/worker-7-tc1/target:/opt/rustwide/target:rw,Z" "-v" "/var/lib/crater-agent-workspace/builds/worker-7-tc1/source:/opt/rustwide/workdir:ro,Z" "-v" "/var/lib/crater-agent-workspace/cargo-home:/opt/rustwide/cargo-home:ro,Z" "-v" "/var/lib/crater-agent-workspace/rustup-home:/opt/rustwide/rustup-home:ro,Z" "-e" "SOURCE_DIR=/opt/rustwide/workdir" "-e" "CARGO_TARGET_DIR=/opt/rustwide/target" "-e" "CARGO_INCREMENTAL=0" "-e" "RUST_BACKTRACE=full" "-e" "RUSTFLAGS=--cap-lints=warn" "-e" "RUSTDOCFLAGS=--cap-lints=warn" "-e" "CARGO_HOME=/opt/rustwide/cargo-home" "-e" "RUSTUP_HOME=/opt/rustwide/rustup-home" "-w" "/opt/rustwide/workdir" "-m" "1610612736" "--user" "0:0" "--network" "none" "ghcr.io/rust-lang/crates-build-env/linux@sha256:2788e3201cd34a07e3172128adcd8b3090168a8e3bcc40d7c032b9dda1df7d1c" "/opt/rustwide/cargo-home/bin/cargo" "+1.75.0" "test" "--frozen" "--no-run" "--message-format=json", kill_on_drop: false }`
[INFO] [stdout] 027be2c3052b0eee617033659dbab86d8371b68165cd5e0d51b9cdbfbcaaf993
[INFO] running `Command { std: "docker" "start" "-a" "027be2c3052b0eee617033659dbab86d8371b68165cd5e0d51b9cdbfbcaaf993", kill_on_drop: false }`
[INFO] [stderr]    Compiling google-dataplex1 v5.0.3+20230120 (/opt/rustwide/workdir)
[INFO] [stderr]     Finished test [unoptimized + debuginfo] target(s) in 5.04s
[INFO] running `Command { std: "docker" "inspect" "027be2c3052b0eee617033659dbab86d8371b68165cd5e0d51b9cdbfbcaaf993", kill_on_drop: false }`
[INFO] running `Command { std: "docker" "rm" "-f" "027be2c3052b0eee617033659dbab86d8371b68165cd5e0d51b9cdbfbcaaf993", kill_on_drop: false }`
[INFO] [stdout] 027be2c3052b0eee617033659dbab86d8371b68165cd5e0d51b9cdbfbcaaf993
[INFO] running `Command { std: "docker" "create" "-v" "/var/lib/crater-agent-workspace/builds/worker-7-tc1/target:/opt/rustwide/target:rw,Z" "-v" "/var/lib/crater-agent-workspace/builds/worker-7-tc1/source:/opt/rustwide/workdir:ro,Z" "-v" "/var/lib/crater-agent-workspace/cargo-home:/opt/rustwide/cargo-home:ro,Z" "-v" "/var/lib/crater-agent-workspace/rustup-home:/opt/rustwide/rustup-home:ro,Z" "-e" "SOURCE_DIR=/opt/rustwide/workdir" "-e" "CARGO_TARGET_DIR=/opt/rustwide/target" "-e" "CARGO_INCREMENTAL=0" "-e" "RUST_BACKTRACE=full" "-e" "RUSTFLAGS=--cap-lints=warn" "-e" "RUSTDOCFLAGS=--cap-lints=warn" "-e" "CARGO_HOME=/opt/rustwide/cargo-home" "-e" "RUSTUP_HOME=/opt/rustwide/rustup-home" "-w" "/opt/rustwide/workdir" "-m" "1610612736" "--user" "0:0" "--network" "none" "ghcr.io/rust-lang/crates-build-env/linux@sha256:2788e3201cd34a07e3172128adcd8b3090168a8e3bcc40d7c032b9dda1df7d1c" "/opt/rustwide/cargo-home/bin/cargo" "+1.75.0" "test" "--frozen", kill_on_drop: false }`
[INFO] [stdout] 9892a1ebe552c0a3bdbfae4fabc769dcd651d156c3ab9e7e57445eafed7eefc8
[INFO] running `Command { std: "docker" "start" "-a" "9892a1ebe552c0a3bdbfae4fabc769dcd651d156c3ab9e7e57445eafed7eefc8", kill_on_drop: false }`
[INFO] [stderr]     Finished test [unoptimized + debuginfo] target(s) in 0.07s
[INFO] [stderr]      Running unittests src/lib.rs (/opt/rustwide/target/debug/deps/google_dataplex1-11e6c3f1d1eeea8c)
[INFO] [stdout] 
[INFO] [stdout] running 0 tests
[INFO] [stdout] 
[INFO] [stdout] test result: ok. 0 passed; 0 failed; 0 ignored; 0 measured; 0 filtered out; finished in 0.00s
[INFO] [stdout] 
[INFO] [stderr]    Doc-tests google-dataplex1
[INFO] [stdout] 
[INFO] [stdout] running 118 tests
[INFO] [stdout] test src/api.rs - api::ProjectLocationDataAttributeBindingSetIamPolicyCall (line 7796) - compile ... ok
[INFO] [stdout] test src/api.rs - api::ProjectLocationDataScanGetCall (line 9506) - compile ... ok
[INFO] [stdout] test src/api.rs - api::ProjectLocationDataAttributeBindingDeleteCall (line 6360) - compile ... ok
[INFO] [stdout] test src/api.rs - api::ProjectLocationDataScanDeleteCall (line 9244) - compile ... ok
[INFO] [stdout] test src/api.rs - api::ProjectLocationDataAttributeBindingTestIamPermissionCall (line 8088) - compile ... ok
[INFO] [stdout] test src/api.rs - api::ProjectLocationDataAttributeBindingGetIamPolicyCall (line 6896) - compile ... ok
[INFO] [stdout] test src/api.rs - api::ProjectLocationDataAttributeBindingGetCall (line 6634) - compile ... ok
[INFO] [stdout] test src/api.rs - api::ProjectLocationDataAttributeBindingListCall (line 7170) - compile ... ok
[INFO] [stdout] test src/api.rs - api::ProjectLocationDataScanListCall (line 10054) - compile ... ok
[INFO] [stdout] test src/api.rs - api::ProjectLocationDataScanJobGetCall (line 8380) - compile ... ok
[INFO] [stdout] test src/api.rs - api::ProjectLocationDataScanJobListCall (line 8654) - compile ... ok
[INFO] [stdout] test src/api.rs - api::ProjectLocationDataScanCreateCall (line 8940) - compile ... ok
[INFO] [stdout] test src/api.rs - api::ProjectLocationDataAttributeBindingCreateCall (line 6044) - compile ... ok
[INFO] [stdout] test src/api.rs - api::CloudDataplex (line 58) - compile ... ok
[INFO] [stdout] test src/api.rs - api::ProjectLocationDataScanGetIamPolicyCall (line 9780) - compile ... ok
[INFO] [stdout] test src/api.rs - api::ProjectLocationDataAttributeBindingPatchCall (line 7480) - compile ... FAILED
[INFO] [stdout] test src/api.rs - api::ProjectLocationDataTaxonomyAttributeDeleteCall (line 11860) - compile ... ok
[INFO] [stdout] test src/api.rs - api::ProjectLocationDataTaxonomyAttributeTestIamPermissionCall (line 13588) - compile ... ok
[INFO] [stdout] test src/api.rs - api::ProjectLocationDataTaxonomyAttributeSetIamPolicyCall (line 13296) - compile ... ok
[INFO] [stdout] test src/api.rs - api::ProjectLocationDataTaxonomyAttributeCreateCall (line 11544) - compile ... ok
[INFO] [stdout] test src/api.rs - api::ProjectLocationDataScanRunCall (line 10668) - compile ... ok
[INFO] [stdout] test src/api.rs - api::ProjectLocationDataScanSetIamPolicyCall (line 10960) - compile ... ok
[INFO] [stdout] test src/api.rs - api::ProjectLocationDataTaxonomyDeleteCall (line 14196) - compile ... ok
[INFO] [stdout] test src/api.rs - api::ProjectLocationDataScanTestIamPermissionCall (line 11252) - compile ... ok
[INFO] [stdout] test src/api.rs - api::ProjectLocationDataTaxonomyAttributeGetCall (line 12134) - compile ... ok
[INFO] [stdout] test src/api.rs - api::ProjectLocationDataTaxonomyGetCall (line 14470) - compile ... ok
[INFO] [stdout] test src/api.rs - api::ProjectLocationDataTaxonomyAttributeGetIamPolicyCall (line 12396) - compile ... ok
[INFO] [stdout] test src/api.rs - api::ProjectLocationDataTaxonomyAttributeListCall (line 12670) - compile ... ok
[INFO] [stdout] test src/api.rs - api::ProjectLocationDataTaxonomyCreateCall (line 13880) - compile ... ok
[INFO] [stdout] test src/api.rs - api::ProjectLocationDataScanPatchCall (line 10364) - compile ... FAILED
[INFO] [stdout] test src/api.rs - api::ProjectLocationDataTaxonomyAttributePatchCall (line 12980) - compile ... FAILED
[INFO] [stdout] test src/api.rs - api::ProjectLocationDataTaxonomyGetIamPolicyCall (line 14732) - compile ... ok
[INFO] [stdout] test src/api.rs - api::ProjectLocationLakeContentDeleteCall (line 16806) - compile ... ok
[INFO] [stdout] test src/api.rs - api::ProjectLocationLakeContentGetCall (line 17068) - compile ... ok
[INFO] [stdout] test src/api.rs - api::ProjectLocationDataTaxonomySetIamPolicyCall (line 15632) - compile ... ok
[INFO] [stdout] test src/api.rs - api::ProjectLocationLakeContentCreateCall (line 16502) - compile ... ok
[INFO] [stdout] test src/api.rs - api::ProjectLocationLakeContentGetIamPolicyCall (line 17342) - compile ... ok
[INFO] [stdout] test src/api.rs - api::ProjectLocationDataTaxonomyListCall (line 15006) - compile ... ok
[INFO] [stdout] test src/api.rs - api::ProjectLocationGetCall (line 38466) - compile ... ok
[INFO] [stdout] test src/api.rs - api::ProjectLocationLakeActionListCall (line 16216) - compile ... ok
[INFO] [stdout] test src/api.rs - api::ProjectLocationLakeContentListCall (line 17616) - compile ... ok
[INFO] [stdout] test src/api.rs - api::ProjectLocationDataTaxonomyTestIamPermissionCall (line 15924) - compile ... ok
[INFO] [stdout] test src/api.rs - api::ProjectLocationLakeContentSetIamPolicyCall (line 18230) - compile ... ok
[INFO] [stdout] test src/api.rs - api::ProjectLocationLakeContentTestIamPermissionCall (line 18522) - compile ... ok
[INFO] [stdout] test src/api.rs - api::ProjectLocationDataTaxonomyPatchCall (line 15316) - compile ... FAILED
[INFO] [stdout] test src/api.rs - api::ProjectLocationLakeContentPatchCall (line 17914) - compile ... FAILED
[INFO] [stdout] test src/api.rs - api::ProjectLocationLakeContentitemDeleteCall (line 19118) - compile ... ok
[INFO] [stdout] test src/api.rs - api::ProjectLocationLakeContentitemCreateCall (line 18814) - compile ... ok
[INFO] [stdout] test src/api.rs - api::ProjectLocationLakeContentitemGetCall (line 19380) - compile ... ok
[INFO] [stdout] test src/api.rs - api::ProjectLocationLakeContentitemTestIamPermissionCall (line 20834) - compile ... ok
[INFO] [stdout] test src/api.rs - api::ProjectLocationLakeContentitemListCall (line 19928) - compile ... ok
[INFO] [stdout] test src/api.rs - api::ProjectLocationLakeContentitemSetIamPolicyCall (line 20542) - compile ... ok
[INFO] [stdout] test src/api.rs - api::ProjectLocationLakeContentitemGetIamPolicyCall (line 19654) - compile ... ok
[INFO] [stdout] test src/api.rs - api::ProjectLocationLakeEnvironmentCreateCall (line 21424) - compile ... ok
[INFO] [stdout] test src/api.rs - api::ProjectLocationLakeDeleteCall (line 35344) - compile ... ok
[INFO] [stdout] test src/api.rs - api::ProjectLocationLakeEnvironmentGetCall (line 22002) - compile ... ok
[INFO] [stdout] test src/api.rs - api::ProjectLocationLakeEnvironmentDeleteCall (line 21740) - compile ... ok
[INFO] [stdout] test src/api.rs - api::ProjectLocationLakeCreateCall (line 35028) - compile ... ok
[INFO] [stdout] test src/api.rs - api::ProjectLocationLakeEnvironmentListCall (line 22538) - compile ... ok
[INFO] [stdout] test src/api.rs - api::ProjectLocationLakeEnvironmentGetIamPolicyCall (line 22264) - compile ... ok
[INFO] [stdout] test src/api.rs - api::ProjectLocationLakeContentitemPatchCall (line 20226) - compile ... FAILED
[INFO] [stdout] test src/api.rs - api::ProjectLocationLakeEnvironmentSessionListCall (line 21126) - compile ... ok
[INFO] [stdout] test src/api.rs - api::ProjectLocationLakeEnvironmentPatchCall (line 22848) - compile ... FAILED
[INFO] [stdout] test src/api.rs - api::ProjectLocationLakeEnvironmentSetIamPolicyCall (line 23164) - compile ... ok
[INFO] [stdout] test src/api.rs - api::ProjectLocationLakeGetCall (line 35606) - compile ... ok
[INFO] [stdout] test src/api.rs - api::ProjectLocationLakeEnvironmentTestIamPermissionCall (line 23456) - compile ... ok
[INFO] [stdout] test src/api.rs - api::ProjectLocationLakeGetIamPolicyCall (line 35868) - compile ... ok
[INFO] [stdout] test src/api.rs - api::ProjectLocationLakeListCall (line 36142) - compile ... ok
[INFO] [stdout] test src/api.rs - api::ProjectLocationLakeTaskDeleteCall (line 24904) - compile ... ok
[INFO] [stdout] test src/api.rs - api::ProjectLocationLakeTaskGetCall (line 25166) - compile ... ok
[INFO] [stdout] test src/api.rs - api::ProjectLocationLakeSetIamPolicyCall (line 36768) - compile ... ok
[INFO] [stdout] test src/api.rs - api::ProjectLocationLakeTaskCreateCall (line 24588) - compile ... ok
[INFO] [stdout] test src/api.rs - api::ProjectLocationLakeTaskGetIamPolicyCall (line 25428) - compile ... ok
[INFO] [stdout] test src/api.rs - api::ProjectLocationLakeTaskJobCancelCall (line 23748) - compile ... ok
[INFO] [stdout] test src/api.rs - api::ProjectLocationLakePatchCall (line 36452) - compile ... FAILED
[INFO] [stdout] test src/api.rs - api::ProjectLocationLakeTaskJobGetCall (line 24040) - compile ... ok
[INFO] [stdout] test src/api.rs - api::ProjectLocationLakeTaskJobListCall (line 24302) - compile ... ok
[INFO] [stdout] test src/api.rs - api::ProjectLocationLakeTaskListCall (line 25702) - compile ... ok
[INFO] [stdout] test src/api.rs - api::ProjectLocationLakeTaskTestIamPermissionCall (line 26912) - compile ... ok
[INFO] [stdout] test src/api.rs - api::ProjectLocationLakeTaskRunCall (line 26328) - compile ... ok
[INFO] [stdout] test src/api.rs - api::ProjectLocationLakeZoneActionListCall (line 27204) - compile ... ok
[INFO] [stdout] test src/api.rs - api::ProjectLocationLakeTaskSetIamPolicyCall (line 26620) - compile ... ok
[INFO] [stdout] test src/api.rs - api::ProjectLocationLakeTestIamPermissionCall (line 37060) - compile ... ok
[INFO] [stdout] test src/api.rs - api::ProjectLocationLakeZoneAssetActionListCall (line 27490) - compile ... ok
[INFO] [stdout] test src/api.rs - api::ProjectLocationLakeZoneAssetDeleteCall (line 28092) - compile ... ok
[INFO] [stdout] test src/api.rs - api::ProjectLocationLakeZoneAssetGetCall (line 28354) - compile ... ok
[INFO] [stdout] test src/api.rs - api::ProjectLocationLakeZoneAssetGetIamPolicyCall (line 28616) - compile ... ok
[INFO] [stdout] test src/api.rs - api::ProjectLocationLakeZoneAssetCreateCall (line 27776) - compile ... ok
[INFO] [stdout] test src/api.rs - api::ProjectLocationLakeTaskPatchCall (line 26012) - compile ... FAILED
[INFO] [stdout] test src/api.rs - api::ProjectLocationLakeZoneAssetListCall (line 28890) - compile ... ok
[INFO] [stdout] test src/api.rs - api::ProjectLocationLakeZoneAssetSetIamPolicyCall (line 29516) - compile ... ok
[INFO] [stdout] test src/api.rs - api::ProjectLocationLakeZoneCreateCall (line 32704) - compile ... ok
[INFO] [stdout] test src/api.rs - api::ProjectLocationLakeZoneAssetTestIamPermissionCall (line 29808) - compile ... ok
[INFO] [stdout] test src/api.rs - api::ProjectLocationLakeZoneAssetPatchCall (line 29200) - compile ... FAILED
[INFO] [stdout] test src/api.rs - api::ProjectLocationLakeZoneDeleteCall (line 33020) - compile ... ok
[INFO] [stdout] test src/api.rs - api::ProjectLocationLakeZoneEntityCreateCall (line 31238) - compile ... ok
[INFO] [stdout] test src/api.rs - api::ProjectLocationLakeZoneEntityDeleteCall (line 31542) - compile ... ok
[INFO] [stdout] test src/api.rs - api::ProjectLocationLakeZoneEntityGetCall (line 31816) - compile ... ok
[INFO] [stdout] test src/api.rs - api::ProjectLocationLakeZoneEntityListCall (line 32090) - compile ... ok
[INFO] [stdout] test src/api.rs - api::ProjectLocationLakeZoneEntityPartitionCreateCall (line 30100) - compile ... ok
[INFO] [stdout] test src/api.rs - api::ProjectLocationLakeZoneEntityPartitionDeleteCall (line 30404) - compile ... ok
[INFO] [stdout] test src/api.rs - api::ProjectLocationLakeZoneEntityPartitionGetCall (line 30678) - compile ... ok
[INFO] [stdout] test src/lib.rs - (line 49) ... ignored
[INFO] [stdout] test src/api.rs - api::ProjectLocationLakeZoneEntityPartitionListCall (line 30940) - compile ... ok
[INFO] [stdout] test src/api.rs - api::ProjectLocationLakeZoneGetCall (line 33282) - compile ... ok
[INFO] [stdout] test src/api.rs - api::ProjectLocationLakeZoneGetIamPolicyCall (line 33544) - compile ... ok
[INFO] [stdout] test src/api.rs - api::ProjectLocationLakeZoneEntityUpdateCall (line 32400) - compile ... ok
[INFO] [stdout] test src/api.rs - api::ProjectLocationLakeZoneListCall (line 33818) - compile ... ok
[INFO] [stdout] test src/api.rs - api::ProjectLocationLakeZoneSetIamPolicyCall (line 34444) - compile ... ok
[INFO] [stdout] test src/api.rs - api::ProjectLocationListCall (line 38728) - compile ... ok
[INFO] [stdout] test src/api.rs - api::ProjectLocationLakeZoneTestIamPermissionCall (line 34736) - compile ... ok
[INFO] [stdout] test src/api.rs - api::ProjectLocationLakeZonePatchCall (line 34128) - compile ... FAILED
[INFO] [stdout] test src/api.rs - api::ProjectLocationOperationDeleteCall (line 37644) - compile ... ok
[INFO] [stdout] test src/api.rs - api::ProjectLocationOperationCancelCall (line 37352) - compile ... ok
[INFO] [stdout] test src/api.rs - api::ProjectMethods (line 3823) - compile ... ok
[INFO] [stdout] test src/api.rs - api::ProjectLocationOperationListCall (line 38168) - compile ... ok
[INFO] [stdout] test src/lib.rs - (line 100) - compile ... ok
[INFO] [stdout] test src/api.rs - api::ProjectLocationOperationGetCall (line 37906) - compile ... ok
[INFO] [stdout] 
[INFO] [stdout] failures:
[INFO] [stdout] 
[INFO] [stdout] ---- src/api.rs - api::ProjectLocationDataAttributeBindingPatchCall (line 7480) stdout ----
[INFO] [stdout] error[E0308]: mismatched types
[INFO] [stdout]     --> src/api.rs:7505:27
[INFO] [stdout]      |
[INFO] [stdout] 26   |              .update_mask(&Default::default())
[INFO] [stdout]      |               ----------- ^^^^^^^^^^^^^^^^^^^ expected `FieldMask`, found `&_`
[INFO] [stdout]      |               |
[INFO] [stdout]      |               arguments to this method are incorrect
[INFO] [stdout]      |
[INFO] [stdout]      = note: expected struct `FieldMask`
[INFO] [stdout]              found reference `&_`
[INFO] [stdout] note: method defined here
[INFO] [stdout]     --> /opt/rustwide/workdir/src/api.rs:7707:12
[INFO] [stdout]      |
[INFO] [stdout] 7707 |     pub fn update_mask(mut self, new_value: client::FieldMask) -> ProjectLocationDataAttributeBindingPatchCall<'a, S> {
[INFO] [stdout]      |            ^^^^^^^^^^^
[INFO] [stdout] help: consider removing the borrow
[INFO] [stdout]      |
[INFO] [stdout] 26   -              .update_mask(&Default::default())
[INFO] [stdout] 26   +              .update_mask(Default::default())
[INFO] [stdout]      |
[INFO] [stdout] 
[INFO] [stdout] error: aborting due to previous error
[INFO] [stdout] 
[INFO] [stdout] For more information about this error, try `rustc --explain E0308`.
[INFO] [stdout] Couldn't compile the test.
[INFO] [stdout] ---- src/api.rs - api::ProjectLocationDataScanPatchCall (line 10364) stdout ----
[INFO] [stdout] error[E0308]: mismatched types
[INFO] [stdout]      --> src/api.rs:10388:27
[INFO] [stdout]       |
[INFO] [stdout] 25    |              .update_mask(&Default::default())
[INFO] [stdout]       |               ----------- ^^^^^^^^^^^^^^^^^^^ expected `FieldMask`, found `&_`
[INFO] [stdout]       |               |
[INFO] [stdout]       |               arguments to this method are incorrect
[INFO] [stdout]       |
[INFO] [stdout]       = note: expected struct `FieldMask`
[INFO] [stdout]               found reference `&_`
[INFO] [stdout] note: method defined here
[INFO] [stdout]      --> /opt/rustwide/workdir/src/api.rs:10579:12
[INFO] [stdout]       |
[INFO] [stdout] 10579 |     pub fn update_mask(mut self, new_value: client::FieldMask) -> ProjectLocationDataScanPatchCall<'a, S> {
[INFO] [stdout]       |            ^^^^^^^^^^^
[INFO] [stdout] help: consider removing the borrow
[INFO] [stdout]       |
[INFO] [stdout] 25    -              .update_mask(&Default::default())
[INFO] [stdout] 25    +              .update_mask(Default::default())
[INFO] [stdout]       |
[INFO] [stdout] 
[INFO] [stdout] error: aborting due to previous error
[INFO] [stdout] 
[INFO] [stdout] For more information about this error, try `rustc --explain E0308`.
[INFO] [stdout] Couldn't compile the test.
[INFO] [stdout] ---- src/api.rs - api::ProjectLocationDataTaxonomyAttributePatchCall (line 12980) stdout ----
[INFO] [stdout] error[E0308]: mismatched types
[INFO] [stdout]      --> src/api.rs:13005:27
[INFO] [stdout]       |
[INFO] [stdout] 26    |              .update_mask(&Default::default())
[INFO] [stdout]       |               ----------- ^^^^^^^^^^^^^^^^^^^ expected `FieldMask`, found `&_`
[INFO] [stdout]       |               |
[INFO] [stdout]       |               arguments to this method are incorrect
[INFO] [stdout]       |
[INFO] [stdout]       = note: expected struct `FieldMask`
[INFO] [stdout]               found reference `&_`
[INFO] [stdout] note: method defined here
[INFO] [stdout]      --> /opt/rustwide/workdir/src/api.rs:13207:12
[INFO] [stdout]       |
[INFO] [stdout] 13207 |     pub fn update_mask(mut self, new_value: client::FieldMask) -> ProjectLocationDataTaxonomyAttributePatchCall<'a, S> {
[INFO] [stdout]       |            ^^^^^^^^^^^
[INFO] [stdout] help: consider removing the borrow
[INFO] [stdout]       |
[INFO] [stdout] 26    -              .update_mask(&Default::default())
[INFO] [stdout] 26    +              .update_mask(Default::default())
[INFO] [stdout]       |
[INFO] [stdout] 
[INFO] [stdout] error: aborting due to previous error
[INFO] [stdout] 
[INFO] [stdout] For more information about this error, try `rustc --explain E0308`.
[INFO] [stdout] Couldn't compile the test.
[INFO] [stdout] ---- src/api.rs - api::ProjectLocationDataTaxonomyPatchCall (line 15316) stdout ----
[INFO] [stdout] error[E0308]: mismatched types
[INFO] [stdout]      --> src/api.rs:15341:27
[INFO] [stdout]       |
[INFO] [stdout] 26    |              .update_mask(&Default::default())
[INFO] [stdout]       |               ----------- ^^^^^^^^^^^^^^^^^^^ expected `FieldMask`, found `&_`
[INFO] [stdout]       |               |
[INFO] [stdout]       |               arguments to this method are incorrect
[INFO] [stdout]       |
[INFO] [stdout]       = note: expected struct `FieldMask`
[INFO] [stdout]               found reference `&_`
[INFO] [stdout] note: method defined here
[INFO] [stdout]      --> /opt/rustwide/workdir/src/api.rs:15543:12
[INFO] [stdout]       |
[INFO] [stdout] 15543 |     pub fn update_mask(mut self, new_value: client::FieldMask) -> ProjectLocationDataTaxonomyPatchCall<'a, S> {
[INFO] [stdout]       |            ^^^^^^^^^^^
[INFO] [stdout] help: consider removing the borrow
[INFO] [stdout]       |
[INFO] [stdout] 26    -              .update_mask(&Default::default())
[INFO] [stdout] 26    +              .update_mask(Default::default())
[INFO] [stdout]       |
[INFO] [stdout] 
[INFO] [stdout] error: aborting due to previous error
[INFO] [stdout] 
[INFO] [stdout] For more information about this error, try `rustc --explain E0308`.
[INFO] [stdout] Couldn't compile the test.
[INFO] [stdout] ---- src/api.rs - api::ProjectLocationLakeContentPatchCall (line 17914) stdout ----
[INFO] [stdout] error[E0308]: mismatched types
[INFO] [stdout]      --> src/api.rs:17939:27
[INFO] [stdout]       |
[INFO] [stdout] 26    |              .update_mask(&Default::default())
[INFO] [stdout]       |               ----------- ^^^^^^^^^^^^^^^^^^^ expected `FieldMask`, found `&_`
[INFO] [stdout]       |               |
[INFO] [stdout]       |               arguments to this method are incorrect
[INFO] [stdout]       |
[INFO] [stdout]       = note: expected struct `FieldMask`
[INFO] [stdout]               found reference `&_`
[INFO] [stdout] note: method defined here
[INFO] [stdout]      --> /opt/rustwide/workdir/src/api.rs:18141:12
[INFO] [stdout]       |
[INFO] [stdout] 18141 |     pub fn update_mask(mut self, new_value: client::FieldMask) -> ProjectLocationLakeContentPatchCall<'a, S> {
[INFO] [stdout]       |            ^^^^^^^^^^^
[INFO] [stdout] help: consider removing the borrow
[INFO] [stdout]       |
[INFO] [stdout] 26    -              .update_mask(&Default::default())
[INFO] [stdout] 26    +              .update_mask(Default::default())
[INFO] [stdout]       |
[INFO] [stdout] 
[INFO] [stdout] error: aborting due to previous error
[INFO] [stdout] 
[INFO] [stdout] For more information about this error, try `rustc --explain E0308`.
[INFO] [stdout] Couldn't compile the test.
[INFO] [stdout] ---- src/api.rs - api::ProjectLocationLakeContentitemPatchCall (line 20226) stdout ----
[INFO] [stdout] error[E0308]: mismatched types
[INFO] [stdout]      --> src/api.rs:20251:27
[INFO] [stdout]       |
[INFO] [stdout] 26    |              .update_mask(&Default::default())
[INFO] [stdout]       |               ----------- ^^^^^^^^^^^^^^^^^^^ expected `FieldMask`, found `&_`
[INFO] [stdout]       |               |
[INFO] [stdout]       |               arguments to this method are incorrect
[INFO] [stdout]       |
[INFO] [stdout]       = note: expected struct `FieldMask`
[INFO] [stdout]               found reference `&_`
[INFO] [stdout] note: method defined here
[INFO] [stdout]      --> /opt/rustwide/workdir/src/api.rs:20453:12
[INFO] [stdout]       |
[INFO] [stdout] 20453 |     pub fn update_mask(mut self, new_value: client::FieldMask) -> ProjectLocationLakeContentitemPatchCall<'a, S> {
[INFO] [stdout]       |            ^^^^^^^^^^^
[INFO] [stdout] help: consider removing the borrow
[INFO] [stdout]       |
[INFO] [stdout] 26    -              .update_mask(&Default::default())
[INFO] [stdout] 26    +              .update_mask(Default::default())
[INFO] [stdout]       |
[INFO] [stdout] 
[INFO] [stdout] error: aborting due to previous error
[INFO] [stdout] 
[INFO] [stdout] For more information about this error, try `rustc --explain E0308`.
[INFO] [stdout] Couldn't compile the test.
[INFO] [stdout] ---- src/api.rs - api::ProjectLocationLakeEnvironmentPatchCall (line 22848) stdout ----
[INFO] [stdout] error[E0308]: mismatched types
[INFO] [stdout]      --> src/api.rs:22873:27
[INFO] [stdout]       |
[INFO] [stdout] 26    |              .update_mask(&Default::default())
[INFO] [stdout]       |               ----------- ^^^^^^^^^^^^^^^^^^^ expected `FieldMask`, found `&_`
[INFO] [stdout]       |               |
[INFO] [stdout]       |               arguments to this method are incorrect
[INFO] [stdout]       |
[INFO] [stdout]       = note: expected struct `FieldMask`
[INFO] [stdout]               found reference `&_`
[INFO] [stdout] note: method defined here
[INFO] [stdout]      --> /opt/rustwide/workdir/src/api.rs:23075:12
[INFO] [stdout]       |
[INFO] [stdout] 23075 |     pub fn update_mask(mut self, new_value: client::FieldMask) -> ProjectLocationLakeEnvironmentPatchCall<'a, S> {
[INFO] [stdout]       |            ^^^^^^^^^^^
[INFO] [stdout] help: consider removing the borrow
[INFO] [stdout]       |
[INFO] [stdout] 26    -              .update_mask(&Default::default())
[INFO] [stdout] 26    +              .update_mask(Default::default())
[INFO] [stdout]       |
[INFO] [stdout] 
[INFO] [stdout] error: aborting due to previous error
[INFO] [stdout] 
[INFO] [stdout] For more information about this error, try `rustc --explain E0308`.
[INFO] [stdout] Couldn't compile the test.
[INFO] [stdout] ---- src/api.rs - api::ProjectLocationLakePatchCall (line 36452) stdout ----
[INFO] [stdout] error[E0308]: mismatched types
[INFO] [stdout]      --> src/api.rs:36477:27
[INFO] [stdout]       |
[INFO] [stdout] 26    |              .update_mask(&Default::default())
[INFO] [stdout]       |               ----------- ^^^^^^^^^^^^^^^^^^^ expected `FieldMask`, found `&_`
[INFO] [stdout]       |               |
[INFO] [stdout]       |               arguments to this method are incorrect
[INFO] [stdout]       |
[INFO] [stdout]       = note: expected struct `FieldMask`
[INFO] [stdout]               found reference `&_`
[INFO] [stdout] note: method defined here
[INFO] [stdout]      --> /opt/rustwide/workdir/src/api.rs:36679:12
[INFO] [stdout]       |
[INFO] [stdout] 36679 |     pub fn update_mask(mut self, new_value: client::FieldMask) -> ProjectLocationLakePatchCall<'a, S> {
[INFO] [stdout]       |            ^^^^^^^^^^^
[INFO] [stdout] help: consider removing the borrow
[INFO] [stdout]       |
[INFO] [stdout] 26    -              .update_mask(&Default::default())
[INFO] [stdout] 26    +              .update_mask(Default::default())
[INFO] [stdout]       |
[INFO] [stdout] 
[INFO] [stdout] error: aborting due to previous error
[INFO] [stdout] 
[INFO] [stdout] For more information about this error, try `rustc --explain E0308`.
[INFO] [stdout] Couldn't compile the test.
[INFO] [stdout] ---- src/api.rs - api::ProjectLocationLakeTaskPatchCall (line 26012) stdout ----
[INFO] [stdout] error[E0308]: mismatched types
[INFO] [stdout]      --> src/api.rs:26037:27
[INFO] [stdout]       |
[INFO] [stdout] 26    |              .update_mask(&Default::default())
[INFO] [stdout]       |               ----------- ^^^^^^^^^^^^^^^^^^^ expected `FieldMask`, found `&_`
[INFO] [stdout]       |               |
[INFO] [stdout]       |               arguments to this method are incorrect
[INFO] [stdout]       |
[INFO] [stdout]       = note: expected struct `FieldMask`
[INFO] [stdout]               found reference `&_`
[INFO] [stdout] note: method defined here
[INFO] [stdout]      --> /opt/rustwide/workdir/src/api.rs:26239:12
[INFO] [stdout]       |
[INFO] [stdout] 26239 |     pub fn update_mask(mut self, new_value: client::FieldMask) -> ProjectLocationLakeTaskPatchCall<'a, S> {
[INFO] [stdout]       |            ^^^^^^^^^^^
[INFO] [stdout] help: consider removing the borrow
[INFO] [stdout]       |
[INFO] [stdout] 26    -              .update_mask(&Default::default())
[INFO] [stdout] 26    +              .update_mask(Default::default())
[INFO] [stdout]       |
[INFO] [stdout] 
[INFO] [stdout] error: aborting due to previous error
[INFO] [stdout] 
[INFO] [stdout] For more information about this error, try `rustc --explain E0308`.
[INFO] [stdout] Couldn't compile the test.
[INFO] [stdout] ---- src/api.rs - api::ProjectLocationLakeZoneAssetPatchCall (line 29200) stdout ----
[INFO] [stdout] error[E0308]: mismatched types
[INFO] [stdout]      --> src/api.rs:29225:27
[INFO] [stdout]       |
[INFO] [stdout] 26    |              .update_mask(&Default::default())
[INFO] [stdout]       |               ----------- ^^^^^^^^^^^^^^^^^^^ expected `FieldMask`, found `&_`
[INFO] [stdout]       |               |
[INFO] [stdout]       |               arguments to this method are incorrect
[INFO] [stdout]       |
[INFO] [stdout]       = note: expected struct `FieldMask`
[INFO] [stdout]               found reference `&_`
[INFO] [stdout] note: method defined here
[INFO] [stdout]      --> /opt/rustwide/workdir/src/api.rs:29427:12
[INFO] [stdout]       |
[INFO] [stdout] 29427 |     pub fn update_mask(mut self, new_value: client::FieldMask) -> ProjectLocationLakeZoneAssetPatchCall<'a, S> {
[INFO] [stdout]       |            ^^^^^^^^^^^
[INFO] [stdout] help: consider removing the borrow
[INFO] [stdout]       |
[INFO] [stdout] 26    -              .update_mask(&Default::default())
[INFO] [stdout] 26    +              .update_mask(Default::default())
[INFO] [stdout]       |
[INFO] [stdout] 
[INFO] [stdout] error: aborting due to previous error
[INFO] [stdout] 
[INFO] [stdout] For more information about this error, try `rustc --explain E0308`.
[INFO] [stdout] Couldn't compile the test.
[INFO] [stdout] ---- src/api.rs - api::ProjectLocationLakeZonePatchCall (line 34128) stdout ----
[INFO] [stdout] error[E0308]: mismatched types
[INFO] [stdout]      --> src/api.rs:34153:27
[INFO] [stdout]       |
[INFO] [stdout] 26    |              .update_mask(&Default::default())
[INFO] [stdout]       |               ----------- ^^^^^^^^^^^^^^^^^^^ expected `FieldMask`, found `&_`
[INFO] [stdout]       |               |
[INFO] [stdout]       |               arguments to this method are incorrect
[INFO] [stdout]       |
[INFO] [stdout]       = note: expected struct `FieldMask`
[INFO] [stdout]               found reference `&_`
[INFO] [stdout] note: method defined here
[INFO] [stdout]      --> /opt/rustwide/workdir/src/api.rs:34355:12
[INFO] [stdout]       |
[INFO] [stdout] 34355 |     pub fn update_mask(mut self, new_value: client::FieldMask) -> ProjectLocationLakeZonePatchCall<'a, S> {
[INFO] [stdout]       |            ^^^^^^^^^^^
[INFO] [stdout] help: consider removing the borrow
[INFO] [stdout]       |
[INFO] [stdout] 26    -              .update_mask(&Default::default())
[INFO] [stdout] 26    +              .update_mask(Default::default())
[INFO] [stdout]       |
[INFO] [stdout] 
[INFO] [stdout] error: aborting due to previous error
[INFO] [stdout] 
[INFO] [stdout] For more information about this error, try `rustc --explain E0308`.
[INFO] [stdout] Couldn't compile the test.
[INFO] [stdout] 
[INFO] [stdout] failures:
[INFO] [stdout]     src/api.rs - api::ProjectLocationDataAttributeBindingPatchCall (line 7480)
[INFO] [stdout]     src/api.rs - api::ProjectLocationDataScanPatchCall (line 10364)
[INFO] [stdout]     src/api.rs - api::ProjectLocationDataTaxonomyAttributePatchCall (line 12980)
[INFO] [stdout]     src/api.rs - api::ProjectLocationDataTaxonomyPatchCall (line 15316)
[INFO] [stdout]     src/api.rs - api::ProjectLocationLakeContentPatchCall (line 17914)
[INFO] [stdout]     src/api.rs - api::ProjectLocationLakeContentitemPatchCall (line 20226)
[INFO] [stdout]     src/api.rs - api::ProjectLocationLakeEnvironmentPatchCall (line 22848)
[INFO] [stdout]     src/api.rs - api::ProjectLocationLakePatchCall (line 36452)
[INFO] [stdout]     src/api.rs - api::ProjectLocationLakeTaskPatchCall (line 26012)
[INFO] [stdout]     src/api.rs - api::ProjectLocationLakeZoneAssetPatchCall (line 29200)
[INFO] [stdout]     src/api.rs - api::ProjectLocationLakeZonePatchCall (line 34128)
[INFO] [stdout] 
[INFO] [stdout] test result: FAILED. 106 passed; 11 failed; 1 ignored; 0 measured; 0 filtered out; finished in 0.65s
[INFO] [stdout] 
[INFO] [stderr] error: doctest failed, to rerun pass `--doc`
[INFO] running `Command { std: "docker" "inspect" "9892a1ebe552c0a3bdbfae4fabc769dcd651d156c3ab9e7e57445eafed7eefc8", kill_on_drop: false }`
[INFO] running `Command { std: "docker" "rm" "-f" "9892a1ebe552c0a3bdbfae4fabc769dcd651d156c3ab9e7e57445eafed7eefc8", kill_on_drop: false }`
[INFO] [stdout] 9892a1ebe552c0a3bdbfae4fabc769dcd651d156c3ab9e7e57445eafed7eefc8
[INFO] testing google-dataplex1-5.0.3+20230120 against beta-2023-12-22 for beta-1.76-1
[INFO] extracting crate google-dataplex1 5.0.3+20230120 into /workspace/builds/worker-7-tc2/source
[INFO] validating manifest of crates.io crate google-dataplex1 5.0.3+20230120 on toolchain beta-2023-12-22
[INFO] running `Command { std: CARGO_HOME="/workspace/cargo-home" RUSTUP_HOME="/workspace/rustup-home" "/workspace/cargo-home/bin/cargo" "+beta-2023-12-22" "metadata" "--manifest-path" "Cargo.toml" "--no-deps", kill_on_drop: false }`
[INFO] started tweaking crates.io crate google-dataplex1 5.0.3+20230120
[INFO] finished tweaking crates.io crate google-dataplex1 5.0.3+20230120
[INFO] tweaked toml for crates.io crate google-dataplex1 5.0.3+20230120 written to /workspace/builds/worker-7-tc2/source/Cargo.toml
[INFO] running `Command { std: CARGO_HOME="/workspace/cargo-home" RUSTUP_HOME="/workspace/rustup-home" "/workspace/cargo-home/bin/cargo" "+beta-2023-12-22" "generate-lockfile" "--manifest-path" "Cargo.toml", kill_on_drop: false }`
[INFO] [stderr]     Updating crates.io index
[INFO] running `Command { std: CARGO_HOME="/workspace/cargo-home" RUSTUP_HOME="/workspace/rustup-home" "/workspace/cargo-home/bin/cargo" "+beta-2023-12-22" "fetch" "--manifest-path" "Cargo.toml", kill_on_drop: false }`
[INFO] running `Command { std: "docker" "create" "-v" "/var/lib/crater-agent-workspace/builds/worker-7-tc2/target:/opt/rustwide/target:rw,Z" "-v" "/var/lib/crater-agent-workspace/builds/worker-7-tc2/source:/opt/rustwide/workdir:ro,Z" "-v" "/var/lib/crater-agent-workspace/cargo-home:/opt/rustwide/cargo-home:ro,Z" "-v" "/var/lib/crater-agent-workspace/rustup-home:/opt/rustwide/rustup-home:ro,Z" "-e" "SOURCE_DIR=/opt/rustwide/workdir" "-e" "CARGO_TARGET_DIR=/opt/rustwide/target" "-e" "CARGO_HOME=/opt/rustwide/cargo-home" "-e" "RUSTUP_HOME=/opt/rustwide/rustup-home" "-w" "/opt/rustwide/workdir" "-m" "1610612736" "--user" "0:0" "--network" "none" "ghcr.io/rust-lang/crates-build-env/linux@sha256:2788e3201cd34a07e3172128adcd8b3090168a8e3bcc40d7c032b9dda1df7d1c" "/opt/rustwide/cargo-home/bin/cargo" "+beta-2023-12-22" "metadata" "--no-deps" "--format-version=1", kill_on_drop: false }`
[INFO] [stdout] 6f3b03e738e331a56647d1843dbaee5ce15476c48f9161eb8deb638c9a721678
[INFO] running `Command { std: "docker" "start" "-a" "6f3b03e738e331a56647d1843dbaee5ce15476c48f9161eb8deb638c9a721678", kill_on_drop: false }`
[INFO] running `Command { std: "docker" "inspect" "6f3b03e738e331a56647d1843dbaee5ce15476c48f9161eb8deb638c9a721678", kill_on_drop: false }`
[INFO] running `Command { std: "docker" "rm" "-f" "6f3b03e738e331a56647d1843dbaee5ce15476c48f9161eb8deb638c9a721678", kill_on_drop: false }`
[INFO] [stdout] 6f3b03e738e331a56647d1843dbaee5ce15476c48f9161eb8deb638c9a721678
[INFO] running `Command { std: "docker" "create" "-v" "/var/lib/crater-agent-workspace/builds/worker-7-tc2/target:/opt/rustwide/target:rw,Z" "-v" "/var/lib/crater-agent-workspace/builds/worker-7-tc2/source:/opt/rustwide/workdir:ro,Z" "-v" "/var/lib/crater-agent-workspace/cargo-home:/opt/rustwide/cargo-home:ro,Z" "-v" "/var/lib/crater-agent-workspace/rustup-home:/opt/rustwide/rustup-home:ro,Z" "-e" "SOURCE_DIR=/opt/rustwide/workdir" "-e" "CARGO_TARGET_DIR=/opt/rustwide/target" "-e" "CARGO_INCREMENTAL=0" "-e" "RUST_BACKTRACE=full" "-e" "RUSTFLAGS=--cap-lints=warn" "-e" "RUSTDOCFLAGS=--cap-lints=warn" "-e" "CARGO_HOME=/opt/rustwide/cargo-home" "-e" "RUSTUP_HOME=/opt/rustwide/rustup-home" "-w" "/opt/rustwide/workdir" "-m" "1610612736" "--user" "0:0" "--network" "none" "ghcr.io/rust-lang/crates-build-env/linux@sha256:2788e3201cd34a07e3172128adcd8b3090168a8e3bcc40d7c032b9dda1df7d1c" "/opt/rustwide/cargo-home/bin/cargo" "+beta-2023-12-22" "build" "--frozen" "--message-format=json", kill_on_drop: false }`
[INFO] [stdout] ee4a9d532f23790230b9315d9537c6f522a10c24171e19174d188163185fb72a
[INFO] running `Command { std: "docker" "start" "-a" "ee4a9d532f23790230b9315d9537c6f522a10c24171e19174d188163185fb72a", kill_on_drop: false }`
[INFO] [stderr]    Compiling google-dataplex1 v5.0.3+20230120 (/opt/rustwide/workdir)
[INFO] [stderr]     Finished dev [unoptimized + debuginfo] target(s) in 5.66s
[INFO] running `Command { std: "docker" "inspect" "ee4a9d532f23790230b9315d9537c6f522a10c24171e19174d188163185fb72a", kill_on_drop: false }`
[INFO] running `Command { std: "docker" "rm" "-f" "ee4a9d532f23790230b9315d9537c6f522a10c24171e19174d188163185fb72a", kill_on_drop: false }`
[INFO] [stdout] ee4a9d532f23790230b9315d9537c6f522a10c24171e19174d188163185fb72a
[INFO] running `Command { std: "docker" "create" "-v" "/var/lib/crater-agent-workspace/builds/worker-7-tc2/target:/opt/rustwide/target:rw,Z" "-v" "/var/lib/crater-agent-workspace/builds/worker-7-tc2/source:/opt/rustwide/workdir:ro,Z" "-v" "/var/lib/crater-agent-workspace/cargo-home:/opt/rustwide/cargo-home:ro,Z" "-v" "/var/lib/crater-agent-workspace/rustup-home:/opt/rustwide/rustup-home:ro,Z" "-e" "SOURCE_DIR=/opt/rustwide/workdir" "-e" "CARGO_TARGET_DIR=/opt/rustwide/target" "-e" "CARGO_INCREMENTAL=0" "-e" "RUST_BACKTRACE=full" "-e" "RUSTFLAGS=--cap-lints=warn" "-e" "RUSTDOCFLAGS=--cap-lints=warn" "-e" "CARGO_HOME=/opt/rustwide/cargo-home" "-e" "RUSTUP_HOME=/opt/rustwide/rustup-home" "-w" "/opt/rustwide/workdir" "-m" "1610612736" "--user" "0:0" "--network" "none" "ghcr.io/rust-lang/crates-build-env/linux@sha256:2788e3201cd34a07e3172128adcd8b3090168a8e3bcc40d7c032b9dda1df7d1c" "/opt/rustwide/cargo-home/bin/cargo" "+beta-2023-12-22" "test" "--frozen" "--no-run" "--message-format=json", kill_on_drop: false }`
[INFO] [stdout] 154c55a8fffac060624a0b2a1759747dc53ca02c32f84c21efe6f01180e47ec4
[INFO] running `Command { std: "docker" "start" "-a" "154c55a8fffac060624a0b2a1759747dc53ca02c32f84c21efe6f01180e47ec4", kill_on_drop: false }`
[INFO] [stderr]    Compiling google-dataplex1 v5.0.3+20230120 (/opt/rustwide/workdir)
[INFO] [stderr]     Finished test [unoptimized + debuginfo] target(s) in 7.86s
[INFO] running `Command { std: "docker" "inspect" "154c55a8fffac060624a0b2a1759747dc53ca02c32f84c21efe6f01180e47ec4", kill_on_drop: false }`
[INFO] running `Command { std: "docker" "rm" "-f" "154c55a8fffac060624a0b2a1759747dc53ca02c32f84c21efe6f01180e47ec4", kill_on_drop: false }`
[INFO] [stdout] 154c55a8fffac060624a0b2a1759747dc53ca02c32f84c21efe6f01180e47ec4
[INFO] running `Command { std: "docker" "create" "-v" "/var/lib/crater-agent-workspace/builds/worker-7-tc2/target:/opt/rustwide/target:rw,Z" "-v" "/var/lib/crater-agent-workspace/builds/worker-7-tc2/source:/opt/rustwide/workdir:ro,Z" "-v" "/var/lib/crater-agent-workspace/cargo-home:/opt/rustwide/cargo-home:ro,Z" "-v" "/var/lib/crater-agent-workspace/rustup-home:/opt/rustwide/rustup-home:ro,Z" "-e" "SOURCE_DIR=/opt/rustwide/workdir" "-e" "CARGO_TARGET_DIR=/opt/rustwide/target" "-e" "CARGO_INCREMENTAL=0" "-e" "RUST_BACKTRACE=full" "-e" "RUSTFLAGS=--cap-lints=warn" "-e" "RUSTDOCFLAGS=--cap-lints=warn" "-e" "CARGO_HOME=/opt/rustwide/cargo-home" "-e" "RUSTUP_HOME=/opt/rustwide/rustup-home" "-w" "/opt/rustwide/workdir" "-m" "1610612736" "--user" "0:0" "--network" "none" "ghcr.io/rust-lang/crates-build-env/linux@sha256:2788e3201cd34a07e3172128adcd8b3090168a8e3bcc40d7c032b9dda1df7d1c" "/opt/rustwide/cargo-home/bin/cargo" "+beta-2023-12-22" "test" "--frozen", kill_on_drop: false }`
[INFO] [stdout] fab34c964bc3390875cf711bbb3a4a7d52cbe49364aec7cbbefb19e8c2ef4502
[INFO] running `Command { std: "docker" "start" "-a" "fab34c964bc3390875cf711bbb3a4a7d52cbe49364aec7cbbefb19e8c2ef4502", kill_on_drop: false }`
[INFO] [stderr]     Finished test [unoptimized + debuginfo] target(s) in 0.08s
[INFO] [stderr]      Running unittests src/lib.rs (/opt/rustwide/target/debug/deps/google_dataplex1-85ba5361615776bb)
[INFO] [stdout] 
[INFO] [stdout] running 0 tests
[INFO] [stdout] 
[INFO] [stdout] test result: ok. 0 passed; 0 failed; 0 ignored; 0 measured; 0 filtered out; finished in 0.00s
[INFO] [stdout] 
[INFO] [stderr]    Doc-tests google-dataplex1
[INFO] [stdout] 
[INFO] [stdout] running 118 tests
[INFO] [stdout] test src/api.rs - api::ProjectLocationDataAttributeBindingTestIamPermissionCall (line 8088) - compile ... ok
[INFO] [stdout] test src/api.rs - api::ProjectLocationDataScanCreateCall (line 8940) - compile ... ok
[INFO] [stdout] test src/api.rs - api::ProjectLocationDataAttributeBindingDeleteCall (line 6360) - compile ... ok
[INFO] [stdout] test src/api.rs - api::ProjectLocationDataAttributeBindingGetIamPolicyCall (line 6896) - compile ... ok
[INFO] [stdout] test src/api.rs - api::ProjectLocationDataAttributeBindingGetCall (line 6634) - compile ... ok
[INFO] [stdout] test src/api.rs - api::CloudDataplex (line 58) - compile ... ok
[INFO] [stdout] test src/api.rs - api::ProjectLocationDataScanGetIamPolicyCall (line 9780) - compile ... ok
[INFO] [stdout] test src/api.rs - api::ProjectLocationDataScanListCall (line 10054) - compile ... ok
[INFO] [stdout] test src/api.rs - api::ProjectLocationDataScanDeleteCall (line 9244) - compile ... ok
[INFO] [stdout] test src/api.rs - api::ProjectLocationDataAttributeBindingSetIamPolicyCall (line 7796) - compile ... ok
[INFO] [stdout] test src/api.rs - api::ProjectLocationDataScanJobGetCall (line 8380) - compile ... ok
[INFO] [stdout] test src/api.rs - api::ProjectLocationDataScanGetCall (line 9506) - compile ... ok
[INFO] [stdout] test src/api.rs - api::ProjectLocationDataAttributeBindingPatchCall (line 7480) - compile ... FAILED
[INFO] [stdout] test src/api.rs - api::ProjectLocationDataScanPatchCall (line 10364) - compile ... FAILED
[INFO] [stdout] test src/api.rs - api::ProjectLocationDataAttributeBindingListCall (line 7170) - compile ... ok
[INFO] [stdout] test src/api.rs - api::ProjectLocationDataScanJobListCall (line 8654) - compile ... ok
[INFO] [stdout] test src/api.rs - api::ProjectLocationDataScanRunCall (line 10668) - compile ... ok
[INFO] [stdout] test src/api.rs - api::ProjectLocationDataAttributeBindingCreateCall (line 6044) - compile ... ok
[INFO] [stdout] test src/api.rs - api::ProjectLocationDataTaxonomyAttributeCreateCall (line 11544) - compile ... ok
[INFO] [stdout] test src/api.rs - api::ProjectLocationDataScanSetIamPolicyCall (line 10960) - compile ... ok
[INFO] [stdout] test src/api.rs - api::ProjectLocationDataTaxonomyAttributeDeleteCall (line 11860) - compile ... ok
[INFO] [stdout] test src/api.rs - api::ProjectLocationDataScanTestIamPermissionCall (line 11252) - compile ... ok
[INFO] [stdout] test src/api.rs - api::ProjectLocationDataTaxonomyAttributeListCall (line 12670) - compile ... ok
[INFO] [stdout] test src/api.rs - api::ProjectLocationDataTaxonomyAttributeGetIamPolicyCall (line 12396) - compile ... ok
[INFO] [stdout] test src/api.rs - api::ProjectLocationDataTaxonomyAttributeGetCall (line 12134) - compile ... ok
[INFO] [stdout] test src/api.rs - api::ProjectLocationDataTaxonomyAttributeTestIamPermissionCall (line 13588) - compile ... ok
[INFO] [stdout] test src/api.rs - api::ProjectLocationDataTaxonomyAttributePatchCall (line 12980) - compile ... FAILED
[INFO] [stdout] test src/api.rs - api::ProjectLocationDataTaxonomyDeleteCall (line 14196) - compile ... ok
[INFO] [stdout] test src/api.rs - api::ProjectLocationDataTaxonomyCreateCall (line 13880) - compile ... ok
[INFO] [stdout] test src/api.rs - api::ProjectLocationDataTaxonomyAttributeSetIamPolicyCall (line 13296) - compile ... ok
[INFO] [stdout] test src/api.rs - api::ProjectLocationDataTaxonomyListCall (line 15006) - compile ... ok
[INFO] [stdout] test src/api.rs - api::ProjectLocationDataTaxonomyGetCall (line 14470) - compile ... ok
[INFO] [stdout] test src/api.rs - api::ProjectLocationGetCall (line 38466) - compile ... ok
[INFO] [stdout] test src/api.rs - api::ProjectLocationDataTaxonomySetIamPolicyCall (line 15632) - compile ... ok
[INFO] [stdout] test src/api.rs - api::ProjectLocationDataTaxonomyGetIamPolicyCall (line 14732) - compile ... ok
[INFO] [stdout] test src/api.rs - api::ProjectLocationLakeActionListCall (line 16216) - compile ... ok
[INFO] [stdout] test src/api.rs - api::ProjectLocationDataTaxonomyTestIamPermissionCall (line 15924) - compile ... ok
[INFO] [stdout] test src/api.rs - api::ProjectLocationLakeContentDeleteCall (line 16806) - compile ... ok
[INFO] [stdout] test src/api.rs - api::ProjectLocationLakeContentGetCall (line 17068) - compile ... ok
[INFO] [stdout] test src/api.rs - api::ProjectLocationLakeContentCreateCall (line 16502) - compile ... ok
[INFO] [stdout] test src/api.rs - api::ProjectLocationLakeContentTestIamPermissionCall (line 18522) - compile ... ok
[INFO] [stdout] test src/api.rs - api::ProjectLocationLakeContentitemGetCall (line 19380) - compile ... ok
[INFO] [stdout] test src/api.rs - api::ProjectLocationLakeContentitemCreateCall (line 18814) - compile ... ok
[INFO] [stdout] test src/api.rs - api::ProjectLocationLakeContentSetIamPolicyCall (line 18230) - compile ... ok
[INFO] [stdout] test src/api.rs - api::ProjectLocationLakeContentPatchCall (line 17914) - compile ... FAILED
[INFO] [stdout] test src/api.rs - api::ProjectLocationLakeContentitemGetIamPolicyCall (line 19654) - compile ... ok
[INFO] [stdout] test src/api.rs - api::ProjectLocationLakeContentGetIamPolicyCall (line 17342) - compile ... ok
[INFO] [stdout] test src/api.rs - api::ProjectLocationLakeContentListCall (line 17616) - compile ... ok
[INFO] [stdout] test src/api.rs - api::ProjectLocationLakeContentitemDeleteCall (line 19118) - compile ... ok
[INFO] [stdout] test src/api.rs - api::ProjectLocationDataTaxonomyPatchCall (line 15316) - compile ... FAILED
[INFO] [stdout] test src/api.rs - api::ProjectLocationLakeContentitemListCall (line 19928) - compile ... ok
[INFO] [stdout] test src/api.rs - api::ProjectLocationLakeContentitemSetIamPolicyCall (line 20542) - compile ... ok
[INFO] [stdout] test src/api.rs - api::ProjectLocationLakeContentitemTestIamPermissionCall (line 20834) - compile ... ok
[INFO] [stdout] test src/api.rs - api::ProjectLocationLakeDeleteCall (line 35344) - compile ... ok
[INFO] [stdout] test src/api.rs - api::ProjectLocationLakeCreateCall (line 35028) - compile ... ok
[INFO] [stdout] test src/api.rs - api::ProjectLocationLakeEnvironmentDeleteCall (line 21740) - compile ... ok
[INFO] [stdout] test src/api.rs - api::ProjectLocationLakeEnvironmentCreateCall (line 21424) - compile ... ok
[INFO] [stdout] test src/api.rs - api::ProjectLocationLakeEnvironmentGetIamPolicyCall (line 22264) - compile ... ok
[INFO] [stdout] test src/api.rs - api::ProjectLocationLakeEnvironmentGetCall (line 22002) - compile ... ok
[INFO] [stdout] test src/api.rs - api::ProjectLocationLakeEnvironmentListCall (line 22538) - compile ... ok
[INFO] [stdout] test src/api.rs - api::ProjectLocationLakeContentitemPatchCall (line 20226) - compile ... FAILED
[INFO] [stdout] test src/api.rs - api::ProjectLocationLakeEnvironmentTestIamPermissionCall (line 23456) - compile ... ok
[INFO] [stdout] test src/api.rs - api::ProjectLocationLakeEnvironmentSessionListCall (line 21126) - compile ... ok
[INFO] [stdout] test src/api.rs - api::ProjectLocationLakeEnvironmentPatchCall (line 22848) - compile ... FAILED
[INFO] [stdout] test src/api.rs - api::ProjectLocationLakeGetCall (line 35606) - compile ... ok
[INFO] [stdout] test src/api.rs - api::ProjectLocationLakeGetIamPolicyCall (line 35868) - compile ... ok
[INFO] [stdout] test src/api.rs - api::ProjectLocationLakeListCall (line 36142) - compile ... ok
[INFO] [stdout] test src/api.rs - api::ProjectLocationLakeEnvironmentSetIamPolicyCall (line 23164) - compile ... ok
[INFO] [stdout] test src/api.rs - api::ProjectLocationLakeTaskCreateCall (line 24588) - compile ... ok
[INFO] [stdout] test src/api.rs - api::ProjectLocationLakeSetIamPolicyCall (line 36768) - compile ... ok
[INFO] [stdout] test src/api.rs - api::ProjectLocationLakePatchCall (line 36452) - compile ... FAILED
[INFO] [stdout] test src/api.rs - api::ProjectLocationLakeTaskGetIamPolicyCall (line 25428) - compile ... ok
[INFO] [stdout] test src/api.rs - api::ProjectLocationLakeTaskDeleteCall (line 24904) - compile ... ok
[INFO] [stdout] test src/api.rs - api::ProjectLocationLakeTaskGetCall (line 25166) - compile ... ok
[INFO] [stdout] test src/api.rs - api::ProjectLocationLakeTaskJobGetCall (line 24040) - compile ... ok
[INFO] [stdout] test src/api.rs - api::ProjectLocationLakeTaskJobCancelCall (line 23748) - compile ... ok
[INFO] [stdout] test src/api.rs - api::ProjectLocationLakeTaskJobListCall (line 24302) - compile ... ok
[INFO] [stdout] test src/api.rs - api::ProjectLocationLakeTaskListCall (line 25702) - compile ... ok
[INFO] [stdout] test src/api.rs - api::ProjectLocationLakeTaskRunCall (line 26328) - compile ... ok
[INFO] [stdout] test src/api.rs - api::ProjectLocationLakeTaskTestIamPermissionCall (line 26912) - compile ... ok
[INFO] [stdout] test src/api.rs - api::ProjectLocationLakeTestIamPermissionCall (line 37060) - compile ... ok
[INFO] [stdout] test src/api.rs - api::ProjectLocationLakeZoneActionListCall (line 27204) - compile ... ok
[INFO] [stdout] test src/api.rs - api::ProjectLocationLakeTaskSetIamPolicyCall (line 26620) - compile ... ok
[INFO] [stdout] test src/api.rs - api::ProjectLocationLakeZoneAssetCreateCall (line 27776) - compile ... ok
[INFO] [stdout] test src/api.rs - api::ProjectLocationLakeZoneAssetDeleteCall (line 28092) - compile ... ok
[INFO] [stdout] test src/api.rs - api::ProjectLocationLakeZoneAssetGetIamPolicyCall (line 28616) - compile ... ok
[INFO] [stdout] test src/api.rs - api::ProjectLocationLakeZoneAssetActionListCall (line 27490) - compile ... ok
[INFO] [stdout] test src/api.rs - api::ProjectLocationLakeZoneAssetSetIamPolicyCall (line 29516) - compile ... ok
[INFO] [stdout] test src/api.rs - api::ProjectLocationLakeZoneAssetListCall (line 28890) - compile ... ok
[INFO] [stdout] test src/api.rs - api::ProjectLocationLakeTaskPatchCall (line 26012) - compile ... FAILED
[INFO] [stdout] test src/api.rs - api::ProjectLocationLakeZoneAssetGetCall (line 28354) - compile ... ok
[INFO] [stdout] test src/api.rs - api::ProjectLocationLakeZoneAssetPatchCall (line 29200) - compile ... FAILED
[INFO] [stdout] test src/api.rs - api::ProjectLocationLakeZoneEntityCreateCall (line 31238) - compile ... ok
[INFO] [stdout] test src/api.rs - api::ProjectLocationLakeZoneEntityGetCall (line 31816) - compile ... ok
[INFO] [stdout] test src/api.rs - api::ProjectLocationLakeZoneEntityPartitionDeleteCall (line 30404) - compile ... ok
[INFO] [stdout] test src/api.rs - api::ProjectLocationLakeZoneEntityDeleteCall (line 31542) - compile ... ok
[INFO] [stdout] test src/api.rs - api::ProjectLocationLakeZoneAssetTestIamPermissionCall (line 29808) - compile ... ok
[INFO] [stdout] test src/api.rs - api::ProjectLocationLakeZoneEntityPartitionCreateCall (line 30100) - compile ... ok
[INFO] [stdout] test src/api.rs - api::ProjectLocationLakeZoneEntityPartitionListCall (line 30940) - compile ... ok
[INFO] [stdout] test src/api.rs - api::ProjectLocationLakeZoneEntityPartitionGetCall (line 30678) - compile ... ok
[INFO] [stdout] test src/api.rs - api::ProjectLocationLakeZoneDeleteCall (line 33020) - compile ... ok
[INFO] [stdout] test src/api.rs - api::ProjectLocationLakeZoneCreateCall (line 32704) - compile ... ok
[INFO] [stdout] test src/lib.rs - (line 49) ... ignored
[INFO] [stdout] test src/api.rs - api::ProjectLocationLakeZoneEntityListCall (line 32090) - compile ... ok
[INFO] [stdout] test src/api.rs - api::ProjectLocationLakeZonePatchCall (line 34128) - compile ... FAILED
[INFO] [stdout] test src/api.rs - api::ProjectLocationLakeZoneGetCall (line 33282) - compile ... ok
[INFO] [stdout] test src/api.rs - api::ProjectLocationLakeZoneListCall (line 33818) - compile ... ok
[INFO] [stdout] test src/api.rs - api::ProjectLocationLakeZoneGetIamPolicyCall (line 33544) - compile ... ok
[INFO] [stdout] test src/api.rs - api::ProjectLocationLakeZoneEntityUpdateCall (line 32400) - compile ... ok
[INFO] [stdout] test src/api.rs - api::ProjectLocationLakeZoneSetIamPolicyCall (line 34444) - compile ... ok
[INFO] [stdout] test src/api.rs - api::ProjectLocationListCall (line 38728) - compile ... ok
[INFO] [stdout] test src/api.rs - api::ProjectLocationLakeZoneTestIamPermissionCall (line 34736) - compile ... ok
[INFO] [stdout] test src/api.rs - api::ProjectMethods (line 3823) - compile ... ok
[INFO] [stdout] test src/api.rs - api::ProjectLocationOperationGetCall (line 37906) - compile ... ok
[INFO] [stdout] test src/api.rs - api::ProjectLocationOperationListCall (line 38168) - compile ... ok
[INFO] [stdout] test src/api.rs - api::ProjectLocationOperationDeleteCall (line 37644) - compile ... ok
[INFO] [stdout] test src/lib.rs - (line 100) - compile ... ok
[INFO] [stdout] test src/api.rs - api::ProjectLocationOperationCancelCall (line 37352) - compile ... ok
[INFO] [stdout] 
[INFO] [stdout] failures:
[INFO] [stdout] 
[INFO] [stdout] ---- src/api.rs - api::ProjectLocationDataAttributeBindingPatchCall (line 7480) stdout ----
[INFO] [stdout] error[E0308]: mismatched types
[INFO] [stdout]     --> src/api.rs:7505:27
[INFO] [stdout]      |
[INFO] [stdout] 26   |              .update_mask(&Default::default())
[INFO] [stdout]      |               ----------- ^^^^^^^^^^^^^^^^^^^ expected `FieldMask`, found `&_`
[INFO] [stdout]      |               |
[INFO] [stdout]      |               arguments to this method are incorrect
[INFO] [stdout]      |
[INFO] [stdout]      = note: expected struct `FieldMask`
[INFO] [stdout]              found reference `&_`
[INFO] [stdout] note: method defined here
[INFO] [stdout]     --> /opt/rustwide/workdir/src/api.rs:7707:12
[INFO] [stdout]      |
[INFO] [stdout] 7707 |     pub fn update_mask(mut self, new_value: client::FieldMask) -> ProjectLocationDataAttributeBindingPatchCall<'a, S> {
[INFO] [stdout]      |            ^^^^^^^^^^^
[INFO] [stdout] help: consider removing the borrow
[INFO] [stdout]      |
[INFO] [stdout] 26   -              .update_mask(&Default::default())
[INFO] [stdout] 26   +              .update_mask(Default::default())
[INFO] [stdout]      |
[INFO] [stdout] 
[INFO] [stdout] error: aborting due to 1 previous error
[INFO] [stdout] 
[INFO] [stdout] For more information about this error, try `rustc --explain E0308`.
[INFO] [stdout] Couldn't compile the test.
[INFO] [stdout] ---- src/api.rs - api::ProjectLocationDataScanPatchCall (line 10364) stdout ----
[INFO] [stdout] error[E0308]: mismatched types
[INFO] [stdout]      --> src/api.rs:10388:27
[INFO] [stdout]       |
[INFO] [stdout] 25    |              .update_mask(&Default::default())
[INFO] [stdout]       |               ----------- ^^^^^^^^^^^^^^^^^^^ expected `FieldMask`, found `&_`
[INFO] [stdout]       |               |
[INFO] [stdout]       |               arguments to this method are incorrect
[INFO] [stdout]       |
[INFO] [stdout]       = note: expected struct `FieldMask`
[INFO] [stdout]               found reference `&_`
[INFO] [stdout] note: method defined here
[INFO] [stdout]      --> /opt/rustwide/workdir/src/api.rs:10579:12
[INFO] [stdout]       |
[INFO] [stdout] 10579 |     pub fn update_mask(mut self, new_value: client::FieldMask) -> ProjectLocationDataScanPatchCall<'a, S> {
[INFO] [stdout]       |            ^^^^^^^^^^^
[INFO] [stdout] help: consider removing the borrow
[INFO] [stdout]       |
[INFO] [stdout] 25    -              .update_mask(&Default::default())
[INFO] [stdout] 25    +              .update_mask(Default::default())
[INFO] [stdout]       |
[INFO] [stdout] 
[INFO] [stdout] error: aborting due to 1 previous error
[INFO] [stdout] 
[INFO] [stdout] For more information about this error, try `rustc --explain E0308`.
[INFO] [stdout] Couldn't compile the test.
[INFO] [stdout] ---- src/api.rs - api::ProjectLocationDataTaxonomyAttributePatchCall (line 12980) stdout ----
[INFO] [stdout] error[E0308]: mismatched types
[INFO] [stdout]      --> src/api.rs:13005:27
[INFO] [stdout]       |
[INFO] [stdout] 26    |              .update_mask(&Default::default())
[INFO] [stdout]       |               ----------- ^^^^^^^^^^^^^^^^^^^ expected `FieldMask`, found `&_`
[INFO] [stdout]       |               |
[INFO] [stdout]       |               arguments to this method are incorrect
[INFO] [stdout]       |
[INFO] [stdout]       = note: expected struct `FieldMask`
[INFO] [stdout]               found reference `&_`
[INFO] [stdout] note: method defined here
[INFO] [stdout]      --> /opt/rustwide/workdir/src/api.rs:13207:12
[INFO] [stdout]       |
[INFO] [stdout] 13207 |     pub fn update_mask(mut self, new_value: client::FieldMask) -> ProjectLocationDataTaxonomyAttributePatchCall<'a, S> {
[INFO] [stdout]       |            ^^^^^^^^^^^
[INFO] [stdout] help: consider removing the borrow
[INFO] [stdout]       |
[INFO] [stdout] 26    -              .update_mask(&Default::default())
[INFO] [stdout] 26    +              .update_mask(Default::default())
[INFO] [stdout]       |
[INFO] [stdout] 
[INFO] [stdout] error: aborting due to 1 previous error
[INFO] [stdout] 
[INFO] [stdout] For more information about this error, try `rustc --explain E0308`.
[INFO] [stdout] Couldn't compile the test.
[INFO] [stdout] ---- src/api.rs - api::ProjectLocationLakeContentPatchCall (line 17914) stdout ----
[INFO] [stdout] error[E0308]: mismatched types
[INFO] [stdout]      --> src/api.rs:17939:27
[INFO] [stdout]       |
[INFO] [stdout] 26    |              .update_mask(&Default::default())
[INFO] [stdout]       |               ----------- ^^^^^^^^^^^^^^^^^^^ expected `FieldMask`, found `&_`
[INFO] [stdout]       |               |
[INFO] [stdout]       |               arguments to this method are incorrect
[INFO] [stdout]       |
[INFO] [stdout]       = note: expected struct `FieldMask`
[INFO] [stdout]               found reference `&_`
[INFO] [stdout] note: method defined here
[INFO] [stdout]      --> /opt/rustwide/workdir/src/api.rs:18141:12
[INFO] [stdout]       |
[INFO] [stdout] 18141 |     pub fn update_mask(mut self, new_value: client::FieldMask) -> ProjectLocationLakeContentPatchCall<'a, S> {
[INFO] [stdout]       |            ^^^^^^^^^^^
[INFO] [stdout] help: consider removing the borrow
[INFO] [stdout]       |
[INFO] [stdout] 26    -              .update_mask(&Default::default())
[INFO] [stdout] 26    +              .update_mask(Default::default())
[INFO] [stdout]       |
[INFO] [stdout] 
[INFO] [stdout] error: aborting due to 1 previous error
[INFO] [stdout] 
[INFO] [stdout] For more information about this error, try `rustc --explain E0308`.
[INFO] [stdout] Couldn't compile the test.
[INFO] [stdout] ---- src/api.rs - api::ProjectLocationDataTaxonomyPatchCall (line 15316) stdout ----
[INFO] [stdout] error[E0308]: mismatched types
[INFO] [stdout]      --> src/api.rs:15341:27
[INFO] [stdout]       |
[INFO] [stdout] 26    |              .update_mask(&Default::default())
[INFO] [stdout]       |               ----------- ^^^^^^^^^^^^^^^^^^^ expected `FieldMask`, found `&_`
[INFO] [stdout]       |               |
[INFO] [stdout]       |               arguments to this method are incorrect
[INFO] [stdout]       |
[INFO] [stdout]       = note: expected struct `FieldMask`
[INFO] [stdout]               found reference `&_`
[INFO] [stdout] note: method defined here
[INFO] [stdout]      --> /opt/rustwide/workdir/src/api.rs:15543:12
[INFO] [stdout]       |
[INFO] [stdout] 15543 |     pub fn update_mask(mut self, new_value: client::FieldMask) -> ProjectLocationDataTaxonomyPatchCall<'a, S> {
[INFO] [stdout]       |            ^^^^^^^^^^^
[INFO] [stdout] help: consider removing the borrow
[INFO] [stdout]       |
[INFO] [stdout] 26    -              .update_mask(&Default::default())
[INFO] [stdout] 26    +              .update_mask(Default::default())
[INFO] [stdout]       |
[INFO] [stdout] 
[INFO] [stdout] error: aborting due to 1 previous error
[INFO] [stdout] 
[INFO] [stdout] For more information about this error, try `rustc --explain E0308`.
[INFO] [stdout] Couldn't compile the test.
[INFO] [stdout] ---- src/api.rs - api::ProjectLocationLakeContentitemPatchCall (line 20226) stdout ----
[INFO] [stdout] error[E0308]: mismatched types
[INFO] [stdout]      --> src/api.rs:20251:27
[INFO] [stdout]       |
[INFO] [stdout] 26    |              .update_mask(&Default::default())
[INFO] [stdout]       |               ----------- ^^^^^^^^^^^^^^^^^^^ expected `FieldMask`, found `&_`
[INFO] [stdout]       |               |
[INFO] [stdout]       |               arguments to this method are incorrect
[INFO] [stdout]       |
[INFO] [stdout]       = note: expected struct `FieldMask`
[INFO] [stdout]               found reference `&_`
[INFO] [stdout] note: method defined here
[INFO] [stdout]      --> /opt/rustwide/workdir/src/api.rs:20453:12
[INFO] [stdout]       |
[INFO] [stdout] 20453 |     pub fn update_mask(mut self, new_value: client::FieldMask) -> ProjectLocationLakeContentitemPatchCall<'a, S> {
[INFO] [stdout]       |            ^^^^^^^^^^^
[INFO] [stdout] help: consider removing the borrow
[INFO] [stdout]       |
[INFO] [stdout] 26    -              .update_mask(&Default::default())
[INFO] [stdout] 26    +              .update_mask(Default::default())
[INFO] [stdout]       |
[INFO] [stdout] 
[INFO] [stdout] error: aborting due to 1 previous error
[INFO] [stdout] 
[INFO] [stdout] For more information about this error, try `rustc --explain E0308`.
[INFO] [stdout] Couldn't compile the test.
[INFO] [stdout] ---- src/api.rs - api::ProjectLocationLakeEnvironmentPatchCall (line 22848) stdout ----
[INFO] [stdout] error[E0308]: mismatched types
[INFO] [stdout]      --> src/api.rs:22873:27
[INFO] [stdout]       |
[INFO] [stdout] 26    |              .update_mask(&Default::default())
[INFO] [stdout]       |               ----------- ^^^^^^^^^^^^^^^^^^^ expected `FieldMask`, found `&_`
[INFO] [stdout]       |               |
[INFO] [stdout]       |               arguments to this method are incorrect
[INFO] [stdout]       |
[INFO] [stdout]       = note: expected struct `FieldMask`
[INFO] [stdout]               found reference `&_`
[INFO] [stdout] note: method defined here
[INFO] [stdout]      --> /opt/rustwide/workdir/src/api.rs:23075:12
[INFO] [stdout]       |
[INFO] [stdout] 23075 |     pub fn update_mask(mut self, new_value: client::FieldMask) -> ProjectLocationLakeEnvironmentPatchCall<'a, S> {
[INFO] [stdout]       |            ^^^^^^^^^^^
[INFO] [stdout] help: consider removing the borrow
[INFO] [stdout]       |
[INFO] [stdout] 26    -              .update_mask(&Default::default())
[INFO] [stdout] 26    +              .update_mask(Default::default())
[INFO] [stdout]       |
[INFO] [stdout] 
[INFO] [stdout] error: aborting due to 1 previous error
[INFO] [stdout] 
[INFO] [stdout] For more information about this error, try `rustc --explain E0308`.
[INFO] [stdout] Couldn't compile the test.
[INFO] [stdout] ---- src/api.rs - api::ProjectLocationLakePatchCall (line 36452) stdout ----
[INFO] [stdout] error[E0308]: mismatched types
[INFO] [stdout]      --> src/api.rs:36477:27
[INFO] [stdout]       |
[INFO] [stdout] 26    |              .update_mask(&Default::default())
[INFO] [stdout]       |               ----------- ^^^^^^^^^^^^^^^^^^^ expected `FieldMask`, found `&_`
[INFO] [stdout]       |               |
[INFO] [stdout]       |               arguments to this method are incorrect
[INFO] [stdout]       |
[INFO] [stdout]       = note: expected struct `FieldMask`
[INFO] [stdout]               found reference `&_`
[INFO] [stdout] note: method defined here
[INFO] [stdout]      --> /opt/rustwide/workdir/src/api.rs:36679:12
[INFO] [stdout]       |
[INFO] [stdout] 36679 |     pub fn update_mask(mut self, new_value: client::FieldMask) -> ProjectLocationLakePatchCall<'a, S> {
[INFO] [stdout]       |            ^^^^^^^^^^^
[INFO] [stdout] help: consider removing the borrow
[INFO] [stdout]       |
[INFO] [stdout] 26    -              .update_mask(&Default::default())
[INFO] [stdout] 26    +              .update_mask(Default::default())
[INFO] [stdout]       |
[INFO] [stdout] 
[INFO] [stdout] error: aborting due to 1 previous error
[INFO] [stdout] 
[INFO] [stdout] For more information about this error, try `rustc --explain E0308`.
[INFO] [stdout] Couldn't compile the test.
[INFO] [stdout] ---- src/api.rs - api::ProjectLocationLakeTaskPatchCall (line 26012) stdout ----
[INFO] [stdout] error[E0308]: mismatched types
[INFO] [stdout]      --> src/api.rs:26037:27
[INFO] [stdout]       |
[INFO] [stdout] 26    |              .update_mask(&Default::default())
[INFO] [stdout]       |               ----------- ^^^^^^^^^^^^^^^^^^^ expected `FieldMask`, found `&_`
[INFO] [stdout]       |               |
[INFO] [stdout]       |               arguments to this method are incorrect
[INFO] [stdout]       |
[INFO] [stdout]       = note: expected struct `FieldMask`
[INFO] [stdout]               found reference `&_`
[INFO] [stdout] note: method defined here
[INFO] [stdout]      --> /opt/rustwide/workdir/src/api.rs:26239:12
[INFO] [stdout]       |
[INFO] [stdout] 26239 |     pub fn update_mask(mut self, new_value: client::FieldMask) -> ProjectLocationLakeTaskPatchCall<'a, S> {
[INFO] [stdout]       |            ^^^^^^^^^^^
[INFO] [stdout] help: consider removing the borrow
[INFO] [stdout]       |
[INFO] [stdout] 26    -              .update_mask(&Default::default())
[INFO] [stdout] 26    +              .update_mask(Default::default())
[INFO] [stdout]       |
[INFO] [stdout] 
[INFO] [stdout] error: aborting due to 1 previous error
[INFO] [stdout] 
[INFO] [stdout] For more information about this error, try `rustc --explain E0308`.
[INFO] [stdout] Couldn't compile the test.
[INFO] [stdout] ---- src/api.rs - api::ProjectLocationLakeZoneAssetPatchCall (line 29200) stdout ----
[INFO] [stdout] error[E0308]: mismatched types
[INFO] [stdout]      --> src/api.rs:29225:27
[INFO] [stdout]       |
[INFO] [stdout] 26    |              .update_mask(&Default::default())
[INFO] [stdout]       |               ----------- ^^^^^^^^^^^^^^^^^^^ expected `FieldMask`, found `&_`
[INFO] [stdout]       |               |
[INFO] [stdout]       |               arguments to this method are incorrect
[INFO] [stdout]       |
[INFO] [stdout]       = note: expected struct `FieldMask`
[INFO] [stdout]               found reference `&_`
[INFO] [stdout] note: method defined here
[INFO] [stdout]      --> /opt/rustwide/workdir/src/api.rs:29427:12
[INFO] [stdout]       |
[INFO] [stdout] 29427 |     pub fn update_mask(mut self, new_value: client::FieldMask) -> ProjectLocationLakeZoneAssetPatchCall<'a, S> {
[INFO] [stdout]       |            ^^^^^^^^^^^
[INFO] [stdout] help: consider removing the borrow
[INFO] [stdout]       |
[INFO] [stdout] 26    -              .update_mask(&Default::default())
[INFO] [stdout] 26    +              .update_mask(Default::default())
[INFO] [stdout]       |
[INFO] [stdout] 
[INFO] [stdout] error: aborting due to 1 previous error
[INFO] [stdout] 
[INFO] [stdout] For more information about this error, try `rustc --explain E0308`.
[INFO] [stdout] Couldn't compile the test.
[INFO] [stdout] ---- src/api.rs - api::ProjectLocationLakeZonePatchCall (line 34128) stdout ----
[INFO] [stdout] error[E0308]: mismatched types
[INFO] [stdout]      --> src/api.rs:34153:27
[INFO] [stdout]       |
[INFO] [stdout] 26    |              .update_mask(&Default::default())
[INFO] [stdout]       |               ----------- ^^^^^^^^^^^^^^^^^^^ expected `FieldMask`, found `&_`
[INFO] [stdout]       |               |
[INFO] [stdout]       |               arguments to this method are incorrect
[INFO] [stdout]       |
[INFO] [stdout]       = note: expected struct `FieldMask`
[INFO] [stdout]               found reference `&_`
[INFO] [stdout] note: method defined here
[INFO] [stdout]      --> /opt/rustwide/workdir/src/api.rs:34355:12
[INFO] [stdout]       |
[INFO] [stdout] 34355 |     pub fn update_mask(mut self, new_value: client::FieldMask) -> ProjectLocationLakeZonePatchCall<'a, S> {
[INFO] [stdout]       |            ^^^^^^^^^^^
[INFO] [stdout] help: consider removing the borrow
[INFO] [stdout]       |
[INFO] [stdout] 26    -              .update_mask(&Default::default())
[INFO] [stdout] 26    +              .update_mask(Default::default())
[INFO] [stdout]       |
[INFO] [stdout] 
[INFO] [stdout] error: aborting due to 1 previous error
[INFO] [stdout] 
[INFO] [stdout] For more information about this error, try `rustc --explain E0308`.
[INFO] [stdout] Couldn't compile the test.
[INFO] [stdout] 
[INFO] [stdout] failures:
[INFO] [stdout]     src/api.rs - api::ProjectLocationDataAttributeBindingPatchCall (line 7480)
[INFO] [stdout]     src/api.rs - api::ProjectLocationDataScanPatchCall (line 10364)
[INFO] [stdout]     src/api.rs - api::ProjectLocationDataTaxonomyAttributePatchCall (line 12980)
[INFO] [stdout]     src/api.rs - api::ProjectLocationDataTaxonomyPatchCall (line 15316)
[INFO] [stdout]     src/api.rs - api::ProjectLocationLakeContentPatchCall (line 17914)
[INFO] [stdout]     src/api.rs - api::ProjectLocationLakeContentitemPatchCall (line 20226)
[INFO] [stdout]     src/api.rs - api::ProjectLocationLakeEnvironmentPatchCall (line 22848)
[INFO] [stdout]     src/api.rs - api::ProjectLocationLakePatchCall (line 36452)
[INFO] [stdout]     src/api.rs - api::ProjectLocationLakeTaskPatchCall (line 26012)
[INFO] [stdout]     src/api.rs - api::ProjectLocationLakeZoneAssetPatchCall (line 29200)
[INFO] [stdout]     src/api.rs - api::ProjectLocationLakeZonePatchCall (line 34128)
[INFO] [stdout] 
[INFO] [stdout] test result: FAILED. 106 passed; 11 failed; 1 ignored; 0 measured; 0 filtered out; finished in 1.18s
[INFO] [stdout] 
[INFO] [stderr] error: doctest failed, to rerun pass `--doc`
[INFO] running `Command { std: "docker" "inspect" "fab34c964bc3390875cf711bbb3a4a7d52cbe49364aec7cbbefb19e8c2ef4502", kill_on_drop: false }`
[INFO] running `Command { std: "docker" "rm" "-f" "fab34c964bc3390875cf711bbb3a4a7d52cbe49364aec7cbbefb19e8c2ef4502", kill_on_drop: false }`
[INFO] [stdout] fab34c964bc3390875cf711bbb3a4a7d52cbe49364aec7cbbefb19e8c2ef4502
