[INFO] fetching crate google-datamigration1 5.0.3+20230105...
[INFO] testing google-datamigration1-5.0.3+20230105 against 1.75.0 for beta-1.76-1
[INFO] extracting crate google-datamigration1 5.0.3+20230105 into /workspace/builds/worker-7-tc1/source
[INFO] validating manifest of crates.io crate google-datamigration1 5.0.3+20230105 on toolchain 1.75.0
[INFO] running `Command { std: CARGO_HOME="/workspace/cargo-home" RUSTUP_HOME="/workspace/rustup-home" "/workspace/cargo-home/bin/cargo" "+1.75.0" "metadata" "--manifest-path" "Cargo.toml" "--no-deps", kill_on_drop: false }`
[INFO] started tweaking crates.io crate google-datamigration1 5.0.3+20230105
[INFO] finished tweaking crates.io crate google-datamigration1 5.0.3+20230105
[INFO] tweaked toml for crates.io crate google-datamigration1 5.0.3+20230105 written to /workspace/builds/worker-7-tc1/source/Cargo.toml
[INFO] running `Command { std: CARGO_HOME="/workspace/cargo-home" RUSTUP_HOME="/workspace/rustup-home" "/workspace/cargo-home/bin/cargo" "+1.75.0" "generate-lockfile" "--manifest-path" "Cargo.toml", kill_on_drop: false }`
[INFO] [stderr]     Updating crates.io index
[INFO] running `Command { std: CARGO_HOME="/workspace/cargo-home" RUSTUP_HOME="/workspace/rustup-home" "/workspace/cargo-home/bin/cargo" "+1.75.0" "fetch" "--manifest-path" "Cargo.toml", kill_on_drop: false }`
[INFO] running `Command { std: "docker" "create" "-v" "/var/lib/crater-agent-workspace/builds/worker-7-tc1/target:/opt/rustwide/target:rw,Z" "-v" "/var/lib/crater-agent-workspace/builds/worker-7-tc1/source:/opt/rustwide/workdir:ro,Z" "-v" "/var/lib/crater-agent-workspace/cargo-home:/opt/rustwide/cargo-home:ro,Z" "-v" "/var/lib/crater-agent-workspace/rustup-home:/opt/rustwide/rustup-home:ro,Z" "-e" "SOURCE_DIR=/opt/rustwide/workdir" "-e" "CARGO_TARGET_DIR=/opt/rustwide/target" "-e" "CARGO_HOME=/opt/rustwide/cargo-home" "-e" "RUSTUP_HOME=/opt/rustwide/rustup-home" "-w" "/opt/rustwide/workdir" "-m" "1610612736" "--user" "0:0" "--network" "none" "ghcr.io/rust-lang/crates-build-env/linux@sha256:2788e3201cd34a07e3172128adcd8b3090168a8e3bcc40d7c032b9dda1df7d1c" "/opt/rustwide/cargo-home/bin/cargo" "+1.75.0" "metadata" "--no-deps" "--format-version=1", kill_on_drop: false }`
[INFO] [stdout] 1532641ba947803da1e04de251db8b95d70a3d7082c53e69e4fc97ebe871f2a7
[INFO] running `Command { std: "docker" "start" "-a" "1532641ba947803da1e04de251db8b95d70a3d7082c53e69e4fc97ebe871f2a7", kill_on_drop: false }`
[INFO] running `Command { std: "docker" "inspect" "1532641ba947803da1e04de251db8b95d70a3d7082c53e69e4fc97ebe871f2a7", kill_on_drop: false }`
[INFO] running `Command { std: "docker" "rm" "-f" "1532641ba947803da1e04de251db8b95d70a3d7082c53e69e4fc97ebe871f2a7", kill_on_drop: false }`
[INFO] [stdout] 1532641ba947803da1e04de251db8b95d70a3d7082c53e69e4fc97ebe871f2a7
[INFO] running `Command { std: "docker" "create" "-v" "/var/lib/crater-agent-workspace/builds/worker-7-tc1/target:/opt/rustwide/target:rw,Z" "-v" "/var/lib/crater-agent-workspace/builds/worker-7-tc1/source:/opt/rustwide/workdir:ro,Z" "-v" "/var/lib/crater-agent-workspace/cargo-home:/opt/rustwide/cargo-home:ro,Z" "-v" "/var/lib/crater-agent-workspace/rustup-home:/opt/rustwide/rustup-home:ro,Z" "-e" "SOURCE_DIR=/opt/rustwide/workdir" "-e" "CARGO_TARGET_DIR=/opt/rustwide/target" "-e" "CARGO_INCREMENTAL=0" "-e" "RUST_BACKTRACE=full" "-e" "RUSTFLAGS=--cap-lints=warn" "-e" "RUSTDOCFLAGS=--cap-lints=warn" "-e" "CARGO_HOME=/opt/rustwide/cargo-home" "-e" "RUSTUP_HOME=/opt/rustwide/rustup-home" "-w" "/opt/rustwide/workdir" "-m" "1610612736" "--user" "0:0" "--network" "none" "ghcr.io/rust-lang/crates-build-env/linux@sha256:2788e3201cd34a07e3172128adcd8b3090168a8e3bcc40d7c032b9dda1df7d1c" "/opt/rustwide/cargo-home/bin/cargo" "+1.75.0" "build" "--frozen" "--message-format=json", kill_on_drop: false }`
[INFO] [stdout] 04364eb1e9440bc7b87f1a8b9ab700e72d6fed43b1feeba620a4a34c3d502a72
[INFO] running `Command { std: "docker" "start" "-a" "04364eb1e9440bc7b87f1a8b9ab700e72d6fed43b1feeba620a4a34c3d502a72", kill_on_drop: false }`
[INFO] [stderr]    Compiling bytes v1.5.0
[INFO] [stderr]    Compiling serde v1.0.194
[INFO] [stderr]    Compiling futures-task v0.3.30
[INFO] [stderr]    Compiling futures-io v0.3.30
[INFO] [stderr]    Compiling futures-channel v0.3.30
[INFO] [stderr]    Compiling rustls v0.21.10
[INFO] [stderr]    Compiling tracing v0.1.40
[INFO] [stderr]    Compiling socket2 v0.5.5
[INFO] [stderr]    Compiling mio v0.8.10
[INFO] [stderr]    Compiling ring v0.17.7
[INFO] [stderr]    Compiling tokio-macros v2.2.0
[INFO] [stderr]    Compiling futures-macro v0.3.30
[INFO] [stderr]    Compiling darling_core v0.20.3
[INFO] [stderr]    Compiling num-traits v0.2.17
[INFO] [stderr]    Compiling rustls-pki-types v1.1.0
[INFO] [stderr]    Compiling anyhow v1.0.79
[INFO] [stderr]    Compiling rustls v0.22.1
[INFO] [stderr]    Compiling async-trait v0.1.77
[INFO] [stderr]    Compiling rustls-native-certs v0.6.3
[INFO] [stderr]    Compiling idna v0.5.0
[INFO] [stderr]    Compiling zeroize v1.7.0
[INFO] [stderr]    Compiling itertools v0.12.0
[INFO] [stderr]    Compiling http v0.2.11
[INFO] [stderr]    Compiling url v2.5.0
[INFO] [stderr]    Compiling http-body v0.4.6
[INFO] [stderr]    Compiling futures-util v0.3.30
[INFO] [stderr]    Compiling tokio v1.35.1
[INFO] [stderr]    Compiling darling_macro v0.20.3
[INFO] [stderr]    Compiling darling v0.20.3
[INFO] [stderr]    Compiling serde_with_macros v2.3.3
[INFO] [stderr]    Compiling deranged v0.3.11
[INFO] [stderr]    Compiling serde_json v1.0.111
[INFO] [stderr]    Compiling chrono v0.4.31
[INFO] [stderr]    Compiling futures-executor v0.3.30
[INFO] [stderr]    Compiling serde_with v2.3.3
[INFO] [stderr]    Compiling futures v0.3.30
[INFO] [stderr]    Compiling time v0.3.31
[INFO] [stderr]    Compiling sct v0.7.1
[INFO] [stderr]    Compiling rustls-webpki v0.101.7
[INFO] [stderr]    Compiling rustls-webpki v0.102.1
[INFO] [stderr]    Compiling tokio-util v0.7.10
[INFO] [stderr]    Compiling h2 v0.3.22
[INFO] [stderr]    Compiling tokio-rustls v0.24.1
[INFO] [stderr]    Compiling hyper v0.14.28
[INFO] [stderr]    Compiling hyper-rustls v0.24.2
[INFO] [stderr]    Compiling yup-oauth2 v8.3.2
[INFO] [stderr]    Compiling google-apis-common v6.0.0
[INFO] [stderr]    Compiling google-datamigration1 v5.0.3+20230105 (/opt/rustwide/workdir)
[INFO] [stderr]     Finished dev [unoptimized + debuginfo] target(s) in 17.59s
[INFO] running `Command { std: "docker" "inspect" "04364eb1e9440bc7b87f1a8b9ab700e72d6fed43b1feeba620a4a34c3d502a72", kill_on_drop: false }`
[INFO] running `Command { std: "docker" "rm" "-f" "04364eb1e9440bc7b87f1a8b9ab700e72d6fed43b1feeba620a4a34c3d502a72", kill_on_drop: false }`
[INFO] [stdout] 04364eb1e9440bc7b87f1a8b9ab700e72d6fed43b1feeba620a4a34c3d502a72
[INFO] running `Command { std: "docker" "create" "-v" "/var/lib/crater-agent-workspace/builds/worker-7-tc1/target:/opt/rustwide/target:rw,Z" "-v" "/var/lib/crater-agent-workspace/builds/worker-7-tc1/source:/opt/rustwide/workdir:ro,Z" "-v" "/var/lib/crater-agent-workspace/cargo-home:/opt/rustwide/cargo-home:ro,Z" "-v" "/var/lib/crater-agent-workspace/rustup-home:/opt/rustwide/rustup-home:ro,Z" "-e" "SOURCE_DIR=/opt/rustwide/workdir" "-e" "CARGO_TARGET_DIR=/opt/rustwide/target" "-e" "CARGO_INCREMENTAL=0" "-e" "RUST_BACKTRACE=full" "-e" "RUSTFLAGS=--cap-lints=warn" "-e" "RUSTDOCFLAGS=--cap-lints=warn" "-e" "CARGO_HOME=/opt/rustwide/cargo-home" "-e" "RUSTUP_HOME=/opt/rustwide/rustup-home" "-w" "/opt/rustwide/workdir" "-m" "1610612736" "--user" "0:0" "--network" "none" "ghcr.io/rust-lang/crates-build-env/linux@sha256:2788e3201cd34a07e3172128adcd8b3090168a8e3bcc40d7c032b9dda1df7d1c" "/opt/rustwide/cargo-home/bin/cargo" "+1.75.0" "test" "--frozen" "--no-run" "--message-format=json", kill_on_drop: false }`
[INFO] [stdout] 839de6dca395ff9e1c65173d6f7ed132a89bd88395849c259dc0bff3a0c52504
[INFO] running `Command { std: "docker" "start" "-a" "839de6dca395ff9e1c65173d6f7ed132a89bd88395849c259dc0bff3a0c52504", kill_on_drop: false }`
[INFO] [stderr]    Compiling google-datamigration1 v5.0.3+20230105 (/opt/rustwide/workdir)
[INFO] [stderr]     Finished test [unoptimized + debuginfo] target(s) in 3.34s
[INFO] running `Command { std: "docker" "inspect" "839de6dca395ff9e1c65173d6f7ed132a89bd88395849c259dc0bff3a0c52504", kill_on_drop: false }`
[INFO] running `Command { std: "docker" "rm" "-f" "839de6dca395ff9e1c65173d6f7ed132a89bd88395849c259dc0bff3a0c52504", kill_on_drop: false }`
[INFO] [stdout] 839de6dca395ff9e1c65173d6f7ed132a89bd88395849c259dc0bff3a0c52504
[INFO] running `Command { std: "docker" "create" "-v" "/var/lib/crater-agent-workspace/builds/worker-7-tc1/target:/opt/rustwide/target:rw,Z" "-v" "/var/lib/crater-agent-workspace/builds/worker-7-tc1/source:/opt/rustwide/workdir:ro,Z" "-v" "/var/lib/crater-agent-workspace/cargo-home:/opt/rustwide/cargo-home:ro,Z" "-v" "/var/lib/crater-agent-workspace/rustup-home:/opt/rustwide/rustup-home:ro,Z" "-e" "SOURCE_DIR=/opt/rustwide/workdir" "-e" "CARGO_TARGET_DIR=/opt/rustwide/target" "-e" "CARGO_INCREMENTAL=0" "-e" "RUST_BACKTRACE=full" "-e" "RUSTFLAGS=--cap-lints=warn" "-e" "RUSTDOCFLAGS=--cap-lints=warn" "-e" "CARGO_HOME=/opt/rustwide/cargo-home" "-e" "RUSTUP_HOME=/opt/rustwide/rustup-home" "-w" "/opt/rustwide/workdir" "-m" "1610612736" "--user" "0:0" "--network" "none" "ghcr.io/rust-lang/crates-build-env/linux@sha256:2788e3201cd34a07e3172128adcd8b3090168a8e3bcc40d7c032b9dda1df7d1c" "/opt/rustwide/cargo-home/bin/cargo" "+1.75.0" "test" "--frozen", kill_on_drop: false }`
[INFO] [stdout] a7772fa22e2ebde2cb75db1d3207a9f4f6c6f3b459e0d678fea87872460e35f4
[INFO] running `Command { std: "docker" "start" "-a" "a7772fa22e2ebde2cb75db1d3207a9f4f6c6f3b459e0d678fea87872460e35f4", kill_on_drop: false }`
[INFO] [stderr]     Finished test [unoptimized + debuginfo] target(s) in 0.07s
[INFO] [stderr]      Running unittests src/lib.rs (/opt/rustwide/target/debug/deps/google_datamigration1-16db5f78d1fb0f3d)
[INFO] [stdout] 
[INFO] [stdout] running 0 tests
[INFO] [stdout] 
[INFO] [stdout] test result: ok. 0 passed; 0 failed; 0 ignored; 0 measured; 0 filtered out; finished in 0.00s
[INFO] [stdout] 
[INFO] [stderr]    Doc-tests google-datamigration1
[INFO] [stdout] 
[INFO] [stdout] running 51 tests
[INFO] [stdout] test src/api.rs - api::ProjectLocationConnectionProfileCreateCall (line 3502) - compile ... ok
[INFO] [stdout] test src/api.rs - api::ProjectLocationConnectionProfileGetCall (line 4128) - compile ... ok
[INFO] [stdout] test src/api.rs - api::DatabaseMigrationService (line 58) - compile ... ok
[INFO] [stdout] test src/api.rs - api::ProjectLocationConnectionProfileTestIamPermissionCall (line 5606) - compile ... ok
[INFO] [stdout] test src/api.rs - api::ProjectLocationConnectionProfileGetIamPolicyCall (line 4390) - compile ... ok
[INFO] [stdout] test src/api.rs - api::ProjectLocationConnectionProfileListCall (line 4664) - compile ... ok
[INFO] [stdout] test src/api.rs - api::ProjectLocationConversionWorkspaceConvertCall (line 6774) - compile ... ok
[INFO] [stdout] test src/api.rs - api::ProjectLocationConversionWorkspaceCommitCall (line 6482) - compile ... ok
[INFO] [stdout] test src/api.rs - api::ProjectLocationConversionWorkspaceDeleteCall (line 7382) - compile ... ok
[INFO] [stdout] test src/api.rs - api::ProjectLocationConversionWorkspaceDescribeDatabaseEntityCall (line 7930) - compile ... ok
[INFO] [stdout] test src/api.rs - api::ProjectLocationConversionWorkspaceGetCall (line 8264) - compile ... ok
[INFO] [stdout] test src/api.rs - api::ProjectLocationConversionWorkspaceApplyCall (line 6190) - compile ... ok
[INFO] [stdout] test src/api.rs - api::ProjectLocationConversionWorkspaceListCall (line 8526) - compile ... ok
[INFO] [stdout] test src/api.rs - api::ProjectLocationConnectionProfileDeleteCall (line 3842) - compile ... ok
[INFO] [stdout] test src/api.rs - api::ProjectLocationConnectionProfileSetIamPolicyCall (line 5314) - compile ... ok
[INFO] [stdout] test src/api.rs - api::ProjectLocationConversionWorkspaceDescribeConversionWorkspaceRevisionCall (line 7656) - compile ... ok
[INFO] [stdout] test src/api.rs - api::ProjectLocationConversionWorkspaceCreateCall (line 7066) - compile ... ok
[INFO] [stdout] test src/api.rs - api::ProjectLocationMigrationJobCreateCall (line 10022) - compile ... ok
[INFO] [stdout] test src/api.rs - api::ProjectLocationConversionWorkspaceMappingRuleImportCall (line 5898) - compile ... ok
[INFO] [stdout] test src/api.rs - api::ProjectLocationConnectionProfilePatchCall (line 4974) - compile ... FAILED
[INFO] [stdout] test src/api.rs - api::ProjectLocationConversionWorkspaceSearchBackgroundJobCall (line 9432) - compile ... ok
[INFO] [stdout] test src/api.rs - api::ProjectLocationConversionWorkspaceRollbackCall (line 9140) - compile ... ok
[INFO] [stdout] test src/api.rs - api::ProjectLocationConversionWorkspacePatchCall (line 8824) - compile ... FAILED
[INFO] [stdout] test src/api.rs - api::ProjectLocationGetCall (line 16702) - compile ... ok
[INFO] [stdout] test src/api.rs - api::ProjectLocationConversionWorkspaceSeedCall (line 9730) - compile ... ok
[INFO] [stdout] test src/api.rs - api::ProjectLocationMigrationJobDeleteCall (line 10338) - compile ... ok
[INFO] [stdout] test src/api.rs - api::ProjectLocationListCall (line 16964) - compile ... ok
[INFO] [stdout] test src/api.rs - api::ProjectLocationMigrationJobGenerateSshScriptCall (line 10624) - compile ... ok
[INFO] [stdout] test src/api.rs - api::ProjectLocationMigrationJobPromoteCall (line 12078) - compile ... ok
[INFO] [stdout] test src/api.rs - api::ProjectLocationMigrationJobGetCall (line 10916) - compile ... ok
[INFO] [stdout] test src/api.rs - api::ProjectLocationMigrationJobPatchCall (line 11762) - compile ... FAILED
[INFO] [stdout] test src/api.rs - api::ProjectLocationMigrationJobGetIamPolicyCall (line 11178) - compile ... ok
[INFO] [stdout] test src/api.rs - api::ProjectLocationMigrationJobResumeCall (line 12662) - compile ... ok
[INFO] [stdout] test src/api.rs - api::ProjectLocationMigrationJobListCall (line 11452) - compile ... ok
[INFO] [stdout] test src/lib.rs - (line 49) ... ignored
[INFO] [stdout] test src/api.rs - api::ProjectLocationMigrationJobStopCall (line 13538) - compile ... ok
[INFO] [stdout] test src/api.rs - api::ProjectLocationMigrationJobRestartCall (line 12370) - compile ... ok
[INFO] [stdout] test src/api.rs - api::ProjectLocationMigrationJobTestIamPermissionCall (line 13830) - compile ... ok
[INFO] [stdout] test src/api.rs - api::ProjectLocationMigrationJobStartCall (line 13246) - compile ... ok
[INFO] [stdout] test src/api.rs - api::ProjectLocationMigrationJobSetIamPolicyCall (line 12954) - compile ... ok
[INFO] [stdout] test src/api.rs - api::ProjectLocationOperationGetCall (line 14968) - compile ... ok
[INFO] [stdout] test src/api.rs - api::ProjectLocationPrivateConnectionCreateCall (line 15528) - compile ... ok
[INFO] [stdout] test src/api.rs - api::ProjectMethods (line 2546) - compile ... ok
[INFO] [stdout] test src/api.rs - api::ProjectLocationPrivateConnectionGetCall (line 16130) - compile ... ok
[INFO] [stdout] test src/api.rs - api::ProjectLocationOperationCancelCall (line 14414) - compile ... ok
[INFO] [stdout] test src/api.rs - api::ProjectLocationMigrationJobVerifyCall (line 14122) - compile ... ok
[INFO] [stdout] test src/api.rs - api::ProjectLocationPrivateConnectionListCall (line 16392) - compile ... ok
[INFO] [stdout] test src/api.rs - api::ProjectLocationOperationDeleteCall (line 14706) - compile ... ok
[INFO] [stdout] test src/api.rs - api::ProjectLocationOperationListCall (line 15230) - compile ... ok
[INFO] [stdout] test src/lib.rs - (line 96) - compile ... ok
[INFO] [stdout] test src/api.rs - api::ProjectLocationPrivateConnectionDeleteCall (line 15856) - compile ... ok
[INFO] [stdout] 
[INFO] [stdout] failures:
[INFO] [stdout] 
[INFO] [stdout] ---- src/api.rs - api::ProjectLocationConnectionProfilePatchCall (line 4974) stdout ----
[INFO] [stdout] error[E0308]: mismatched types
[INFO] [stdout]     --> src/api.rs:4999:27
[INFO] [stdout]      |
[INFO] [stdout] 26   |              .update_mask(&Default::default())
[INFO] [stdout]      |               ----------- ^^^^^^^^^^^^^^^^^^^ expected `FieldMask`, found `&_`
[INFO] [stdout]      |               |
[INFO] [stdout]      |               arguments to this method are incorrect
[INFO] [stdout]      |
[INFO] [stdout]      = note: expected struct `FieldMask`
[INFO] [stdout]              found reference `&_`
[INFO] [stdout] note: method defined here
[INFO] [stdout]     --> /opt/rustwide/workdir/src/api.rs:5211:12
[INFO] [stdout]      |
[INFO] [stdout] 5211 |     pub fn update_mask(mut self, new_value: client::FieldMask) -> ProjectLocationConnectionProfilePatchCall<'a, S> {
[INFO] [stdout]      |            ^^^^^^^^^^^
[INFO] [stdout] help: consider removing the borrow
[INFO] [stdout]      |
[INFO] [stdout] 26   -              .update_mask(&Default::default())
[INFO] [stdout] 26   +              .update_mask(Default::default())
[INFO] [stdout]      |
[INFO] [stdout] 
[INFO] [stdout] error: aborting due to previous error
[INFO] [stdout] 
[INFO] [stdout] For more information about this error, try `rustc --explain E0308`.
[INFO] [stdout] Couldn't compile the test.
[INFO] [stdout] ---- src/api.rs - api::ProjectLocationConversionWorkspacePatchCall (line 8824) stdout ----
[INFO] [stdout] error[E0308]: mismatched types
[INFO] [stdout]     --> src/api.rs:8848:27
[INFO] [stdout]      |
[INFO] [stdout] 25   |              .update_mask(&Default::default())
[INFO] [stdout]      |               ----------- ^^^^^^^^^^^^^^^^^^^ expected `FieldMask`, found `&_`
[INFO] [stdout]      |               |
[INFO] [stdout]      |               arguments to this method are incorrect
[INFO] [stdout]      |
[INFO] [stdout]      = note: expected struct `FieldMask`
[INFO] [stdout]              found reference `&_`
[INFO] [stdout] note: method defined here
[INFO] [stdout]     --> /opt/rustwide/workdir/src/api.rs:9044:12
[INFO] [stdout]      |
[INFO] [stdout] 9044 |     pub fn update_mask(mut self, new_value: client::FieldMask) -> ProjectLocationConversionWorkspacePatchCall<'a, S> {
[INFO] [stdout]      |            ^^^^^^^^^^^
[INFO] [stdout] help: consider removing the borrow
[INFO] [stdout]      |
[INFO] [stdout] 25   -              .update_mask(&Default::default())
[INFO] [stdout] 25   +              .update_mask(Default::default())
[INFO] [stdout]      |
[INFO] [stdout] 
[INFO] [stdout] error: aborting due to previous error
[INFO] [stdout] 
[INFO] [stdout] For more information about this error, try `rustc --explain E0308`.
[INFO] [stdout] Couldn't compile the test.
[INFO] [stdout] ---- src/api.rs - api::ProjectLocationMigrationJobPatchCall (line 11762) stdout ----
[INFO] [stdout] error[E0308]: mismatched types
[INFO] [stdout]      --> src/api.rs:11786:27
[INFO] [stdout]       |
[INFO] [stdout] 25    |              .update_mask(&Default::default())
[INFO] [stdout]       |               ----------- ^^^^^^^^^^^^^^^^^^^ expected `FieldMask`, found `&_`
[INFO] [stdout]       |               |
[INFO] [stdout]       |               arguments to this method are incorrect
[INFO] [stdout]       |
[INFO] [stdout]       = note: expected struct `FieldMask`
[INFO] [stdout]               found reference `&_`
[INFO] [stdout] note: method defined here
[INFO] [stdout]      --> /opt/rustwide/workdir/src/api.rs:11982:12
[INFO] [stdout]       |
[INFO] [stdout] 11982 |     pub fn update_mask(mut self, new_value: client::FieldMask) -> ProjectLocationMigrationJobPatchCall<'a, S> {
[INFO] [stdout]       |            ^^^^^^^^^^^
[INFO] [stdout] help: consider removing the borrow
[INFO] [stdout]       |
[INFO] [stdout] 25    -              .update_mask(&Default::default())
[INFO] [stdout] 25    +              .update_mask(Default::default())
[INFO] [stdout]       |
[INFO] [stdout] 
[INFO] [stdout] error: aborting due to previous error
[INFO] [stdout] 
[INFO] [stdout] For more information about this error, try `rustc --explain E0308`.
[INFO] [stdout] Couldn't compile the test.
[INFO] [stdout] 
[INFO] [stdout] failures:
[INFO] [stdout]     src/api.rs - api::ProjectLocationConnectionProfilePatchCall (line 4974)
[INFO] [stdout]     src/api.rs - api::ProjectLocationConversionWorkspacePatchCall (line 8824)
[INFO] [stdout]     src/api.rs - api::ProjectLocationMigrationJobPatchCall (line 11762)
[INFO] [stdout] 
[INFO] [stdout] test result: FAILED. 47 passed; 3 failed; 1 ignored; 0 measured; 0 filtered out; finished in 0.79s
[INFO] [stdout] 
[INFO] [stderr] error: doctest failed, to rerun pass `--doc`
[INFO] running `Command { std: "docker" "inspect" "a7772fa22e2ebde2cb75db1d3207a9f4f6c6f3b459e0d678fea87872460e35f4", kill_on_drop: false }`
[INFO] running `Command { std: "docker" "rm" "-f" "a7772fa22e2ebde2cb75db1d3207a9f4f6c6f3b459e0d678fea87872460e35f4", kill_on_drop: false }`
[INFO] [stdout] a7772fa22e2ebde2cb75db1d3207a9f4f6c6f3b459e0d678fea87872460e35f4
[INFO] testing google-datamigration1-5.0.3+20230105 against beta-2023-12-22 for beta-1.76-1
[INFO] extracting crate google-datamigration1 5.0.3+20230105 into /workspace/builds/worker-7-tc2/source
[INFO] validating manifest of crates.io crate google-datamigration1 5.0.3+20230105 on toolchain beta-2023-12-22
[INFO] running `Command { std: CARGO_HOME="/workspace/cargo-home" RUSTUP_HOME="/workspace/rustup-home" "/workspace/cargo-home/bin/cargo" "+beta-2023-12-22" "metadata" "--manifest-path" "Cargo.toml" "--no-deps", kill_on_drop: false }`
[INFO] started tweaking crates.io crate google-datamigration1 5.0.3+20230105
[INFO] finished tweaking crates.io crate google-datamigration1 5.0.3+20230105
[INFO] tweaked toml for crates.io crate google-datamigration1 5.0.3+20230105 written to /workspace/builds/worker-7-tc2/source/Cargo.toml
[INFO] running `Command { std: CARGO_HOME="/workspace/cargo-home" RUSTUP_HOME="/workspace/rustup-home" "/workspace/cargo-home/bin/cargo" "+beta-2023-12-22" "generate-lockfile" "--manifest-path" "Cargo.toml", kill_on_drop: false }`
[INFO] [stderr]     Updating crates.io index
[INFO] running `Command { std: CARGO_HOME="/workspace/cargo-home" RUSTUP_HOME="/workspace/rustup-home" "/workspace/cargo-home/bin/cargo" "+beta-2023-12-22" "fetch" "--manifest-path" "Cargo.toml", kill_on_drop: false }`
[INFO] running `Command { std: "docker" "create" "-v" "/var/lib/crater-agent-workspace/builds/worker-7-tc2/target:/opt/rustwide/target:rw,Z" "-v" "/var/lib/crater-agent-workspace/builds/worker-7-tc2/source:/opt/rustwide/workdir:ro,Z" "-v" "/var/lib/crater-agent-workspace/cargo-home:/opt/rustwide/cargo-home:ro,Z" "-v" "/var/lib/crater-agent-workspace/rustup-home:/opt/rustwide/rustup-home:ro,Z" "-e" "SOURCE_DIR=/opt/rustwide/workdir" "-e" "CARGO_TARGET_DIR=/opt/rustwide/target" "-e" "CARGO_HOME=/opt/rustwide/cargo-home" "-e" "RUSTUP_HOME=/opt/rustwide/rustup-home" "-w" "/opt/rustwide/workdir" "-m" "1610612736" "--user" "0:0" "--network" "none" "ghcr.io/rust-lang/crates-build-env/linux@sha256:2788e3201cd34a07e3172128adcd8b3090168a8e3bcc40d7c032b9dda1df7d1c" "/opt/rustwide/cargo-home/bin/cargo" "+beta-2023-12-22" "metadata" "--no-deps" "--format-version=1", kill_on_drop: false }`
[INFO] [stdout] 5a6223206a4a11783e3255799aa4aa0c308932df5ddfba75e658b563279fff1b
[INFO] running `Command { std: "docker" "start" "-a" "5a6223206a4a11783e3255799aa4aa0c308932df5ddfba75e658b563279fff1b", kill_on_drop: false }`
[INFO] running `Command { std: "docker" "inspect" "5a6223206a4a11783e3255799aa4aa0c308932df5ddfba75e658b563279fff1b", kill_on_drop: false }`
[INFO] running `Command { std: "docker" "rm" "-f" "5a6223206a4a11783e3255799aa4aa0c308932df5ddfba75e658b563279fff1b", kill_on_drop: false }`
[INFO] [stdout] 5a6223206a4a11783e3255799aa4aa0c308932df5ddfba75e658b563279fff1b
[INFO] running `Command { std: "docker" "create" "-v" "/var/lib/crater-agent-workspace/builds/worker-7-tc2/target:/opt/rustwide/target:rw,Z" "-v" "/var/lib/crater-agent-workspace/builds/worker-7-tc2/source:/opt/rustwide/workdir:ro,Z" "-v" "/var/lib/crater-agent-workspace/cargo-home:/opt/rustwide/cargo-home:ro,Z" "-v" "/var/lib/crater-agent-workspace/rustup-home:/opt/rustwide/rustup-home:ro,Z" "-e" "SOURCE_DIR=/opt/rustwide/workdir" "-e" "CARGO_TARGET_DIR=/opt/rustwide/target" "-e" "CARGO_INCREMENTAL=0" "-e" "RUST_BACKTRACE=full" "-e" "RUSTFLAGS=--cap-lints=warn" "-e" "RUSTDOCFLAGS=--cap-lints=warn" "-e" "CARGO_HOME=/opt/rustwide/cargo-home" "-e" "RUSTUP_HOME=/opt/rustwide/rustup-home" "-w" "/opt/rustwide/workdir" "-m" "1610612736" "--user" "0:0" "--network" "none" "ghcr.io/rust-lang/crates-build-env/linux@sha256:2788e3201cd34a07e3172128adcd8b3090168a8e3bcc40d7c032b9dda1df7d1c" "/opt/rustwide/cargo-home/bin/cargo" "+beta-2023-12-22" "build" "--frozen" "--message-format=json", kill_on_drop: false }`
[INFO] [stdout] bdd4e97f55ae44831b9878dfe979ec00019f3ce45e3aeaa2c444d7433a7feb9b
[INFO] running `Command { std: "docker" "start" "-a" "bdd4e97f55ae44831b9878dfe979ec00019f3ce45e3aeaa2c444d7433a7feb9b", kill_on_drop: false }`
[INFO] [stderr]    Compiling bytes v1.5.0
[INFO] [stderr]    Compiling serde v1.0.194
[INFO] [stderr]    Compiling futures-channel v0.3.30
[INFO] [stderr]    Compiling futures-task v0.3.30
[INFO] [stderr]    Compiling futures-io v0.3.30
[INFO] [stderr]    Compiling rustls v0.21.10
[INFO] [stderr]    Compiling socket2 v0.5.5
[INFO] [stderr]    Compiling mio v0.8.10
[INFO] [stderr]    Compiling tracing v0.1.40
[INFO] [stderr]    Compiling ring v0.17.7
[INFO] [stderr]    Compiling futures-macro v0.3.30
[INFO] [stderr]    Compiling tokio-macros v2.2.0
[INFO] [stderr]    Compiling darling_core v0.20.3
[INFO] [stderr]    Compiling num-traits v0.2.17
[INFO] [stderr]    Compiling async-trait v0.1.77
[INFO] [stderr]    Compiling rustls-pki-types v1.1.0
[INFO] [stderr]    Compiling anyhow v1.0.79
[INFO] [stderr]    Compiling rustls v0.22.1
[INFO] [stderr]    Compiling rustls-native-certs v0.6.3
[INFO] [stderr]    Compiling idna v0.5.0
[INFO] [stderr]    Compiling zeroize v1.7.0
[INFO] [stderr]    Compiling http v0.2.11
[INFO] [stderr]    Compiling itertools v0.12.0
[INFO] [stderr]    Compiling url v2.5.0
[INFO] [stderr]    Compiling tokio v1.35.1
[INFO] [stderr]    Compiling futures-util v0.3.30
[INFO] [stderr]    Compiling http-body v0.4.6
[INFO] [stderr]    Compiling darling_macro v0.20.3
[INFO] [stderr]    Compiling darling v0.20.3
[INFO] [stderr]    Compiling serde_with_macros v2.3.3
[INFO] [stderr]    Compiling deranged v0.3.11
[INFO] [stderr]    Compiling serde_json v1.0.111
[INFO] [stderr]    Compiling chrono v0.4.31
[INFO] [stderr]    Compiling serde_with v2.3.3
[INFO] [stderr]    Compiling futures-executor v0.3.30
[INFO] [stderr]    Compiling rustls-webpki v0.101.7
[INFO] [stderr]    Compiling sct v0.7.1
[INFO] [stderr]    Compiling rustls-webpki v0.102.1
[INFO] [stderr]    Compiling futures v0.3.30
[INFO] [stderr]    Compiling time v0.3.31
[INFO] [stderr]    Compiling tokio-util v0.7.10
[INFO] [stderr]    Compiling h2 v0.3.22
[INFO] [stderr]    Compiling tokio-rustls v0.24.1
[INFO] [stderr]    Compiling hyper v0.14.28
[INFO] [stderr]    Compiling hyper-rustls v0.24.2
[INFO] [stderr]    Compiling yup-oauth2 v8.3.2
[INFO] [stderr]    Compiling google-apis-common v6.0.0
[INFO] [stderr]    Compiling google-datamigration1 v5.0.3+20230105 (/opt/rustwide/workdir)
[INFO] [stderr]     Finished dev [unoptimized + debuginfo] target(s) in 15.74s
[INFO] running `Command { std: "docker" "inspect" "bdd4e97f55ae44831b9878dfe979ec00019f3ce45e3aeaa2c444d7433a7feb9b", kill_on_drop: false }`
[INFO] running `Command { std: "docker" "rm" "-f" "bdd4e97f55ae44831b9878dfe979ec00019f3ce45e3aeaa2c444d7433a7feb9b", kill_on_drop: false }`
[INFO] [stdout] bdd4e97f55ae44831b9878dfe979ec00019f3ce45e3aeaa2c444d7433a7feb9b
[INFO] running `Command { std: "docker" "create" "-v" "/var/lib/crater-agent-workspace/builds/worker-7-tc2/target:/opt/rustwide/target:rw,Z" "-v" "/var/lib/crater-agent-workspace/builds/worker-7-tc2/source:/opt/rustwide/workdir:ro,Z" "-v" "/var/lib/crater-agent-workspace/cargo-home:/opt/rustwide/cargo-home:ro,Z" "-v" "/var/lib/crater-agent-workspace/rustup-home:/opt/rustwide/rustup-home:ro,Z" "-e" "SOURCE_DIR=/opt/rustwide/workdir" "-e" "CARGO_TARGET_DIR=/opt/rustwide/target" "-e" "CARGO_INCREMENTAL=0" "-e" "RUST_BACKTRACE=full" "-e" "RUSTFLAGS=--cap-lints=warn" "-e" "RUSTDOCFLAGS=--cap-lints=warn" "-e" "CARGO_HOME=/opt/rustwide/cargo-home" "-e" "RUSTUP_HOME=/opt/rustwide/rustup-home" "-w" "/opt/rustwide/workdir" "-m" "1610612736" "--user" "0:0" "--network" "none" "ghcr.io/rust-lang/crates-build-env/linux@sha256:2788e3201cd34a07e3172128adcd8b3090168a8e3bcc40d7c032b9dda1df7d1c" "/opt/rustwide/cargo-home/bin/cargo" "+beta-2023-12-22" "test" "--frozen" "--no-run" "--message-format=json", kill_on_drop: false }`
[INFO] [stdout] 49bca98dedfad6064cc7a78e0a34459aef2597298f2247dc6113134926fa5267
[INFO] running `Command { std: "docker" "start" "-a" "49bca98dedfad6064cc7a78e0a34459aef2597298f2247dc6113134926fa5267", kill_on_drop: false }`
[INFO] [stderr]    Compiling google-datamigration1 v5.0.3+20230105 (/opt/rustwide/workdir)
[INFO] [stderr]     Finished test [unoptimized + debuginfo] target(s) in 3.50s
[INFO] running `Command { std: "docker" "inspect" "49bca98dedfad6064cc7a78e0a34459aef2597298f2247dc6113134926fa5267", kill_on_drop: false }`
[INFO] running `Command { std: "docker" "rm" "-f" "49bca98dedfad6064cc7a78e0a34459aef2597298f2247dc6113134926fa5267", kill_on_drop: false }`
[INFO] [stdout] 49bca98dedfad6064cc7a78e0a34459aef2597298f2247dc6113134926fa5267
[INFO] running `Command { std: "docker" "create" "-v" "/var/lib/crater-agent-workspace/builds/worker-7-tc2/target:/opt/rustwide/target:rw,Z" "-v" "/var/lib/crater-agent-workspace/builds/worker-7-tc2/source:/opt/rustwide/workdir:ro,Z" "-v" "/var/lib/crater-agent-workspace/cargo-home:/opt/rustwide/cargo-home:ro,Z" "-v" "/var/lib/crater-agent-workspace/rustup-home:/opt/rustwide/rustup-home:ro,Z" "-e" "SOURCE_DIR=/opt/rustwide/workdir" "-e" "CARGO_TARGET_DIR=/opt/rustwide/target" "-e" "CARGO_INCREMENTAL=0" "-e" "RUST_BACKTRACE=full" "-e" "RUSTFLAGS=--cap-lints=warn" "-e" "RUSTDOCFLAGS=--cap-lints=warn" "-e" "CARGO_HOME=/opt/rustwide/cargo-home" "-e" "RUSTUP_HOME=/opt/rustwide/rustup-home" "-w" "/opt/rustwide/workdir" "-m" "1610612736" "--user" "0:0" "--network" "none" "ghcr.io/rust-lang/crates-build-env/linux@sha256:2788e3201cd34a07e3172128adcd8b3090168a8e3bcc40d7c032b9dda1df7d1c" "/opt/rustwide/cargo-home/bin/cargo" "+beta-2023-12-22" "test" "--frozen", kill_on_drop: false }`
[INFO] [stdout] c1528f90348bb91e5e3c22aa4e9b374129a6353a7ebe3fdf3805ef2757c20038
[INFO] running `Command { std: "docker" "start" "-a" "c1528f90348bb91e5e3c22aa4e9b374129a6353a7ebe3fdf3805ef2757c20038", kill_on_drop: false }`
[INFO] [stderr]     Finished test [unoptimized + debuginfo] target(s) in 0.08s
[INFO] [stderr]      Running unittests src/lib.rs (/opt/rustwide/target/debug/deps/google_datamigration1-3d01b0b7aafc2670)
[INFO] [stdout] 
[INFO] [stdout] running 0 tests
[INFO] [stdout] 
[INFO] [stdout] test result: ok. 0 passed; 0 failed; 0 ignored; 0 measured; 0 filtered out; finished in 0.00s
[INFO] [stdout] 
[INFO] [stderr]    Doc-tests google-datamigration1
[INFO] [stdout] 
[INFO] [stdout] running 51 tests
[INFO] [stdout] test src/api.rs - api::ProjectLocationConnectionProfileCreateCall (line 3502) - compile ... ok
[INFO] [stdout] test src/api.rs - api::DatabaseMigrationService (line 58) - compile ... ok
[INFO] [stdout] test src/api.rs - api::ProjectLocationConversionWorkspaceApplyCall (line 6190) - compile ... ok
[INFO] [stdout] test src/api.rs - api::ProjectLocationConnectionProfileSetIamPolicyCall (line 5314) - compile ... ok
[INFO] [stdout] test src/api.rs - api::ProjectLocationConnectionProfileTestIamPermissionCall (line 5606) - compile ... ok
[INFO] [stdout] test src/api.rs - api::ProjectLocationConnectionProfileGetCall (line 4128) - compile ... ok
[INFO] [stdout] test src/api.rs - api::ProjectLocationConversionWorkspaceDeleteCall (line 7382) - compile ... ok
[INFO] [stdout] test src/api.rs - api::ProjectLocationConversionWorkspaceCommitCall (line 6482) - compile ... ok
[INFO] [stdout] test src/api.rs - api::ProjectLocationConnectionProfileGetIamPolicyCall (line 4390) - compile ... ok
[INFO] [stdout] test src/api.rs - api::ProjectLocationConnectionProfileListCall (line 4664) - compile ... ok
[INFO] [stdout] test src/api.rs - api::ProjectLocationConnectionProfileDeleteCall (line 3842) - compile ... ok
[INFO] [stdout] test src/api.rs - api::ProjectLocationConversionWorkspaceDescribeDatabaseEntityCall (line 7930) - compile ... ok
[INFO] [stdout] test src/api.rs - api::ProjectLocationConversionWorkspaceConvertCall (line 6774) - compile ... ok
[INFO] [stdout] test src/api.rs - api::ProjectLocationConnectionProfilePatchCall (line 4974) - compile ... FAILED
[INFO] [stdout] test src/api.rs - api::ProjectLocationConversionWorkspaceCreateCall (line 7066) - compile ... ok
[INFO] [stdout] test src/api.rs - api::ProjectLocationConversionWorkspaceDescribeConversionWorkspaceRevisionCall (line 7656) - compile ... ok
[INFO] [stdout] test src/api.rs - api::ProjectLocationConversionWorkspaceMappingRuleImportCall (line 5898) - compile ... ok
[INFO] [stdout] test src/api.rs - api::ProjectLocationConversionWorkspaceGetCall (line 8264) - compile ... ok
[INFO] [stdout] test src/api.rs - api::ProjectLocationConversionWorkspaceSearchBackgroundJobCall (line 9432) - compile ... ok
[INFO] [stdout] test src/api.rs - api::ProjectLocationConversionWorkspaceSeedCall (line 9730) - compile ... ok
[INFO] [stdout] test src/api.rs - api::ProjectLocationGetCall (line 16702) - compile ... ok
[INFO] [stdout] test src/api.rs - api::ProjectLocationMigrationJobCreateCall (line 10022) - compile ... ok
[INFO] [stdout] test src/api.rs - api::ProjectLocationConversionWorkspaceRollbackCall (line 9140) - compile ... ok
[INFO] [stdout] test src/api.rs - api::ProjectLocationMigrationJobRestartCall (line 12370) - compile ... ok
[INFO] [stdout] test src/api.rs - api::ProjectLocationConversionWorkspaceListCall (line 8526) - compile ... ok
[INFO] [stdout] test src/api.rs - api::ProjectLocationMigrationJobGenerateSshScriptCall (line 10624) - compile ... ok
[INFO] [stdout] test src/api.rs - api::ProjectLocationMigrationJobDeleteCall (line 10338) - compile ... ok
[INFO] [stdout] test src/api.rs - api::ProjectLocationMigrationJobGetCall (line 10916) - compile ... ok
[INFO] [stdout] test src/api.rs - api::ProjectLocationMigrationJobGetIamPolicyCall (line 11178) - compile ... ok
[INFO] [stdout] test src/api.rs - api::ProjectLocationMigrationJobListCall (line 11452) - compile ... ok
[INFO] [stdout] test src/api.rs - api::ProjectLocationConversionWorkspacePatchCall (line 8824) - compile ... FAILED
[INFO] [stdout] test src/api.rs - api::ProjectLocationListCall (line 16964) - compile ... ok
[INFO] [stdout] test src/api.rs - api::ProjectLocationMigrationJobStartCall (line 13246) - compile ... ok
[INFO] [stdout] test src/api.rs - api::ProjectLocationMigrationJobPromoteCall (line 12078) - compile ... ok
[INFO] [stdout] test src/lib.rs - (line 49) ... ignored
[INFO] [stdout] test src/api.rs - api::ProjectLocationMigrationJobSetIamPolicyCall (line 12954) - compile ... ok
[INFO] [stdout] test src/api.rs - api::ProjectLocationMigrationJobResumeCall (line 12662) - compile ... ok
[INFO] [stdout] test src/api.rs - api::ProjectLocationMigrationJobPatchCall (line 11762) - compile ... FAILED
[INFO] [stdout] test src/api.rs - api::ProjectLocationOperationCancelCall (line 14414) - compile ... ok
[INFO] [stdout] test src/api.rs - api::ProjectLocationOperationGetCall (line 14968) - compile ... ok
[INFO] [stdout] test src/api.rs - api::ProjectLocationMigrationJobTestIamPermissionCall (line 13830) - compile ... ok
[INFO] [stdout] test src/api.rs - api::ProjectLocationPrivateConnectionDeleteCall (line 15856) - compile ... ok
[INFO] [stdout] test src/api.rs - api::ProjectLocationOperationDeleteCall (line 14706) - compile ... ok
[INFO] [stdout] test src/api.rs - api::ProjectLocationPrivateConnectionCreateCall (line 15528) - compile ... ok
[INFO] [stdout] test src/api.rs - api::ProjectLocationMigrationJobVerifyCall (line 14122) - compile ... ok
[INFO] [stdout] test src/api.rs - api::ProjectLocationPrivateConnectionGetCall (line 16130) - compile ... ok
[INFO] [stdout] test src/api.rs - api::ProjectLocationPrivateConnectionListCall (line 16392) - compile ... ok
[INFO] [stdout] test src/lib.rs - (line 96) - compile ... ok
[INFO] [stdout] test src/api.rs - api::ProjectMethods (line 2546) - compile ... ok
[INFO] [stdout] test src/api.rs - api::ProjectLocationOperationListCall (line 15230) - compile ... ok
[INFO] [stdout] test src/api.rs - api::ProjectLocationMigrationJobStopCall (line 13538) - compile ... ok
[INFO] [stdout] 
[INFO] [stdout] failures:
[INFO] [stdout] 
[INFO] [stdout] ---- src/api.rs - api::ProjectLocationConnectionProfilePatchCall (line 4974) stdout ----
[INFO] [stdout] error[E0308]: mismatched types
[INFO] [stdout]     --> src/api.rs:4999:27
[INFO] [stdout]      |
[INFO] [stdout] 26   |              .update_mask(&Default::default())
[INFO] [stdout]      |               ----------- ^^^^^^^^^^^^^^^^^^^ expected `FieldMask`, found `&_`
[INFO] [stdout]      |               |
[INFO] [stdout]      |               arguments to this method are incorrect
[INFO] [stdout]      |
[INFO] [stdout]      = note: expected struct `FieldMask`
[INFO] [stdout]              found reference `&_`
[INFO] [stdout] note: method defined here
[INFO] [stdout]     --> /opt/rustwide/workdir/src/api.rs:5211:12
[INFO] [stdout]      |
[INFO] [stdout] 5211 |     pub fn update_mask(mut self, new_value: client::FieldMask) -> ProjectLocationConnectionProfilePatchCall<'a, S> {
[INFO] [stdout]      |            ^^^^^^^^^^^
[INFO] [stdout] help: consider removing the borrow
[INFO] [stdout]      |
[INFO] [stdout] 26   -              .update_mask(&Default::default())
[INFO] [stdout] 26   +              .update_mask(Default::default())
[INFO] [stdout]      |
[INFO] [stdout] 
[INFO] [stdout] error: aborting due to 1 previous error
[INFO] [stdout] 
[INFO] [stdout] For more information about this error, try `rustc --explain E0308`.
[INFO] [stdout] Couldn't compile the test.
[INFO] [stdout] ---- src/api.rs - api::ProjectLocationConversionWorkspacePatchCall (line 8824) stdout ----
[INFO] [stdout] error[E0308]: mismatched types
[INFO] [stdout]     --> src/api.rs:8848:27
[INFO] [stdout]      |
[INFO] [stdout] 25   |              .update_mask(&Default::default())
[INFO] [stdout]      |               ----------- ^^^^^^^^^^^^^^^^^^^ expected `FieldMask`, found `&_`
[INFO] [stdout]      |               |
[INFO] [stdout]      |               arguments to this method are incorrect
[INFO] [stdout]      |
[INFO] [stdout]      = note: expected struct `FieldMask`
[INFO] [stdout]              found reference `&_`
[INFO] [stdout] note: method defined here
[INFO] [stdout]     --> /opt/rustwide/workdir/src/api.rs:9044:12
[INFO] [stdout]      |
[INFO] [stdout] 9044 |     pub fn update_mask(mut self, new_value: client::FieldMask) -> ProjectLocationConversionWorkspacePatchCall<'a, S> {
[INFO] [stdout]      |            ^^^^^^^^^^^
[INFO] [stdout] help: consider removing the borrow
[INFO] [stdout]      |
[INFO] [stdout] 25   -              .update_mask(&Default::default())
[INFO] [stdout] 25   +              .update_mask(Default::default())
[INFO] [stdout]      |
[INFO] [stdout] 
[INFO] [stdout] error: aborting due to 1 previous error
[INFO] [stdout] 
[INFO] [stdout] For more information about this error, try `rustc --explain E0308`.
[INFO] [stdout] Couldn't compile the test.
[INFO] [stdout] ---- src/api.rs - api::ProjectLocationMigrationJobPatchCall (line 11762) stdout ----
[INFO] [stdout] error[E0308]: mismatched types
[INFO] [stdout]      --> src/api.rs:11786:27
[INFO] [stdout]       |
[INFO] [stdout] 25    |              .update_mask(&Default::default())
[INFO] [stdout]       |               ----------- ^^^^^^^^^^^^^^^^^^^ expected `FieldMask`, found `&_`
[INFO] [stdout]       |               |
[INFO] [stdout]       |               arguments to this method are incorrect
[INFO] [stdout]       |
[INFO] [stdout]       = note: expected struct `FieldMask`
[INFO] [stdout]               found reference `&_`
[INFO] [stdout] note: method defined here
[INFO] [stdout]      --> /opt/rustwide/workdir/src/api.rs:11982:12
[INFO] [stdout]       |
[INFO] [stdout] 11982 |     pub fn update_mask(mut self, new_value: client::FieldMask) -> ProjectLocationMigrationJobPatchCall<'a, S> {
[INFO] [stdout]       |            ^^^^^^^^^^^
[INFO] [stdout] help: consider removing the borrow
[INFO] [stdout]       |
[INFO] [stdout] 25    -              .update_mask(&Default::default())
[INFO] [stdout] 25    +              .update_mask(Default::default())
[INFO] [stdout]       |
[INFO] [stdout] 
[INFO] [stdout] error: aborting due to 1 previous error
[INFO] [stdout] 
[INFO] [stdout] For more information about this error, try `rustc --explain E0308`.
[INFO] [stdout] Couldn't compile the test.
[INFO] [stdout] 
[INFO] [stdout] failures:
[INFO] [stdout]     src/api.rs - api::ProjectLocationConnectionProfilePatchCall (line 4974)
[INFO] [stdout]     src/api.rs - api::ProjectLocationConversionWorkspacePatchCall (line 8824)
[INFO] [stdout]     src/api.rs - api::ProjectLocationMigrationJobPatchCall (line 11762)
[INFO] [stdout] 
[INFO] [stdout] test result: FAILED. 47 passed; 3 failed; 1 ignored; 0 measured; 0 filtered out; finished in 0.74s
[INFO] [stdout] 
[INFO] [stderr] error: doctest failed, to rerun pass `--doc`
[INFO] running `Command { std: "docker" "inspect" "c1528f90348bb91e5e3c22aa4e9b374129a6353a7ebe3fdf3805ef2757c20038", kill_on_drop: false }`
[INFO] running `Command { std: "docker" "rm" "-f" "c1528f90348bb91e5e3c22aa4e9b374129a6353a7ebe3fdf3805ef2757c20038", kill_on_drop: false }`
[INFO] [stdout] c1528f90348bb91e5e3c22aa4e9b374129a6353a7ebe3fdf3805ef2757c20038
