[INFO] fetching crate google-datalabeling1_beta1 5.0.3+20221205...
[INFO] testing google-datalabeling1_beta1-5.0.3+20221205 against 1.75.0 for beta-1.76-1
[INFO] extracting crate google-datalabeling1_beta1 5.0.3+20221205 into /workspace/builds/worker-3-tc1/source
[INFO] validating manifest of crates.io crate google-datalabeling1_beta1 5.0.3+20221205 on toolchain 1.75.0
[INFO] running `Command { std: CARGO_HOME="/workspace/cargo-home" RUSTUP_HOME="/workspace/rustup-home" "/workspace/cargo-home/bin/cargo" "+1.75.0" "metadata" "--manifest-path" "Cargo.toml" "--no-deps", kill_on_drop: false }`
[INFO] started tweaking crates.io crate google-datalabeling1_beta1 5.0.3+20221205
[INFO] finished tweaking crates.io crate google-datalabeling1_beta1 5.0.3+20221205
[INFO] tweaked toml for crates.io crate google-datalabeling1_beta1 5.0.3+20221205 written to /workspace/builds/worker-3-tc1/source/Cargo.toml
[INFO] running `Command { std: CARGO_HOME="/workspace/cargo-home" RUSTUP_HOME="/workspace/rustup-home" "/workspace/cargo-home/bin/cargo" "+1.75.0" "generate-lockfile" "--manifest-path" "Cargo.toml", kill_on_drop: false }`
[INFO] [stderr]     Updating crates.io index
[INFO] running `Command { std: CARGO_HOME="/workspace/cargo-home" RUSTUP_HOME="/workspace/rustup-home" "/workspace/cargo-home/bin/cargo" "+1.75.0" "fetch" "--manifest-path" "Cargo.toml", kill_on_drop: false }`
[INFO] running `Command { std: "docker" "create" "-v" "/var/lib/crater-agent-workspace/builds/worker-3-tc1/target:/opt/rustwide/target:rw,Z" "-v" "/var/lib/crater-agent-workspace/builds/worker-3-tc1/source:/opt/rustwide/workdir:ro,Z" "-v" "/var/lib/crater-agent-workspace/cargo-home:/opt/rustwide/cargo-home:ro,Z" "-v" "/var/lib/crater-agent-workspace/rustup-home:/opt/rustwide/rustup-home:ro,Z" "-e" "SOURCE_DIR=/opt/rustwide/workdir" "-e" "CARGO_TARGET_DIR=/opt/rustwide/target" "-e" "CARGO_HOME=/opt/rustwide/cargo-home" "-e" "RUSTUP_HOME=/opt/rustwide/rustup-home" "-w" "/opt/rustwide/workdir" "-m" "1610612736" "--user" "0:0" "--network" "none" "ghcr.io/rust-lang/crates-build-env/linux@sha256:2788e3201cd34a07e3172128adcd8b3090168a8e3bcc40d7c032b9dda1df7d1c" "/opt/rustwide/cargo-home/bin/cargo" "+1.75.0" "metadata" "--no-deps" "--format-version=1", kill_on_drop: false }`
[INFO] [stdout] e8307cfc57a2151d001260fe528d11bc8595a5ff840b83d687e2ff2eda5072a1
[INFO] running `Command { std: "docker" "start" "-a" "e8307cfc57a2151d001260fe528d11bc8595a5ff840b83d687e2ff2eda5072a1", kill_on_drop: false }`
[INFO] running `Command { std: "docker" "inspect" "e8307cfc57a2151d001260fe528d11bc8595a5ff840b83d687e2ff2eda5072a1", kill_on_drop: false }`
[INFO] running `Command { std: "docker" "rm" "-f" "e8307cfc57a2151d001260fe528d11bc8595a5ff840b83d687e2ff2eda5072a1", kill_on_drop: false }`
[INFO] [stdout] e8307cfc57a2151d001260fe528d11bc8595a5ff840b83d687e2ff2eda5072a1
[INFO] running `Command { std: "docker" "create" "-v" "/var/lib/crater-agent-workspace/builds/worker-3-tc1/target:/opt/rustwide/target:rw,Z" "-v" "/var/lib/crater-agent-workspace/builds/worker-3-tc1/source:/opt/rustwide/workdir:ro,Z" "-v" "/var/lib/crater-agent-workspace/cargo-home:/opt/rustwide/cargo-home:ro,Z" "-v" "/var/lib/crater-agent-workspace/rustup-home:/opt/rustwide/rustup-home:ro,Z" "-e" "SOURCE_DIR=/opt/rustwide/workdir" "-e" "CARGO_TARGET_DIR=/opt/rustwide/target" "-e" "CARGO_INCREMENTAL=0" "-e" "RUST_BACKTRACE=full" "-e" "RUSTFLAGS=--cap-lints=warn" "-e" "RUSTDOCFLAGS=--cap-lints=warn" "-e" "CARGO_HOME=/opt/rustwide/cargo-home" "-e" "RUSTUP_HOME=/opt/rustwide/rustup-home" "-w" "/opt/rustwide/workdir" "-m" "1610612736" "--user" "0:0" "--network" "none" "ghcr.io/rust-lang/crates-build-env/linux@sha256:2788e3201cd34a07e3172128adcd8b3090168a8e3bcc40d7c032b9dda1df7d1c" "/opt/rustwide/cargo-home/bin/cargo" "+1.75.0" "build" "--frozen" "--message-format=json", kill_on_drop: false }`
[INFO] [stdout] d5362a65f20f5aa460f5861801bf3304fd2af10bdcbcc8b4788953f9514ffef2
[INFO] running `Command { std: "docker" "start" "-a" "d5362a65f20f5aa460f5861801bf3304fd2af10bdcbcc8b4788953f9514ffef2", kill_on_drop: false }`
[INFO] [stderr]    Compiling proc-macro2 v1.0.75
[INFO] [stderr]    Compiling unicode-ident v1.0.12
[INFO] [stderr]    Compiling libc v0.2.151
[INFO] [stderr]    Compiling autocfg v1.1.0
[INFO] [stderr]    Compiling pin-project-lite v0.2.13
[INFO] [stderr]    Compiling fnv v1.0.7
[INFO] [stderr]    Compiling cfg-if v1.0.0
[INFO] [stderr]    Compiling futures-core v0.3.30
[INFO] [stderr]    Compiling bytes v1.5.0
[INFO] [stderr]    Compiling spin v0.9.8
[INFO] [stderr]    Compiling untrusted v0.9.0
[INFO] [stderr]    Compiling futures-sink v0.3.30
[INFO] [stderr]    Compiling serde v1.0.194
[INFO] [stderr]    Compiling futures-channel v0.3.30
[INFO] [stderr]    Compiling once_cell v1.19.0
[INFO] [stderr]    Compiling itoa v1.0.10
[INFO] [stderr]    Compiling futures-io v0.3.30
[INFO] [stderr]    Compiling pin-utils v0.1.0
[INFO] [stderr]    Compiling memchr v2.7.1
[INFO] [stderr]    Compiling futures-task v0.3.30
[INFO] [stderr]    Compiling slab v0.4.9
[INFO] [stderr]    Compiling tinyvec_macros v0.1.1
[INFO] [stderr]    Compiling tinyvec v1.6.0
[INFO] [stderr]    Compiling tracing-core v0.1.32
[INFO] [stderr]    Compiling http v0.2.11
[INFO] [stderr]    Compiling log v0.4.20
[INFO] [stderr]    Compiling quote v1.0.35
[INFO] [stderr]    Compiling syn v2.0.48
[INFO] [stderr]    Compiling tracing v0.1.40
[INFO] [stderr]    Compiling cc v1.0.83
[INFO] [stderr]    Compiling getrandom v0.2.11
[INFO] [stderr]    Compiling mio v0.8.10
[INFO] [stderr]    Compiling socket2 v0.5.5
[INFO] [stderr]    Compiling unicode-normalization v0.1.22
[INFO] [stderr]    Compiling ident_case v1.0.1
[INFO] [stderr]    Compiling strsim v0.10.0
[INFO] [stderr]    Compiling equivalent v1.0.1
[INFO] [stderr]    Compiling hashbrown v0.14.3
[INFO] [stderr]    Compiling httparse v1.8.0
[INFO] [stderr]    Compiling rustls v0.21.10
[INFO] [stderr]    Compiling unicode-bidi v0.3.14
[INFO] [stderr]    Compiling base64 v0.21.5
[INFO] [stderr]    Compiling try-lock v0.2.5
[INFO] [stderr]    Compiling want v0.3.1
[INFO] [stderr]    Compiling http-body v0.4.6
[INFO] [stderr]    Compiling num-traits v0.2.17
[INFO] [stderr]    Compiling indexmap v2.1.0
[INFO] [stderr]    Compiling rustls-pemfile v1.0.4
[INFO] [stderr]    Compiling tower-service v0.3.2
[INFO] [stderr]    Compiling httpdate v1.0.3
[INFO] [stderr]    Compiling powerfmt v0.2.0
[INFO] [stderr]    Compiling anyhow v1.0.79
[INFO] [stderr]    Compiling ring v0.17.7
[INFO] [stderr]    Compiling rustls-pki-types v1.1.0
[INFO] [stderr]    Compiling percent-encoding v2.3.1
[INFO] [stderr]    Compiling serde_json v1.0.111
[INFO] [stderr]    Compiling either v1.9.0
[INFO] [stderr]    Compiling rustls v0.22.1
[INFO] [stderr]    Compiling openssl-probe v0.1.5
[INFO] [stderr]    Compiling async-trait v0.1.77
[INFO] [stderr]    Compiling rustls-native-certs v0.6.3
[INFO] [stderr]    Compiling form_urlencoded v1.2.1
[INFO] [stderr]    Compiling idna v0.5.0
[INFO] [stderr]    Compiling ryu v1.0.16
[INFO] [stderr]    Compiling zeroize v1.7.0
[INFO] [stderr]    Compiling time-core v0.1.2
[INFO] [stderr]    Compiling matches v0.1.10
[INFO] [stderr]    Compiling subtle v2.5.0
[INFO] [stderr]    Compiling num_threads v0.1.6
[INFO] [stderr]    Compiling idna v0.1.5
[INFO] [stderr]    Compiling itertools v0.12.0
[INFO] [stderr]    Compiling iana-time-zone v0.1.59
[INFO] [stderr]    Compiling url v2.5.0
[INFO] [stderr]    Compiling percent-encoding v1.0.1
[INFO] [stderr]    Compiling seahash v4.1.0
[INFO] [stderr]    Compiling url v1.7.2
[INFO] [stderr]    Compiling itertools v0.10.5
[INFO] [stderr]    Compiling mime v0.3.17
[INFO] [stderr]    Compiling base64 v0.13.1
[INFO] [stderr]    Compiling darling_core v0.20.3
[INFO] [stderr]    Compiling futures-macro v0.3.30
[INFO] [stderr]    Compiling tokio-macros v2.2.0
[INFO] [stderr]    Compiling serde_derive v1.0.194
[INFO] [stderr]    Compiling sct v0.7.1
[INFO] [stderr]    Compiling rustls-webpki v0.101.7
[INFO] [stderr]    Compiling tokio v1.35.1
[INFO] [stderr]    Compiling rustls-webpki v0.102.1
[INFO] [stderr]    Compiling futures-util v0.3.30
[INFO] [stderr]    Compiling darling_macro v0.20.3
[INFO] [stderr]    Compiling darling v0.20.3
[INFO] [stderr]    Compiling serde_with_macros v2.3.3
[INFO] [stderr]    Compiling futures-executor v0.3.30
[INFO] [stderr]    Compiling futures v0.3.30
[INFO] [stderr]    Compiling tokio-util v0.7.10
[INFO] [stderr]    Compiling tokio-rustls v0.24.1
[INFO] [stderr]    Compiling h2 v0.3.22
[INFO] [stderr]    Compiling deranged v0.3.11
[INFO] [stderr]    Compiling chrono v0.4.31
[INFO] [stderr]    Compiling serde_with v2.3.3
[INFO] [stderr]    Compiling time v0.3.31
[INFO] [stderr]    Compiling hyper v0.14.28
[INFO] [stderr]    Compiling hyper-rustls v0.24.2
[INFO] [stderr]    Compiling yup-oauth2 v8.3.2
[INFO] [stderr]    Compiling google-apis-common v6.0.0
[INFO] [stderr]    Compiling google-datalabeling1_beta1 v5.0.3+20221205 (/opt/rustwide/workdir)
[INFO] [stderr]     Finished dev [unoptimized + debuginfo] target(s) in 1m 45s
[INFO] running `Command { std: "docker" "inspect" "d5362a65f20f5aa460f5861801bf3304fd2af10bdcbcc8b4788953f9514ffef2", kill_on_drop: false }`
[INFO] running `Command { std: "docker" "rm" "-f" "d5362a65f20f5aa460f5861801bf3304fd2af10bdcbcc8b4788953f9514ffef2", kill_on_drop: false }`
[INFO] [stdout] d5362a65f20f5aa460f5861801bf3304fd2af10bdcbcc8b4788953f9514ffef2
[INFO] running `Command { std: "docker" "create" "-v" "/var/lib/crater-agent-workspace/builds/worker-3-tc1/target:/opt/rustwide/target:rw,Z" "-v" "/var/lib/crater-agent-workspace/builds/worker-3-tc1/source:/opt/rustwide/workdir:ro,Z" "-v" "/var/lib/crater-agent-workspace/cargo-home:/opt/rustwide/cargo-home:ro,Z" "-v" "/var/lib/crater-agent-workspace/rustup-home:/opt/rustwide/rustup-home:ro,Z" "-e" "SOURCE_DIR=/opt/rustwide/workdir" "-e" "CARGO_TARGET_DIR=/opt/rustwide/target" "-e" "CARGO_INCREMENTAL=0" "-e" "RUST_BACKTRACE=full" "-e" "RUSTFLAGS=--cap-lints=warn" "-e" "RUSTDOCFLAGS=--cap-lints=warn" "-e" "CARGO_HOME=/opt/rustwide/cargo-home" "-e" "RUSTUP_HOME=/opt/rustwide/rustup-home" "-w" "/opt/rustwide/workdir" "-m" "1610612736" "--user" "0:0" "--network" "none" "ghcr.io/rust-lang/crates-build-env/linux@sha256:2788e3201cd34a07e3172128adcd8b3090168a8e3bcc40d7c032b9dda1df7d1c" "/opt/rustwide/cargo-home/bin/cargo" "+1.75.0" "test" "--frozen" "--no-run" "--message-format=json", kill_on_drop: false }`
[INFO] [stdout] 71e6b795dc25887d1f3ff6b44481c93bfb0ad9dda6087fca0f7a9cec5b1d4055
[INFO] running `Command { std: "docker" "start" "-a" "71e6b795dc25887d1f3ff6b44481c93bfb0ad9dda6087fca0f7a9cec5b1d4055", kill_on_drop: false }`
[INFO] [stderr]    Compiling google-datalabeling1_beta1 v5.0.3+20221205 (/opt/rustwide/workdir)
[INFO] [stderr]     Finished test [unoptimized + debuginfo] target(s) in 5.18s
[INFO] running `Command { std: "docker" "inspect" "71e6b795dc25887d1f3ff6b44481c93bfb0ad9dda6087fca0f7a9cec5b1d4055", kill_on_drop: false }`
[INFO] running `Command { std: "docker" "rm" "-f" "71e6b795dc25887d1f3ff6b44481c93bfb0ad9dda6087fca0f7a9cec5b1d4055", kill_on_drop: false }`
[INFO] [stdout] 71e6b795dc25887d1f3ff6b44481c93bfb0ad9dda6087fca0f7a9cec5b1d4055
[INFO] running `Command { std: "docker" "create" "-v" "/var/lib/crater-agent-workspace/builds/worker-3-tc1/target:/opt/rustwide/target:rw,Z" "-v" "/var/lib/crater-agent-workspace/builds/worker-3-tc1/source:/opt/rustwide/workdir:ro,Z" "-v" "/var/lib/crater-agent-workspace/cargo-home:/opt/rustwide/cargo-home:ro,Z" "-v" "/var/lib/crater-agent-workspace/rustup-home:/opt/rustwide/rustup-home:ro,Z" "-e" "SOURCE_DIR=/opt/rustwide/workdir" "-e" "CARGO_TARGET_DIR=/opt/rustwide/target" "-e" "CARGO_INCREMENTAL=0" "-e" "RUST_BACKTRACE=full" "-e" "RUSTFLAGS=--cap-lints=warn" "-e" "RUSTDOCFLAGS=--cap-lints=warn" "-e" "CARGO_HOME=/opt/rustwide/cargo-home" "-e" "RUSTUP_HOME=/opt/rustwide/rustup-home" "-w" "/opt/rustwide/workdir" "-m" "1610612736" "--user" "0:0" "--network" "none" "ghcr.io/rust-lang/crates-build-env/linux@sha256:2788e3201cd34a07e3172128adcd8b3090168a8e3bcc40d7c032b9dda1df7d1c" "/opt/rustwide/cargo-home/bin/cargo" "+1.75.0" "test" "--frozen", kill_on_drop: false }`
[INFO] [stdout] 701b6de5b63c328303c4f9ff9b105ea3b887fab0175c907e928c4e12b4d48abd
[INFO] running `Command { std: "docker" "start" "-a" "701b6de5b63c328303c4f9ff9b105ea3b887fab0175c907e928c4e12b4d48abd", kill_on_drop: false }`
[INFO] [stderr]     Finished test [unoptimized + debuginfo] target(s) in 0.15s
[INFO] [stderr]      Running unittests src/lib.rs (/opt/rustwide/target/debug/deps/google_datalabeling1_beta1-9c5f690c4d088154)
[INFO] [stdout] 
[INFO] [stdout] running 0 tests
[INFO] [stdout] 
[INFO] [stdout] test result: ok. 0 passed; 0 failed; 0 ignored; 0 measured; 0 filtered out; finished in 0.00s
[INFO] [stdout] 
[INFO] [stderr]    Doc-tests google-datalabeling1_beta1
[INFO] [stdout] 
[INFO] [stdout] running 51 tests
[INFO] [stdout] test src/api.rs - api::ProjectDatasetAnnotatedDatasetDataItemListCall (line 5081) - compile ... ok
[INFO] [stdout] test src/api.rs - api::ProjectDatasetAnnotatedDatasetDataItemGetCall (line 4819) - compile ... ok
[INFO] [stdout] test src/api.rs - api::ProjectAnnotationSpecSetGetCall (line 4259) - compile ... ok
[INFO] [stdout] test src/api.rs - api::ProjectAnnotationSpecSetListCall (line 4521) - compile ... ok
[INFO] [stdout] test src/api.rs - api::ProjectDatasetAnnotatedDatasetDeleteCall (line 7863) - compile ... ok
[INFO] [stdout] test src/api.rs - api::DataLabeling (line 58) - compile ... ok
[INFO] [stdout] test src/api.rs - api::ProjectAnnotationSpecSetDeleteCall (line 3997) - compile ... ok
[INFO] [stdout] test src/api.rs - api::ProjectAnnotationSpecSetCreateCall (line 3705) - compile ... ok
[INFO] [stdout] test src/api.rs - api::ProjectDatasetAnnotatedDatasetFeedbackThreadDeleteCall (line 7053) - compile ... ok
[INFO] [stdout] test src/api.rs - api::ProjectDatasetAnnotatedDatasetFeedbackThreadFeedbackMessageCreateCall (line 5951) - compile ... ok
[INFO] [stdout] test src/api.rs - api::ProjectDatasetAnnotatedDatasetFeedbackThreadFeedbackMessageDeleteCall (line 6243) - compile ... ok
[INFO] [stdout] test src/api.rs - api::ProjectDatasetAnnotatedDatasetFeedbackThreadGetCall (line 7315) - compile ... ok
[INFO] [stdout] test src/api.rs - api::ProjectDatasetAnnotatedDatasetExampleListCall (line 5653) - compile ... ok
[INFO] [stdout] test src/api.rs - api::ProjectDatasetAnnotatedDatasetExampleGetCall (line 5379) - compile ... ok
[INFO] [stdout] test src/api.rs - api::ProjectDatasetAnnotatedDatasetFeedbackThreadFeedbackMessageGetCall (line 6505) - compile ... ok
[INFO] [stdout] test src/api.rs - api::ProjectDatasetAnnotatedDatasetFeedbackThreadFeedbackMessageListCall (line 6767) - compile ... ok
[INFO] [stdout] test src/api.rs - api::ProjectDatasetAnnotatedDatasetListCall (line 8387) - compile ... ok
[INFO] [stdout] test src/api.rs - api::ProjectDatasetAnnotatedDatasetFeedbackThreadListCall (line 7577) - compile ... ok
[INFO] [stdout] test src/api.rs - api::ProjectDatasetCreateCall (line 10675) - compile ... ok
[INFO] [stdout] test src/api.rs - api::ProjectDatasetAnnotatedDatasetGetCall (line 8125) - compile ... ok
[INFO] [stdout] test src/api.rs - api::ProjectDatasetDataItemListCall (line 8947) - compile ... ok
[INFO] [stdout] test src/api.rs - api::ProjectDatasetEvaluationExampleComparisonSearchCall (line 9245) - compile ... ok
[INFO] [stdout] test src/api.rs - api::ProjectDatasetDeleteCall (line 10967) - compile ... ok
[INFO] [stdout] test src/api.rs - api::ProjectDatasetDataItemGetCall (line 8685) - compile ... ok
[INFO] [stdout] test src/api.rs - api::ProjectDatasetEvaluationGetCall (line 9537) - compile ... ok
[INFO] [stdout] test src/api.rs - api::ProjectDatasetExportDataCall (line 11229) - compile ... ok
[INFO] [stdout] test src/api.rs - api::ProjectDatasetGetCall (line 11521) - compile ... ok
[INFO] [stdout] test src/api.rs - api::ProjectDatasetImageLabelCall (line 9799) - compile ... ok
[INFO] [stdout] test src/api.rs - api::ProjectDatasetListCall (line 12075) - compile ... ok
[INFO] [stdout] test src/api.rs - api::ProjectDatasetImportDataCall (line 11783) - compile ... ok
[INFO] [stdout] test src/api.rs - api::ProjectDatasetVideoLabelCall (line 10383) - compile ... ok
[INFO] [stdout] test src/api.rs - api::ProjectDatasetTextLabelCall (line 10091) - compile ... ok
[INFO] [stdout] test src/api.rs - api::ProjectEvaluationJobDeleteCall (line 12665) - compile ... ok
[INFO] [stdout] test src/api.rs - api::ProjectEvaluationJobCreateCall (line 12373) - compile ... ok
[INFO] [stdout] test src/api.rs - api::ProjectEvaluationJobPauseCall (line 13791) - compile ... ok
[INFO] [stdout] test src/api.rs - api::ProjectEvaluationJobResumeCall (line 14083) - compile ... ok
[INFO] [stdout] test src/api.rs - api::ProjectEvaluationJobGetCall (line 12927) - compile ... ok
[INFO] [stdout] test src/api.rs - api::ProjectEvaluationJobListCall (line 13189) - compile ... ok
[INFO] [stdout] test src/api.rs - api::ProjectEvaluationSearchCall (line 14375) - compile ... ok
[INFO] [stdout] test src/api.rs - api::ProjectInstructionCreateCall (line 14673) - compile ... ok
[INFO] [stdout] test src/api.rs - api::ProjectMethods (line 2793) - compile ... ok
[INFO] [stdout] test src/api.rs - api::ProjectInstructionDeleteCall (line 14965) - compile ... ok
[INFO] [stdout] test src/lib.rs - (line 49) ... ignored
[INFO] [stdout] test src/api.rs - api::ProjectEvaluationJobPatchCall (line 13487) - compile ... FAILED
[INFO] [stdout] test src/api.rs - api::ProjectInstructionListCall (line 15489) - compile ... ok
[INFO] [stdout] test src/api.rs - api::ProjectInstructionGetCall (line 15227) - compile ... ok
[INFO] [stdout] test src/lib.rs - (line 83) - compile ... ok
[INFO] [stdout] test src/api.rs - api::ProjectOperationListCall (line 16573) - compile ... ok
[INFO] [stdout] test src/api.rs - api::ProjectOperationCancelCall (line 15787) - compile ... ok
[INFO] [stdout] test src/api.rs - api::ProjectOperationGetCall (line 16311) - compile ... ok
[INFO] [stdout] test src/api.rs - api::ProjectOperationDeleteCall (line 16049) - compile ... ok
[INFO] [stdout] 
[INFO] [stdout] failures:
[INFO] [stdout] 
[INFO] [stdout] ---- src/api.rs - api::ProjectEvaluationJobPatchCall (line 13487) stdout ----
[INFO] [stdout] error[E0308]: mismatched types
[INFO] [stdout]      --> src/api.rs:13511:27
[INFO] [stdout]       |
[INFO] [stdout] 25    |              .update_mask(&Default::default())
[INFO] [stdout]       |               ----------- ^^^^^^^^^^^^^^^^^^^ expected `FieldMask`, found `&_`
[INFO] [stdout]       |               |
[INFO] [stdout]       |               arguments to this method are incorrect
[INFO] [stdout]       |
[INFO] [stdout]       = note: expected struct `FieldMask`
[INFO] [stdout]               found reference `&_`
[INFO] [stdout] note: method defined here
[INFO] [stdout]      --> /opt/rustwide/workdir/src/api.rs:13702:12
[INFO] [stdout]       |
[INFO] [stdout] 13702 |     pub fn update_mask(mut self, new_value: client::FieldMask) -> ProjectEvaluationJobPatchCall<'a, S> {
[INFO] [stdout]       |            ^^^^^^^^^^^
[INFO] [stdout] help: consider removing the borrow
[INFO] [stdout]       |
[INFO] [stdout] 25    -              .update_mask(&Default::default())
[INFO] [stdout] 25    +              .update_mask(Default::default())
[INFO] [stdout]       |
[INFO] [stdout] 
[INFO] [stdout] error: aborting due to previous error
[INFO] [stdout] 
[INFO] [stdout] For more information about this error, try `rustc --explain E0308`.
[INFO] [stdout] Couldn't compile the test.
[INFO] [stdout] 
[INFO] [stdout] failures:
[INFO] [stdout]     src/api.rs - api::ProjectEvaluationJobPatchCall (line 13487)
[INFO] [stdout] 
[INFO] [stdout] test result: FAILED. 49 passed; 1 failed; 1 ignored; 0 measured; 0 filtered out; finished in 3.97s
[INFO] [stdout] 
[INFO] [stderr] error: doctest failed, to rerun pass `--doc`
[INFO] running `Command { std: "docker" "inspect" "701b6de5b63c328303c4f9ff9b105ea3b887fab0175c907e928c4e12b4d48abd", kill_on_drop: false }`
[INFO] running `Command { std: "docker" "rm" "-f" "701b6de5b63c328303c4f9ff9b105ea3b887fab0175c907e928c4e12b4d48abd", kill_on_drop: false }`
[INFO] [stdout] 701b6de5b63c328303c4f9ff9b105ea3b887fab0175c907e928c4e12b4d48abd
