[INFO] fetching crate google-datacatalog1 5.0.3+20230117...
[INFO] testing google-datacatalog1-5.0.3+20230117 against 1.75.0 for beta-1.76-1
[INFO] extracting crate google-datacatalog1 5.0.3+20230117 into /workspace/builds/worker-0-tc1/source
[INFO] validating manifest of crates.io crate google-datacatalog1 5.0.3+20230117 on toolchain 1.75.0
[INFO] running `Command { std: CARGO_HOME="/workspace/cargo-home" RUSTUP_HOME="/workspace/rustup-home" "/workspace/cargo-home/bin/cargo" "+1.75.0" "metadata" "--manifest-path" "Cargo.toml" "--no-deps", kill_on_drop: false }`
[INFO] started tweaking crates.io crate google-datacatalog1 5.0.3+20230117
[INFO] finished tweaking crates.io crate google-datacatalog1 5.0.3+20230117
[INFO] tweaked toml for crates.io crate google-datacatalog1 5.0.3+20230117 written to /workspace/builds/worker-0-tc1/source/Cargo.toml
[INFO] running `Command { std: CARGO_HOME="/workspace/cargo-home" RUSTUP_HOME="/workspace/rustup-home" "/workspace/cargo-home/bin/cargo" "+1.75.0" "generate-lockfile" "--manifest-path" "Cargo.toml", kill_on_drop: false }`
[INFO] [stderr]     Updating crates.io index
[INFO] running `Command { std: CARGO_HOME="/workspace/cargo-home" RUSTUP_HOME="/workspace/rustup-home" "/workspace/cargo-home/bin/cargo" "+1.75.0" "fetch" "--manifest-path" "Cargo.toml", kill_on_drop: false }`
[INFO] [stderr]  Downloading crates ...
[INFO] [stderr]   Downloaded rustls-pki-types v1.1.0
[INFO] [stderr]   Downloaded google-apis-common v6.0.0
[INFO] [stderr]   Downloaded yup-oauth2 v8.3.2
[INFO] [stderr]   Downloaded rustls-webpki v0.102.1
[INFO] [stderr]   Downloaded rustls v0.22.1
[INFO] running `Command { std: "docker" "create" "-v" "/var/lib/crater-agent-workspace/builds/worker-0-tc1/target:/opt/rustwide/target:rw,Z" "-v" "/var/lib/crater-agent-workspace/builds/worker-0-tc1/source:/opt/rustwide/workdir:ro,Z" "-v" "/var/lib/crater-agent-workspace/cargo-home:/opt/rustwide/cargo-home:ro,Z" "-v" "/var/lib/crater-agent-workspace/rustup-home:/opt/rustwide/rustup-home:ro,Z" "-e" "SOURCE_DIR=/opt/rustwide/workdir" "-e" "CARGO_TARGET_DIR=/opt/rustwide/target" "-e" "CARGO_HOME=/opt/rustwide/cargo-home" "-e" "RUSTUP_HOME=/opt/rustwide/rustup-home" "-w" "/opt/rustwide/workdir" "-m" "1610612736" "--user" "0:0" "--network" "none" "ghcr.io/rust-lang/crates-build-env/linux@sha256:2788e3201cd34a07e3172128adcd8b3090168a8e3bcc40d7c032b9dda1df7d1c" "/opt/rustwide/cargo-home/bin/cargo" "+1.75.0" "metadata" "--no-deps" "--format-version=1", kill_on_drop: false }`
[INFO] [stdout] c18356f2959637cb9d7ffde87ed5fecec3b75472f6c44875958fc38f4c7bb25b
[INFO] running `Command { std: "docker" "start" "-a" "c18356f2959637cb9d7ffde87ed5fecec3b75472f6c44875958fc38f4c7bb25b", kill_on_drop: false }`
[INFO] running `Command { std: "docker" "inspect" "c18356f2959637cb9d7ffde87ed5fecec3b75472f6c44875958fc38f4c7bb25b", kill_on_drop: false }`
[INFO] running `Command { std: "docker" "rm" "-f" "c18356f2959637cb9d7ffde87ed5fecec3b75472f6c44875958fc38f4c7bb25b", kill_on_drop: false }`
[INFO] [stdout] c18356f2959637cb9d7ffde87ed5fecec3b75472f6c44875958fc38f4c7bb25b
[INFO] running `Command { std: "docker" "create" "-v" "/var/lib/crater-agent-workspace/builds/worker-0-tc1/target:/opt/rustwide/target:rw,Z" "-v" "/var/lib/crater-agent-workspace/builds/worker-0-tc1/source:/opt/rustwide/workdir:ro,Z" "-v" "/var/lib/crater-agent-workspace/cargo-home:/opt/rustwide/cargo-home:ro,Z" "-v" "/var/lib/crater-agent-workspace/rustup-home:/opt/rustwide/rustup-home:ro,Z" "-e" "SOURCE_DIR=/opt/rustwide/workdir" "-e" "CARGO_TARGET_DIR=/opt/rustwide/target" "-e" "CARGO_INCREMENTAL=0" "-e" "RUST_BACKTRACE=full" "-e" "RUSTFLAGS=--cap-lints=warn" "-e" "RUSTDOCFLAGS=--cap-lints=warn" "-e" "CARGO_HOME=/opt/rustwide/cargo-home" "-e" "RUSTUP_HOME=/opt/rustwide/rustup-home" "-w" "/opt/rustwide/workdir" "-m" "1610612736" "--user" "0:0" "--network" "none" "ghcr.io/rust-lang/crates-build-env/linux@sha256:2788e3201cd34a07e3172128adcd8b3090168a8e3bcc40d7c032b9dda1df7d1c" "/opt/rustwide/cargo-home/bin/cargo" "+1.75.0" "build" "--frozen" "--message-format=json", kill_on_drop: false }`
[INFO] [stdout] 7cb86144758d35ff8f0504cb68ae4d023b61a3ed19fb72ed4747319fb4d62bec
[INFO] running `Command { std: "docker" "start" "-a" "7cb86144758d35ff8f0504cb68ae4d023b61a3ed19fb72ed4747319fb4d62bec", kill_on_drop: false }`
[INFO] [stderr]    Compiling pin-project-lite v0.2.13
[INFO] [stderr]    Compiling untrusted v0.9.0
[INFO] [stderr]    Compiling futures-sink v0.3.30
[INFO] [stderr]    Compiling spin v0.9.8
[INFO] [stderr]    Compiling futures-core v0.3.30
[INFO] [stderr]    Compiling bytes v1.5.0
[INFO] [stderr]    Compiling serde v1.0.194
[INFO] [stderr]    Compiling memchr v2.7.1
[INFO] [stderr]    Compiling futures-io v0.3.30
[INFO] [stderr]    Compiling once_cell v1.19.0
[INFO] [stderr]    Compiling slab v0.4.9
[INFO] [stderr]    Compiling futures-task v0.3.30
[INFO] [stderr]    Compiling itoa v1.0.10
[INFO] [stderr]    Compiling tinyvec_macros v0.1.1
[INFO] [stderr]    Compiling syn v2.0.48
[INFO] [stderr]    Compiling cc v1.0.83
[INFO] [stderr]    Compiling getrandom v0.2.11
[INFO] [stderr]    Compiling socket2 v0.5.5
[INFO] [stderr]    Compiling mio v0.8.10
[INFO] [stderr]    Compiling futures-channel v0.3.30
[INFO] [stderr]    Compiling tinyvec v1.6.0
[INFO] [stderr]    Compiling rustls v0.21.10
[INFO] [stderr]    Compiling hashbrown v0.14.3
[INFO] [stderr]    Compiling tracing-core v0.1.32
[INFO] [stderr]    Compiling equivalent v1.0.1
[INFO] [stderr]    Compiling log v0.4.20
[INFO] [stderr]    Compiling unicode-bidi v0.3.14
[INFO] [stderr]    Compiling httparse v1.8.0
[INFO] [stderr]    Compiling base64 v0.21.5
[INFO] [stderr]    Compiling try-lock v0.2.5
[INFO] [stderr]    Compiling num-traits v0.2.17
[INFO] [stderr]    Compiling want v0.3.1
[INFO] [stderr]    Compiling anyhow v1.0.79
[INFO] [stderr]    Compiling percent-encoding v2.3.1
[INFO] [stderr]    Compiling http v0.2.11
[INFO] [stderr]    Compiling tracing v0.1.40
[INFO] [stderr]    Compiling rustls-pemfile v1.0.4
[INFO] [stderr]    Compiling powerfmt v0.2.0
[INFO] [stderr]    Compiling rustls-pki-types v1.1.0
[INFO] [stderr]    Compiling indexmap v2.1.0
[INFO] [stderr]    Compiling rustls v0.22.1
[INFO] [stderr]    Compiling tower-service v0.3.2
[INFO] [stderr]    Compiling async-trait v0.1.77
[INFO] [stderr]    Compiling httpdate v1.0.3
[INFO] [stderr]    Compiling serde_json v1.0.111
[INFO] [stderr]    Compiling either v1.9.0
[INFO] [stderr]    Compiling unicode-normalization v0.1.22
[INFO] [stderr]    Compiling rustls-native-certs v0.6.3
[INFO] [stderr]    Compiling form_urlencoded v1.2.1
[INFO] [stderr]    Compiling subtle v2.5.0
[INFO] [stderr]    Compiling time-core v0.1.2
[INFO] [stderr]    Compiling num_threads v0.1.6
[INFO] [stderr]    Compiling zeroize v1.7.0
[INFO] [stderr]    Compiling matches v0.1.10
[INFO] [stderr]    Compiling ryu v1.0.16
[INFO] [stderr]    Compiling itertools v0.12.0
[INFO] [stderr]    Compiling iana-time-zone v0.1.59
[INFO] [stderr]    Compiling itertools v0.10.5
[INFO] [stderr]    Compiling mime v0.3.17
[INFO] [stderr]    Compiling base64 v0.13.1
[INFO] [stderr]    Compiling http-body v0.4.6
[INFO] [stderr]    Compiling ring v0.17.7
[INFO] [stderr]    Compiling idna v0.5.0
[INFO] [stderr]    Compiling idna v0.1.5
[INFO] [stderr]    Compiling url v1.7.2
[INFO] [stderr]    Compiling url v2.5.0
[INFO] [stderr]    Compiling darling_core v0.20.3
[INFO] [stderr]    Compiling tokio-macros v2.2.0
[INFO] [stderr]    Compiling futures-macro v0.3.30
[INFO] [stderr]    Compiling serde_derive v1.0.194
[INFO] [stderr]    Compiling sct v0.7.1
[INFO] [stderr]    Compiling rustls-webpki v0.101.7
[INFO] [stderr]    Compiling rustls-webpki v0.102.1
[INFO] [stderr]    Compiling tokio v1.35.1
[INFO] [stderr]    Compiling futures-util v0.3.30
[INFO] [stderr]    Compiling darling_macro v0.20.3
[INFO] [stderr]    Compiling darling v0.20.3
[INFO] [stderr]    Compiling serde_with_macros v2.3.3
[INFO] [stderr]    Compiling futures-executor v0.3.30
[INFO] [stderr]    Compiling futures v0.3.30
[INFO] [stderr]    Compiling tokio-util v0.7.10
[INFO] [stderr]    Compiling tokio-rustls v0.24.1
[INFO] [stderr]    Compiling h2 v0.3.22
[INFO] [stderr]    Compiling deranged v0.3.11
[INFO] [stderr]    Compiling chrono v0.4.31
[INFO] [stderr]    Compiling serde_with v2.3.3
[INFO] [stderr]    Compiling time v0.3.31
[INFO] [stderr]    Compiling hyper v0.14.28
[INFO] [stderr]    Compiling hyper-rustls v0.24.2
[INFO] [stderr]    Compiling yup-oauth2 v8.3.2
[INFO] [stderr]    Compiling google-apis-common v6.0.0
[INFO] [stderr]    Compiling google-datacatalog1 v5.0.3+20230117 (/opt/rustwide/workdir)
[INFO] [stderr]     Finished dev [unoptimized + debuginfo] target(s) in 19.53s
[INFO] running `Command { std: "docker" "inspect" "7cb86144758d35ff8f0504cb68ae4d023b61a3ed19fb72ed4747319fb4d62bec", kill_on_drop: false }`
[INFO] running `Command { std: "docker" "rm" "-f" "7cb86144758d35ff8f0504cb68ae4d023b61a3ed19fb72ed4747319fb4d62bec", kill_on_drop: false }`
[INFO] [stdout] 7cb86144758d35ff8f0504cb68ae4d023b61a3ed19fb72ed4747319fb4d62bec
[INFO] running `Command { std: "docker" "create" "-v" "/var/lib/crater-agent-workspace/builds/worker-0-tc1/target:/opt/rustwide/target:rw,Z" "-v" "/var/lib/crater-agent-workspace/builds/worker-0-tc1/source:/opt/rustwide/workdir:ro,Z" "-v" "/var/lib/crater-agent-workspace/cargo-home:/opt/rustwide/cargo-home:ro,Z" "-v" "/var/lib/crater-agent-workspace/rustup-home:/opt/rustwide/rustup-home:ro,Z" "-e" "SOURCE_DIR=/opt/rustwide/workdir" "-e" "CARGO_TARGET_DIR=/opt/rustwide/target" "-e" "CARGO_INCREMENTAL=0" "-e" "RUST_BACKTRACE=full" "-e" "RUSTFLAGS=--cap-lints=warn" "-e" "RUSTDOCFLAGS=--cap-lints=warn" "-e" "CARGO_HOME=/opt/rustwide/cargo-home" "-e" "RUSTUP_HOME=/opt/rustwide/rustup-home" "-w" "/opt/rustwide/workdir" "-m" "1610612736" "--user" "0:0" "--network" "none" "ghcr.io/rust-lang/crates-build-env/linux@sha256:2788e3201cd34a07e3172128adcd8b3090168a8e3bcc40d7c032b9dda1df7d1c" "/opt/rustwide/cargo-home/bin/cargo" "+1.75.0" "test" "--frozen" "--no-run" "--message-format=json", kill_on_drop: false }`
[INFO] [stdout] 3a7d3f4d7936740e544da28fe5320d67d2ca2e8ef39cbc8476eb94f04e0263dd
[INFO] running `Command { std: "docker" "start" "-a" "3a7d3f4d7936740e544da28fe5320d67d2ca2e8ef39cbc8476eb94f04e0263dd", kill_on_drop: false }`
[INFO] [stderr]    Compiling google-datacatalog1 v5.0.3+20230117 (/opt/rustwide/workdir)
[INFO] [stderr]     Finished test [unoptimized + debuginfo] target(s) in 3.67s
[INFO] running `Command { std: "docker" "inspect" "3a7d3f4d7936740e544da28fe5320d67d2ca2e8ef39cbc8476eb94f04e0263dd", kill_on_drop: false }`
[INFO] running `Command { std: "docker" "rm" "-f" "3a7d3f4d7936740e544da28fe5320d67d2ca2e8ef39cbc8476eb94f04e0263dd", kill_on_drop: false }`
[INFO] [stdout] 3a7d3f4d7936740e544da28fe5320d67d2ca2e8ef39cbc8476eb94f04e0263dd
[INFO] running `Command { std: "docker" "create" "-v" "/var/lib/crater-agent-workspace/builds/worker-0-tc1/target:/opt/rustwide/target:rw,Z" "-v" "/var/lib/crater-agent-workspace/builds/worker-0-tc1/source:/opt/rustwide/workdir:ro,Z" "-v" "/var/lib/crater-agent-workspace/cargo-home:/opt/rustwide/cargo-home:ro,Z" "-v" "/var/lib/crater-agent-workspace/rustup-home:/opt/rustwide/rustup-home:ro,Z" "-e" "SOURCE_DIR=/opt/rustwide/workdir" "-e" "CARGO_TARGET_DIR=/opt/rustwide/target" "-e" "CARGO_INCREMENTAL=0" "-e" "RUST_BACKTRACE=full" "-e" "RUSTFLAGS=--cap-lints=warn" "-e" "RUSTDOCFLAGS=--cap-lints=warn" "-e" "CARGO_HOME=/opt/rustwide/cargo-home" "-e" "RUSTUP_HOME=/opt/rustwide/rustup-home" "-w" "/opt/rustwide/workdir" "-m" "1610612736" "--user" "0:0" "--network" "none" "ghcr.io/rust-lang/crates-build-env/linux@sha256:2788e3201cd34a07e3172128adcd8b3090168a8e3bcc40d7c032b9dda1df7d1c" "/opt/rustwide/cargo-home/bin/cargo" "+1.75.0" "test" "--frozen", kill_on_drop: false }`
[INFO] [stdout] eb284245d630a191da227555418545a9afac046f8437f5515ce3fee957e6cc7a
[INFO] running `Command { std: "docker" "start" "-a" "eb284245d630a191da227555418545a9afac046f8437f5515ce3fee957e6cc7a", kill_on_drop: false }`
[INFO] [stderr]     Finished test [unoptimized + debuginfo] target(s) in 0.07s
[INFO] [stderr]      Running unittests src/lib.rs (/opt/rustwide/target/debug/deps/google_datacatalog1-8f19a8bd756193b9)
[INFO] [stdout] 
[INFO] [stdout] running 0 tests
[INFO] [stdout] 
[INFO] [stdout] test result: ok. 0 passed; 0 failed; 0 ignored; 0 measured; 0 filtered out; finished in 0.00s
[INFO] [stdout] 
[INFO] [stderr]    Doc-tests google-datacatalog1
[INFO] [stdout] 
[INFO] [stdout] running 71 tests
[INFO] [stdout] test src/api.rs - api::ProjectLocationEntryGroupEntryCreateCall (line 5477) - compile ... ok
[INFO] [stdout] test src/api.rs - api::ProjectLocationEntryGroupEntryDeleteCall (line 5781) - compile ... ok
[INFO] [stdout] test src/api.rs - api::EntryMethods (line 2492) - compile ... ok
[INFO] [stdout] test src/api.rs - api::CatalogMethods (line 2434) - compile ... ok
[INFO] [stdout] test src/api.rs - api::ProjectLocationEntryGroupEntryGetIamPolicyCall (line 6305) - compile ... ok
[INFO] [stdout] test src/api.rs - api::ProjectLocationEntryGroupEntryModifyEntryOverviewCall (line 7479) - compile ... ok
[INFO] [stdout] test src/api.rs - api::ProjectLocationEntryGroupEntryGetCall (line 6043) - compile ... ok
[INFO] [stdout] test src/api.rs - api::ProjectLocationEntryGroupDeleteCall (line 10399) - compile ... ok
[INFO] [stdout] test src/api.rs - api::DataCatalog (line 58) - compile ... ok
[INFO] [stdout] test src/api.rs - api::CatalogSearchCall (line 3781) - compile ... ok
[INFO] [stdout] test src/api.rs - api::EntryLookupCall (line 4054) - compile ... ok
[INFO] [stdout] test src/api.rs - api::ProjectLocationEntryGroupCreateCall (line 10095) - compile ... ok
[INFO] [stdout] test src/api.rs - api::ProjectLocationEntryGroupEntryModifyEntryContactCall (line 7187) - compile ... ok
[INFO] [stdout] test src/api.rs - api::ProjectLocationEntryGroupEntryImportCall (line 6597) - compile ... ok
[INFO] [stdout] test src/api.rs - api::ProjectLocationEntryGroupEntryTagListCall (line 4887) - compile ... ok
[INFO] [stdout] test src/api.rs - api::ProjectLocationEntryGroupEntryStarCall (line 8075) - compile ... ok
[INFO] [stdout] test src/api.rs - api::ProjectLocationEntryGroupEntryTagDeleteCall (line 4625) - compile ... ok
[INFO] [stdout] test src/api.rs - api::ProjectLocationEntryGroupEntryTagCreateCall (line 4333) - compile ... ok
[INFO] [stdout] test src/api.rs - api::ProjectLocationEntryGroupEntryUnstarCall (line 8659) - compile ... ok
[INFO] [stdout] test src/api.rs - api::ProjectLocationEntryGroupListCall (line 11239) - compile ... ok
[INFO] [stdout] test src/api.rs - api::ProjectLocationEntryGroupEntryPatchCall (line 7771) - compile ... FAILED
[INFO] [stdout] test src/api.rs - api::ProjectLocationEntryGroupEntryListCall (line 6889) - compile ... FAILED
[INFO] [stdout] test src/api.rs - api::ProjectLocationEntryGroupEntryTestIamPermissionCall (line 8367) - compile ... ok
[INFO] [stdout] test src/api.rs - api::ProjectLocationEntryGroupTagCreateCall (line 8951) - compile ... ok
[INFO] [stdout] test src/api.rs - api::ProjectLocationEntryGroupGetCall (line 10673) - compile ... FAILED
[INFO] [stdout] test src/api.rs - api::ProjectLocationEntryGroupGetIamPolicyCall (line 10947) - compile ... ok
[INFO] [stdout] test src/api.rs - api::ProjectLocationEntryGroupPatchCall (line 11525) - compile ... FAILED
[INFO] [stdout] test src/api.rs - api::ProjectLocationEntryGroupSetIamPolicyCall (line 11829) - compile ... ok
[INFO] [stdout] test src/api.rs - api::ProjectLocationEntryGroupEntryTagPatchCall (line 5173) - compile ... FAILED
[INFO] [stdout] test src/api.rs - api::ProjectLocationEntryGroupTagDeleteCall (line 9243) - compile ... ok
[INFO] [stdout] test src/api.rs - api::ProjectLocationEntryGroupTestIamPermissionCall (line 12121) - compile ... ok
[INFO] [stdout] test src/api.rs - api::ProjectLocationOperationListCall (line 13199) - compile ... ok
[INFO] [stdout] test src/api.rs - api::ProjectLocationOperationGetCall (line 12937) - compile ... ok
[INFO] [stdout] test src/api.rs - api::ProjectLocationTagTemplateFieldCreateCall (line 13789) - compile ... ok
[INFO] [stdout] test src/api.rs - api::ProjectLocationOperationDeleteCall (line 12675) - compile ... ok
[INFO] [stdout] test src/api.rs - api::ProjectLocationTagTemplateDeleteCall (line 15267) - compile ... ok
[INFO] [stdout] test src/api.rs - api::ProjectLocationTagTemplateFieldDeleteCall (line 14093) - compile ... ok
[INFO] [stdout] test src/api.rs - api::ProjectLocationEntryGroupTagPatchCall (line 9791) - compile ... FAILED
[INFO] [stdout] test src/api.rs - api::ProjectLocationEntryGroupTagListCall (line 9505) - compile ... ok
[INFO] [stdout] test src/api.rs - api::ProjectLocationOperationCancelCall (line 12413) - compile ... ok
[INFO] [stdout] test src/api.rs - api::ProjectLocationTagTemplateCreateCall (line 14963) - compile ... ok
[INFO] [stdout] test src/api.rs - api::ProjectLocationTagTemplateFieldPatchCall (line 14367) - compile ... FAILED
[INFO] [stdout] test src/api.rs - api::ProjectLocationTagTemplateFieldEnumValueRenameCall (line 13497) - compile ... ok
[INFO] [stdout] test src/api.rs - api::ProjectLocationTagTemplateGetCall (line 15541) - compile ... ok
[INFO] [stdout] test src/api.rs - api::ProjectLocationTagTemplateGetIamPolicyCall (line 15803) - compile ... ok
[INFO] [stdout] test src/api.rs - api::ProjectLocationTagTemplateFieldRenameCall (line 14671) - compile ... ok
[INFO] [stdout] test src/api.rs - api::ProjectLocationTaxonomyDeleteCall (line 19557) - compile ... ok
[INFO] [stdout] test src/api.rs - api::ProjectLocationTaxonomyExportCall (line 19819) - compile ... ok
[INFO] [stdout] test src/api.rs - api::ProjectLocationTagTemplatePatchCall (line 16095) - compile ... FAILED
[INFO] [stdout] test src/api.rs - api::ProjectLocationTaxonomyGetIamPolicyCall (line 20370) - compile ... ok
[INFO] [stdout] test src/api.rs - api::ProjectLocationTaxonomyGetCall (line 20108) - compile ... ok
[INFO] [stdout] test src/api.rs - api::ProjectLocationTaxonomyCreateCall (line 19265) - compile ... ok
[INFO] [stdout] test src/api.rs - api::ProjectLocationTaxonomyImportCall (line 20662) - compile ... ok
[INFO] [stdout] test src/api.rs - api::ProjectLocationTaxonomyListCall (line 20954) - compile ... ok
[INFO] [stdout] test src/api.rs - api::ProjectLocationTagTemplateTestIamPermissionCall (line 16691) - compile ... ok
[INFO] [stdout] test src/lib.rs - (line 53) ... ignored
[INFO] [stdout] test src/api.rs - api::ProjectLocationTagTemplateSetIamPolicyCall (line 16399) - compile ... ok
[INFO] [stdout] test src/api.rs - api::ProjectLocationTaxonomyPolicyTagDeleteCall (line 17275) - compile ... ok
[INFO] [stdout] test src/api.rs - api::ProjectLocationTaxonomyPatchCall (line 21252) - compile ... FAILED
[INFO] [stdout] test src/api.rs - api::ProjectLocationTaxonomyPolicyTagCreateCall (line 16983) - compile ... ok
[INFO] [stdout] test src/api.rs - api::ProjectLocationTaxonomyPolicyTagListCall (line 18091) - compile ... ok
[INFO] [stdout] test src/api.rs - api::ProjectLocationTaxonomyPolicyTagGetIamPolicyCall (line 17799) - compile ... ok
[INFO] [stdout] test src/api.rs - api::ProjectLocationTaxonomyPolicyTagGetCall (line 17537) - compile ... ok
[INFO] [stdout] test src/api.rs - api::ProjectLocationTaxonomyPolicyTagTestIamPermissionCall (line 18973) - compile ... ok
[INFO] [stdout] test src/api.rs - api::ProjectLocationTaxonomyReplaceCall (line 21556) - compile ... ok
[INFO] [stdout] test src/api.rs - api::ProjectLocationTaxonomyTestIamPermissionCall (line 22140) - compile ... ok
[INFO] [stdout] test src/api.rs - api::ProjectLocationTaxonomySetIamPolicyCall (line 21848) - compile ... ok
[INFO] [stdout] test src/api.rs - api::ProjectMethods (line 2548) - compile ... ok
[INFO] [stdout] test src/api.rs - api::ProjectLocationTaxonomyPolicyTagSetIamPolicyCall (line 18681) - compile ... ok
[INFO] [stdout] test src/api.rs - api::ProjectLocationTaxonomyPolicyTagPatchCall (line 18377) - compile ... FAILED
[INFO] [stdout] test src/lib.rs - (line 86) - compile ... ok
[INFO] [stdout] 
[INFO] [stdout] failures:
[INFO] [stdout] 
[INFO] [stdout] ---- src/api.rs - api::ProjectLocationEntryGroupEntryPatchCall (line 7771) stdout ----
[INFO] [stdout] error[E0308]: mismatched types
[INFO] [stdout]     --> src/api.rs:7795:27
[INFO] [stdout]      |
[INFO] [stdout] 25   |              .update_mask(&Default::default())
[INFO] [stdout]      |               ----------- ^^^^^^^^^^^^^^^^^^^ expected `FieldMask`, found `&_`
[INFO] [stdout]      |               |
[INFO] [stdout]      |               arguments to this method are incorrect
[INFO] [stdout]      |
[INFO] [stdout]      = note: expected struct `FieldMask`
[INFO] [stdout]              found reference `&_`
[INFO] [stdout] note: method defined here
[INFO] [stdout]     --> /opt/rustwide/workdir/src/api.rs:7986:12
[INFO] [stdout]      |
[INFO] [stdout] 7986 |     pub fn update_mask(mut self, new_value: client::FieldMask) -> ProjectLocationEntryGroupEntryPatchCall<'a, S> {
[INFO] [stdout]      |            ^^^^^^^^^^^
[INFO] [stdout] help: consider removing the borrow
[INFO] [stdout]      |
[INFO] [stdout] 25   -              .update_mask(&Default::default())
[INFO] [stdout] 25   +              .update_mask(Default::default())
[INFO] [stdout]      |
[INFO] [stdout] 
[INFO] [stdout] error: aborting due to previous error
[INFO] [stdout] 
[INFO] [stdout] For more information about this error, try `rustc --explain E0308`.
[INFO] [stdout] Couldn't compile the test.
[INFO] [stdout] ---- src/api.rs - api::ProjectLocationEntryGroupEntryListCall (line 6889) stdout ----
[INFO] [stdout] error[E0308]: mismatched types
[INFO] [stdout]     --> src/api.rs:6907:25
[INFO] [stdout]      |
[INFO] [stdout] 19   |              .read_mask(&Default::default())
[INFO] [stdout]      |               --------- ^^^^^^^^^^^^^^^^^^^ expected `FieldMask`, found `&_`
[INFO] [stdout]      |               |
[INFO] [stdout]      |               arguments to this method are incorrect
[INFO] [stdout]      |
[INFO] [stdout]      = note: expected struct `FieldMask`
[INFO] [stdout]              found reference `&_`
[INFO] [stdout] note: method defined here
[INFO] [stdout]     --> /opt/rustwide/workdir/src/api.rs:7084:12
[INFO] [stdout]      |
[INFO] [stdout] 7084 |     pub fn read_mask(mut self, new_value: client::FieldMask) -> ProjectLocationEntryGroupEntryListCall<'a, S> {
[INFO] [stdout]      |            ^^^^^^^^^
[INFO] [stdout] help: consider removing the borrow
[INFO] [stdout]      |
[INFO] [stdout] 19   -              .read_mask(&Default::default())
[INFO] [stdout] 19   +              .read_mask(Default::default())
[INFO] [stdout]      |
[INFO] [stdout] 
[INFO] [stdout] error: aborting due to previous error
[INFO] [stdout] 
[INFO] [stdout] For more information about this error, try `rustc --explain E0308`.
[INFO] [stdout] Couldn't compile the test.
[INFO] [stdout] ---- src/api.rs - api::ProjectLocationEntryGroupGetCall (line 10673) stdout ----
[INFO] [stdout] error[E0308]: mismatched types
[INFO] [stdout]      --> src/api.rs:10691:25
[INFO] [stdout]       |
[INFO] [stdout] 19    |              .read_mask(&Default::default())
[INFO] [stdout]       |               --------- ^^^^^^^^^^^^^^^^^^^ expected `FieldMask`, found `&_`
[INFO] [stdout]       |               |
[INFO] [stdout]       |               arguments to this method are incorrect
[INFO] [stdout]       |
[INFO] [stdout]       = note: expected struct `FieldMask`
[INFO] [stdout]               found reference `&_`
[INFO] [stdout] note: method defined here
[INFO] [stdout]      --> /opt/rustwide/workdir/src/api.rs:10858:12
[INFO] [stdout]       |
[INFO] [stdout] 10858 |     pub fn read_mask(mut self, new_value: client::FieldMask) -> ProjectLocationEntryGroupGetCall<'a, S> {
[INFO] [stdout]       |            ^^^^^^^^^
[INFO] [stdout] help: consider removing the borrow
[INFO] [stdout]       |
[INFO] [stdout] 19    -              .read_mask(&Default::default())
[INFO] [stdout] 19    +              .read_mask(Default::default())
[INFO] [stdout]       |
[INFO] [stdout] 
[INFO] [stdout] error: aborting due to previous error
[INFO] [stdout] 
[INFO] [stdout] For more information about this error, try `rustc --explain E0308`.
[INFO] [stdout] Couldn't compile the test.
[INFO] [stdout] ---- src/api.rs - api::ProjectLocationEntryGroupPatchCall (line 11525) stdout ----
[INFO] [stdout] error[E0308]: mismatched types
[INFO] [stdout]      --> src/api.rs:11549:27
[INFO] [stdout]       |
[INFO] [stdout] 25    |              .update_mask(&Default::default())
[INFO] [stdout]       |               ----------- ^^^^^^^^^^^^^^^^^^^ expected `FieldMask`, found `&_`
[INFO] [stdout]       |               |
[INFO] [stdout]       |               arguments to this method are incorrect
[INFO] [stdout]       |
[INFO] [stdout]       = note: expected struct `FieldMask`
[INFO] [stdout]               found reference `&_`
[INFO] [stdout] note: method defined here
[INFO] [stdout]      --> /opt/rustwide/workdir/src/api.rs:11740:12
[INFO] [stdout]       |
[INFO] [stdout] 11740 |     pub fn update_mask(mut self, new_value: client::FieldMask) -> ProjectLocationEntryGroupPatchCall<'a, S> {
[INFO] [stdout]       |            ^^^^^^^^^^^
[INFO] [stdout] help: consider removing the borrow
[INFO] [stdout]       |
[INFO] [stdout] 25    -              .update_mask(&Default::default())
[INFO] [stdout] 25    +              .update_mask(Default::default())
[INFO] [stdout]       |
[INFO] [stdout] 
[INFO] [stdout] error: aborting due to previous error
[INFO] [stdout] 
[INFO] [stdout] For more information about this error, try `rustc --explain E0308`.
[INFO] [stdout] Couldn't compile the test.
[INFO] [stdout] ---- src/api.rs - api::ProjectLocationEntryGroupEntryTagPatchCall (line 5173) stdout ----
[INFO] [stdout] error[E0308]: mismatched types
[INFO] [stdout]     --> src/api.rs:5197:27
[INFO] [stdout]      |
[INFO] [stdout] 25   |              .update_mask(&Default::default())
[INFO] [stdout]      |               ----------- ^^^^^^^^^^^^^^^^^^^ expected `FieldMask`, found `&_`
[INFO] [stdout]      |               |
[INFO] [stdout]      |               arguments to this method are incorrect
[INFO] [stdout]      |
[INFO] [stdout]      = note: expected struct `FieldMask`
[INFO] [stdout]              found reference `&_`
[INFO] [stdout] note: method defined here
[INFO] [stdout]     --> /opt/rustwide/workdir/src/api.rs:5388:12
[INFO] [stdout]      |
[INFO] [stdout] 5388 |     pub fn update_mask(mut self, new_value: client::FieldMask) -> ProjectLocationEntryGroupEntryTagPatchCall<'a, S> {
[INFO] [stdout]      |            ^^^^^^^^^^^
[INFO] [stdout] help: consider removing the borrow
[INFO] [stdout]      |
[INFO] [stdout] 25   -              .update_mask(&Default::default())
[INFO] [stdout] 25   +              .update_mask(Default::default())
[INFO] [stdout]      |
[INFO] [stdout] 
[INFO] [stdout] error: aborting due to previous error
[INFO] [stdout] 
[INFO] [stdout] For more information about this error, try `rustc --explain E0308`.
[INFO] [stdout] Couldn't compile the test.
[INFO] [stdout] ---- src/api.rs - api::ProjectLocationEntryGroupTagPatchCall (line 9791) stdout ----
[INFO] [stdout] error[E0308]: mismatched types
[INFO] [stdout]      --> src/api.rs:9815:27
[INFO] [stdout]       |
[INFO] [stdout] 25    |              .update_mask(&Default::default())
[INFO] [stdout]       |               ----------- ^^^^^^^^^^^^^^^^^^^ expected `FieldMask`, found `&_`
[INFO] [stdout]       |               |
[INFO] [stdout]       |               arguments to this method are incorrect
[INFO] [stdout]       |
[INFO] [stdout]       = note: expected struct `FieldMask`
[INFO] [stdout]               found reference `&_`
[INFO] [stdout] note: method defined here
[INFO] [stdout]      --> /opt/rustwide/workdir/src/api.rs:10006:12
[INFO] [stdout]       |
[INFO] [stdout] 10006 |     pub fn update_mask(mut self, new_value: client::FieldMask) -> ProjectLocationEntryGroupTagPatchCall<'a, S> {
[INFO] [stdout]       |            ^^^^^^^^^^^
[INFO] [stdout] help: consider removing the borrow
[INFO] [stdout]       |
[INFO] [stdout] 25    -              .update_mask(&Default::default())
[INFO] [stdout] 25    +              .update_mask(Default::default())
[INFO] [stdout]       |
[INFO] [stdout] 
[INFO] [stdout] error: aborting due to previous error
[INFO] [stdout] 
[INFO] [stdout] For more information about this error, try `rustc --explain E0308`.
[INFO] [stdout] Couldn't compile the test.
[INFO] [stdout] ---- src/api.rs - api::ProjectLocationTagTemplateFieldPatchCall (line 14367) stdout ----
[INFO] [stdout] error[E0308]: mismatched types
[INFO] [stdout]      --> src/api.rs:14391:27
[INFO] [stdout]       |
[INFO] [stdout] 25    |              .update_mask(&Default::default())
[INFO] [stdout]       |               ----------- ^^^^^^^^^^^^^^^^^^^ expected `FieldMask`, found `&_`
[INFO] [stdout]       |               |
[INFO] [stdout]       |               arguments to this method are incorrect
[INFO] [stdout]       |
[INFO] [stdout]       = note: expected struct `FieldMask`
[INFO] [stdout]               found reference `&_`
[INFO] [stdout] note: method defined here
[INFO] [stdout]      --> /opt/rustwide/workdir/src/api.rs:14582:12
[INFO] [stdout]       |
[INFO] [stdout] 14582 |     pub fn update_mask(mut self, new_value: client::FieldMask) -> ProjectLocationTagTemplateFieldPatchCall<'a, S> {
[INFO] [stdout]       |            ^^^^^^^^^^^
[INFO] [stdout] help: consider removing the borrow
[INFO] [stdout]       |
[INFO] [stdout] 25    -              .update_mask(&Default::default())
[INFO] [stdout] 25    +              .update_mask(Default::default())
[INFO] [stdout]       |
[INFO] [stdout] 
[INFO] [stdout] error: aborting due to previous error
[INFO] [stdout] 
[INFO] [stdout] For more information about this error, try `rustc --explain E0308`.
[INFO] [stdout] Couldn't compile the test.
[INFO] [stdout] ---- src/api.rs - api::ProjectLocationTagTemplatePatchCall (line 16095) stdout ----
[INFO] [stdout] error[E0308]: mismatched types
[INFO] [stdout]      --> src/api.rs:16119:27
[INFO] [stdout]       |
[INFO] [stdout] 25    |              .update_mask(&Default::default())
[INFO] [stdout]       |               ----------- ^^^^^^^^^^^^^^^^^^^ expected `FieldMask`, found `&_`
[INFO] [stdout]       |               |
[INFO] [stdout]       |               arguments to this method are incorrect
[INFO] [stdout]       |
[INFO] [stdout]       = note: expected struct `FieldMask`
[INFO] [stdout]               found reference `&_`
[INFO] [stdout] note: method defined here
[INFO] [stdout]      --> /opt/rustwide/workdir/src/api.rs:16310:12
[INFO] [stdout]       |
[INFO] [stdout] 16310 |     pub fn update_mask(mut self, new_value: client::FieldMask) -> ProjectLocationTagTemplatePatchCall<'a, S> {
[INFO] [stdout]       |            ^^^^^^^^^^^
[INFO] [stdout] help: consider removing the borrow
[INFO] [stdout]       |
[INFO] [stdout] 25    -              .update_mask(&Default::default())
[INFO] [stdout] 25    +              .update_mask(Default::default())
[INFO] [stdout]       |
[INFO] [stdout] 
[INFO] [stdout] error: aborting due to previous error
[INFO] [stdout] 
[INFO] [stdout] For more information about this error, try `rustc --explain E0308`.
[INFO] [stdout] Couldn't compile the test.
[INFO] [stdout] ---- src/api.rs - api::ProjectLocationTaxonomyPatchCall (line 21252) stdout ----
[INFO] [stdout] error[E0308]: mismatched types
[INFO] [stdout]      --> src/api.rs:21276:27
[INFO] [stdout]       |
[INFO] [stdout] 25    |              .update_mask(&Default::default())
[INFO] [stdout]       |               ----------- ^^^^^^^^^^^^^^^^^^^ expected `FieldMask`, found `&_`
[INFO] [stdout]       |               |
[INFO] [stdout]       |               arguments to this method are incorrect
[INFO] [stdout]       |
[INFO] [stdout]       = note: expected struct `FieldMask`
[INFO] [stdout]               found reference `&_`
[INFO] [stdout] note: method defined here
[INFO] [stdout]      --> /opt/rustwide/workdir/src/api.rs:21467:12
[INFO] [stdout]       |
[INFO] [stdout] 21467 |     pub fn update_mask(mut self, new_value: client::FieldMask) -> ProjectLocationTaxonomyPatchCall<'a, S> {
[INFO] [stdout]       |            ^^^^^^^^^^^
[INFO] [stdout] help: consider removing the borrow
[INFO] [stdout]       |
[INFO] [stdout] 25    -              .update_mask(&Default::default())
[INFO] [stdout] 25    +              .update_mask(Default::default())
[INFO] [stdout]       |
[INFO] [stdout] 
[INFO] [stdout] error: aborting due to previous error
[INFO] [stdout] 
[INFO] [stdout] For more information about this error, try `rustc --explain E0308`.
[INFO] [stdout] Couldn't compile the test.
[INFO] [stdout] ---- src/api.rs - api::ProjectLocationTaxonomyPolicyTagPatchCall (line 18377) stdout ----
[INFO] [stdout] error[E0308]: mismatched types
[INFO] [stdout]      --> src/api.rs:18401:27
[INFO] [stdout]       |
[INFO] [stdout] 25    |              .update_mask(&Default::default())
[INFO] [stdout]       |               ----------- ^^^^^^^^^^^^^^^^^^^ expected `FieldMask`, found `&_`
[INFO] [stdout]       |               |
[INFO] [stdout]       |               arguments to this method are incorrect
[INFO] [stdout]       |
[INFO] [stdout]       = note: expected struct `FieldMask`
[INFO] [stdout]               found reference `&_`
[INFO] [stdout] note: method defined here
[INFO] [stdout]      --> /opt/rustwide/workdir/src/api.rs:18592:12
[INFO] [stdout]       |
[INFO] [stdout] 18592 |     pub fn update_mask(mut self, new_value: client::FieldMask) -> ProjectLocationTaxonomyPolicyTagPatchCall<'a, S> {
[INFO] [stdout]       |            ^^^^^^^^^^^
[INFO] [stdout] help: consider removing the borrow
[INFO] [stdout]       |
[INFO] [stdout] 25    -              .update_mask(&Default::default())
[INFO] [stdout] 25    +              .update_mask(Default::default())
[INFO] [stdout]       |
[INFO] [stdout] 
[INFO] [stdout] error: aborting due to previous error
[INFO] [stdout] 
[INFO] [stdout] For more information about this error, try `rustc --explain E0308`.
[INFO] [stdout] Couldn't compile the test.
[INFO] [stdout] 
[INFO] [stdout] failures:
[INFO] [stdout]     src/api.rs - api::ProjectLocationEntryGroupEntryListCall (line 6889)
[INFO] [stdout]     src/api.rs - api::ProjectLocationEntryGroupEntryPatchCall (line 7771)
[INFO] [stdout]     src/api.rs - api::ProjectLocationEntryGroupEntryTagPatchCall (line 5173)
[INFO] [stdout]     src/api.rs - api::ProjectLocationEntryGroupGetCall (line 10673)
[INFO] [stdout]     src/api.rs - api::ProjectLocationEntryGroupPatchCall (line 11525)
[INFO] [stdout]     src/api.rs - api::ProjectLocationEntryGroupTagPatchCall (line 9791)
[INFO] [stdout]     src/api.rs - api::ProjectLocationTagTemplateFieldPatchCall (line 14367)
[INFO] [stdout]     src/api.rs - api::ProjectLocationTagTemplatePatchCall (line 16095)
[INFO] [stdout]     src/api.rs - api::ProjectLocationTaxonomyPatchCall (line 21252)
[INFO] [stdout]     src/api.rs - api::ProjectLocationTaxonomyPolicyTagPatchCall (line 18377)
[INFO] [stdout] 
[INFO] [stdout] test result: FAILED. 60 passed; 10 failed; 1 ignored; 0 measured; 0 filtered out; finished in 0.56s
[INFO] [stdout] 
[INFO] [stderr] error: doctest failed, to rerun pass `--doc`
[INFO] running `Command { std: "docker" "inspect" "eb284245d630a191da227555418545a9afac046f8437f5515ce3fee957e6cc7a", kill_on_drop: false }`
[INFO] running `Command { std: "docker" "rm" "-f" "eb284245d630a191da227555418545a9afac046f8437f5515ce3fee957e6cc7a", kill_on_drop: false }`
[INFO] [stdout] eb284245d630a191da227555418545a9afac046f8437f5515ce3fee957e6cc7a
