[INFO] fetching crate google-containeranalysis1_beta1 5.0.3+20230106...
[INFO] testing google-containeranalysis1_beta1-5.0.3+20230106 against 1.75.0 for beta-1.76-1
[INFO] extracting crate google-containeranalysis1_beta1 5.0.3+20230106 into /workspace/builds/worker-3-tc1/source
[INFO] validating manifest of crates.io crate google-containeranalysis1_beta1 5.0.3+20230106 on toolchain 1.75.0
[INFO] running `Command { std: CARGO_HOME="/workspace/cargo-home" RUSTUP_HOME="/workspace/rustup-home" "/workspace/cargo-home/bin/cargo" "+1.75.0" "metadata" "--manifest-path" "Cargo.toml" "--no-deps", kill_on_drop: false }`
[INFO] started tweaking crates.io crate google-containeranalysis1_beta1 5.0.3+20230106
[INFO] finished tweaking crates.io crate google-containeranalysis1_beta1 5.0.3+20230106
[INFO] tweaked toml for crates.io crate google-containeranalysis1_beta1 5.0.3+20230106 written to /workspace/builds/worker-3-tc1/source/Cargo.toml
[INFO] running `Command { std: CARGO_HOME="/workspace/cargo-home" RUSTUP_HOME="/workspace/rustup-home" "/workspace/cargo-home/bin/cargo" "+1.75.0" "generate-lockfile" "--manifest-path" "Cargo.toml", kill_on_drop: false }`
[INFO] [stderr]     Updating crates.io index
[INFO] running `Command { std: CARGO_HOME="/workspace/cargo-home" RUSTUP_HOME="/workspace/rustup-home" "/workspace/cargo-home/bin/cargo" "+1.75.0" "fetch" "--manifest-path" "Cargo.toml", kill_on_drop: false }`
[INFO] running `Command { std: "docker" "create" "-v" "/var/lib/crater-agent-workspace/builds/worker-3-tc1/target:/opt/rustwide/target:rw,Z" "-v" "/var/lib/crater-agent-workspace/builds/worker-3-tc1/source:/opt/rustwide/workdir:ro,Z" "-v" "/var/lib/crater-agent-workspace/cargo-home:/opt/rustwide/cargo-home:ro,Z" "-v" "/var/lib/crater-agent-workspace/rustup-home:/opt/rustwide/rustup-home:ro,Z" "-e" "SOURCE_DIR=/opt/rustwide/workdir" "-e" "CARGO_TARGET_DIR=/opt/rustwide/target" "-e" "CARGO_HOME=/opt/rustwide/cargo-home" "-e" "RUSTUP_HOME=/opt/rustwide/rustup-home" "-w" "/opt/rustwide/workdir" "-m" "1610612736" "--user" "0:0" "--network" "none" "ghcr.io/rust-lang/crates-build-env/linux@sha256:2788e3201cd34a07e3172128adcd8b3090168a8e3bcc40d7c032b9dda1df7d1c" "/opt/rustwide/cargo-home/bin/cargo" "+1.75.0" "metadata" "--no-deps" "--format-version=1", kill_on_drop: false }`
[INFO] [stdout] e7bb2ddefc988fd8eb0056edbfcadf817d8ff3f24c93ce1245536548bca0e4be
[INFO] running `Command { std: "docker" "start" "-a" "e7bb2ddefc988fd8eb0056edbfcadf817d8ff3f24c93ce1245536548bca0e4be", kill_on_drop: false }`
[INFO] running `Command { std: "docker" "inspect" "e7bb2ddefc988fd8eb0056edbfcadf817d8ff3f24c93ce1245536548bca0e4be", kill_on_drop: false }`
[INFO] running `Command { std: "docker" "rm" "-f" "e7bb2ddefc988fd8eb0056edbfcadf817d8ff3f24c93ce1245536548bca0e4be", kill_on_drop: false }`
[INFO] [stdout] e7bb2ddefc988fd8eb0056edbfcadf817d8ff3f24c93ce1245536548bca0e4be
[INFO] running `Command { std: "docker" "create" "-v" "/var/lib/crater-agent-workspace/builds/worker-3-tc1/target:/opt/rustwide/target:rw,Z" "-v" "/var/lib/crater-agent-workspace/builds/worker-3-tc1/source:/opt/rustwide/workdir:ro,Z" "-v" "/var/lib/crater-agent-workspace/cargo-home:/opt/rustwide/cargo-home:ro,Z" "-v" "/var/lib/crater-agent-workspace/rustup-home:/opt/rustwide/rustup-home:ro,Z" "-e" "SOURCE_DIR=/opt/rustwide/workdir" "-e" "CARGO_TARGET_DIR=/opt/rustwide/target" "-e" "CARGO_INCREMENTAL=0" "-e" "RUST_BACKTRACE=full" "-e" "RUSTFLAGS=--cap-lints=warn" "-e" "RUSTDOCFLAGS=--cap-lints=warn" "-e" "CARGO_HOME=/opt/rustwide/cargo-home" "-e" "RUSTUP_HOME=/opt/rustwide/rustup-home" "-w" "/opt/rustwide/workdir" "-m" "1610612736" "--user" "0:0" "--network" "none" "ghcr.io/rust-lang/crates-build-env/linux@sha256:2788e3201cd34a07e3172128adcd8b3090168a8e3bcc40d7c032b9dda1df7d1c" "/opt/rustwide/cargo-home/bin/cargo" "+1.75.0" "build" "--frozen" "--message-format=json", kill_on_drop: false }`
[INFO] [stdout] 5c6b5b07dcb35f5b52a0aa581dc51dc5226668b1f29cfbaa6947ca05d167f4f6
[INFO] running `Command { std: "docker" "start" "-a" "5c6b5b07dcb35f5b52a0aa581dc51dc5226668b1f29cfbaa6947ca05d167f4f6", kill_on_drop: false }`
[INFO] [stderr]    Compiling futures-sink v0.3.30
[INFO] [stderr]    Compiling spin v0.9.8
[INFO] [stderr]    Compiling bytes v1.5.0
[INFO] [stderr]    Compiling untrusted v0.9.0
[INFO] [stderr]    Compiling serde v1.0.194
[INFO] [stderr]    Compiling syn v2.0.48
[INFO] [stderr]    Compiling cc v1.0.83
[INFO] [stderr]    Compiling mio v0.8.10
[INFO] [stderr]    Compiling futures-channel v0.3.30
[INFO] [stderr]    Compiling socket2 v0.5.5
[INFO] [stderr]    Compiling futures-task v0.3.30
[INFO] [stderr]    Compiling futures-io v0.3.30
[INFO] [stderr]    Compiling tracing-core v0.1.32
[INFO] [stderr]    Compiling unicode-normalization v0.1.22
[INFO] [stderr]    Compiling http v0.2.11
[INFO] [stderr]    Compiling equivalent v1.0.1
[INFO] [stderr]    Compiling hashbrown v0.14.3
[INFO] [stderr]    Compiling unicode-bidi v0.3.14
[INFO] [stderr]    Compiling ident_case v1.0.1
[INFO] [stderr]    Compiling rustls v0.21.10
[INFO] [stderr]    Compiling tracing v0.1.40
[INFO] [stderr]    Compiling httparse v1.8.0
[INFO] [stderr]    Compiling strsim v0.10.0
[INFO] [stderr]    Compiling ring v0.17.7
[INFO] [stderr]    Compiling log v0.4.20
[INFO] [stderr]    Compiling indexmap v2.1.0
[INFO] [stderr]    Compiling base64 v0.21.5
[INFO] [stderr]    Compiling try-lock v0.2.5
[INFO] [stderr]    Compiling want v0.3.1
[INFO] [stderr]    Compiling http-body v0.4.6
[INFO] [stderr]    Compiling num-traits v0.2.17
[INFO] [stderr]    Compiling async-trait v0.1.77
[INFO] [stderr]    Compiling rustls-pemfile v1.0.4
[INFO] [stderr]    Compiling rustls-pki-types v1.1.0
[INFO] [stderr]    Compiling either v1.9.0
[INFO] [stderr]    Compiling httpdate v1.0.3
[INFO] [stderr]    Compiling rustls v0.22.1
[INFO] [stderr]    Compiling tower-service v0.3.2
[INFO] [stderr]    Compiling serde_json v1.0.111
[INFO] [stderr]    Compiling rustls-native-certs v0.6.3
[INFO] [stderr]    Compiling idna v0.5.0
[INFO] [stderr]    Compiling ryu v1.0.16
[INFO] [stderr]    Compiling subtle v2.5.0
[INFO] [stderr]    Compiling zeroize v1.7.0
[INFO] [stderr]    Compiling matches v0.1.10
[INFO] [stderr]    Compiling idna v0.1.5
[INFO] [stderr]    Compiling itertools v0.12.0
[INFO] [stderr]    Compiling iana-time-zone v0.1.59
[INFO] [stderr]    Compiling seahash v4.1.0
[INFO] [stderr]    Compiling percent-encoding v1.0.1
[INFO] [stderr]    Compiling url v2.5.0
[INFO] [stderr]    Compiling itertools v0.10.5
[INFO] [stderr]    Compiling url v1.7.2
[INFO] [stderr]    Compiling base64 v0.13.1
[INFO] [stderr]    Compiling mime v0.3.17
[INFO] [stderr]    Compiling darling_core v0.20.3
[INFO] [stderr]    Compiling serde_derive v1.0.194
[INFO] [stderr]    Compiling futures-macro v0.3.30
[INFO] [stderr]    Compiling tokio-macros v2.2.0
[INFO] [stderr]    Compiling tokio v1.35.1
[INFO] [stderr]    Compiling darling_macro v0.20.3
[INFO] [stderr]    Compiling rustls-webpki v0.101.7
[INFO] [stderr]    Compiling sct v0.7.1
[INFO] [stderr]    Compiling rustls-webpki v0.102.1
[INFO] [stderr]    Compiling futures-util v0.3.30
[INFO] [stderr]    Compiling darling v0.20.3
[INFO] [stderr]    Compiling serde_with_macros v2.3.3
[INFO] [stderr]    Compiling futures-executor v0.3.30
[INFO] [stderr]    Compiling tokio-util v0.7.10
[INFO] [stderr]    Compiling tokio-rustls v0.24.1
[INFO] [stderr]    Compiling futures v0.3.30
[INFO] [stderr]    Compiling h2 v0.3.22
[INFO] [stderr]    Compiling deranged v0.3.11
[INFO] [stderr]    Compiling chrono v0.4.31
[INFO] [stderr]    Compiling serde_with v2.3.3
[INFO] [stderr]    Compiling hyper v0.14.28
[INFO] [stderr]    Compiling time v0.3.31
[INFO] [stderr]    Compiling hyper-rustls v0.24.2
[INFO] [stderr]    Compiling yup-oauth2 v8.3.2
[INFO] [stderr]    Compiling google-apis-common v6.0.0
[INFO] [stderr]    Compiling google-containeranalysis1_beta1 v5.0.3+20230106 (/opt/rustwide/workdir)
[INFO] [stderr]     Finished dev [unoptimized + debuginfo] target(s) in 1m 24s
[INFO] running `Command { std: "docker" "inspect" "5c6b5b07dcb35f5b52a0aa581dc51dc5226668b1f29cfbaa6947ca05d167f4f6", kill_on_drop: false }`
[INFO] running `Command { std: "docker" "rm" "-f" "5c6b5b07dcb35f5b52a0aa581dc51dc5226668b1f29cfbaa6947ca05d167f4f6", kill_on_drop: false }`
[INFO] [stdout] 5c6b5b07dcb35f5b52a0aa581dc51dc5226668b1f29cfbaa6947ca05d167f4f6
[INFO] running `Command { std: "docker" "create" "-v" "/var/lib/crater-agent-workspace/builds/worker-3-tc1/target:/opt/rustwide/target:rw,Z" "-v" "/var/lib/crater-agent-workspace/builds/worker-3-tc1/source:/opt/rustwide/workdir:ro,Z" "-v" "/var/lib/crater-agent-workspace/cargo-home:/opt/rustwide/cargo-home:ro,Z" "-v" "/var/lib/crater-agent-workspace/rustup-home:/opt/rustwide/rustup-home:ro,Z" "-e" "SOURCE_DIR=/opt/rustwide/workdir" "-e" "CARGO_TARGET_DIR=/opt/rustwide/target" "-e" "CARGO_INCREMENTAL=0" "-e" "RUST_BACKTRACE=full" "-e" "RUSTFLAGS=--cap-lints=warn" "-e" "RUSTDOCFLAGS=--cap-lints=warn" "-e" "CARGO_HOME=/opt/rustwide/cargo-home" "-e" "RUSTUP_HOME=/opt/rustwide/rustup-home" "-w" "/opt/rustwide/workdir" "-m" "1610612736" "--user" "0:0" "--network" "none" "ghcr.io/rust-lang/crates-build-env/linux@sha256:2788e3201cd34a07e3172128adcd8b3090168a8e3bcc40d7c032b9dda1df7d1c" "/opt/rustwide/cargo-home/bin/cargo" "+1.75.0" "test" "--frozen" "--no-run" "--message-format=json", kill_on_drop: false }`
[INFO] [stdout] 6d632dfa574670c36e5902e895950d8a8ad96398ae84692fbcb80c4717c0932e
[INFO] running `Command { std: "docker" "start" "-a" "6d632dfa574670c36e5902e895950d8a8ad96398ae84692fbcb80c4717c0932e", kill_on_drop: false }`
[INFO] [stderr]    Compiling google-containeranalysis1_beta1 v5.0.3+20230106 (/opt/rustwide/workdir)
[INFO] [stderr]     Finished test [unoptimized + debuginfo] target(s) in 4.98s
[INFO] running `Command { std: "docker" "inspect" "6d632dfa574670c36e5902e895950d8a8ad96398ae84692fbcb80c4717c0932e", kill_on_drop: false }`
[INFO] running `Command { std: "docker" "rm" "-f" "6d632dfa574670c36e5902e895950d8a8ad96398ae84692fbcb80c4717c0932e", kill_on_drop: false }`
[INFO] [stdout] 6d632dfa574670c36e5902e895950d8a8ad96398ae84692fbcb80c4717c0932e
[INFO] running `Command { std: "docker" "create" "-v" "/var/lib/crater-agent-workspace/builds/worker-3-tc1/target:/opt/rustwide/target:rw,Z" "-v" "/var/lib/crater-agent-workspace/builds/worker-3-tc1/source:/opt/rustwide/workdir:ro,Z" "-v" "/var/lib/crater-agent-workspace/cargo-home:/opt/rustwide/cargo-home:ro,Z" "-v" "/var/lib/crater-agent-workspace/rustup-home:/opt/rustwide/rustup-home:ro,Z" "-e" "SOURCE_DIR=/opt/rustwide/workdir" "-e" "CARGO_TARGET_DIR=/opt/rustwide/target" "-e" "CARGO_INCREMENTAL=0" "-e" "RUST_BACKTRACE=full" "-e" "RUSTFLAGS=--cap-lints=warn" "-e" "RUSTDOCFLAGS=--cap-lints=warn" "-e" "CARGO_HOME=/opt/rustwide/cargo-home" "-e" "RUSTUP_HOME=/opt/rustwide/rustup-home" "-w" "/opt/rustwide/workdir" "-m" "1610612736" "--user" "0:0" "--network" "none" "ghcr.io/rust-lang/crates-build-env/linux@sha256:2788e3201cd34a07e3172128adcd8b3090168a8e3bcc40d7c032b9dda1df7d1c" "/opt/rustwide/cargo-home/bin/cargo" "+1.75.0" "test" "--frozen", kill_on_drop: false }`
[INFO] [stdout] 88a1f1e4b6666c74bcfd110447c5a862ccad4773cb353a3def03f27aa24fc4c4
[INFO] running `Command { std: "docker" "start" "-a" "88a1f1e4b6666c74bcfd110447c5a862ccad4773cb353a3def03f27aa24fc4c4", kill_on_drop: false }`
[INFO] [stderr]     Finished test [unoptimized + debuginfo] target(s) in 0.13s
[INFO] [stderr]      Running unittests src/lib.rs (/opt/rustwide/target/debug/deps/google_containeranalysis1_beta1-356e1856933740c3)
[INFO] [stdout] 
[INFO] [stdout] running 0 tests
[INFO] [stdout] 
[INFO] [stdout] test result: ok. 0 passed; 0 failed; 0 ignored; 0 measured; 0 filtered out; finished in 0.00s
[INFO] [stdout] 
[INFO] [stderr]    Doc-tests google-containeranalysis1_beta1
[INFO] [stdout] 
[INFO] [stdout] running 25 tests
[INFO] [stdout] test src/api.rs - api::ProjectNoteDeleteCall (line 4054) - compile ... ok
[INFO] [stdout] test src/api.rs - api::ProjectNoteGetCall (line 4316) - compile ... ok
[INFO] [stdout] test src/api.rs - api::ProjectNoteGetIamPolicyCall (line 4578) - compile ... ok
[INFO] [stdout] test src/api.rs - api::ProjectNoteCreateCall (line 3750) - compile ... ok
[INFO] [stdout] test src/api.rs - api::ProjectNoteBatchCreateCall (line 3458) - compile ... ok
[INFO] [stdout] test src/api.rs - api::ProjectMethods (line 2717) - compile ... ok
[INFO] [stdout] test src/api.rs - api::ProjectNoteListCall (line 4870) - compile ... ok
[INFO] [stdout] test src/api.rs - api::ContainerAnalysis (line 58) - compile ... ok
[INFO] [stdout] test src/api.rs - api::ProjectNoteSetIamPolicyCall (line 5472) - compile ... ok
[INFO] [stdout] test src/api.rs - api::ProjectNoteTestIamPermissionCall (line 5764) - compile ... ok
[INFO] [stdout] test src/api.rs - api::ProjectOccurrenceCreateCall (line 6348) - compile ... ok
[INFO] [stdout] test src/api.rs - api::ProjectNoteOccurrenceListCall (line 3160) - compile ... ok
[INFO] [stdout] test src/api.rs - api::ProjectOccurrenceGetCall (line 6902) - compile ... ok
[INFO] [stdout] test src/api.rs - api::ProjectOccurrenceBatchCreateCall (line 6056) - compile ... ok
[INFO] [stdout] test src/api.rs - api::ProjectOccurrenceDeleteCall (line 6640) - compile ... ok
[INFO] [stdout] test src/api.rs - api::ProjectNotePatchCall (line 5168) - compile ... FAILED
[INFO] [stdout] test src/lib.rs - (line 49) ... ignored
[INFO] [stdout] test src/api.rs - api::ProjectOccurrenceTestIamPermissionCall (line 8886) - compile ... ok
[INFO] [stdout] test src/api.rs - api::ProjectOccurrenceSetIamPolicyCall (line 8594) - compile ... ok
[INFO] [stdout] test src/api.rs - api::ProjectOccurrenceListCall (line 7992) - compile ... ok
[INFO] [stdout] test src/api.rs - api::ProjectOccurrenceGetVulnerabilitySummaryCall (line 7718) - compile ... ok
[INFO] [stdout] test src/api.rs - api::ProjectOccurrenceGetNoteCall (line 7456) - compile ... ok
[INFO] [stdout] test src/api.rs - api::ProjectOccurrenceGetIamPolicyCall (line 7164) - compile ... ok
[INFO] [stdout] test src/api.rs - api::ProjectOccurrencePatchCall (line 8290) - compile ... FAILED
[INFO] [stdout] test src/lib.rs - (line 76) - compile ... ok
[INFO] [stdout] 
[INFO] [stdout] failures:
[INFO] [stdout] 
[INFO] [stdout] ---- src/api.rs - api::ProjectNotePatchCall (line 5168) stdout ----
[INFO] [stdout] error[E0308]: mismatched types
[INFO] [stdout]     --> src/api.rs:5192:27
[INFO] [stdout]      |
[INFO] [stdout] 25   |              .update_mask(&Default::default())
[INFO] [stdout]      |               ----------- ^^^^^^^^^^^^^^^^^^^ expected `FieldMask`, found `&_`
[INFO] [stdout]      |               |
[INFO] [stdout]      |               arguments to this method are incorrect
[INFO] [stdout]      |
[INFO] [stdout]      = note: expected struct `FieldMask`
[INFO] [stdout]              found reference `&_`
[INFO] [stdout] note: method defined here
[INFO] [stdout]     --> /opt/rustwide/workdir/src/api.rs:5383:12
[INFO] [stdout]      |
[INFO] [stdout] 5383 |     pub fn update_mask(mut self, new_value: client::FieldMask) -> ProjectNotePatchCall<'a, S> {
[INFO] [stdout]      |            ^^^^^^^^^^^
[INFO] [stdout] help: consider removing the borrow
[INFO] [stdout]      |
[INFO] [stdout] 25   -              .update_mask(&Default::default())
[INFO] [stdout] 25   +              .update_mask(Default::default())
[INFO] [stdout]      |
[INFO] [stdout] 
[INFO] [stdout] error: aborting due to previous error
[INFO] [stdout] 
[INFO] [stdout] For more information about this error, try `rustc --explain E0308`.
[INFO] [stdout] Couldn't compile the test.
[INFO] [stdout] ---- src/api.rs - api::ProjectOccurrencePatchCall (line 8290) stdout ----
[INFO] [stdout] error[E0308]: mismatched types
[INFO] [stdout]     --> src/api.rs:8314:27
[INFO] [stdout]      |
[INFO] [stdout] 25   |              .update_mask(&Default::default())
[INFO] [stdout]      |               ----------- ^^^^^^^^^^^^^^^^^^^ expected `FieldMask`, found `&_`
[INFO] [stdout]      |               |
[INFO] [stdout]      |               arguments to this method are incorrect
[INFO] [stdout]      |
[INFO] [stdout]      = note: expected struct `FieldMask`
[INFO] [stdout]              found reference `&_`
[INFO] [stdout] note: method defined here
[INFO] [stdout]     --> /opt/rustwide/workdir/src/api.rs:8505:12
[INFO] [stdout]      |
[INFO] [stdout] 8505 |     pub fn update_mask(mut self, new_value: client::FieldMask) -> ProjectOccurrencePatchCall<'a, S> {
[INFO] [stdout]      |            ^^^^^^^^^^^
[INFO] [stdout] help: consider removing the borrow
[INFO] [stdout]      |
[INFO] [stdout] 25   -              .update_mask(&Default::default())
[INFO] [stdout] 25   +              .update_mask(Default::default())
[INFO] [stdout]      |
[INFO] [stdout] 
[INFO] [stdout] error: aborting due to previous error
[INFO] [stdout] 
[INFO] [stdout] For more information about this error, try `rustc --explain E0308`.
[INFO] [stdout] Couldn't compile the test.
[INFO] [stdout] 
[INFO] [stdout] failures:
[INFO] [stdout]     src/api.rs - api::ProjectNotePatchCall (line 5168)
[INFO] [stdout]     src/api.rs - api::ProjectOccurrencePatchCall (line 8290)
[INFO] [stdout] 
[INFO] [stdout] test result: FAILED. 22 passed; 2 failed; 1 ignored; 0 measured; 0 filtered out; finished in 1.98s
[INFO] [stdout] 
[INFO] [stderr] error: doctest failed, to rerun pass `--doc`
[INFO] running `Command { std: "docker" "inspect" "88a1f1e4b6666c74bcfd110447c5a862ccad4773cb353a3def03f27aa24fc4c4", kill_on_drop: false }`
[INFO] running `Command { std: "docker" "rm" "-f" "88a1f1e4b6666c74bcfd110447c5a862ccad4773cb353a3def03f27aa24fc4c4", kill_on_drop: false }`
[INFO] [stdout] 88a1f1e4b6666c74bcfd110447c5a862ccad4773cb353a3def03f27aa24fc4c4
[INFO] testing google-containeranalysis1_beta1-5.0.3+20230106 against beta-2023-12-22 for beta-1.76-1
[INFO] extracting crate google-containeranalysis1_beta1 5.0.3+20230106 into /workspace/builds/worker-3-tc2/source
[INFO] validating manifest of crates.io crate google-containeranalysis1_beta1 5.0.3+20230106 on toolchain beta-2023-12-22
[INFO] running `Command { std: CARGO_HOME="/workspace/cargo-home" RUSTUP_HOME="/workspace/rustup-home" "/workspace/cargo-home/bin/cargo" "+beta-2023-12-22" "metadata" "--manifest-path" "Cargo.toml" "--no-deps", kill_on_drop: false }`
[INFO] started tweaking crates.io crate google-containeranalysis1_beta1 5.0.3+20230106
[INFO] finished tweaking crates.io crate google-containeranalysis1_beta1 5.0.3+20230106
[INFO] tweaked toml for crates.io crate google-containeranalysis1_beta1 5.0.3+20230106 written to /workspace/builds/worker-3-tc2/source/Cargo.toml
[INFO] running `Command { std: CARGO_HOME="/workspace/cargo-home" RUSTUP_HOME="/workspace/rustup-home" "/workspace/cargo-home/bin/cargo" "+beta-2023-12-22" "generate-lockfile" "--manifest-path" "Cargo.toml", kill_on_drop: false }`
[INFO] [stderr]     Updating crates.io index
[INFO] running `Command { std: CARGO_HOME="/workspace/cargo-home" RUSTUP_HOME="/workspace/rustup-home" "/workspace/cargo-home/bin/cargo" "+beta-2023-12-22" "fetch" "--manifest-path" "Cargo.toml", kill_on_drop: false }`
[INFO] running `Command { std: "docker" "create" "-v" "/var/lib/crater-agent-workspace/builds/worker-3-tc2/target:/opt/rustwide/target:rw,Z" "-v" "/var/lib/crater-agent-workspace/builds/worker-3-tc2/source:/opt/rustwide/workdir:ro,Z" "-v" "/var/lib/crater-agent-workspace/cargo-home:/opt/rustwide/cargo-home:ro,Z" "-v" "/var/lib/crater-agent-workspace/rustup-home:/opt/rustwide/rustup-home:ro,Z" "-e" "SOURCE_DIR=/opt/rustwide/workdir" "-e" "CARGO_TARGET_DIR=/opt/rustwide/target" "-e" "CARGO_HOME=/opt/rustwide/cargo-home" "-e" "RUSTUP_HOME=/opt/rustwide/rustup-home" "-w" "/opt/rustwide/workdir" "-m" "1610612736" "--user" "0:0" "--network" "none" "ghcr.io/rust-lang/crates-build-env/linux@sha256:2788e3201cd34a07e3172128adcd8b3090168a8e3bcc40d7c032b9dda1df7d1c" "/opt/rustwide/cargo-home/bin/cargo" "+beta-2023-12-22" "metadata" "--no-deps" "--format-version=1", kill_on_drop: false }`
[INFO] [stdout] d5a890c9a4a0750a385906d352e98f3932c8a7547f261ed34c7112238d5fb14a
[INFO] running `Command { std: "docker" "start" "-a" "d5a890c9a4a0750a385906d352e98f3932c8a7547f261ed34c7112238d5fb14a", kill_on_drop: false }`
[INFO] running `Command { std: "docker" "inspect" "d5a890c9a4a0750a385906d352e98f3932c8a7547f261ed34c7112238d5fb14a", kill_on_drop: false }`
[INFO] running `Command { std: "docker" "rm" "-f" "d5a890c9a4a0750a385906d352e98f3932c8a7547f261ed34c7112238d5fb14a", kill_on_drop: false }`
[INFO] [stdout] d5a890c9a4a0750a385906d352e98f3932c8a7547f261ed34c7112238d5fb14a
[INFO] running `Command { std: "docker" "create" "-v" "/var/lib/crater-agent-workspace/builds/worker-3-tc2/target:/opt/rustwide/target:rw,Z" "-v" "/var/lib/crater-agent-workspace/builds/worker-3-tc2/source:/opt/rustwide/workdir:ro,Z" "-v" "/var/lib/crater-agent-workspace/cargo-home:/opt/rustwide/cargo-home:ro,Z" "-v" "/var/lib/crater-agent-workspace/rustup-home:/opt/rustwide/rustup-home:ro,Z" "-e" "SOURCE_DIR=/opt/rustwide/workdir" "-e" "CARGO_TARGET_DIR=/opt/rustwide/target" "-e" "CARGO_INCREMENTAL=0" "-e" "RUST_BACKTRACE=full" "-e" "RUSTFLAGS=--cap-lints=warn" "-e" "RUSTDOCFLAGS=--cap-lints=warn" "-e" "CARGO_HOME=/opt/rustwide/cargo-home" "-e" "RUSTUP_HOME=/opt/rustwide/rustup-home" "-w" "/opt/rustwide/workdir" "-m" "1610612736" "--user" "0:0" "--network" "none" "ghcr.io/rust-lang/crates-build-env/linux@sha256:2788e3201cd34a07e3172128adcd8b3090168a8e3bcc40d7c032b9dda1df7d1c" "/opt/rustwide/cargo-home/bin/cargo" "+beta-2023-12-22" "build" "--frozen" "--message-format=json", kill_on_drop: false }`
[INFO] [stdout] 83ce174ea03371eab9d5639416bb9a829b9a43fc3d3465a22a9c5992edec6f81
[INFO] running `Command { std: "docker" "start" "-a" "83ce174ea03371eab9d5639416bb9a829b9a43fc3d3465a22a9c5992edec6f81", kill_on_drop: false }`
[INFO] [stderr]    Compiling spin v0.9.8
[INFO] [stderr]    Compiling futures-sink v0.3.30
[INFO] [stderr]    Compiling bytes v1.5.0
[INFO] [stderr]    Compiling untrusted v0.9.0
[INFO] [stderr]    Compiling serde v1.0.194
[INFO] [stderr]    Compiling syn v2.0.48
[INFO] [stderr]    Compiling cc v1.0.83
[INFO] [stderr]    Compiling socket2 v0.5.5
[INFO] [stderr]    Compiling futures-channel v0.3.30
[INFO] [stderr]    Compiling mio v0.8.10
[INFO] [stderr]    Compiling futures-task v0.3.30
[INFO] [stderr]    Compiling futures-io v0.3.30
[INFO] [stderr]    Compiling tracing-core v0.1.32
[INFO] [stderr]    Compiling unicode-normalization v0.1.22
[INFO] [stderr]    Compiling httparse v1.8.0
[INFO] [stderr]    Compiling http v0.2.11
[INFO] [stderr]    Compiling hashbrown v0.14.3
[INFO] [stderr]    Compiling tracing v0.1.40
[INFO] [stderr]    Compiling log v0.4.20
[INFO] [stderr]    Compiling equivalent v1.0.1
[INFO] [stderr]    Compiling rustls v0.21.10
[INFO] [stderr]    Compiling unicode-bidi v0.3.14
[INFO] [stderr]    Compiling ring v0.17.7
[INFO] [stderr]    Compiling ident_case v1.0.1
[INFO] [stderr]    Compiling strsim v0.10.0
[INFO] [stderr]    Compiling base64 v0.21.5
[INFO] [stderr]    Compiling try-lock v0.2.5
[INFO] [stderr]    Compiling indexmap v2.1.0
[INFO] [stderr]    Compiling want v0.3.1
[INFO] [stderr]    Compiling rustls-pemfile v1.0.4
[INFO] [stderr]    Compiling num-traits v0.2.17
[INFO] [stderr]    Compiling http-body v0.4.6
[INFO] [stderr]    Compiling serde_json v1.0.111
[INFO] [stderr]    Compiling async-trait v0.1.77
[INFO] [stderr]    Compiling either v1.9.0
[INFO] [stderr]    Compiling tower-service v0.3.2
[INFO] [stderr]    Compiling rustls v0.22.1
[INFO] [stderr]    Compiling rustls-pki-types v1.1.0
[INFO] [stderr]    Compiling httpdate v1.0.3
[INFO] [stderr]    Compiling rustls-native-certs v0.6.3
[INFO] [stderr]    Compiling idna v0.5.0
[INFO] [stderr]    Compiling matches v0.1.10
[INFO] [stderr]    Compiling zeroize v1.7.0
[INFO] [stderr]    Compiling subtle v2.5.0
[INFO] [stderr]    Compiling ryu v1.0.16
[INFO] [stderr]    Compiling idna v0.1.5
[INFO] [stderr]    Compiling itertools v0.12.0
[INFO] [stderr]    Compiling percent-encoding v1.0.1
[INFO] [stderr]    Compiling iana-time-zone v0.1.59
[INFO] [stderr]    Compiling seahash v4.1.0
[INFO] [stderr]    Compiling url v2.5.0
[INFO] [stderr]    Compiling itertools v0.10.5
[INFO] [stderr]    Compiling url v1.7.2
[INFO] [stderr]    Compiling base64 v0.13.1
[INFO] [stderr]    Compiling mime v0.3.17
[INFO] [stderr]    Compiling darling_core v0.20.3
[INFO] [stderr]    Compiling futures-macro v0.3.30
[INFO] [stderr]    Compiling tokio-macros v2.2.0
[INFO] [stderr]    Compiling serde_derive v1.0.194
[INFO] [stderr]    Compiling rustls-webpki v0.101.7
[INFO] [stderr]    Compiling sct v0.7.1
[INFO] [stderr]    Compiling rustls-webpki v0.102.1
[INFO] [stderr]    Compiling tokio v1.35.1
[INFO] [stderr]    Compiling futures-util v0.3.30
[INFO] [stderr]    Compiling darling_macro v0.20.3
[INFO] [stderr]    Compiling darling v0.20.3
[INFO] [stderr]    Compiling serde_with_macros v2.3.3
[INFO] [stderr]    Compiling futures-executor v0.3.30
[INFO] [stderr]    Compiling futures v0.3.30
[INFO] [stderr]    Compiling tokio-util v0.7.10
[INFO] [stderr]    Compiling tokio-rustls v0.24.1
[INFO] [stderr]    Compiling h2 v0.3.22
[INFO] [stderr]    Compiling deranged v0.3.11
[INFO] [stderr]    Compiling serde_with v2.3.3
[INFO] [stderr]    Compiling chrono v0.4.31
[INFO] [stderr]    Compiling time v0.3.31
[INFO] [stderr]    Compiling hyper v0.14.28
[INFO] [stderr]    Compiling hyper-rustls v0.24.2
[INFO] [stderr]    Compiling yup-oauth2 v8.3.2
[INFO] [stderr]    Compiling google-apis-common v6.0.0
[INFO] [stderr]    Compiling google-containeranalysis1_beta1 v5.0.3+20230106 (/opt/rustwide/workdir)
[INFO] [stderr]     Finished dev [unoptimized + debuginfo] target(s) in 1m 16s
[INFO] running `Command { std: "docker" "inspect" "83ce174ea03371eab9d5639416bb9a829b9a43fc3d3465a22a9c5992edec6f81", kill_on_drop: false }`
[INFO] running `Command { std: "docker" "rm" "-f" "83ce174ea03371eab9d5639416bb9a829b9a43fc3d3465a22a9c5992edec6f81", kill_on_drop: false }`
[INFO] [stdout] 83ce174ea03371eab9d5639416bb9a829b9a43fc3d3465a22a9c5992edec6f81
[INFO] running `Command { std: "docker" "create" "-v" "/var/lib/crater-agent-workspace/builds/worker-3-tc2/target:/opt/rustwide/target:rw,Z" "-v" "/var/lib/crater-agent-workspace/builds/worker-3-tc2/source:/opt/rustwide/workdir:ro,Z" "-v" "/var/lib/crater-agent-workspace/cargo-home:/opt/rustwide/cargo-home:ro,Z" "-v" "/var/lib/crater-agent-workspace/rustup-home:/opt/rustwide/rustup-home:ro,Z" "-e" "SOURCE_DIR=/opt/rustwide/workdir" "-e" "CARGO_TARGET_DIR=/opt/rustwide/target" "-e" "CARGO_INCREMENTAL=0" "-e" "RUST_BACKTRACE=full" "-e" "RUSTFLAGS=--cap-lints=warn" "-e" "RUSTDOCFLAGS=--cap-lints=warn" "-e" "CARGO_HOME=/opt/rustwide/cargo-home" "-e" "RUSTUP_HOME=/opt/rustwide/rustup-home" "-w" "/opt/rustwide/workdir" "-m" "1610612736" "--user" "0:0" "--network" "none" "ghcr.io/rust-lang/crates-build-env/linux@sha256:2788e3201cd34a07e3172128adcd8b3090168a8e3bcc40d7c032b9dda1df7d1c" "/opt/rustwide/cargo-home/bin/cargo" "+beta-2023-12-22" "test" "--frozen" "--no-run" "--message-format=json", kill_on_drop: false }`
[INFO] [stdout] 7838c6d327de835e7dac33bec7cdbbfce7b0b58ea303ae0b3f2a49b5567c3e21
[INFO] running `Command { std: "docker" "start" "-a" "7838c6d327de835e7dac33bec7cdbbfce7b0b58ea303ae0b3f2a49b5567c3e21", kill_on_drop: false }`
[INFO] [stderr]    Compiling google-containeranalysis1_beta1 v5.0.3+20230106 (/opt/rustwide/workdir)
[INFO] [stderr]     Finished test [unoptimized + debuginfo] target(s) in 4.29s
[INFO] running `Command { std: "docker" "inspect" "7838c6d327de835e7dac33bec7cdbbfce7b0b58ea303ae0b3f2a49b5567c3e21", kill_on_drop: false }`
[INFO] running `Command { std: "docker" "rm" "-f" "7838c6d327de835e7dac33bec7cdbbfce7b0b58ea303ae0b3f2a49b5567c3e21", kill_on_drop: false }`
[INFO] [stdout] 7838c6d327de835e7dac33bec7cdbbfce7b0b58ea303ae0b3f2a49b5567c3e21
[INFO] running `Command { std: "docker" "create" "-v" "/var/lib/crater-agent-workspace/builds/worker-3-tc2/target:/opt/rustwide/target:rw,Z" "-v" "/var/lib/crater-agent-workspace/builds/worker-3-tc2/source:/opt/rustwide/workdir:ro,Z" "-v" "/var/lib/crater-agent-workspace/cargo-home:/opt/rustwide/cargo-home:ro,Z" "-v" "/var/lib/crater-agent-workspace/rustup-home:/opt/rustwide/rustup-home:ro,Z" "-e" "SOURCE_DIR=/opt/rustwide/workdir" "-e" "CARGO_TARGET_DIR=/opt/rustwide/target" "-e" "CARGO_INCREMENTAL=0" "-e" "RUST_BACKTRACE=full" "-e" "RUSTFLAGS=--cap-lints=warn" "-e" "RUSTDOCFLAGS=--cap-lints=warn" "-e" "CARGO_HOME=/opt/rustwide/cargo-home" "-e" "RUSTUP_HOME=/opt/rustwide/rustup-home" "-w" "/opt/rustwide/workdir" "-m" "1610612736" "--user" "0:0" "--network" "none" "ghcr.io/rust-lang/crates-build-env/linux@sha256:2788e3201cd34a07e3172128adcd8b3090168a8e3bcc40d7c032b9dda1df7d1c" "/opt/rustwide/cargo-home/bin/cargo" "+beta-2023-12-22" "test" "--frozen", kill_on_drop: false }`
[INFO] [stdout] 32999ac649c0a40f4b598114c4df0a3a39aa006626fa4aa76bd0172f995b9db3
[INFO] running `Command { std: "docker" "start" "-a" "32999ac649c0a40f4b598114c4df0a3a39aa006626fa4aa76bd0172f995b9db3", kill_on_drop: false }`
[INFO] [stderr]     Finished test [unoptimized + debuginfo] target(s) in 0.14s
[INFO] [stderr]      Running unittests src/lib.rs (/opt/rustwide/target/debug/deps/google_containeranalysis1_beta1-d149476a90be4fcc)
[INFO] [stdout] 
[INFO] [stdout] running 0 tests
[INFO] [stdout] 
[INFO] [stdout] test result: ok. 0 passed; 0 failed; 0 ignored; 0 measured; 0 filtered out; finished in 0.00s
[INFO] [stdout] 
[INFO] [stderr]    Doc-tests google-containeranalysis1_beta1
[INFO] [stdout] 
[INFO] [stdout] running 25 tests
[INFO] [stdout] test src/api.rs - api::ProjectNoteListCall (line 4870) - compile ... ok
[INFO] [stdout] test src/api.rs - api::ProjectNoteBatchCreateCall (line 3458) - compile ... ok
[INFO] [stdout] test src/api.rs - api::ProjectNoteGetCall (line 4316) - compile ... ok
[INFO] [stdout] test src/api.rs - api::ContainerAnalysis (line 58) - compile ... ok
[INFO] [stdout] test src/api.rs - api::ProjectNoteGetIamPolicyCall (line 4578) - compile ... ok
[INFO] [stdout] test src/api.rs - api::ProjectNoteOccurrenceListCall (line 3160) - compile ... ok
[INFO] [stdout] test src/api.rs - api::ProjectNoteDeleteCall (line 4054) - compile ... ok
[INFO] [stdout] test src/api.rs - api::ProjectMethods (line 2717) - compile ... ok
[INFO] [stdout] test src/api.rs - api::ProjectOccurrenceBatchCreateCall (line 6056) - compile ... ok
[INFO] [stdout] test src/api.rs - api::ProjectNoteCreateCall (line 3750) - compile ... ok
[INFO] [stdout] test src/api.rs - api::ProjectOccurrenceCreateCall (line 6348) - compile ... ok
[INFO] [stdout] test src/api.rs - api::ProjectOccurrenceDeleteCall (line 6640) - compile ... ok
[INFO] [stdout] test src/api.rs - api::ProjectNoteSetIamPolicyCall (line 5472) - compile ... ok
[INFO] [stdout] test src/api.rs - api::ProjectNoteTestIamPermissionCall (line 5764) - compile ... ok
[INFO] [stdout] test src/api.rs - api::ProjectOccurrenceGetVulnerabilitySummaryCall (line 7718) - compile ... ok
[INFO] [stdout] test src/api.rs - api::ProjectNotePatchCall (line 5168) - compile ... FAILED
[INFO] [stdout] test src/lib.rs - (line 49) ... ignored
[INFO] [stdout] test src/api.rs - api::ProjectOccurrenceListCall (line 7992) - compile ... ok
[INFO] [stdout] test src/api.rs - api::ProjectOccurrenceSetIamPolicyCall (line 8594) - compile ... ok
[INFO] [stdout] test src/api.rs - api::ProjectOccurrenceGetNoteCall (line 7456) - compile ... ok
[INFO] [stdout] test src/api.rs - api::ProjectOccurrenceGetIamPolicyCall (line 7164) - compile ... ok
[INFO] [stdout] test src/api.rs - api::ProjectOccurrenceTestIamPermissionCall (line 8886) - compile ... ok
[INFO] [stdout] test src/api.rs - api::ProjectOccurrenceGetCall (line 6902) - compile ... ok
[INFO] [stdout] test src/api.rs - api::ProjectOccurrencePatchCall (line 8290) - compile ... FAILED
[INFO] [stderr] error: doctest failed, to rerun pass `--doc`
[INFO] [stdout] test src/lib.rs - (line 76) - compile ... ok
[INFO] [stdout] 
[INFO] [stdout] failures:
[INFO] [stdout] 
[INFO] [stdout] ---- src/api.rs - api::ProjectNotePatchCall (line 5168) stdout ----
[INFO] [stdout] error[E0308]: mismatched types
[INFO] [stdout]     --> src/api.rs:5192:27
[INFO] [stdout]      |
[INFO] [stdout] 25   |              .update_mask(&Default::default())
[INFO] [stdout]      |               ----------- ^^^^^^^^^^^^^^^^^^^ expected `FieldMask`, found `&_`
[INFO] [stdout]      |               |
[INFO] [stdout]      |               arguments to this method are incorrect
[INFO] [stdout]      |
[INFO] [stdout]      = note: expected struct `FieldMask`
[INFO] [stdout]              found reference `&_`
[INFO] [stdout] note: method defined here
[INFO] [stdout]     --> /opt/rustwide/workdir/src/api.rs:5383:12
[INFO] [stdout]      |
[INFO] [stdout] 5383 |     pub fn update_mask(mut self, new_value: client::FieldMask) -> ProjectNotePatchCall<'a, S> {
[INFO] [stdout]      |            ^^^^^^^^^^^
[INFO] [stdout] help: consider removing the borrow
[INFO] [stdout]      |
[INFO] [stdout] 25   -              .update_mask(&Default::default())
[INFO] [stdout] 25   +              .update_mask(Default::default())
[INFO] [stdout]      |
[INFO] [stdout] 
[INFO] [stdout] error: aborting due to 1 previous error
[INFO] [stdout] 
[INFO] [stdout] For more information about this error, try `rustc --explain E0308`.
[INFO] [stdout] Couldn't compile the test.
[INFO] [stdout] ---- src/api.rs - api::ProjectOccurrencePatchCall (line 8290) stdout ----
[INFO] [stdout] error[E0308]: mismatched types
[INFO] [stdout]     --> src/api.rs:8314:27
[INFO] [stdout]      |
[INFO] [stdout] 25   |              .update_mask(&Default::default())
[INFO] [stdout]      |               ----------- ^^^^^^^^^^^^^^^^^^^ expected `FieldMask`, found `&_`
[INFO] [stdout]      |               |
[INFO] [stdout]      |               arguments to this method are incorrect
[INFO] [stdout]      |
[INFO] [stdout]      = note: expected struct `FieldMask`
[INFO] [stdout]              found reference `&_`
[INFO] [stdout] note: method defined here
[INFO] [stdout]     --> /opt/rustwide/workdir/src/api.rs:8505:12
[INFO] [stdout]      |
[INFO] [stdout] 8505 |     pub fn update_mask(mut self, new_value: client::FieldMask) -> ProjectOccurrencePatchCall<'a, S> {
[INFO] [stdout]      |            ^^^^^^^^^^^
[INFO] [stdout] help: consider removing the borrow
[INFO] [stdout]      |
[INFO] [stdout] 25   -              .update_mask(&Default::default())
[INFO] [stdout] 25   +              .update_mask(Default::default())
[INFO] [stdout]      |
[INFO] [stdout] 
[INFO] [stdout] error: aborting due to 1 previous error
[INFO] [stdout] 
[INFO] [stdout] For more information about this error, try `rustc --explain E0308`.
[INFO] [stdout] Couldn't compile the test.
[INFO] [stdout] 
[INFO] [stdout] failures:
[INFO] [stdout]     src/api.rs - api::ProjectNotePatchCall (line 5168)
[INFO] [stdout]     src/api.rs - api::ProjectOccurrencePatchCall (line 8290)
[INFO] [stdout] 
[INFO] [stdout] test result: FAILED. 22 passed; 2 failed; 1 ignored; 0 measured; 0 filtered out; finished in 1.28s
[INFO] [stdout] 
[INFO] running `Command { std: "docker" "inspect" "32999ac649c0a40f4b598114c4df0a3a39aa006626fa4aa76bd0172f995b9db3", kill_on_drop: false }`
[INFO] running `Command { std: "docker" "rm" "-f" "32999ac649c0a40f4b598114c4df0a3a39aa006626fa4aa76bd0172f995b9db3", kill_on_drop: false }`
[INFO] [stdout] 32999ac649c0a40f4b598114c4df0a3a39aa006626fa4aa76bd0172f995b9db3
