[INFO] fetching crate google-contactcenterinsights1 5.0.3+20230115...
[INFO] testing google-contactcenterinsights1-5.0.3+20230115 against 1.75.0 for beta-1.76-1
[INFO] extracting crate google-contactcenterinsights1 5.0.3+20230115 into /workspace/builds/worker-1-tc1/source
[INFO] validating manifest of crates.io crate google-contactcenterinsights1 5.0.3+20230115 on toolchain 1.75.0
[INFO] running `Command { std: CARGO_HOME="/workspace/cargo-home" RUSTUP_HOME="/workspace/rustup-home" "/workspace/cargo-home/bin/cargo" "+1.75.0" "metadata" "--manifest-path" "Cargo.toml" "--no-deps", kill_on_drop: false }`
[INFO] started tweaking crates.io crate google-contactcenterinsights1 5.0.3+20230115
[INFO] finished tweaking crates.io crate google-contactcenterinsights1 5.0.3+20230115
[INFO] tweaked toml for crates.io crate google-contactcenterinsights1 5.0.3+20230115 written to /workspace/builds/worker-1-tc1/source/Cargo.toml
[INFO] running `Command { std: CARGO_HOME="/workspace/cargo-home" RUSTUP_HOME="/workspace/rustup-home" "/workspace/cargo-home/bin/cargo" "+1.75.0" "generate-lockfile" "--manifest-path" "Cargo.toml", kill_on_drop: false }`
[INFO] [stderr]     Blocking waiting for file lock on package cache
[INFO] [stderr]     Updating crates.io index
[INFO] running `Command { std: CARGO_HOME="/workspace/cargo-home" RUSTUP_HOME="/workspace/rustup-home" "/workspace/cargo-home/bin/cargo" "+1.75.0" "fetch" "--manifest-path" "Cargo.toml", kill_on_drop: false }`
[INFO] [stderr]     Blocking waiting for file lock on package cache
[INFO] [stderr]     Blocking waiting for file lock on package cache
[INFO] running `Command { std: "docker" "create" "-v" "/var/lib/crater-agent-workspace/builds/worker-1-tc1/target:/opt/rustwide/target:rw,Z" "-v" "/var/lib/crater-agent-workspace/builds/worker-1-tc1/source:/opt/rustwide/workdir:ro,Z" "-v" "/var/lib/crater-agent-workspace/cargo-home:/opt/rustwide/cargo-home:ro,Z" "-v" "/var/lib/crater-agent-workspace/rustup-home:/opt/rustwide/rustup-home:ro,Z" "-e" "SOURCE_DIR=/opt/rustwide/workdir" "-e" "CARGO_TARGET_DIR=/opt/rustwide/target" "-e" "CARGO_HOME=/opt/rustwide/cargo-home" "-e" "RUSTUP_HOME=/opt/rustwide/rustup-home" "-w" "/opt/rustwide/workdir" "-m" "1610612736" "--user" "0:0" "--network" "none" "ghcr.io/rust-lang/crates-build-env/linux@sha256:2788e3201cd34a07e3172128adcd8b3090168a8e3bcc40d7c032b9dda1df7d1c" "/opt/rustwide/cargo-home/bin/cargo" "+1.75.0" "metadata" "--no-deps" "--format-version=1", kill_on_drop: false }`
[INFO] [stdout] cb403d3ebb1dd7b85fc839929bf4fb0ea08b900436f724f75f621c4b3516fe79
[INFO] running `Command { std: "docker" "start" "-a" "cb403d3ebb1dd7b85fc839929bf4fb0ea08b900436f724f75f621c4b3516fe79", kill_on_drop: false }`
[INFO] running `Command { std: "docker" "inspect" "cb403d3ebb1dd7b85fc839929bf4fb0ea08b900436f724f75f621c4b3516fe79", kill_on_drop: false }`
[INFO] running `Command { std: "docker" "rm" "-f" "cb403d3ebb1dd7b85fc839929bf4fb0ea08b900436f724f75f621c4b3516fe79", kill_on_drop: false }`
[INFO] [stdout] cb403d3ebb1dd7b85fc839929bf4fb0ea08b900436f724f75f621c4b3516fe79
[INFO] running `Command { std: "docker" "create" "-v" "/var/lib/crater-agent-workspace/builds/worker-1-tc1/target:/opt/rustwide/target:rw,Z" "-v" "/var/lib/crater-agent-workspace/builds/worker-1-tc1/source:/opt/rustwide/workdir:ro,Z" "-v" "/var/lib/crater-agent-workspace/cargo-home:/opt/rustwide/cargo-home:ro,Z" "-v" "/var/lib/crater-agent-workspace/rustup-home:/opt/rustwide/rustup-home:ro,Z" "-e" "SOURCE_DIR=/opt/rustwide/workdir" "-e" "CARGO_TARGET_DIR=/opt/rustwide/target" "-e" "CARGO_INCREMENTAL=0" "-e" "RUST_BACKTRACE=full" "-e" "RUSTFLAGS=--cap-lints=warn" "-e" "RUSTDOCFLAGS=--cap-lints=warn" "-e" "CARGO_HOME=/opt/rustwide/cargo-home" "-e" "RUSTUP_HOME=/opt/rustwide/rustup-home" "-w" "/opt/rustwide/workdir" "-m" "1610612736" "--user" "0:0" "--network" "none" "ghcr.io/rust-lang/crates-build-env/linux@sha256:2788e3201cd34a07e3172128adcd8b3090168a8e3bcc40d7c032b9dda1df7d1c" "/opt/rustwide/cargo-home/bin/cargo" "+1.75.0" "build" "--frozen" "--message-format=json", kill_on_drop: false }`
[INFO] [stdout] 2a3053eb0d8491de6bd498aa896e51b84b7d80d0cfce31f64d8a8b5a7b7a5895
[INFO] running `Command { std: "docker" "start" "-a" "2a3053eb0d8491de6bd498aa896e51b84b7d80d0cfce31f64d8a8b5a7b7a5895", kill_on_drop: false }`
[INFO] [stderr]    Compiling spin v0.9.8
[INFO] [stderr]    Compiling untrusted v0.9.0
[INFO] [stderr]    Compiling serde v1.0.194
[INFO] [stderr]    Compiling futures-task v0.3.30
[INFO] [stderr]    Compiling futures-channel v0.3.30
[INFO] [stderr]    Compiling futures-io v0.3.30
[INFO] [stderr]    Compiling ident_case v1.0.1
[INFO] [stderr]    Compiling rustls v0.21.10
[INFO] [stderr]    Compiling unicode-normalization v0.1.22
[INFO] [stderr]    Compiling strsim v0.10.0
[INFO] [stderr]    Compiling syn v2.0.48
[INFO] [stderr]    Compiling cc v1.0.83
[INFO] [stderr]    Compiling getrandom v0.2.11
[INFO] [stderr]    Compiling tracing v0.1.40
[INFO] [stderr]    Compiling unicode-bidi v0.3.14
[INFO] [stderr]    Compiling base64 v0.21.5
[INFO] [stderr]    Compiling num-traits v0.2.17
[INFO] [stderr]    Compiling openssl-probe v0.1.5
[INFO] [stderr]    Compiling rustls v0.22.1
[INFO] [stderr]    Compiling powerfmt v0.2.0
[INFO] [stderr]    Compiling serde_json v1.0.111
[INFO] [stderr]    Compiling either v1.9.0
[INFO] [stderr]    Compiling rustls-pki-types v1.1.0
[INFO] [stderr]    Compiling form_urlencoded v1.2.1
[INFO] [stderr]    Compiling matches v0.1.10
[INFO] [stderr]    Compiling rustls-pemfile v1.0.4
[INFO] [stderr]    Compiling num_threads v0.1.6
[INFO] [stderr]    Compiling rustls-native-certs v0.6.3
[INFO] [stderr]    Compiling subtle v2.5.0
[INFO] [stderr]    Compiling zeroize v1.7.0
[INFO] [stderr]    Compiling idna v0.5.0
[INFO] [stderr]    Compiling time-core v0.1.2
[INFO] [stderr]    Compiling idna v0.1.5
[INFO] [stderr]    Compiling itertools v0.12.0
[INFO] [stderr]    Compiling seahash v4.1.0
[INFO] [stderr]    Compiling iana-time-zone v0.1.59
[INFO] [stderr]    Compiling itertools v0.10.5
[INFO] [stderr]    Compiling mime v0.3.17
[INFO] [stderr]    Compiling ring v0.17.7
[INFO] [stderr]    Compiling url v2.5.0
[INFO] [stderr]    Compiling url v1.7.2
[INFO] [stderr]    Compiling darling_core v0.20.3
[INFO] [stderr]    Compiling rustls-webpki v0.101.7
[INFO] [stderr]    Compiling sct v0.7.1
[INFO] [stderr]    Compiling rustls-webpki v0.102.1
[INFO] [stderr]    Compiling futures-macro v0.3.30
[INFO] [stderr]    Compiling tokio-macros v2.2.0
[INFO] [stderr]    Compiling serde_derive v1.0.194
[INFO] [stderr]    Compiling async-trait v0.1.77
[INFO] [stderr]    Compiling tokio v1.35.1
[INFO] [stderr]    Compiling darling_macro v0.20.3
[INFO] [stderr]    Compiling futures-util v0.3.30
[INFO] [stderr]    Compiling darling v0.20.3
[INFO] [stderr]    Compiling serde_with_macros v2.3.3
[INFO] [stderr]    Compiling futures-executor v0.3.30
[INFO] [stderr]    Compiling futures v0.3.30
[INFO] [stderr]    Compiling tokio-util v0.7.10
[INFO] [stderr]    Compiling tokio-rustls v0.24.1
[INFO] [stderr]    Compiling h2 v0.3.22
[INFO] [stderr]    Compiling deranged v0.3.11
[INFO] [stderr]    Compiling serde_with v2.3.3
[INFO] [stderr]    Compiling chrono v0.4.31
[INFO] [stderr]    Compiling time v0.3.31
[INFO] [stderr]    Compiling hyper v0.14.28
[INFO] [stderr]    Compiling hyper-rustls v0.24.2
[INFO] [stderr]    Compiling yup-oauth2 v8.3.2
[INFO] [stderr]    Compiling google-apis-common v6.0.0
[INFO] [stderr]    Compiling google-contactcenterinsights1 v5.0.3+20230115 (/opt/rustwide/workdir)
[INFO] [stderr]     Finished dev [unoptimized + debuginfo] target(s) in 43.60s
[INFO] running `Command { std: "docker" "inspect" "2a3053eb0d8491de6bd498aa896e51b84b7d80d0cfce31f64d8a8b5a7b7a5895", kill_on_drop: false }`
[INFO] running `Command { std: "docker" "rm" "-f" "2a3053eb0d8491de6bd498aa896e51b84b7d80d0cfce31f64d8a8b5a7b7a5895", kill_on_drop: false }`
[INFO] [stdout] 2a3053eb0d8491de6bd498aa896e51b84b7d80d0cfce31f64d8a8b5a7b7a5895
[INFO] running `Command { std: "docker" "create" "-v" "/var/lib/crater-agent-workspace/builds/worker-1-tc1/target:/opt/rustwide/target:rw,Z" "-v" "/var/lib/crater-agent-workspace/builds/worker-1-tc1/source:/opt/rustwide/workdir:ro,Z" "-v" "/var/lib/crater-agent-workspace/cargo-home:/opt/rustwide/cargo-home:ro,Z" "-v" "/var/lib/crater-agent-workspace/rustup-home:/opt/rustwide/rustup-home:ro,Z" "-e" "SOURCE_DIR=/opt/rustwide/workdir" "-e" "CARGO_TARGET_DIR=/opt/rustwide/target" "-e" "CARGO_INCREMENTAL=0" "-e" "RUST_BACKTRACE=full" "-e" "RUSTFLAGS=--cap-lints=warn" "-e" "RUSTDOCFLAGS=--cap-lints=warn" "-e" "CARGO_HOME=/opt/rustwide/cargo-home" "-e" "RUSTUP_HOME=/opt/rustwide/rustup-home" "-w" "/opt/rustwide/workdir" "-m" "1610612736" "--user" "0:0" "--network" "none" "ghcr.io/rust-lang/crates-build-env/linux@sha256:2788e3201cd34a07e3172128adcd8b3090168a8e3bcc40d7c032b9dda1df7d1c" "/opt/rustwide/cargo-home/bin/cargo" "+1.75.0" "test" "--frozen" "--no-run" "--message-format=json", kill_on_drop: false }`
[INFO] [stdout] 9ff6cb891f177ff3dad125fe076cbad72255175c7cb40645bfa23b031d318ca4
[INFO] running `Command { std: "docker" "start" "-a" "9ff6cb891f177ff3dad125fe076cbad72255175c7cb40645bfa23b031d318ca4", kill_on_drop: false }`
[INFO] [stderr]    Compiling google-contactcenterinsights1 v5.0.3+20230115 (/opt/rustwide/workdir)
[INFO] [stderr]     Finished test [unoptimized + debuginfo] target(s) in 4.47s
[INFO] running `Command { std: "docker" "inspect" "9ff6cb891f177ff3dad125fe076cbad72255175c7cb40645bfa23b031d318ca4", kill_on_drop: false }`
[INFO] running `Command { std: "docker" "rm" "-f" "9ff6cb891f177ff3dad125fe076cbad72255175c7cb40645bfa23b031d318ca4", kill_on_drop: false }`
[INFO] [stdout] 9ff6cb891f177ff3dad125fe076cbad72255175c7cb40645bfa23b031d318ca4
[INFO] running `Command { std: "docker" "create" "-v" "/var/lib/crater-agent-workspace/builds/worker-1-tc1/target:/opt/rustwide/target:rw,Z" "-v" "/var/lib/crater-agent-workspace/builds/worker-1-tc1/source:/opt/rustwide/workdir:ro,Z" "-v" "/var/lib/crater-agent-workspace/cargo-home:/opt/rustwide/cargo-home:ro,Z" "-v" "/var/lib/crater-agent-workspace/rustup-home:/opt/rustwide/rustup-home:ro,Z" "-e" "SOURCE_DIR=/opt/rustwide/workdir" "-e" "CARGO_TARGET_DIR=/opt/rustwide/target" "-e" "CARGO_INCREMENTAL=0" "-e" "RUST_BACKTRACE=full" "-e" "RUSTFLAGS=--cap-lints=warn" "-e" "RUSTDOCFLAGS=--cap-lints=warn" "-e" "CARGO_HOME=/opt/rustwide/cargo-home" "-e" "RUSTUP_HOME=/opt/rustwide/rustup-home" "-w" "/opt/rustwide/workdir" "-m" "1610612736" "--user" "0:0" "--network" "none" "ghcr.io/rust-lang/crates-build-env/linux@sha256:2788e3201cd34a07e3172128adcd8b3090168a8e3bcc40d7c032b9dda1df7d1c" "/opt/rustwide/cargo-home/bin/cargo" "+1.75.0" "test" "--frozen", kill_on_drop: false }`
[INFO] [stdout] 78270dd54e59df6bf1415fdd4b6382849fb15b7c619c6ed96c308d8fef9b361d
[INFO] running `Command { std: "docker" "start" "-a" "78270dd54e59df6bf1415fdd4b6382849fb15b7c619c6ed96c308d8fef9b361d", kill_on_drop: false }`
[INFO] [stderr]     Finished test [unoptimized + debuginfo] target(s) in 0.10s
[INFO] [stderr]      Running unittests src/lib.rs (/opt/rustwide/target/debug/deps/google_contactcenterinsights1-200226bc478ede40)
[INFO] [stdout] 
[INFO] [stdout] running 0 tests
[INFO] [stdout] 
[INFO] [stdout] test result: ok. 0 passed; 0 failed; 0 ignored; 0 measured; 0 filtered out; finished in 0.00s
[INFO] [stdout] 
[INFO] [stderr]    Doc-tests google-contactcenterinsights1
[INFO] [stdout] 
[INFO] [stdout] running 44 tests
[INFO] [stdout] test src/api.rs - api::ProjectLocationConversationAnalysisDeleteCall (line 3179) - compile ... ok
[INFO] [stdout] test src/api.rs - api::ProjectLocationConversationListCall (line 5711) - compile ... ok
[INFO] [stdout] test src/api.rs - api::Contactcenterinsights (line 58) - compile ... ok
[INFO] [stdout] test src/api.rs - api::ProjectLocationConversationAnalysisGetCall (line 3441) - compile ... ok
[INFO] [stdout] test src/api.rs - api::ProjectLocationConversationCreateCall (line 4567) - compile ... ok
[INFO] [stdout] test src/api.rs - api::ProjectLocationConversationIngestCall (line 5419) - compile ... ok
[INFO] [stdout] test src/api.rs - api::ProjectLocationConversationCalculateStatCall (line 4293) - compile ... ok
[INFO] [stdout] test src/api.rs - api::ProjectLocationConversationGetCall (line 5145) - compile ... ok
[INFO] [stdout] test src/api.rs - api::ProjectLocationIssueModelCalculateIssueModelStatCall (line 7707) - compile ... ok
[INFO] [stdout] test src/api.rs - api::ProjectLocationConversationDeleteCall (line 4871) - compile ... ok
[INFO] [stdout] test src/api.rs - api::ProjectLocationConversationAnalysisListCall (line 3703) - compile ... ok
[INFO] [stdout] test src/api.rs - api::ProjectLocationInsightsdataExportCall (line 6325) - compile ... ok
[INFO] [stdout] test src/api.rs - api::ProjectLocationConversationAnalysisCreateCall (line 2887) - compile ... ok
[INFO] [stdout] test src/api.rs - api::ProjectLocationIssueModelCreateCall (line 7969) - compile ... ok
[INFO] [stdout] test src/api.rs - api::ProjectLocationIssueModelIssueGetCall (line 6879) - compile ... ok
[INFO] [stdout] test src/api.rs - api::ProjectLocationGetSettingCall (line 13581) - compile ... ok
[INFO] [stdout] test src/api.rs - api::ProjectLocationIssueModelDeleteCall (line 8261) - compile ... ok
[INFO] [stdout] test src/api.rs - api::ProjectLocationConversationBulkAnalyzeCall (line 4001) - compile ... ok
[INFO] [stdout] test src/api.rs - api::ProjectLocationIssueModelGetCall (line 8815) - compile ... ok
[INFO] [stdout] test src/api.rs - api::ProjectLocationConversationPatchCall (line 6021) - compile ... FAILED
[INFO] [stdout] test src/api.rs - api::ProjectLocationIssueModelIssueDeleteCall (line 6617) - compile ... ok
[INFO] [stdout] test src/api.rs - api::ProjectLocationIssueModelDeployCall (line 8523) - compile ... ok
[INFO] [stdout] test src/api.rs - api::ProjectLocationIssueModelIssueListCall (line 7141) - compile ... ok
[INFO] [stdout] test src/api.rs - api::ProjectLocationIssueModelUndeployCall (line 9643) - compile ... ok
[INFO] [stdout] test src/api.rs - api::ProjectLocationOperationCancelCall (line 9935) - compile ... ok
[INFO] [stdout] test src/api.rs - api::ProjectLocationPhraseMatcherListCall (line 11573) - compile ... ok
[INFO] [stdout] test src/api.rs - api::ProjectLocationPhraseMatcherCreateCall (line 10757) - compile ... ok
[INFO] [stdout] test src/lib.rs - (line 49) ... ignored
[INFO] [stdout] test src/api.rs - api::ProjectLocationOperationGetCall (line 10197) - compile ... ok
[INFO] [stdout] test src/api.rs - api::ProjectLocationOperationListCall (line 10459) - compile ... ok
[INFO] [stdout] test src/api.rs - api::ProjectLocationPhraseMatcherGetCall (line 11311) - compile ... ok
[INFO] [stdout] test src/api.rs - api::ProjectLocationPhraseMatcherDeleteCall (line 11049) - compile ... ok
[INFO] [stdout] test src/api.rs - api::ProjectLocationViewDeleteCall (line 12467) - compile ... ok
[INFO] [stdout] test src/api.rs - api::ProjectLocationIssueModelPatchCall (line 9339) - compile ... FAILED
[INFO] [stdout] test src/api.rs - api::ProjectLocationUpdateSettingCall (line 13843) - compile ... FAILED
[INFO] [stdout] test src/api.rs - api::ProjectLocationIssueModelListCall (line 9077) - compile ... ok
[INFO] [stdout] test src/api.rs - api::ProjectLocationViewListCall (line 12991) - compile ... ok
[INFO] [stdout] test src/api.rs - api::ProjectLocationViewCreateCall (line 12175) - compile ... ok
[INFO] [stdout] test src/api.rs - api::ProjectLocationIssueModelIssuePatchCall (line 7403) - compile ... FAILED
[INFO] [stdout] test src/api.rs - api::ProjectLocationViewPatchCall (line 13277) - compile ... FAILED
[INFO] [stdout] test src/api.rs - api::ProjectLocationPhraseMatcherPatchCall (line 11871) - compile ... FAILED
[INFO] [stdout] test src/api.rs - api::ProjectLocationViewGetCall (line 12729) - compile ... ok
[INFO] [stdout] test src/lib.rs - (line 81) - compile ... ok
[INFO] [stdout] test src/api.rs - api::ProjectMethods (line 2101) - compile ... ok
[INFO] [stdout] 
[INFO] [stdout] failures:
[INFO] [stdout] 
[INFO] [stdout] ---- src/api.rs - api::ProjectLocationConversationPatchCall (line 6021) stdout ----
[INFO] [stdout] error[E0308]: mismatched types
[INFO] [stdout]     --> src/api.rs:6045:27
[INFO] [stdout]      |
[INFO] [stdout] 25   |              .update_mask(&Default::default())
[INFO] [stdout]      |               ----------- ^^^^^^^^^^^^^^^^^^^ expected `FieldMask`, found `&_`
[INFO] [stdout]      |               |
[INFO] [stdout]      |               arguments to this method are incorrect
[INFO] [stdout]      |
[INFO] [stdout]      = note: expected struct `FieldMask`
[INFO] [stdout]              found reference `&_`
[INFO] [stdout] note: method defined here
[INFO] [stdout]     --> /opt/rustwide/workdir/src/api.rs:6236:12
[INFO] [stdout]      |
[INFO] [stdout] 6236 |     pub fn update_mask(mut self, new_value: client::FieldMask) -> ProjectLocationConversationPatchCall<'a, S> {
[INFO] [stdout]      |            ^^^^^^^^^^^
[INFO] [stdout] help: consider removing the borrow
[INFO] [stdout]      |
[INFO] [stdout] 25   -              .update_mask(&Default::default())
[INFO] [stdout] 25   +              .update_mask(Default::default())
[INFO] [stdout]      |
[INFO] [stdout] 
[INFO] [stdout] error: aborting due to previous error
[INFO] [stdout] 
[INFO] [stdout] For more information about this error, try `rustc --explain E0308`.
[INFO] [stdout] Couldn't compile the test.
[INFO] [stdout] ---- src/api.rs - api::ProjectLocationIssueModelPatchCall (line 9339) stdout ----
[INFO] [stdout] error[E0308]: mismatched types
[INFO] [stdout]     --> src/api.rs:9363:27
[INFO] [stdout]      |
[INFO] [stdout] 25   |              .update_mask(&Default::default())
[INFO] [stdout]      |               ----------- ^^^^^^^^^^^^^^^^^^^ expected `FieldMask`, found `&_`
[INFO] [stdout]      |               |
[INFO] [stdout]      |               arguments to this method are incorrect
[INFO] [stdout]      |
[INFO] [stdout]      = note: expected struct `FieldMask`
[INFO] [stdout]              found reference `&_`
[INFO] [stdout] note: method defined here
[INFO] [stdout]     --> /opt/rustwide/workdir/src/api.rs:9554:12
[INFO] [stdout]      |
[INFO] [stdout] 9554 |     pub fn update_mask(mut self, new_value: client::FieldMask) -> ProjectLocationIssueModelPatchCall<'a, S> {
[INFO] [stdout]      |            ^^^^^^^^^^^
[INFO] [stdout] help: consider removing the borrow
[INFO] [stdout]      |
[INFO] [stdout] 25   -              .update_mask(&Default::default())
[INFO] [stdout] 25   +              .update_mask(Default::default())
[INFO] [stdout]      |
[INFO] [stdout] 
[INFO] [stdout] error: aborting due to previous error
[INFO] [stdout] 
[INFO] [stdout] For more information about this error, try `rustc --explain E0308`.
[INFO] [stdout] Couldn't compile the test.
[INFO] [stdout] ---- src/api.rs - api::ProjectLocationUpdateSettingCall (line 13843) stdout ----
[INFO] [stdout] error[E0308]: mismatched types
[INFO] [stdout]      --> src/api.rs:13867:27
[INFO] [stdout]       |
[INFO] [stdout] 25    |              .update_mask(&Default::default())
[INFO] [stdout]       |               ----------- ^^^^^^^^^^^^^^^^^^^ expected `FieldMask`, found `&_`
[INFO] [stdout]       |               |
[INFO] [stdout]       |               arguments to this method are incorrect
[INFO] [stdout]       |
[INFO] [stdout]       = note: expected struct `FieldMask`
[INFO] [stdout]               found reference `&_`
[INFO] [stdout] note: method defined here
[INFO] [stdout]      --> /opt/rustwide/workdir/src/api.rs:14058:12
[INFO] [stdout]       |
[INFO] [stdout] 14058 |     pub fn update_mask(mut self, new_value: client::FieldMask) -> ProjectLocationUpdateSettingCall<'a, S> {
[INFO] [stdout]       |            ^^^^^^^^^^^
[INFO] [stdout] help: consider removing the borrow
[INFO] [stdout]       |
[INFO] [stdout] 25    -              .update_mask(&Default::default())
[INFO] [stdout] 25    +              .update_mask(Default::default())
[INFO] [stdout]       |
[INFO] [stdout] 
[INFO] [stdout] error: aborting due to previous error
[INFO] [stdout] 
[INFO] [stdout] For more information about this error, try `rustc --explain E0308`.
[INFO] [stdout] Couldn't compile the test.
[INFO] [stdout] ---- src/api.rs - api::ProjectLocationIssueModelIssuePatchCall (line 7403) stdout ----
[INFO] [stdout] error[E0308]: mismatched types
[INFO] [stdout]     --> src/api.rs:7427:27
[INFO] [stdout]      |
[INFO] [stdout] 25   |              .update_mask(&Default::default())
[INFO] [stdout]      |               ----------- ^^^^^^^^^^^^^^^^^^^ expected `FieldMask`, found `&_`
[INFO] [stdout]      |               |
[INFO] [stdout]      |               arguments to this method are incorrect
[INFO] [stdout]      |
[INFO] [stdout]      = note: expected struct `FieldMask`
[INFO] [stdout]              found reference `&_`
[INFO] [stdout] note: method defined here
[INFO] [stdout]     --> /opt/rustwide/workdir/src/api.rs:7618:12
[INFO] [stdout]      |
[INFO] [stdout] 7618 |     pub fn update_mask(mut self, new_value: client::FieldMask) -> ProjectLocationIssueModelIssuePatchCall<'a, S> {
[INFO] [stdout]      |            ^^^^^^^^^^^
[INFO] [stdout] help: consider removing the borrow
[INFO] [stdout]      |
[INFO] [stdout] 25   -              .update_mask(&Default::default())
[INFO] [stdout] 25   +              .update_mask(Default::default())
[INFO] [stdout]      |
[INFO] [stdout] 
[INFO] [stdout] error: aborting due to previous error
[INFO] [stdout] 
[INFO] [stdout] For more information about this error, try `rustc --explain E0308`.
[INFO] [stdout] Couldn't compile the test.
[INFO] [stdout] ---- src/api.rs - api::ProjectLocationViewPatchCall (line 13277) stdout ----
[INFO] [stdout] error[E0308]: mismatched types
[INFO] [stdout]      --> src/api.rs:13301:27
[INFO] [stdout]       |
[INFO] [stdout] 25    |              .update_mask(&Default::default())
[INFO] [stdout]       |               ----------- ^^^^^^^^^^^^^^^^^^^ expected `FieldMask`, found `&_`
[INFO] [stdout]       |               |
[INFO] [stdout]       |               arguments to this method are incorrect
[INFO] [stdout]       |
[INFO] [stdout]       = note: expected struct `FieldMask`
[INFO] [stdout]               found reference `&_`
[INFO] [stdout] note: method defined here
[INFO] [stdout]      --> /opt/rustwide/workdir/src/api.rs:13492:12
[INFO] [stdout]       |
[INFO] [stdout] 13492 |     pub fn update_mask(mut self, new_value: client::FieldMask) -> ProjectLocationViewPatchCall<'a, S> {
[INFO] [stdout]       |            ^^^^^^^^^^^
[INFO] [stdout] help: consider removing the borrow
[INFO] [stdout]       |
[INFO] [stdout] 25    -              .update_mask(&Default::default())
[INFO] [stdout] 25    +              .update_mask(Default::default())
[INFO] [stdout]       |
[INFO] [stdout] 
[INFO] [stdout] error: aborting due to previous error
[INFO] [stdout] 
[INFO] [stdout] For more information about this error, try `rustc --explain E0308`.
[INFO] [stdout] Couldn't compile the test.
[INFO] [stdout] ---- src/api.rs - api::ProjectLocationPhraseMatcherPatchCall (line 11871) stdout ----
[INFO] [stdout] error[E0308]: mismatched types
[INFO] [stdout]      --> src/api.rs:11895:27
[INFO] [stdout]       |
[INFO] [stdout] 25    |              .update_mask(&Default::default())
[INFO] [stdout]       |               ----------- ^^^^^^^^^^^^^^^^^^^ expected `FieldMask`, found `&_`
[INFO] [stdout]       |               |
[INFO] [stdout]       |               arguments to this method are incorrect
[INFO] [stdout]       |
[INFO] [stdout]       = note: expected struct `FieldMask`
[INFO] [stdout]               found reference `&_`
[INFO] [stdout] note: method defined here
[INFO] [stdout]      --> /opt/rustwide/workdir/src/api.rs:12086:12
[INFO] [stdout]       |
[INFO] [stdout] 12086 |     pub fn update_mask(mut self, new_value: client::FieldMask) -> ProjectLocationPhraseMatcherPatchCall<'a, S> {
[INFO] [stdout]       |            ^^^^^^^^^^^
[INFO] [stdout] help: consider removing the borrow
[INFO] [stdout]       |
[INFO] [stdout] 25    -              .update_mask(&Default::default())
[INFO] [stdout] 25    +              .update_mask(Default::default())
[INFO] [stdout]       |
[INFO] [stdout] 
[INFO] [stdout] error: aborting due to previous error
[INFO] [stdout] 
[INFO] [stdout] For more information about this error, try `rustc --explain E0308`.
[INFO] [stdout] Couldn't compile the test.
[INFO] [stdout] 
[INFO] [stdout] failures:
[INFO] [stdout]     src/api.rs - api::ProjectLocationConversationPatchCall (line 6021)
[INFO] [stdout]     src/api.rs - api::ProjectLocationIssueModelIssuePatchCall (line 7403)
[INFO] [stdout]     src/api.rs - api::ProjectLocationIssueModelPatchCall (line 9339)
[INFO] [stdout]     src/api.rs - api::ProjectLocationPhraseMatcherPatchCall (line 11871)
[INFO] [stdout]     src/api.rs - api::ProjectLocationUpdateSettingCall (line 13843)
[INFO] [stdout]     src/api.rs - api::ProjectLocationViewPatchCall (line 13277)
[INFO] [stdout] 
[INFO] [stdout] test result: FAILED. 37 passed; 6 failed; 1 ignored; 0 measured; 0 filtered out; finished in 0.95s
[INFO] [stdout] 
[INFO] [stderr] error: doctest failed, to rerun pass `--doc`
[INFO] running `Command { std: "docker" "inspect" "78270dd54e59df6bf1415fdd4b6382849fb15b7c619c6ed96c308d8fef9b361d", kill_on_drop: false }`
[INFO] running `Command { std: "docker" "rm" "-f" "78270dd54e59df6bf1415fdd4b6382849fb15b7c619c6ed96c308d8fef9b361d", kill_on_drop: false }`
[INFO] [stdout] 78270dd54e59df6bf1415fdd4b6382849fb15b7c619c6ed96c308d8fef9b361d
