[INFO] fetching crate google-cloudtasks2_beta3 5.0.3+20230105...
[INFO] testing google-cloudtasks2_beta3-5.0.3+20230105 against 1.75.0 for beta-1.76-1
[INFO] extracting crate google-cloudtasks2_beta3 5.0.3+20230105 into /workspace/builds/worker-2-tc1/source
[INFO] validating manifest of crates.io crate google-cloudtasks2_beta3 5.0.3+20230105 on toolchain 1.75.0
[INFO] running `Command { std: CARGO_HOME="/workspace/cargo-home" RUSTUP_HOME="/workspace/rustup-home" "/workspace/cargo-home/bin/cargo" "+1.75.0" "metadata" "--manifest-path" "Cargo.toml" "--no-deps", kill_on_drop: false }`
[INFO] started tweaking crates.io crate google-cloudtasks2_beta3 5.0.3+20230105
[INFO] finished tweaking crates.io crate google-cloudtasks2_beta3 5.0.3+20230105
[INFO] tweaked toml for crates.io crate google-cloudtasks2_beta3 5.0.3+20230105 written to /workspace/builds/worker-2-tc1/source/Cargo.toml
[INFO] running `Command { std: CARGO_HOME="/workspace/cargo-home" RUSTUP_HOME="/workspace/rustup-home" "/workspace/cargo-home/bin/cargo" "+1.75.0" "generate-lockfile" "--manifest-path" "Cargo.toml", kill_on_drop: false }`
[INFO] [stderr]     Updating crates.io index
[INFO] running `Command { std: CARGO_HOME="/workspace/cargo-home" RUSTUP_HOME="/workspace/rustup-home" "/workspace/cargo-home/bin/cargo" "+1.75.0" "fetch" "--manifest-path" "Cargo.toml", kill_on_drop: false }`
[INFO] [stderr]  Downloading crates ...
[INFO] [stderr]   Downloaded google-apis-common v6.0.0
[INFO] running `Command { std: "docker" "create" "-v" "/var/lib/crater-agent-workspace/builds/worker-2-tc1/target:/opt/rustwide/target:rw,Z" "-v" "/var/lib/crater-agent-workspace/builds/worker-2-tc1/source:/opt/rustwide/workdir:ro,Z" "-v" "/var/lib/crater-agent-workspace/cargo-home:/opt/rustwide/cargo-home:ro,Z" "-v" "/var/lib/crater-agent-workspace/rustup-home:/opt/rustwide/rustup-home:ro,Z" "-e" "SOURCE_DIR=/opt/rustwide/workdir" "-e" "CARGO_TARGET_DIR=/opt/rustwide/target" "-e" "CARGO_HOME=/opt/rustwide/cargo-home" "-e" "RUSTUP_HOME=/opt/rustwide/rustup-home" "-w" "/opt/rustwide/workdir" "-m" "1610612736" "--user" "0:0" "--network" "none" "ghcr.io/rust-lang/crates-build-env/linux@sha256:2788e3201cd34a07e3172128adcd8b3090168a8e3bcc40d7c032b9dda1df7d1c" "/opt/rustwide/cargo-home/bin/cargo" "+1.75.0" "metadata" "--no-deps" "--format-version=1", kill_on_drop: false }`
[INFO] [stdout] 9faa7bce8f69f43aca510899d30318dd86ea1d3b9647b88bae5efc58daf48b9e
[INFO] running `Command { std: "docker" "start" "-a" "9faa7bce8f69f43aca510899d30318dd86ea1d3b9647b88bae5efc58daf48b9e", kill_on_drop: false }`
[INFO] running `Command { std: "docker" "inspect" "9faa7bce8f69f43aca510899d30318dd86ea1d3b9647b88bae5efc58daf48b9e", kill_on_drop: false }`
[INFO] running `Command { std: "docker" "rm" "-f" "9faa7bce8f69f43aca510899d30318dd86ea1d3b9647b88bae5efc58daf48b9e", kill_on_drop: false }`
[INFO] [stdout] 9faa7bce8f69f43aca510899d30318dd86ea1d3b9647b88bae5efc58daf48b9e
[INFO] running `Command { std: "docker" "create" "-v" "/var/lib/crater-agent-workspace/builds/worker-2-tc1/target:/opt/rustwide/target:rw,Z" "-v" "/var/lib/crater-agent-workspace/builds/worker-2-tc1/source:/opt/rustwide/workdir:ro,Z" "-v" "/var/lib/crater-agent-workspace/cargo-home:/opt/rustwide/cargo-home:ro,Z" "-v" "/var/lib/crater-agent-workspace/rustup-home:/opt/rustwide/rustup-home:ro,Z" "-e" "SOURCE_DIR=/opt/rustwide/workdir" "-e" "CARGO_TARGET_DIR=/opt/rustwide/target" "-e" "CARGO_INCREMENTAL=0" "-e" "RUST_BACKTRACE=full" "-e" "RUSTFLAGS=--cap-lints=warn" "-e" "RUSTDOCFLAGS=--cap-lints=warn" "-e" "CARGO_HOME=/opt/rustwide/cargo-home" "-e" "RUSTUP_HOME=/opt/rustwide/rustup-home" "-w" "/opt/rustwide/workdir" "-m" "1610612736" "--user" "0:0" "--network" "none" "ghcr.io/rust-lang/crates-build-env/linux@sha256:2788e3201cd34a07e3172128adcd8b3090168a8e3bcc40d7c032b9dda1df7d1c" "/opt/rustwide/cargo-home/bin/cargo" "+1.75.0" "build" "--frozen" "--message-format=json", kill_on_drop: false }`
[INFO] [stdout] 015564b5579d4dc9aaa21841385595992d8f71bf81605dbf0412c5d154d1a63a
[INFO] running `Command { std: "docker" "start" "-a" "015564b5579d4dc9aaa21841385595992d8f71bf81605dbf0412c5d154d1a63a", kill_on_drop: false }`
[INFO] [stderr]    Compiling untrusted v0.9.0
[INFO] [stderr]    Compiling spin v0.9.8
[INFO] [stderr]    Compiling serde v1.0.194
[INFO] [stderr]    Compiling syn v2.0.48
[INFO] [stderr]    Compiling cc v1.0.83
[INFO] [stderr]    Compiling getrandom v0.2.11
[INFO] [stderr]    Compiling mio v0.8.10
[INFO] [stderr]    Compiling socket2 v0.5.5
[INFO] [stderr]    Compiling unicode-normalization v0.1.22
[INFO] [stderr]    Compiling unicode-bidi v0.3.14
[INFO] [stderr]    Compiling ident_case v1.0.1
[INFO] [stderr]    Compiling rustls v0.21.10
[INFO] [stderr]    Compiling strsim v0.10.0
[INFO] [stderr]    Compiling rustls-pemfile v1.0.4
[INFO] [stderr]    Compiling rustls v0.22.1
[INFO] [stderr]    Compiling powerfmt v0.2.0
[INFO] [stderr]    Compiling rustls-pki-types v1.1.0
[INFO] [stderr]    Compiling either v1.9.0
[INFO] [stderr]    Compiling rustls-native-certs v0.6.3
[INFO] [stderr]    Compiling idna v0.5.0
[INFO] [stderr]    Compiling zeroize v1.7.0
[INFO] [stderr]    Compiling time-core v0.1.2
[INFO] [stderr]    Compiling matches v0.1.10
[INFO] [stderr]    Compiling subtle v2.5.0
[INFO] [stderr]    Compiling num_threads v0.1.6
[INFO] [stderr]    Compiling idna v0.1.5
[INFO] [stderr]    Compiling itertools v0.12.0
[INFO] [stderr]    Compiling seahash v4.1.0
[INFO] [stderr]    Compiling percent-encoding v1.0.1
[INFO] [stderr]    Compiling itertools v0.10.5
[INFO] [stderr]    Compiling ring v0.17.7
[INFO] [stderr]    Compiling base64 v0.13.1
[INFO] [stderr]    Compiling url v1.7.2
[INFO] [stderr]    Compiling url v2.5.0
[INFO] [stderr]    Compiling darling_core v0.20.3
[INFO] [stderr]    Compiling futures-macro v0.3.30
[INFO] [stderr]    Compiling tokio-macros v2.2.0
[INFO] [stderr]    Compiling serde_derive v1.0.194
[INFO] [stderr]    Compiling async-trait v0.1.77
[INFO] [stderr]    Compiling sct v0.7.1
[INFO] [stderr]    Compiling tokio v1.35.1
[INFO] [stderr]    Compiling rustls-webpki v0.101.7
[INFO] [stderr]    Compiling rustls-webpki v0.102.1
[INFO] [stderr]    Compiling futures-util v0.3.30
[INFO] [stderr]    Compiling darling_macro v0.20.3
[INFO] [stderr]    Compiling darling v0.20.3
[INFO] [stderr]    Compiling serde_with_macros v2.3.3
[INFO] [stderr]    Compiling futures-executor v0.3.30
[INFO] [stderr]    Compiling futures v0.3.30
[INFO] [stderr]    Compiling tokio-util v0.7.10
[INFO] [stderr]    Compiling tokio-rustls v0.24.1
[INFO] [stderr]    Compiling h2 v0.3.22
[INFO] [stderr]    Compiling deranged v0.3.11
[INFO] [stderr]    Compiling serde_json v1.0.111
[INFO] [stderr]    Compiling serde_with v2.3.3
[INFO] [stderr]    Compiling chrono v0.4.31
[INFO] [stderr]    Compiling time v0.3.31
[INFO] [stderr]    Compiling hyper v0.14.28
[INFO] [stderr]    Compiling hyper-rustls v0.24.2
[INFO] [stderr]    Compiling yup-oauth2 v8.3.2
[INFO] [stderr]    Compiling google-apis-common v6.0.0
[INFO] [stderr]    Compiling google-cloudtasks2_beta3 v5.0.3+20230105 (/opt/rustwide/workdir)
[INFO] [stderr]     Finished dev [unoptimized + debuginfo] target(s) in 1m 32s
[INFO] running `Command { std: "docker" "inspect" "015564b5579d4dc9aaa21841385595992d8f71bf81605dbf0412c5d154d1a63a", kill_on_drop: false }`
[INFO] running `Command { std: "docker" "rm" "-f" "015564b5579d4dc9aaa21841385595992d8f71bf81605dbf0412c5d154d1a63a", kill_on_drop: false }`
[INFO] [stdout] 015564b5579d4dc9aaa21841385595992d8f71bf81605dbf0412c5d154d1a63a
[INFO] running `Command { std: "docker" "create" "-v" "/var/lib/crater-agent-workspace/builds/worker-2-tc1/target:/opt/rustwide/target:rw,Z" "-v" "/var/lib/crater-agent-workspace/builds/worker-2-tc1/source:/opt/rustwide/workdir:ro,Z" "-v" "/var/lib/crater-agent-workspace/cargo-home:/opt/rustwide/cargo-home:ro,Z" "-v" "/var/lib/crater-agent-workspace/rustup-home:/opt/rustwide/rustup-home:ro,Z" "-e" "SOURCE_DIR=/opt/rustwide/workdir" "-e" "CARGO_TARGET_DIR=/opt/rustwide/target" "-e" "CARGO_INCREMENTAL=0" "-e" "RUST_BACKTRACE=full" "-e" "RUSTFLAGS=--cap-lints=warn" "-e" "RUSTDOCFLAGS=--cap-lints=warn" "-e" "CARGO_HOME=/opt/rustwide/cargo-home" "-e" "RUSTUP_HOME=/opt/rustwide/rustup-home" "-w" "/opt/rustwide/workdir" "-m" "1610612736" "--user" "0:0" "--network" "none" "ghcr.io/rust-lang/crates-build-env/linux@sha256:2788e3201cd34a07e3172128adcd8b3090168a8e3bcc40d7c032b9dda1df7d1c" "/opt/rustwide/cargo-home/bin/cargo" "+1.75.0" "test" "--frozen" "--no-run" "--message-format=json", kill_on_drop: false }`
[INFO] [stdout] be3455e18bdac6bc48ef38c00f9e8e7c952222dc9a8f578ffc5126e1f952a6d5
[INFO] running `Command { std: "docker" "start" "-a" "be3455e18bdac6bc48ef38c00f9e8e7c952222dc9a8f578ffc5126e1f952a6d5", kill_on_drop: false }`
[INFO] [stderr]    Compiling google-cloudtasks2_beta3 v5.0.3+20230105 (/opt/rustwide/workdir)
[INFO] [stderr]     Finished test [unoptimized + debuginfo] target(s) in 3.29s
[INFO] running `Command { std: "docker" "inspect" "be3455e18bdac6bc48ef38c00f9e8e7c952222dc9a8f578ffc5126e1f952a6d5", kill_on_drop: false }`
[INFO] running `Command { std: "docker" "rm" "-f" "be3455e18bdac6bc48ef38c00f9e8e7c952222dc9a8f578ffc5126e1f952a6d5", kill_on_drop: false }`
[INFO] [stdout] be3455e18bdac6bc48ef38c00f9e8e7c952222dc9a8f578ffc5126e1f952a6d5
[INFO] running `Command { std: "docker" "create" "-v" "/var/lib/crater-agent-workspace/builds/worker-2-tc1/target:/opt/rustwide/target:rw,Z" "-v" "/var/lib/crater-agent-workspace/builds/worker-2-tc1/source:/opt/rustwide/workdir:ro,Z" "-v" "/var/lib/crater-agent-workspace/cargo-home:/opt/rustwide/cargo-home:ro,Z" "-v" "/var/lib/crater-agent-workspace/rustup-home:/opt/rustwide/rustup-home:ro,Z" "-e" "SOURCE_DIR=/opt/rustwide/workdir" "-e" "CARGO_TARGET_DIR=/opt/rustwide/target" "-e" "CARGO_INCREMENTAL=0" "-e" "RUST_BACKTRACE=full" "-e" "RUSTFLAGS=--cap-lints=warn" "-e" "RUSTDOCFLAGS=--cap-lints=warn" "-e" "CARGO_HOME=/opt/rustwide/cargo-home" "-e" "RUSTUP_HOME=/opt/rustwide/rustup-home" "-w" "/opt/rustwide/workdir" "-m" "1610612736" "--user" "0:0" "--network" "none" "ghcr.io/rust-lang/crates-build-env/linux@sha256:2788e3201cd34a07e3172128adcd8b3090168a8e3bcc40d7c032b9dda1df7d1c" "/opt/rustwide/cargo-home/bin/cargo" "+1.75.0" "test" "--frozen", kill_on_drop: false }`
[INFO] [stdout] db6107f96102b4d1aa7a51336e488175a1cb1e6680b779741f3cdef703279439
[INFO] running `Command { std: "docker" "start" "-a" "db6107f96102b4d1aa7a51336e488175a1cb1e6680b779741f3cdef703279439", kill_on_drop: false }`
[INFO] [stderr]     Finished test [unoptimized + debuginfo] target(s) in 0.16s
[INFO] [stdout] 
[INFO] [stderr]      Running unittests src/lib.rs (/opt/rustwide/target/debug/deps/google_cloudtasks2_beta3-a889b0ae4027a7c3)
[INFO] [stdout] running 0 tests
[INFO] [stderr]    Doc-tests google-cloudtasks2_beta3
[INFO] [stdout] 
[INFO] [stdout] test result: ok. 0 passed; 0 failed; 0 ignored; 0 measured; 0 filtered out; finished in 0.00s
[INFO] [stdout] 
[INFO] [stdout] 
[INFO] [stdout] running 23 tests
[INFO] [stdout] test src/api.rs - api::ProjectLocationQueueDeleteCall (line 3611) - compile ... ok
[INFO] [stdout] test src/api.rs - api::ProjectLocationGetCall (line 6513) - compile ... ok
[INFO] [stdout] test src/api.rs - api::ProjectLocationListCall (line 6775) - compile ... ok
[INFO] [stdout] test src/api.rs - api::ProjectLocationQueueGetCall (line 3873) - compile ... FAILED
[INFO] [stdout] test src/api.rs - api::ProjectLocationQueueGetIamPolicyCall (line 4147) - compile ... ok
[INFO] [stdout] test src/api.rs - api::CloudTasks (line 58) - compile ... FAILED
[INFO] [stdout] test src/api.rs - api::ProjectLocationQueueCreateCall (line 3319) - compile ... ok
[INFO] [stdout] test src/api.rs - api::ProjectLocationQueueListCall (line 4439) - compile ... FAILED
[INFO] [stdout] test src/api.rs - api::ProjectLocationQueueResumeCall (line 5637) - compile ... ok
[INFO] [stdout] test src/api.rs - api::ProjectLocationQueuePauseCall (line 5053) - compile ... ok
[INFO] [stdout] test src/api.rs - api::ProjectLocationQueuePatchCall (line 4749) - compile ... FAILED
[INFO] [stdout] test src/api.rs - api::ProjectLocationQueuePurgeCall (line 5345) - compile ... ok
[INFO] [stdout] test src/api.rs - api::ProjectLocationQueueSetIamPolicyCall (line 5929) - compile ... ok
[INFO] [stdout] test src/api.rs - api::ProjectLocationQueueTaskCreateCall (line 1901) - compile ... ok
[INFO] [stdout] test src/api.rs - api::ProjectLocationQueueTaskBufferCall (line 1597) - compile ... ok
[INFO] [stdout] test src/lib.rs - (line 49) ... ignored
[INFO] [stdout] test src/api.rs - api::ProjectLocationQueueTaskDeleteCall (line 2193) - compile ... ok
[INFO] [stdout] test src/api.rs - api::ProjectLocationQueueTestIamPermissionCall (line 6221) - compile ... ok
[INFO] [stdout] test src/api.rs - api::ProjectMethods (line 1188) - compile ... ok
[INFO] [stdout] test src/api.rs - api::ProjectLocationQueueTaskListCall (line 2729) - compile ... ok
[INFO] [stdout] test src/api.rs - api::ProjectLocationQueueTaskGetCall (line 2455) - compile ... ok
[INFO] [stdout] test src/api.rs - api::ProjectLocationQueueTaskRunCall (line 3027) - compile ... ok
[INFO] [stdout] test src/lib.rs - (line 78) - compile ... FAILED
[INFO] [stdout] 
[INFO] [stdout] failures:
[INFO] [stdout] 
[INFO] [stdout] ---- src/api.rs - api::ProjectLocationQueueGetCall (line 3873) stdout ----
[INFO] [stdout] error[E0308]: mismatched types
[INFO] [stdout]     --> src/api.rs:3891:25
[INFO] [stdout]      |
[INFO] [stdout] 19   |              .read_mask(&Default::default())
[INFO] [stdout]      |               --------- ^^^^^^^^^^^^^^^^^^^ expected `FieldMask`, found `&_`
[INFO] [stdout]      |               |
[INFO] [stdout]      |               arguments to this method are incorrect
[INFO] [stdout]      |
[INFO] [stdout]      = note: expected struct `FieldMask`
[INFO] [stdout]              found reference `&_`
[INFO] [stdout] note: method defined here
[INFO] [stdout]     --> /opt/rustwide/workdir/src/api.rs:4058:12
[INFO] [stdout]      |
[INFO] [stdout] 4058 |     pub fn read_mask(mut self, new_value: client::FieldMask) -> ProjectLocationQueueGetCall<'a, S> {
[INFO] [stdout]      |            ^^^^^^^^^
[INFO] [stdout] help: consider removing the borrow
[INFO] [stdout]      |
[INFO] [stdout] 19   -              .read_mask(&Default::default())
[INFO] [stdout] 19   +              .read_mask(Default::default())
[INFO] [stdout]      |
[INFO] [stdout] 
[INFO] [stdout] error: aborting due to previous error
[INFO] [stdout] 
[INFO] [stdout] For more information about this error, try `rustc --explain E0308`.
[INFO] [stdout] Couldn't compile the test.
[INFO] [stdout] ---- src/api.rs - api::CloudTasks (line 58) stdout ----
[INFO] [stdout] error[E0308]: mismatched types
[INFO] [stdout]     --> src/api.rs:90:27
[INFO] [stdout]      |
[INFO] [stdout] 33   |              .update_mask(&Default::default())
[INFO] [stdout]      |               ----------- ^^^^^^^^^^^^^^^^^^^ expected `FieldMask`, found `&_`
[INFO] [stdout]      |               |
[INFO] [stdout]      |               arguments to this method are incorrect
[INFO] [stdout]      |
[INFO] [stdout]      = note: expected struct `FieldMask`
[INFO] [stdout]              found reference `&_`
[INFO] [stdout] note: method defined here
[INFO] [stdout]     --> /opt/rustwide/workdir/src/api.rs:4964:12
[INFO] [stdout]      |
[INFO] [stdout] 4964 |     pub fn update_mask(mut self, new_value: client::FieldMask) -> ProjectLocationQueuePatchCall<'a, S> {
[INFO] [stdout]      |            ^^^^^^^^^^^
[INFO] [stdout] help: consider removing the borrow
[INFO] [stdout]      |
[INFO] [stdout] 33   -              .update_mask(&Default::default())
[INFO] [stdout] 33   +              .update_mask(Default::default())
[INFO] [stdout]      |
[INFO] [stdout] 
[INFO] [stdout] error: aborting due to previous error
[INFO] [stdout] 
[INFO] [stdout] For more information about this error, try `rustc --explain E0308`.
[INFO] [stdout] Couldn't compile the test.
[INFO] [stdout] ---- src/api.rs - api::ProjectLocationQueueListCall (line 4439) stdout ----
[INFO] [stdout] error[E0308]: mismatched types
[INFO] [stdout]     --> src/api.rs:4457:25
[INFO] [stdout]      |
[INFO] [stdout] 19   |              .read_mask(&Default::default())
[INFO] [stdout]      |               --------- ^^^^^^^^^^^^^^^^^^^ expected `FieldMask`, found `&_`
[INFO] [stdout]      |               |
[INFO] [stdout]      |               arguments to this method are incorrect
[INFO] [stdout]      |
[INFO] [stdout]      = note: expected struct `FieldMask`
[INFO] [stdout]              found reference `&_`
[INFO] [stdout] note: method defined here
[INFO] [stdout]     --> /opt/rustwide/workdir/src/api.rs:4639:12
[INFO] [stdout]      |
[INFO] [stdout] 4639 |     pub fn read_mask(mut self, new_value: client::FieldMask) -> ProjectLocationQueueListCall<'a, S> {
[INFO] [stdout]      |            ^^^^^^^^^
[INFO] [stdout] help: consider removing the borrow
[INFO] [stdout]      |
[INFO] [stdout] 19   -              .read_mask(&Default::default())
[INFO] [stdout] 19   +              .read_mask(Default::default())
[INFO] [stdout]      |
[INFO] [stdout] 
[INFO] [stdout] error: aborting due to previous error
[INFO] [stdout] 
[INFO] [stdout] For more information about this error, try `rustc --explain E0308`.
[INFO] [stdout] Couldn't compile the test.
[INFO] [stdout] ---- src/api.rs - api::ProjectLocationQueuePatchCall (line 4749) stdout ----
[INFO] [stdout] error[E0308]: mismatched types
[INFO] [stdout]     --> src/api.rs:4773:27
[INFO] [stdout]      |
[INFO] [stdout] 25   |              .update_mask(&Default::default())
[INFO] [stdout]      |               ----------- ^^^^^^^^^^^^^^^^^^^ expected `FieldMask`, found `&_`
[INFO] [stdout]      |               |
[INFO] [stdout]      |               arguments to this method are incorrect
[INFO] [stdout]      |
[INFO] [stdout]      = note: expected struct `FieldMask`
[INFO] [stdout]              found reference `&_`
[INFO] [stdout] note: method defined here
[INFO] [stdout]     --> /opt/rustwide/workdir/src/api.rs:4964:12
[INFO] [stdout]      |
[INFO] [stdout] 4964 |     pub fn update_mask(mut self, new_value: client::FieldMask) -> ProjectLocationQueuePatchCall<'a, S> {
[INFO] [stdout]      |            ^^^^^^^^^^^
[INFO] [stdout] help: consider removing the borrow
[INFO] [stdout]      |
[INFO] [stdout] 25   -              .update_mask(&Default::default())
[INFO] [stdout] 25   +              .update_mask(Default::default())
[INFO] [stdout]      |
[INFO] [stdout] 
[INFO] [stdout] error: aborting due to previous error
[INFO] [stdout] 
[INFO] [stdout] For more information about this error, try `rustc --explain E0308`.
[INFO] [stdout] Couldn't compile the test.
[INFO] [stdout] ---- src/lib.rs - (line 78) stdout ----
[INFO] [stdout] error[E0308]: mismatched types
[INFO] [stdout]     --> src/lib.rs:110:27
[INFO] [stdout]      |
[INFO] [stdout] 33   |              .update_mask(&Default::default())
[INFO] [stdout]      |               ----------- ^^^^^^^^^^^^^^^^^^^ expected `FieldMask`, found `&_`
[INFO] [stdout]      |               |
[INFO] [stdout]      |               arguments to this method are incorrect
[INFO] [stdout]      |
[INFO] [stdout]      = note: expected struct `FieldMask`
[INFO] [stdout]              found reference `&_`
[INFO] [stdout] note: method defined here
[INFO] [stdout]     --> /opt/rustwide/workdir/src/api.rs:4964:12
[INFO] [stdout]      |
[INFO] [stdout] 4964 |     pub fn update_mask(mut self, new_value: client::FieldMask) -> ProjectLocationQueuePatchCall<'a, S> {
[INFO] [stdout]      |            ^^^^^^^^^^^
[INFO] [stdout] help: consider removing the borrow
[INFO] [stdout]      |
[INFO] [stdout] 33   -              .update_mask(&Default::default())
[INFO] [stdout] 33   +              .update_mask(Default::default())
[INFO] [stdout]      |
[INFO] [stdout] 
[INFO] [stdout] error: aborting due to previous error
[INFO] [stdout] 
[INFO] [stdout] For more information about this error, try `rustc --explain E0308`.
[INFO] [stdout] Couldn't compile the test.
[INFO] [stdout] 
[INFO] [stdout] failures:
[INFO] [stdout]     src/api.rs - api::CloudTasks (line 58)
[INFO] [stdout]     src/api.rs - api::ProjectLocationQueueGetCall (line 3873)
[INFO] [stdout]     src/api.rs - api::ProjectLocationQueueListCall (line 4439)
[INFO] [stdout]     src/api.rs - api::ProjectLocationQueuePatchCall (line 4749)
[INFO] [stdout]     src/lib.rs - (line 78)
[INFO] [stdout] 
[INFO] [stdout] test result: FAILED. 17 passed; 5 failed; 1 ignored; 0 measured; 0 filtered out; finished in 1.86s
[INFO] [stdout] 
[INFO] [stderr] error: doctest failed, to rerun pass `--doc`
[INFO] running `Command { std: "docker" "inspect" "db6107f96102b4d1aa7a51336e488175a1cb1e6680b779741f3cdef703279439", kill_on_drop: false }`
[INFO] running `Command { std: "docker" "rm" "-f" "db6107f96102b4d1aa7a51336e488175a1cb1e6680b779741f3cdef703279439", kill_on_drop: false }`
[INFO] [stdout] db6107f96102b4d1aa7a51336e488175a1cb1e6680b779741f3cdef703279439
[INFO] testing google-cloudtasks2_beta3-5.0.3+20230105 against beta-2023-12-22 for beta-1.76-1
[INFO] extracting crate google-cloudtasks2_beta3 5.0.3+20230105 into /workspace/builds/worker-2-tc2/source
[INFO] validating manifest of crates.io crate google-cloudtasks2_beta3 5.0.3+20230105 on toolchain beta-2023-12-22
[INFO] running `Command { std: CARGO_HOME="/workspace/cargo-home" RUSTUP_HOME="/workspace/rustup-home" "/workspace/cargo-home/bin/cargo" "+beta-2023-12-22" "metadata" "--manifest-path" "Cargo.toml" "--no-deps", kill_on_drop: false }`
[INFO] started tweaking crates.io crate google-cloudtasks2_beta3 5.0.3+20230105
[INFO] finished tweaking crates.io crate google-cloudtasks2_beta3 5.0.3+20230105
[INFO] tweaked toml for crates.io crate google-cloudtasks2_beta3 5.0.3+20230105 written to /workspace/builds/worker-2-tc2/source/Cargo.toml
[INFO] running `Command { std: CARGO_HOME="/workspace/cargo-home" RUSTUP_HOME="/workspace/rustup-home" "/workspace/cargo-home/bin/cargo" "+beta-2023-12-22" "generate-lockfile" "--manifest-path" "Cargo.toml", kill_on_drop: false }`
[INFO] [stderr]     Updating crates.io index
[INFO] running `Command { std: CARGO_HOME="/workspace/cargo-home" RUSTUP_HOME="/workspace/rustup-home" "/workspace/cargo-home/bin/cargo" "+beta-2023-12-22" "fetch" "--manifest-path" "Cargo.toml", kill_on_drop: false }`
[INFO] running `Command { std: "docker" "create" "-v" "/var/lib/crater-agent-workspace/builds/worker-2-tc2/target:/opt/rustwide/target:rw,Z" "-v" "/var/lib/crater-agent-workspace/builds/worker-2-tc2/source:/opt/rustwide/workdir:ro,Z" "-v" "/var/lib/crater-agent-workspace/cargo-home:/opt/rustwide/cargo-home:ro,Z" "-v" "/var/lib/crater-agent-workspace/rustup-home:/opt/rustwide/rustup-home:ro,Z" "-e" "SOURCE_DIR=/opt/rustwide/workdir" "-e" "CARGO_TARGET_DIR=/opt/rustwide/target" "-e" "CARGO_HOME=/opt/rustwide/cargo-home" "-e" "RUSTUP_HOME=/opt/rustwide/rustup-home" "-w" "/opt/rustwide/workdir" "-m" "1610612736" "--user" "0:0" "--network" "none" "ghcr.io/rust-lang/crates-build-env/linux@sha256:2788e3201cd34a07e3172128adcd8b3090168a8e3bcc40d7c032b9dda1df7d1c" "/opt/rustwide/cargo-home/bin/cargo" "+beta-2023-12-22" "metadata" "--no-deps" "--format-version=1", kill_on_drop: false }`
[INFO] [stdout] b4a4176607d74d3f10eb4f98ba6779f5d39eb1eb3030363e9a9e420106a16292
[INFO] running `Command { std: "docker" "start" "-a" "b4a4176607d74d3f10eb4f98ba6779f5d39eb1eb3030363e9a9e420106a16292", kill_on_drop: false }`
[INFO] running `Command { std: "docker" "inspect" "b4a4176607d74d3f10eb4f98ba6779f5d39eb1eb3030363e9a9e420106a16292", kill_on_drop: false }`
[INFO] running `Command { std: "docker" "rm" "-f" "b4a4176607d74d3f10eb4f98ba6779f5d39eb1eb3030363e9a9e420106a16292", kill_on_drop: false }`
[INFO] [stdout] b4a4176607d74d3f10eb4f98ba6779f5d39eb1eb3030363e9a9e420106a16292
[INFO] running `Command { std: "docker" "create" "-v" "/var/lib/crater-agent-workspace/builds/worker-2-tc2/target:/opt/rustwide/target:rw,Z" "-v" "/var/lib/crater-agent-workspace/builds/worker-2-tc2/source:/opt/rustwide/workdir:ro,Z" "-v" "/var/lib/crater-agent-workspace/cargo-home:/opt/rustwide/cargo-home:ro,Z" "-v" "/var/lib/crater-agent-workspace/rustup-home:/opt/rustwide/rustup-home:ro,Z" "-e" "SOURCE_DIR=/opt/rustwide/workdir" "-e" "CARGO_TARGET_DIR=/opt/rustwide/target" "-e" "CARGO_INCREMENTAL=0" "-e" "RUST_BACKTRACE=full" "-e" "RUSTFLAGS=--cap-lints=warn" "-e" "RUSTDOCFLAGS=--cap-lints=warn" "-e" "CARGO_HOME=/opt/rustwide/cargo-home" "-e" "RUSTUP_HOME=/opt/rustwide/rustup-home" "-w" "/opt/rustwide/workdir" "-m" "1610612736" "--user" "0:0" "--network" "none" "ghcr.io/rust-lang/crates-build-env/linux@sha256:2788e3201cd34a07e3172128adcd8b3090168a8e3bcc40d7c032b9dda1df7d1c" "/opt/rustwide/cargo-home/bin/cargo" "+beta-2023-12-22" "build" "--frozen" "--message-format=json", kill_on_drop: false }`
[INFO] [stdout] 97fecbef85ceef35bb50673c720034900e0c2334f840f0fdff054e4c33cba352
[INFO] running `Command { std: "docker" "start" "-a" "97fecbef85ceef35bb50673c720034900e0c2334f840f0fdff054e4c33cba352", kill_on_drop: false }`
[INFO] [stderr]    Compiling spin v0.9.8
[INFO] [stderr]    Compiling untrusted v0.9.0
[INFO] [stderr]    Compiling serde v1.0.194
[INFO] [stderr]    Compiling syn v2.0.48
[INFO] [stderr]    Compiling cc v1.0.83
[INFO] [stderr]    Compiling getrandom v0.2.11
[INFO] [stderr]    Compiling socket2 v0.5.5
[INFO] [stderr]    Compiling mio v0.8.10
[INFO] [stderr]    Compiling unicode-normalization v0.1.22
[INFO] [stderr]    Compiling strsim v0.10.0
[INFO] [stderr]    Compiling rustls v0.21.10
[INFO] [stderr]    Compiling unicode-bidi v0.3.14
[INFO] [stderr]    Compiling ident_case v1.0.1
[INFO] [stderr]    Compiling rustls-pemfile v1.0.4
[INFO] [stderr]    Compiling rustls v0.22.1
[INFO] [stderr]    Compiling powerfmt v0.2.0
[INFO] [stderr]    Compiling rustls-pki-types v1.1.0
[INFO] [stderr]    Compiling either v1.9.0
[INFO] [stderr]    Compiling rustls-native-certs v0.6.3
[INFO] [stderr]    Compiling idna v0.5.0
[INFO] [stderr]    Compiling zeroize v1.7.0
[INFO] [stderr]    Compiling time-core v0.1.2
[INFO] [stderr]    Compiling matches v0.1.10
[INFO] [stderr]    Compiling num_threads v0.1.6
[INFO] [stderr]    Compiling subtle v2.5.0
[INFO] [stderr]    Compiling itertools v0.12.0
[INFO] [stderr]    Compiling idna v0.1.5
[INFO] [stderr]    Compiling seahash v4.1.0
[INFO] [stderr]    Compiling percent-encoding v1.0.1
[INFO] [stderr]    Compiling itertools v0.10.5
[INFO] [stderr]    Compiling base64 v0.13.1
[INFO] [stderr]    Compiling url v2.5.0
[INFO] [stderr]    Compiling ring v0.17.7
[INFO] [stderr]    Compiling url v1.7.2
[INFO] [stderr]    Compiling darling_core v0.20.3
[INFO] [stderr]    Compiling futures-macro v0.3.30
[INFO] [stderr]    Compiling tokio-macros v2.2.0
[INFO] [stderr]    Compiling serde_derive v1.0.194
[INFO] [stderr]    Compiling async-trait v0.1.77
[INFO] [stderr]    Compiling tokio v1.35.1
[INFO] [stderr]    Compiling futures-util v0.3.30
[INFO] [stderr]    Compiling sct v0.7.1
[INFO] [stderr]    Compiling rustls-webpki v0.101.7
[INFO] [stderr]    Compiling rustls-webpki v0.102.1
[INFO] [stderr]    Compiling darling_macro v0.20.3
[INFO] [stderr]    Compiling darling v0.20.3
[INFO] [stderr]    Compiling serde_with_macros v2.3.3
[INFO] [stderr]    Compiling futures-executor v0.3.30
[INFO] [stderr]    Compiling futures v0.3.30
[INFO] [stderr]    Compiling tokio-util v0.7.10
[INFO] [stderr]    Compiling tokio-rustls v0.24.1
[INFO] [stderr]    Compiling h2 v0.3.22
[INFO] [stderr]    Compiling deranged v0.3.11
[INFO] [stderr]    Compiling serde_json v1.0.111
[INFO] [stderr]    Compiling chrono v0.4.31
[INFO] [stderr]    Compiling serde_with v2.3.3
[INFO] [stderr]    Compiling time v0.3.31
[INFO] [stderr]    Compiling hyper v0.14.28
[INFO] [stderr]    Compiling hyper-rustls v0.24.2
[INFO] [stderr]    Compiling yup-oauth2 v8.3.2
[INFO] [stderr]    Compiling google-apis-common v6.0.0
[INFO] [stderr]    Compiling google-cloudtasks2_beta3 v5.0.3+20230105 (/opt/rustwide/workdir)
[INFO] [stderr]     Finished dev [unoptimized + debuginfo] target(s) in 1m 33s
[INFO] running `Command { std: "docker" "inspect" "97fecbef85ceef35bb50673c720034900e0c2334f840f0fdff054e4c33cba352", kill_on_drop: false }`
[INFO] running `Command { std: "docker" "rm" "-f" "97fecbef85ceef35bb50673c720034900e0c2334f840f0fdff054e4c33cba352", kill_on_drop: false }`
[INFO] [stdout] 97fecbef85ceef35bb50673c720034900e0c2334f840f0fdff054e4c33cba352
[INFO] running `Command { std: "docker" "create" "-v" "/var/lib/crater-agent-workspace/builds/worker-2-tc2/target:/opt/rustwide/target:rw,Z" "-v" "/var/lib/crater-agent-workspace/builds/worker-2-tc2/source:/opt/rustwide/workdir:ro,Z" "-v" "/var/lib/crater-agent-workspace/cargo-home:/opt/rustwide/cargo-home:ro,Z" "-v" "/var/lib/crater-agent-workspace/rustup-home:/opt/rustwide/rustup-home:ro,Z" "-e" "SOURCE_DIR=/opt/rustwide/workdir" "-e" "CARGO_TARGET_DIR=/opt/rustwide/target" "-e" "CARGO_INCREMENTAL=0" "-e" "RUST_BACKTRACE=full" "-e" "RUSTFLAGS=--cap-lints=warn" "-e" "RUSTDOCFLAGS=--cap-lints=warn" "-e" "CARGO_HOME=/opt/rustwide/cargo-home" "-e" "RUSTUP_HOME=/opt/rustwide/rustup-home" "-w" "/opt/rustwide/workdir" "-m" "1610612736" "--user" "0:0" "--network" "none" "ghcr.io/rust-lang/crates-build-env/linux@sha256:2788e3201cd34a07e3172128adcd8b3090168a8e3bcc40d7c032b9dda1df7d1c" "/opt/rustwide/cargo-home/bin/cargo" "+beta-2023-12-22" "test" "--frozen" "--no-run" "--message-format=json", kill_on_drop: false }`
[INFO] [stdout] a625a9ae0a1cfeabb71cf49459e9d92dc723e529de92d581539174a5ac6b063d
[INFO] running `Command { std: "docker" "start" "-a" "a625a9ae0a1cfeabb71cf49459e9d92dc723e529de92d581539174a5ac6b063d", kill_on_drop: false }`
[INFO] [stderr]    Compiling google-cloudtasks2_beta3 v5.0.3+20230105 (/opt/rustwide/workdir)
[INFO] [stderr]     Finished test [unoptimized + debuginfo] target(s) in 2.72s
[INFO] running `Command { std: "docker" "inspect" "a625a9ae0a1cfeabb71cf49459e9d92dc723e529de92d581539174a5ac6b063d", kill_on_drop: false }`
[INFO] running `Command { std: "docker" "rm" "-f" "a625a9ae0a1cfeabb71cf49459e9d92dc723e529de92d581539174a5ac6b063d", kill_on_drop: false }`
[INFO] [stdout] a625a9ae0a1cfeabb71cf49459e9d92dc723e529de92d581539174a5ac6b063d
[INFO] running `Command { std: "docker" "create" "-v" "/var/lib/crater-agent-workspace/builds/worker-2-tc2/target:/opt/rustwide/target:rw,Z" "-v" "/var/lib/crater-agent-workspace/builds/worker-2-tc2/source:/opt/rustwide/workdir:ro,Z" "-v" "/var/lib/crater-agent-workspace/cargo-home:/opt/rustwide/cargo-home:ro,Z" "-v" "/var/lib/crater-agent-workspace/rustup-home:/opt/rustwide/rustup-home:ro,Z" "-e" "SOURCE_DIR=/opt/rustwide/workdir" "-e" "CARGO_TARGET_DIR=/opt/rustwide/target" "-e" "CARGO_INCREMENTAL=0" "-e" "RUST_BACKTRACE=full" "-e" "RUSTFLAGS=--cap-lints=warn" "-e" "RUSTDOCFLAGS=--cap-lints=warn" "-e" "CARGO_HOME=/opt/rustwide/cargo-home" "-e" "RUSTUP_HOME=/opt/rustwide/rustup-home" "-w" "/opt/rustwide/workdir" "-m" "1610612736" "--user" "0:0" "--network" "none" "ghcr.io/rust-lang/crates-build-env/linux@sha256:2788e3201cd34a07e3172128adcd8b3090168a8e3bcc40d7c032b9dda1df7d1c" "/opt/rustwide/cargo-home/bin/cargo" "+beta-2023-12-22" "test" "--frozen", kill_on_drop: false }`
[INFO] [stdout] cee79cdee59e2bdb7718eedf1217422a311da3527930b39f0ebae68f6494cb2a
[INFO] running `Command { std: "docker" "start" "-a" "cee79cdee59e2bdb7718eedf1217422a311da3527930b39f0ebae68f6494cb2a", kill_on_drop: false }`
[INFO] [stderr]     Finished test [unoptimized + debuginfo] target(s) in 0.12s
[INFO] [stdout] 
[INFO] [stderr]      Running unittests src/lib.rs (/opt/rustwide/target/debug/deps/google_cloudtasks2_beta3-7c02a46020b7be3b)
[INFO] [stdout] running 0 tests
[INFO] [stdout] 
[INFO] [stdout] test result: ok. 0 passed; 0 failed; 0 ignored; 0 measured; 0 filtered out; finished in 0.00s
[INFO] [stdout] 
[INFO] [stderr]    Doc-tests google-cloudtasks2_beta3
[INFO] [stdout] 
[INFO] [stdout] running 23 tests
[INFO] [stdout] test src/api.rs - api::ProjectLocationQueueDeleteCall (line 3611) - compile ... ok
[INFO] [stdout] test src/api.rs - api::ProjectLocationQueueCreateCall (line 3319) - compile ... ok
[INFO] [stdout] test src/api.rs - api::ProjectLocationQueueGetIamPolicyCall (line 4147) - compile ... ok
[INFO] [stdout] test src/api.rs - api::ProjectLocationGetCall (line 6513) - compile ... ok
[INFO] [stdout] test src/api.rs - api::ProjectLocationQueueGetCall (line 3873) - compile ... FAILED
[INFO] [stdout] test src/api.rs - api::ProjectLocationQueuePauseCall (line 5053) - compile ... ok
[INFO] [stdout] test src/api.rs - api::CloudTasks (line 58) - compile ... FAILED
[INFO] [stdout] test src/api.rs - api::ProjectLocationQueueListCall (line 4439) - compile ... FAILED
[INFO] [stdout] test src/api.rs - api::ProjectLocationListCall (line 6775) - compile ... ok
[INFO] [stdout] test src/api.rs - api::ProjectLocationQueueTaskBufferCall (line 1597) - compile ... ok
[INFO] [stdout] test src/api.rs - api::ProjectLocationQueueSetIamPolicyCall (line 5929) - compile ... ok
[INFO] [stdout] test src/api.rs - api::ProjectLocationQueueTaskCreateCall (line 1901) - compile ... ok
[INFO] [stdout] test src/api.rs - api::ProjectLocationQueueResumeCall (line 5637) - compile ... ok
[INFO] [stdout] test src/api.rs - api::ProjectLocationQueuePurgeCall (line 5345) - compile ... ok
[INFO] [stdout] test src/lib.rs - (line 49) ... ignored
[INFO] [stdout] test src/api.rs - api::ProjectLocationQueueTaskDeleteCall (line 2193) - compile ... ok
[INFO] [stdout] test src/api.rs - api::ProjectLocationQueuePatchCall (line 4749) - compile ... FAILED
[INFO] [stdout] test src/api.rs - api::ProjectLocationQueueTaskGetCall (line 2455) - compile ... ok
[INFO] [stdout] test src/api.rs - api::ProjectLocationQueueTaskRunCall (line 3027) - compile ... ok
[INFO] [stdout] test src/api.rs - api::ProjectMethods (line 1188) - compile ... ok
[INFO] [stdout] test src/api.rs - api::ProjectLocationQueueTestIamPermissionCall (line 6221) - compile ... ok
[INFO] [stdout] test src/lib.rs - (line 78) - compile ... FAILED
[INFO] [stderr] error: doctest failed, to rerun pass `--doc`
[INFO] [stdout] test src/api.rs - api::ProjectLocationQueueTaskListCall (line 2729) - compile ... ok
[INFO] [stdout] 
[INFO] [stdout] failures:
[INFO] [stdout] 
[INFO] [stdout] ---- src/api.rs - api::ProjectLocationQueueGetCall (line 3873) stdout ----
[INFO] [stdout] error[E0308]: mismatched types
[INFO] [stdout]     --> src/api.rs:3891:25
[INFO] [stdout]      |
[INFO] [stdout] 19   |              .read_mask(&Default::default())
[INFO] [stdout]      |               --------- ^^^^^^^^^^^^^^^^^^^ expected `FieldMask`, found `&_`
[INFO] [stdout]      |               |
[INFO] [stdout]      |               arguments to this method are incorrect
[INFO] [stdout]      |
[INFO] [stdout]      = note: expected struct `FieldMask`
[INFO] [stdout]              found reference `&_`
[INFO] [stdout] note: method defined here
[INFO] [stdout]     --> /opt/rustwide/workdir/src/api.rs:4058:12
[INFO] [stdout]      |
[INFO] [stdout] 4058 |     pub fn read_mask(mut self, new_value: client::FieldMask) -> ProjectLocationQueueGetCall<'a, S> {
[INFO] [stdout]      |            ^^^^^^^^^
[INFO] [stdout] help: consider removing the borrow
[INFO] [stdout]      |
[INFO] [stdout] 19   -              .read_mask(&Default::default())
[INFO] [stdout] 19   +              .read_mask(Default::default())
[INFO] [stdout]      |
[INFO] [stdout] 
[INFO] [stdout] error: aborting due to 1 previous error
[INFO] [stdout] 
[INFO] [stdout] For more information about this error, try `rustc --explain E0308`.
[INFO] [stdout] Couldn't compile the test.
[INFO] [stdout] ---- src/api.rs - api::CloudTasks (line 58) stdout ----
[INFO] [stdout] error[E0308]: mismatched types
[INFO] [stdout]     --> src/api.rs:90:27
[INFO] [stdout]      |
[INFO] [stdout] 33   |              .update_mask(&Default::default())
[INFO] [stdout]      |               ----------- ^^^^^^^^^^^^^^^^^^^ expected `FieldMask`, found `&_`
[INFO] [stdout]      |               |
[INFO] [stdout]      |               arguments to this method are incorrect
[INFO] [stdout]      |
[INFO] [stdout]      = note: expected struct `FieldMask`
[INFO] [stdout]              found reference `&_`
[INFO] [stdout] note: method defined here
[INFO] [stdout]     --> /opt/rustwide/workdir/src/api.rs:4964:12
[INFO] [stdout]      |
[INFO] [stdout] 4964 |     pub fn update_mask(mut self, new_value: client::FieldMask) -> ProjectLocationQueuePatchCall<'a, S> {
[INFO] [stdout]      |            ^^^^^^^^^^^
[INFO] [stdout] help: consider removing the borrow
[INFO] [stdout]      |
[INFO] [stdout] 33   -              .update_mask(&Default::default())
[INFO] [stdout] 33   +              .update_mask(Default::default())
[INFO] [stdout]      |
[INFO] [stdout] 
[INFO] [stdout] error: aborting due to 1 previous error
[INFO] [stdout] 
[INFO] [stdout] For more information about this error, try `rustc --explain E0308`.
[INFO] [stdout] Couldn't compile the test.
[INFO] [stdout] ---- src/api.rs - api::ProjectLocationQueueListCall (line 4439) stdout ----
[INFO] [stdout] error[E0308]: mismatched types
[INFO] [stdout]     --> src/api.rs:4457:25
[INFO] [stdout]      |
[INFO] [stdout] 19   |              .read_mask(&Default::default())
[INFO] [stdout]      |               --------- ^^^^^^^^^^^^^^^^^^^ expected `FieldMask`, found `&_`
[INFO] [stdout]      |               |
[INFO] [stdout]      |               arguments to this method are incorrect
[INFO] [stdout]      |
[INFO] [stdout]      = note: expected struct `FieldMask`
[INFO] [stdout]              found reference `&_`
[INFO] [stdout] note: method defined here
[INFO] [stdout]     --> /opt/rustwide/workdir/src/api.rs:4639:12
[INFO] [stdout]      |
[INFO] [stdout] 4639 |     pub fn read_mask(mut self, new_value: client::FieldMask) -> ProjectLocationQueueListCall<'a, S> {
[INFO] [stdout]      |            ^^^^^^^^^
[INFO] [stdout] help: consider removing the borrow
[INFO] [stdout]      |
[INFO] [stdout] 19   -              .read_mask(&Default::default())
[INFO] [stdout] 19   +              .read_mask(Default::default())
[INFO] [stdout]      |
[INFO] [stdout] 
[INFO] [stdout] error: aborting due to 1 previous error
[INFO] [stdout] 
[INFO] [stdout] For more information about this error, try `rustc --explain E0308`.
[INFO] [stdout] Couldn't compile the test.
[INFO] [stdout] ---- src/api.rs - api::ProjectLocationQueuePatchCall (line 4749) stdout ----
[INFO] [stdout] error[E0308]: mismatched types
[INFO] [stdout]     --> src/api.rs:4773:27
[INFO] [stdout]      |
[INFO] [stdout] 25   |              .update_mask(&Default::default())
[INFO] [stdout]      |               ----------- ^^^^^^^^^^^^^^^^^^^ expected `FieldMask`, found `&_`
[INFO] [stdout]      |               |
[INFO] [stdout]      |               arguments to this method are incorrect
[INFO] [stdout]      |
[INFO] [stdout]      = note: expected struct `FieldMask`
[INFO] [stdout]              found reference `&_`
[INFO] [stdout] note: method defined here
[INFO] [stdout]     --> /opt/rustwide/workdir/src/api.rs:4964:12
[INFO] [stdout]      |
[INFO] [stdout] 4964 |     pub fn update_mask(mut self, new_value: client::FieldMask) -> ProjectLocationQueuePatchCall<'a, S> {
[INFO] [stdout]      |            ^^^^^^^^^^^
[INFO] [stdout] help: consider removing the borrow
[INFO] [stdout]      |
[INFO] [stdout] 25   -              .update_mask(&Default::default())
[INFO] [stdout] 25   +              .update_mask(Default::default())
[INFO] [stdout]      |
[INFO] [stdout] 
[INFO] [stdout] error: aborting due to 1 previous error
[INFO] [stdout] 
[INFO] [stdout] For more information about this error, try `rustc --explain E0308`.
[INFO] [stdout] Couldn't compile the test.
[INFO] [stdout] ---- src/lib.rs - (line 78) stdout ----
[INFO] [stdout] error[E0308]: mismatched types
[INFO] [stdout]     --> src/lib.rs:110:27
[INFO] [stdout]      |
[INFO] [stdout] 33   |              .update_mask(&Default::default())
[INFO] [stdout]      |               ----------- ^^^^^^^^^^^^^^^^^^^ expected `FieldMask`, found `&_`
[INFO] [stdout]      |               |
[INFO] [stdout]      |               arguments to this method are incorrect
[INFO] [stdout]      |
[INFO] [stdout]      = note: expected struct `FieldMask`
[INFO] [stdout]              found reference `&_`
[INFO] [stdout] note: method defined here
[INFO] [stdout]     --> /opt/rustwide/workdir/src/api.rs:4964:12
[INFO] [stdout]      |
[INFO] [stdout] 4964 |     pub fn update_mask(mut self, new_value: client::FieldMask) -> ProjectLocationQueuePatchCall<'a, S> {
[INFO] [stdout]      |            ^^^^^^^^^^^
[INFO] [stdout] help: consider removing the borrow
[INFO] [stdout]      |
[INFO] [stdout] 33   -              .update_mask(&Default::default())
[INFO] [stdout] 33   +              .update_mask(Default::default())
[INFO] [stdout]      |
[INFO] [stdout] 
[INFO] [stdout] error: aborting due to 1 previous error
[INFO] [stdout] 
[INFO] [stdout] For more information about this error, try `rustc --explain E0308`.
[INFO] [stdout] Couldn't compile the test.
[INFO] [stdout] 
[INFO] [stdout] failures:
[INFO] [stdout]     src/api.rs - api::CloudTasks (line 58)
[INFO] [stdout]     src/api.rs - api::ProjectLocationQueueGetCall (line 3873)
[INFO] [stdout]     src/api.rs - api::ProjectLocationQueueListCall (line 4439)
[INFO] [stdout]     src/api.rs - api::ProjectLocationQueuePatchCall (line 4749)
[INFO] [stdout]     src/lib.rs - (line 78)
[INFO] [stdout] 
[INFO] [stdout] test result: FAILED. 17 passed; 5 failed; 1 ignored; 0 measured; 0 filtered out; finished in 1.39s
[INFO] [stdout] 
[INFO] running `Command { std: "docker" "inspect" "cee79cdee59e2bdb7718eedf1217422a311da3527930b39f0ebae68f6494cb2a", kill_on_drop: false }`
[INFO] running `Command { std: "docker" "rm" "-f" "cee79cdee59e2bdb7718eedf1217422a311da3527930b39f0ebae68f6494cb2a", kill_on_drop: false }`
[INFO] [stdout] cee79cdee59e2bdb7718eedf1217422a311da3527930b39f0ebae68f6494cb2a
