[INFO] fetching crate google-cloudsupport2_beta 5.0.3+20230121...
[INFO] testing google-cloudsupport2_beta-5.0.3+20230121 against 1.75.0 for beta-1.76-1
[INFO] extracting crate google-cloudsupport2_beta 5.0.3+20230121 into /workspace/builds/worker-1-tc1/source
[INFO] validating manifest of crates.io crate google-cloudsupport2_beta 5.0.3+20230121 on toolchain 1.75.0
[INFO] running `Command { std: CARGO_HOME="/workspace/cargo-home" RUSTUP_HOME="/workspace/rustup-home" "/workspace/cargo-home/bin/cargo" "+1.75.0" "metadata" "--manifest-path" "Cargo.toml" "--no-deps", kill_on_drop: false }`
[INFO] started tweaking crates.io crate google-cloudsupport2_beta 5.0.3+20230121
[INFO] finished tweaking crates.io crate google-cloudsupport2_beta 5.0.3+20230121
[INFO] tweaked toml for crates.io crate google-cloudsupport2_beta 5.0.3+20230121 written to /workspace/builds/worker-1-tc1/source/Cargo.toml
[INFO] running `Command { std: CARGO_HOME="/workspace/cargo-home" RUSTUP_HOME="/workspace/rustup-home" "/workspace/cargo-home/bin/cargo" "+1.75.0" "generate-lockfile" "--manifest-path" "Cargo.toml", kill_on_drop: false }`
[INFO] [stderr]     Blocking waiting for file lock on package cache
[INFO] [stderr]     Updating crates.io index
[INFO] running `Command { std: CARGO_HOME="/workspace/cargo-home" RUSTUP_HOME="/workspace/rustup-home" "/workspace/cargo-home/bin/cargo" "+1.75.0" "fetch" "--manifest-path" "Cargo.toml", kill_on_drop: false }`
[INFO] [stderr]     Blocking waiting for file lock on package cache
[INFO] [stderr]  Downloading crates ...
[INFO] [stderr]   Downloaded google-apis-common v6.0.0
[INFO] running `Command { std: "docker" "create" "-v" "/var/lib/crater-agent-workspace/builds/worker-1-tc1/target:/opt/rustwide/target:rw,Z" "-v" "/var/lib/crater-agent-workspace/builds/worker-1-tc1/source:/opt/rustwide/workdir:ro,Z" "-v" "/var/lib/crater-agent-workspace/cargo-home:/opt/rustwide/cargo-home:ro,Z" "-v" "/var/lib/crater-agent-workspace/rustup-home:/opt/rustwide/rustup-home:ro,Z" "-e" "SOURCE_DIR=/opt/rustwide/workdir" "-e" "CARGO_TARGET_DIR=/opt/rustwide/target" "-e" "CARGO_HOME=/opt/rustwide/cargo-home" "-e" "RUSTUP_HOME=/opt/rustwide/rustup-home" "-w" "/opt/rustwide/workdir" "-m" "1610612736" "--user" "0:0" "--network" "none" "ghcr.io/rust-lang/crates-build-env/linux@sha256:2788e3201cd34a07e3172128adcd8b3090168a8e3bcc40d7c032b9dda1df7d1c" "/opt/rustwide/cargo-home/bin/cargo" "+1.75.0" "metadata" "--no-deps" "--format-version=1", kill_on_drop: false }`
[INFO] [stdout] dcb56bc8b71a2bd61596fbff1628953c6d7003fb7bd8df763de164816ad517d3
[INFO] running `Command { std: "docker" "start" "-a" "dcb56bc8b71a2bd61596fbff1628953c6d7003fb7bd8df763de164816ad517d3", kill_on_drop: false }`
[INFO] running `Command { std: "docker" "inspect" "dcb56bc8b71a2bd61596fbff1628953c6d7003fb7bd8df763de164816ad517d3", kill_on_drop: false }`
[INFO] running `Command { std: "docker" "rm" "-f" "dcb56bc8b71a2bd61596fbff1628953c6d7003fb7bd8df763de164816ad517d3", kill_on_drop: false }`
[INFO] [stdout] dcb56bc8b71a2bd61596fbff1628953c6d7003fb7bd8df763de164816ad517d3
[INFO] running `Command { std: "docker" "create" "-v" "/var/lib/crater-agent-workspace/builds/worker-1-tc1/target:/opt/rustwide/target:rw,Z" "-v" "/var/lib/crater-agent-workspace/builds/worker-1-tc1/source:/opt/rustwide/workdir:ro,Z" "-v" "/var/lib/crater-agent-workspace/cargo-home:/opt/rustwide/cargo-home:ro,Z" "-v" "/var/lib/crater-agent-workspace/rustup-home:/opt/rustwide/rustup-home:ro,Z" "-e" "SOURCE_DIR=/opt/rustwide/workdir" "-e" "CARGO_TARGET_DIR=/opt/rustwide/target" "-e" "CARGO_INCREMENTAL=0" "-e" "RUST_BACKTRACE=full" "-e" "RUSTFLAGS=--cap-lints=warn" "-e" "RUSTDOCFLAGS=--cap-lints=warn" "-e" "CARGO_HOME=/opt/rustwide/cargo-home" "-e" "RUSTUP_HOME=/opt/rustwide/rustup-home" "-w" "/opt/rustwide/workdir" "-m" "1610612736" "--user" "0:0" "--network" "none" "ghcr.io/rust-lang/crates-build-env/linux@sha256:2788e3201cd34a07e3172128adcd8b3090168a8e3bcc40d7c032b9dda1df7d1c" "/opt/rustwide/cargo-home/bin/cargo" "+1.75.0" "build" "--frozen" "--message-format=json", kill_on_drop: false }`
[INFO] [stdout] bace4f948aed2e73968b96c9210b6bf52476636268be60905a04ff4ff51010e5
[INFO] running `Command { std: "docker" "start" "-a" "bace4f948aed2e73968b96c9210b6bf52476636268be60905a04ff4ff51010e5", kill_on_drop: false }`
[INFO] [stderr]    Compiling strsim v0.10.0
[INFO] [stderr]    Compiling log v0.4.20
[INFO] [stderr]    Compiling num-traits v0.2.17
[INFO] [stderr]    Compiling either v1.9.0
[INFO] [stderr]    Compiling httpdate v1.0.3
[INFO] [stderr]    Compiling syn v2.0.48
[INFO] [stderr]    Compiling http-body v0.4.6
[INFO] [stderr]    Compiling rustls-pemfile v1.0.4
[INFO] [stderr]    Compiling ring v0.17.7
[INFO] [stderr]    Compiling openssl-probe v0.1.5
[INFO] [stderr]    Compiling rustls v0.22.1
[INFO] [stderr]    Compiling tower-service v0.3.2
[INFO] [stderr]    Compiling percent-encoding v2.3.1
[INFO] [stderr]    Compiling async-trait v0.1.77
[INFO] [stderr]    Compiling powerfmt v0.2.0
[INFO] [stderr]    Compiling idna v0.5.0
[INFO] [stderr]    Compiling anyhow v1.0.79
[INFO] [stderr]    Compiling rustls-native-certs v0.6.3
[INFO] [stderr]    Compiling form_urlencoded v1.2.1
[INFO] [stderr]    Compiling num_threads v0.1.6
[INFO] [stderr]    Compiling zeroize v1.7.0
[INFO] [stderr]    Compiling subtle v2.5.0
[INFO] [stderr]    Compiling time-core v0.1.2
[INFO] [stderr]    Compiling itertools v0.12.0
[INFO] [stderr]    Compiling percent-encoding v1.0.1
[INFO] [stderr]    Compiling seahash v4.1.0
[INFO] [stderr]    Compiling iana-time-zone v0.1.59
[INFO] [stderr]    Compiling itertools v0.10.5
[INFO] [stderr]    Compiling mime v0.3.17
[INFO] [stderr]    Compiling url v1.7.2
[INFO] [stderr]    Compiling url v2.5.0
[INFO] [stderr]    Compiling rustls v0.21.10
[INFO] [stderr]    Compiling darling_core v0.20.3
[INFO] [stderr]    Compiling futures-macro v0.3.30
[INFO] [stderr]    Compiling tokio-macros v2.2.0
[INFO] [stderr]    Compiling serde_derive v1.0.194
[INFO] [stderr]    Compiling sct v0.7.1
[INFO] [stderr]    Compiling rustls-webpki v0.101.7
[INFO] [stderr]    Compiling rustls-webpki v0.102.1
[INFO] [stderr]    Compiling darling_macro v0.20.3
[INFO] [stderr]    Compiling futures-util v0.3.30
[INFO] [stderr]    Compiling tokio v1.35.1
[INFO] [stderr]    Compiling darling v0.20.3
[INFO] [stderr]    Compiling serde_with_macros v2.3.3
[INFO] [stderr]    Compiling serde v1.0.194
[INFO] [stderr]    Compiling futures-executor v0.3.30
[INFO] [stderr]    Compiling futures v0.3.30
[INFO] [stderr]    Compiling tokio-util v0.7.10
[INFO] [stderr]    Compiling tokio-rustls v0.24.1
[INFO] [stderr]    Compiling h2 v0.3.22
[INFO] [stderr]    Compiling deranged v0.3.11
[INFO] [stderr]    Compiling serde_json v1.0.111
[INFO] [stderr]    Compiling chrono v0.4.31
[INFO] [stderr]    Compiling serde_with v2.3.3
[INFO] [stderr]    Compiling time v0.3.31
[INFO] [stderr]    Compiling hyper v0.14.28
[INFO] [stderr]    Compiling hyper-rustls v0.24.2
[INFO] [stderr]    Compiling yup-oauth2 v8.3.2
[INFO] [stderr]    Compiling google-apis-common v6.0.0
[INFO] [stderr]    Compiling google-cloudsupport2_beta v5.0.3+20230121 (/opt/rustwide/workdir)
[INFO] [stderr]     Finished dev [unoptimized + debuginfo] target(s) in 23.98s
[INFO] running `Command { std: "docker" "inspect" "bace4f948aed2e73968b96c9210b6bf52476636268be60905a04ff4ff51010e5", kill_on_drop: false }`
[INFO] running `Command { std: "docker" "rm" "-f" "bace4f948aed2e73968b96c9210b6bf52476636268be60905a04ff4ff51010e5", kill_on_drop: false }`
[INFO] [stdout] bace4f948aed2e73968b96c9210b6bf52476636268be60905a04ff4ff51010e5
[INFO] running `Command { std: "docker" "create" "-v" "/var/lib/crater-agent-workspace/builds/worker-1-tc1/target:/opt/rustwide/target:rw,Z" "-v" "/var/lib/crater-agent-workspace/builds/worker-1-tc1/source:/opt/rustwide/workdir:ro,Z" "-v" "/var/lib/crater-agent-workspace/cargo-home:/opt/rustwide/cargo-home:ro,Z" "-v" "/var/lib/crater-agent-workspace/rustup-home:/opt/rustwide/rustup-home:ro,Z" "-e" "SOURCE_DIR=/opt/rustwide/workdir" "-e" "CARGO_TARGET_DIR=/opt/rustwide/target" "-e" "CARGO_INCREMENTAL=0" "-e" "RUST_BACKTRACE=full" "-e" "RUSTFLAGS=--cap-lints=warn" "-e" "RUSTDOCFLAGS=--cap-lints=warn" "-e" "CARGO_HOME=/opt/rustwide/cargo-home" "-e" "RUSTUP_HOME=/opt/rustwide/rustup-home" "-w" "/opt/rustwide/workdir" "-m" "1610612736" "--user" "0:0" "--network" "none" "ghcr.io/rust-lang/crates-build-env/linux@sha256:2788e3201cd34a07e3172128adcd8b3090168a8e3bcc40d7c032b9dda1df7d1c" "/opt/rustwide/cargo-home/bin/cargo" "+1.75.0" "test" "--frozen" "--no-run" "--message-format=json", kill_on_drop: false }`
[INFO] [stdout] 291a578555067dcf43f2080b87e83d738a85a7cec8cc5de5343cf936121be68f
[INFO] running `Command { std: "docker" "start" "-a" "291a578555067dcf43f2080b87e83d738a85a7cec8cc5de5343cf936121be68f", kill_on_drop: false }`
[INFO] [stderr]    Compiling google-cloudsupport2_beta v5.0.3+20230121 (/opt/rustwide/workdir)
[INFO] [stderr]     Finished test [unoptimized + debuginfo] target(s) in 2.40s
[INFO] running `Command { std: "docker" "inspect" "291a578555067dcf43f2080b87e83d738a85a7cec8cc5de5343cf936121be68f", kill_on_drop: false }`
[INFO] running `Command { std: "docker" "rm" "-f" "291a578555067dcf43f2080b87e83d738a85a7cec8cc5de5343cf936121be68f", kill_on_drop: false }`
[INFO] [stdout] 291a578555067dcf43f2080b87e83d738a85a7cec8cc5de5343cf936121be68f
[INFO] running `Command { std: "docker" "create" "-v" "/var/lib/crater-agent-workspace/builds/worker-1-tc1/target:/opt/rustwide/target:rw,Z" "-v" "/var/lib/crater-agent-workspace/builds/worker-1-tc1/source:/opt/rustwide/workdir:ro,Z" "-v" "/var/lib/crater-agent-workspace/cargo-home:/opt/rustwide/cargo-home:ro,Z" "-v" "/var/lib/crater-agent-workspace/rustup-home:/opt/rustwide/rustup-home:ro,Z" "-e" "SOURCE_DIR=/opt/rustwide/workdir" "-e" "CARGO_TARGET_DIR=/opt/rustwide/target" "-e" "CARGO_INCREMENTAL=0" "-e" "RUST_BACKTRACE=full" "-e" "RUSTFLAGS=--cap-lints=warn" "-e" "RUSTDOCFLAGS=--cap-lints=warn" "-e" "CARGO_HOME=/opt/rustwide/cargo-home" "-e" "RUSTUP_HOME=/opt/rustwide/rustup-home" "-w" "/opt/rustwide/workdir" "-m" "1610612736" "--user" "0:0" "--network" "none" "ghcr.io/rust-lang/crates-build-env/linux@sha256:2788e3201cd34a07e3172128adcd8b3090168a8e3bcc40d7c032b9dda1df7d1c" "/opt/rustwide/cargo-home/bin/cargo" "+1.75.0" "test" "--frozen", kill_on_drop: false }`
[INFO] [stdout] ea34f8095574b684c817fb04877ec110815b77cbe0158a00c2d50790c58cadda
[INFO] running `Command { std: "docker" "start" "-a" "ea34f8095574b684c817fb04877ec110815b77cbe0158a00c2d50790c58cadda", kill_on_drop: false }`
[INFO] [stderr]     Finished test [unoptimized + debuginfo] target(s) in 0.14s
[INFO] [stdout] 
[INFO] [stderr]      Running unittests src/lib.rs (/opt/rustwide/target/debug/deps/google_cloudsupport2_beta-385b7be28d40637b)
[INFO] [stdout] running 0 tests
[INFO] [stdout] 
[INFO] [stdout] test result: ok. 0 passed; 0 failed; 0 ignored; 0 measured; 0 filtered out; finished in 0.00s
[INFO] [stdout] 
[INFO] [stderr]    Doc-tests google-cloudsupport2_beta
[INFO] [stdout] 
[INFO] [stdout] running 21 tests
[INFO] [stdout] test src/api.rs - api::AttachmentCreateCall (line 1423) - compile ... ok
[INFO] [stdout] test src/api.rs - api::CaseCommentListCall (line 2572) - compile ... ok
[INFO] [stdout] test src/api.rs - api::CaseListCall (line 3996) - compile ... ok
[INFO] [stdout] test src/api.rs - api::CaseGetCall (line 3734) - compile ... ok
[INFO] [stdout] test src/lib.rs - (line 63) ... ignored
[INFO] [stdout] test src/api.rs - api::CaseAttachmentListCall (line 1994) - compile ... ok
[INFO] [stdout] test src/api.rs - api::CaseCloseCall (line 2858) - compile ... ok
[INFO] [stdout] test src/api.rs - api::AttachmentMethods (line 995) - compile ... ok
[INFO] [stdout] test src/api.rs - api::CaseMethods (line 1111) - compile ... ok
[INFO] [stdout] test src/api.rs - api::CaseCreateCall (line 3150) - compile ... ok
[INFO] [stdout] test src/api.rs - api::CaseCommentCreateCall (line 2280) - compile ... ok
[INFO] [stdout] test src/api.rs - api::CaseClassificationMethods (line 1055) - compile ... ok
[INFO] [stdout] test src/api.rs - api::CaseEscalateCall (line 3442) - compile ... ok
[INFO] [stdout] test src/api.rs - api::MediaMethods (line 1338) - compile ... ok
[INFO] [stdout] test src/lib.rs - (line 96) - compile ... ok
[INFO] [stdout] test src/api.rs - api::MediaDownloadCall (line 4882) - compile ... ok
[INFO] [stdout] test src/api.rs - api::CaseSearchCall (line 4598) - compile ... ok
[INFO] [stdout] test src/api.rs - api::CloudSupport (line 58) - compile ... ok
[INFO] [stdout] test src/api.rs - api::CaseClassificationSearchCall (line 1715) - compile ... ok
[INFO] [stdout] test src/api.rs - api::MediaUploadCall (line 5153) - compile ... ok
[INFO] [stdout] test src/api.rs - api::CasePatchCall (line 4294) - compile ... FAILED
[INFO] [stderr] error: doctest failed, to rerun pass `--doc`
[INFO] [stdout] 
[INFO] [stdout] failures:
[INFO] [stdout] 
[INFO] [stdout] ---- src/api.rs - api::CasePatchCall (line 4294) stdout ----
[INFO] [stdout] error[E0308]: mismatched types
[INFO] [stdout]     --> src/api.rs:4318:27
[INFO] [stdout]      |
[INFO] [stdout] 25   |              .update_mask(&Default::default())
[INFO] [stdout]      |               ----------- ^^^^^^^^^^^^^^^^^^^ expected `FieldMask`, found `&_`
[INFO] [stdout]      |               |
[INFO] [stdout]      |               arguments to this method are incorrect
[INFO] [stdout]      |
[INFO] [stdout]      = note: expected struct `FieldMask`
[INFO] [stdout]              found reference `&_`
[INFO] [stdout] note: method defined here
[INFO] [stdout]     --> /opt/rustwide/workdir/src/api.rs:4509:12
[INFO] [stdout]      |
[INFO] [stdout] 4509 |     pub fn update_mask(mut self, new_value: client::FieldMask) -> CasePatchCall<'a, S> {
[INFO] [stdout]      |            ^^^^^^^^^^^
[INFO] [stdout] help: consider removing the borrow
[INFO] [stdout]      |
[INFO] [stdout] 25   -              .update_mask(&Default::default())
[INFO] [stdout] 25   +              .update_mask(Default::default())
[INFO] [stdout]      |
[INFO] [stdout] 
[INFO] [stdout] error: aborting due to previous error
[INFO] [stdout] 
[INFO] [stdout] For more information about this error, try `rustc --explain E0308`.
[INFO] [stdout] Couldn't compile the test.
[INFO] [stdout] 
[INFO] [stdout] failures:
[INFO] [stdout]     src/api.rs - api::CasePatchCall (line 4294)
[INFO] [stdout] 
[INFO] [stdout] test result: FAILED. 19 passed; 1 failed; 1 ignored; 0 measured; 0 filtered out; finished in 0.67s
[INFO] [stdout] 
[INFO] running `Command { std: "docker" "inspect" "ea34f8095574b684c817fb04877ec110815b77cbe0158a00c2d50790c58cadda", kill_on_drop: false }`
[INFO] running `Command { std: "docker" "rm" "-f" "ea34f8095574b684c817fb04877ec110815b77cbe0158a00c2d50790c58cadda", kill_on_drop: false }`
[INFO] [stdout] ea34f8095574b684c817fb04877ec110815b77cbe0158a00c2d50790c58cadda
[INFO] testing google-cloudsupport2_beta-5.0.3+20230121 against beta-2023-12-22 for beta-1.76-1
[INFO] extracting crate google-cloudsupport2_beta 5.0.3+20230121 into /workspace/builds/worker-1-tc2/source
[INFO] validating manifest of crates.io crate google-cloudsupport2_beta 5.0.3+20230121 on toolchain beta-2023-12-22
[INFO] running `Command { std: CARGO_HOME="/workspace/cargo-home" RUSTUP_HOME="/workspace/rustup-home" "/workspace/cargo-home/bin/cargo" "+beta-2023-12-22" "metadata" "--manifest-path" "Cargo.toml" "--no-deps", kill_on_drop: false }`
[INFO] started tweaking crates.io crate google-cloudsupport2_beta 5.0.3+20230121
[INFO] finished tweaking crates.io crate google-cloudsupport2_beta 5.0.3+20230121
[INFO] tweaked toml for crates.io crate google-cloudsupport2_beta 5.0.3+20230121 written to /workspace/builds/worker-1-tc2/source/Cargo.toml
[INFO] running `Command { std: CARGO_HOME="/workspace/cargo-home" RUSTUP_HOME="/workspace/rustup-home" "/workspace/cargo-home/bin/cargo" "+beta-2023-12-22" "generate-lockfile" "--manifest-path" "Cargo.toml", kill_on_drop: false }`
[INFO] [stderr]     Updating crates.io index
[INFO] running `Command { std: CARGO_HOME="/workspace/cargo-home" RUSTUP_HOME="/workspace/rustup-home" "/workspace/cargo-home/bin/cargo" "+beta-2023-12-22" "fetch" "--manifest-path" "Cargo.toml", kill_on_drop: false }`
[INFO] running `Command { std: "docker" "create" "-v" "/var/lib/crater-agent-workspace/builds/worker-1-tc2/target:/opt/rustwide/target:rw,Z" "-v" "/var/lib/crater-agent-workspace/builds/worker-1-tc2/source:/opt/rustwide/workdir:ro,Z" "-v" "/var/lib/crater-agent-workspace/cargo-home:/opt/rustwide/cargo-home:ro,Z" "-v" "/var/lib/crater-agent-workspace/rustup-home:/opt/rustwide/rustup-home:ro,Z" "-e" "SOURCE_DIR=/opt/rustwide/workdir" "-e" "CARGO_TARGET_DIR=/opt/rustwide/target" "-e" "CARGO_HOME=/opt/rustwide/cargo-home" "-e" "RUSTUP_HOME=/opt/rustwide/rustup-home" "-w" "/opt/rustwide/workdir" "-m" "1610612736" "--user" "0:0" "--network" "none" "ghcr.io/rust-lang/crates-build-env/linux@sha256:2788e3201cd34a07e3172128adcd8b3090168a8e3bcc40d7c032b9dda1df7d1c" "/opt/rustwide/cargo-home/bin/cargo" "+beta-2023-12-22" "metadata" "--no-deps" "--format-version=1", kill_on_drop: false }`
[INFO] [stdout] a63dd60869e891e295d1ce85f95ac68fb8d7b053aa0a1dc6eaa12e50b9465195
[INFO] running `Command { std: "docker" "start" "-a" "a63dd60869e891e295d1ce85f95ac68fb8d7b053aa0a1dc6eaa12e50b9465195", kill_on_drop: false }`
[INFO] running `Command { std: "docker" "inspect" "a63dd60869e891e295d1ce85f95ac68fb8d7b053aa0a1dc6eaa12e50b9465195", kill_on_drop: false }`
[INFO] running `Command { std: "docker" "rm" "-f" "a63dd60869e891e295d1ce85f95ac68fb8d7b053aa0a1dc6eaa12e50b9465195", kill_on_drop: false }`
[INFO] [stdout] a63dd60869e891e295d1ce85f95ac68fb8d7b053aa0a1dc6eaa12e50b9465195
[INFO] running `Command { std: "docker" "create" "-v" "/var/lib/crater-agent-workspace/builds/worker-1-tc2/target:/opt/rustwide/target:rw,Z" "-v" "/var/lib/crater-agent-workspace/builds/worker-1-tc2/source:/opt/rustwide/workdir:ro,Z" "-v" "/var/lib/crater-agent-workspace/cargo-home:/opt/rustwide/cargo-home:ro,Z" "-v" "/var/lib/crater-agent-workspace/rustup-home:/opt/rustwide/rustup-home:ro,Z" "-e" "SOURCE_DIR=/opt/rustwide/workdir" "-e" "CARGO_TARGET_DIR=/opt/rustwide/target" "-e" "CARGO_INCREMENTAL=0" "-e" "RUST_BACKTRACE=full" "-e" "RUSTFLAGS=--cap-lints=warn" "-e" "RUSTDOCFLAGS=--cap-lints=warn" "-e" "CARGO_HOME=/opt/rustwide/cargo-home" "-e" "RUSTUP_HOME=/opt/rustwide/rustup-home" "-w" "/opt/rustwide/workdir" "-m" "1610612736" "--user" "0:0" "--network" "none" "ghcr.io/rust-lang/crates-build-env/linux@sha256:2788e3201cd34a07e3172128adcd8b3090168a8e3bcc40d7c032b9dda1df7d1c" "/opt/rustwide/cargo-home/bin/cargo" "+beta-2023-12-22" "build" "--frozen" "--message-format=json", kill_on_drop: false }`
[INFO] [stdout] d68b91842ed5fa6edca8230d171f8b9b38fdeb611b5648d2f416b7c06650330f
[INFO] running `Command { std: "docker" "start" "-a" "d68b91842ed5fa6edca8230d171f8b9b38fdeb611b5648d2f416b7c06650330f", kill_on_drop: false }`
[INFO] [stderr]    Compiling log v0.4.20
[INFO] [stderr]    Compiling strsim v0.10.0
[INFO] [stderr]    Compiling num-traits v0.2.17
[INFO] [stderr]    Compiling tower-service v0.3.2
[INFO] [stderr]    Compiling syn v2.0.48
[INFO] [stderr]    Compiling indexmap v2.1.0
[INFO] [stderr]    Compiling ring v0.17.7
[INFO] [stderr]    Compiling async-trait v0.1.77
[INFO] [stderr]    Compiling rustls v0.22.1
[INFO] [stderr]    Compiling httpdate v1.0.3
[INFO] [stderr]    Compiling openssl-probe v0.1.5
[INFO] [stderr]    Compiling either v1.9.0
[INFO] [stderr]    Compiling percent-encoding v2.3.1
[INFO] [stderr]    Compiling idna v0.5.0
[INFO] [stderr]    Compiling anyhow v1.0.79
[INFO] [stderr]    Compiling subtle v2.5.0
[INFO] [stderr]    Compiling time-core v0.1.2
[INFO] [stderr]    Compiling rustls-native-certs v0.6.3
[INFO] [stderr]    Compiling zeroize v1.7.0
[INFO] [stderr]    Compiling form_urlencoded v1.2.1
[INFO] [stderr]    Compiling num_threads v0.1.6
[INFO] [stderr]    Compiling itertools v0.12.0
[INFO] [stderr]    Compiling seahash v4.1.0
[INFO] [stderr]    Compiling iana-time-zone v0.1.59
[INFO] [stderr]    Compiling percent-encoding v1.0.1
[INFO] [stderr]    Compiling itertools v0.10.5
[INFO] [stderr]    Compiling mime v0.3.17
[INFO] [stderr]    Compiling url v1.7.2
[INFO] [stderr]    Compiling url v2.5.0
[INFO] [stderr]    Compiling rustls v0.21.10
[INFO] [stderr]    Compiling darling_core v0.20.3
[INFO] [stderr]    Compiling tokio-macros v2.2.0
[INFO] [stderr]    Compiling futures-macro v0.3.30
[INFO] [stderr]    Compiling serde_derive v1.0.194
[INFO] [stderr]    Compiling sct v0.7.1
[INFO] [stderr]    Compiling rustls-webpki v0.101.7
[INFO] [stderr]    Compiling rustls-webpki v0.102.1
[INFO] [stderr]    Compiling darling_macro v0.20.3
[INFO] [stderr]    Compiling tokio v1.35.1
[INFO] [stderr]    Compiling futures-util v0.3.30
[INFO] [stderr]    Compiling darling v0.20.3
[INFO] [stderr]    Compiling serde_with_macros v2.3.3
[INFO] [stderr]    Compiling serde v1.0.194
[INFO] [stderr]    Compiling futures-executor v0.3.30
[INFO] [stderr]    Compiling futures v0.3.30
[INFO] [stderr]    Compiling tokio-util v0.7.10
[INFO] [stderr]    Compiling tokio-rustls v0.24.1
[INFO] [stderr]    Compiling h2 v0.3.22
[INFO] [stderr]    Compiling deranged v0.3.11
[INFO] [stderr]    Compiling serde_json v1.0.111
[INFO] [stderr]    Compiling chrono v0.4.31
[INFO] [stderr]    Compiling serde_with v2.3.3
[INFO] [stderr]    Compiling time v0.3.31
[INFO] [stderr]    Compiling hyper v0.14.28
[INFO] [stderr]    Compiling hyper-rustls v0.24.2
[INFO] [stderr]    Compiling yup-oauth2 v8.3.2
[INFO] [stderr]    Compiling google-apis-common v6.0.0
[INFO] [stderr]    Compiling google-cloudsupport2_beta v5.0.3+20230121 (/opt/rustwide/workdir)
[INFO] [stderr]     Finished dev [unoptimized + debuginfo] target(s) in 32.74s
[INFO] running `Command { std: "docker" "inspect" "d68b91842ed5fa6edca8230d171f8b9b38fdeb611b5648d2f416b7c06650330f", kill_on_drop: false }`
[INFO] running `Command { std: "docker" "rm" "-f" "d68b91842ed5fa6edca8230d171f8b9b38fdeb611b5648d2f416b7c06650330f", kill_on_drop: false }`
[INFO] [stdout] d68b91842ed5fa6edca8230d171f8b9b38fdeb611b5648d2f416b7c06650330f
[INFO] running `Command { std: "docker" "create" "-v" "/var/lib/crater-agent-workspace/builds/worker-1-tc2/target:/opt/rustwide/target:rw,Z" "-v" "/var/lib/crater-agent-workspace/builds/worker-1-tc2/source:/opt/rustwide/workdir:ro,Z" "-v" "/var/lib/crater-agent-workspace/cargo-home:/opt/rustwide/cargo-home:ro,Z" "-v" "/var/lib/crater-agent-workspace/rustup-home:/opt/rustwide/rustup-home:ro,Z" "-e" "SOURCE_DIR=/opt/rustwide/workdir" "-e" "CARGO_TARGET_DIR=/opt/rustwide/target" "-e" "CARGO_INCREMENTAL=0" "-e" "RUST_BACKTRACE=full" "-e" "RUSTFLAGS=--cap-lints=warn" "-e" "RUSTDOCFLAGS=--cap-lints=warn" "-e" "CARGO_HOME=/opt/rustwide/cargo-home" "-e" "RUSTUP_HOME=/opt/rustwide/rustup-home" "-w" "/opt/rustwide/workdir" "-m" "1610612736" "--user" "0:0" "--network" "none" "ghcr.io/rust-lang/crates-build-env/linux@sha256:2788e3201cd34a07e3172128adcd8b3090168a8e3bcc40d7c032b9dda1df7d1c" "/opt/rustwide/cargo-home/bin/cargo" "+beta-2023-12-22" "test" "--frozen" "--no-run" "--message-format=json", kill_on_drop: false }`
[INFO] [stdout] e30e6d0d1d8d98f42179fd53ea5a03972d26191da76713cca781b1cc6cf8db08
[INFO] running `Command { std: "docker" "start" "-a" "e30e6d0d1d8d98f42179fd53ea5a03972d26191da76713cca781b1cc6cf8db08", kill_on_drop: false }`
[INFO] [stderr]    Compiling google-cloudsupport2_beta v5.0.3+20230121 (/opt/rustwide/workdir)
[INFO] [stderr]     Finished test [unoptimized + debuginfo] target(s) in 2.51s
[INFO] running `Command { std: "docker" "inspect" "e30e6d0d1d8d98f42179fd53ea5a03972d26191da76713cca781b1cc6cf8db08", kill_on_drop: false }`
[INFO] running `Command { std: "docker" "rm" "-f" "e30e6d0d1d8d98f42179fd53ea5a03972d26191da76713cca781b1cc6cf8db08", kill_on_drop: false }`
[INFO] [stdout] e30e6d0d1d8d98f42179fd53ea5a03972d26191da76713cca781b1cc6cf8db08
[INFO] running `Command { std: "docker" "create" "-v" "/var/lib/crater-agent-workspace/builds/worker-1-tc2/target:/opt/rustwide/target:rw,Z" "-v" "/var/lib/crater-agent-workspace/builds/worker-1-tc2/source:/opt/rustwide/workdir:ro,Z" "-v" "/var/lib/crater-agent-workspace/cargo-home:/opt/rustwide/cargo-home:ro,Z" "-v" "/var/lib/crater-agent-workspace/rustup-home:/opt/rustwide/rustup-home:ro,Z" "-e" "SOURCE_DIR=/opt/rustwide/workdir" "-e" "CARGO_TARGET_DIR=/opt/rustwide/target" "-e" "CARGO_INCREMENTAL=0" "-e" "RUST_BACKTRACE=full" "-e" "RUSTFLAGS=--cap-lints=warn" "-e" "RUSTDOCFLAGS=--cap-lints=warn" "-e" "CARGO_HOME=/opt/rustwide/cargo-home" "-e" "RUSTUP_HOME=/opt/rustwide/rustup-home" "-w" "/opt/rustwide/workdir" "-m" "1610612736" "--user" "0:0" "--network" "none" "ghcr.io/rust-lang/crates-build-env/linux@sha256:2788e3201cd34a07e3172128adcd8b3090168a8e3bcc40d7c032b9dda1df7d1c" "/opt/rustwide/cargo-home/bin/cargo" "+beta-2023-12-22" "test" "--frozen", kill_on_drop: false }`
[INFO] [stdout] 1e3632e2895c93380b90655ed67a686f107ab696866bc7eecd2ee1cc961e80a0
[INFO] running `Command { std: "docker" "start" "-a" "1e3632e2895c93380b90655ed67a686f107ab696866bc7eecd2ee1cc961e80a0", kill_on_drop: false }`
[INFO] [stderr]     Finished test [unoptimized + debuginfo] target(s) in 0.12s
[INFO] [stdout] 
[INFO] [stderr]      Running unittests src/lib.rs (/opt/rustwide/target/debug/deps/google_cloudsupport2_beta-d815e2ec82ce2e32)
[INFO] [stdout] running 0 tests
[INFO] [stderr]    Doc-tests google-cloudsupport2_beta
[INFO] [stdout] 
[INFO] [stdout] test result: ok. 0 passed; 0 failed; 0 ignored; 0 measured; 0 filtered out; finished in 0.00s
[INFO] [stdout] 
[INFO] [stdout] 
[INFO] [stdout] running 21 tests
[INFO] [stdout] test src/api.rs - api::CaseCommentListCall (line 2572) - compile ... ok
[INFO] [stdout] test src/api.rs - api::CaseSearchCall (line 4598) - compile ... ok
[INFO] [stdout] test src/api.rs - api::AttachmentMethods (line 995) - compile ... ok
[INFO] [stdout] test src/api.rs - api::CaseCommentCreateCall (line 2280) - compile ... ok
[INFO] [stdout] test src/lib.rs - (line 63) ... ignored
[INFO] [stdout] test src/api.rs - api::CaseMethods (line 1111) - compile ... ok
[INFO] [stdout] test src/api.rs - api::CaseClassificationSearchCall (line 1715) - compile ... ok
[INFO] [stdout] test src/api.rs - api::CaseListCall (line 3996) - compile ... ok
[INFO] [stdout] test src/api.rs - api::CaseGetCall (line 3734) - compile ... ok
[INFO] [stdout] test src/api.rs - api::CaseEscalateCall (line 3442) - compile ... ok
[INFO] [stdout] test src/api.rs - api::CaseAttachmentListCall (line 1994) - compile ... ok
[INFO] [stdout] test src/api.rs - api::MediaMethods (line 1338) - compile ... ok
[INFO] [stdout] test src/api.rs - api::CloudSupport (line 58) - compile ... ok
[INFO] [stdout] test src/api.rs - api::AttachmentCreateCall (line 1423) - compile ... ok
[INFO] [stdout] test src/api.rs - api::CaseClassificationMethods (line 1055) - compile ... ok
[INFO] [stdout] test src/api.rs - api::CaseCloseCall (line 2858) - compile ... ok
[INFO] [stdout] test src/api.rs - api::CasePatchCall (line 4294) - compile ... FAILED
[INFO] [stdout] test src/api.rs - api::CaseCreateCall (line 3150) - compile ... ok
[INFO] [stdout] test src/api.rs - api::MediaDownloadCall (line 4882) - compile ... ok
[INFO] [stdout] test src/api.rs - api::MediaUploadCall (line 5153) - compile ... ok
[INFO] [stderr] error: doctest failed, to rerun pass `--doc`
[INFO] [stdout] test src/lib.rs - (line 96) - compile ... ok
[INFO] [stdout] 
[INFO] [stdout] failures:
[INFO] [stdout] 
[INFO] [stdout] ---- src/api.rs - api::CasePatchCall (line 4294) stdout ----
[INFO] [stdout] error[E0308]: mismatched types
[INFO] [stdout]     --> src/api.rs:4318:27
[INFO] [stdout]      |
[INFO] [stdout] 25   |              .update_mask(&Default::default())
[INFO] [stdout]      |               ----------- ^^^^^^^^^^^^^^^^^^^ expected `FieldMask`, found `&_`
[INFO] [stdout]      |               |
[INFO] [stdout]      |               arguments to this method are incorrect
[INFO] [stdout]      |
[INFO] [stdout]      = note: expected struct `FieldMask`
[INFO] [stdout]              found reference `&_`
[INFO] [stdout] note: method defined here
[INFO] [stdout]     --> /opt/rustwide/workdir/src/api.rs:4509:12
[INFO] [stdout]      |
[INFO] [stdout] 4509 |     pub fn update_mask(mut self, new_value: client::FieldMask) -> CasePatchCall<'a, S> {
[INFO] [stdout]      |            ^^^^^^^^^^^
[INFO] [stdout] help: consider removing the borrow
[INFO] [stdout]      |
[INFO] [stdout] 25   -              .update_mask(&Default::default())
[INFO] [stdout] 25   +              .update_mask(Default::default())
[INFO] [stdout]      |
[INFO] [stdout] 
[INFO] [stdout] error: aborting due to 1 previous error
[INFO] [stdout] 
[INFO] [stdout] For more information about this error, try `rustc --explain E0308`.
[INFO] [stdout] Couldn't compile the test.
[INFO] [stdout] 
[INFO] [stdout] failures:
[INFO] [stdout]     src/api.rs - api::CasePatchCall (line 4294)
[INFO] [stdout] 
[INFO] [stdout] test result: FAILED. 19 passed; 1 failed; 1 ignored; 0 measured; 0 filtered out; finished in 0.59s
[INFO] [stdout] 
[INFO] running `Command { std: "docker" "inspect" "1e3632e2895c93380b90655ed67a686f107ab696866bc7eecd2ee1cc961e80a0", kill_on_drop: false }`
[INFO] running `Command { std: "docker" "rm" "-f" "1e3632e2895c93380b90655ed67a686f107ab696866bc7eecd2ee1cc961e80a0", kill_on_drop: false }`
[INFO] [stdout] 1e3632e2895c93380b90655ed67a686f107ab696866bc7eecd2ee1cc961e80a0
