[INFO] fetching crate google-cloudresourcemanager3 5.0.3+20230115...
[INFO] testing google-cloudresourcemanager3-5.0.3+20230115 against 1.75.0 for beta-1.76-1
[INFO] extracting crate google-cloudresourcemanager3 5.0.3+20230115 into /workspace/builds/worker-3-tc1/source
[INFO] validating manifest of crates.io crate google-cloudresourcemanager3 5.0.3+20230115 on toolchain 1.75.0
[INFO] running `Command { std: CARGO_HOME="/workspace/cargo-home" RUSTUP_HOME="/workspace/rustup-home" "/workspace/cargo-home/bin/cargo" "+1.75.0" "metadata" "--manifest-path" "Cargo.toml" "--no-deps", kill_on_drop: false }`
[INFO] started tweaking crates.io crate google-cloudresourcemanager3 5.0.3+20230115
[INFO] finished tweaking crates.io crate google-cloudresourcemanager3 5.0.3+20230115
[INFO] tweaked toml for crates.io crate google-cloudresourcemanager3 5.0.3+20230115 written to /workspace/builds/worker-3-tc1/source/Cargo.toml
[INFO] running `Command { std: CARGO_HOME="/workspace/cargo-home" RUSTUP_HOME="/workspace/rustup-home" "/workspace/cargo-home/bin/cargo" "+1.75.0" "generate-lockfile" "--manifest-path" "Cargo.toml", kill_on_drop: false }`
[INFO] [stderr]     Updating crates.io index
[INFO] running `Command { std: CARGO_HOME="/workspace/cargo-home" RUSTUP_HOME="/workspace/rustup-home" "/workspace/cargo-home/bin/cargo" "+1.75.0" "fetch" "--manifest-path" "Cargo.toml", kill_on_drop: false }`
[INFO] running `Command { std: "docker" "create" "-v" "/var/lib/crater-agent-workspace/builds/worker-3-tc1/target:/opt/rustwide/target:rw,Z" "-v" "/var/lib/crater-agent-workspace/builds/worker-3-tc1/source:/opt/rustwide/workdir:ro,Z" "-v" "/var/lib/crater-agent-workspace/cargo-home:/opt/rustwide/cargo-home:ro,Z" "-v" "/var/lib/crater-agent-workspace/rustup-home:/opt/rustwide/rustup-home:ro,Z" "-e" "SOURCE_DIR=/opt/rustwide/workdir" "-e" "CARGO_TARGET_DIR=/opt/rustwide/target" "-e" "CARGO_HOME=/opt/rustwide/cargo-home" "-e" "RUSTUP_HOME=/opt/rustwide/rustup-home" "-w" "/opt/rustwide/workdir" "-m" "1610612736" "--user" "0:0" "--network" "none" "ghcr.io/rust-lang/crates-build-env/linux@sha256:2788e3201cd34a07e3172128adcd8b3090168a8e3bcc40d7c032b9dda1df7d1c" "/opt/rustwide/cargo-home/bin/cargo" "+1.75.0" "metadata" "--no-deps" "--format-version=1", kill_on_drop: false }`
[INFO] [stdout] 8ae34098ed6c6d8d558bcdeb7ae52c9cdff9f00a9c80716888437eebc96e4379
[INFO] running `Command { std: "docker" "start" "-a" "8ae34098ed6c6d8d558bcdeb7ae52c9cdff9f00a9c80716888437eebc96e4379", kill_on_drop: false }`
[INFO] running `Command { std: "docker" "inspect" "8ae34098ed6c6d8d558bcdeb7ae52c9cdff9f00a9c80716888437eebc96e4379", kill_on_drop: false }`
[INFO] running `Command { std: "docker" "rm" "-f" "8ae34098ed6c6d8d558bcdeb7ae52c9cdff9f00a9c80716888437eebc96e4379", kill_on_drop: false }`
[INFO] [stdout] 8ae34098ed6c6d8d558bcdeb7ae52c9cdff9f00a9c80716888437eebc96e4379
[INFO] running `Command { std: "docker" "create" "-v" "/var/lib/crater-agent-workspace/builds/worker-3-tc1/target:/opt/rustwide/target:rw,Z" "-v" "/var/lib/crater-agent-workspace/builds/worker-3-tc1/source:/opt/rustwide/workdir:ro,Z" "-v" "/var/lib/crater-agent-workspace/cargo-home:/opt/rustwide/cargo-home:ro,Z" "-v" "/var/lib/crater-agent-workspace/rustup-home:/opt/rustwide/rustup-home:ro,Z" "-e" "SOURCE_DIR=/opt/rustwide/workdir" "-e" "CARGO_TARGET_DIR=/opt/rustwide/target" "-e" "CARGO_INCREMENTAL=0" "-e" "RUST_BACKTRACE=full" "-e" "RUSTFLAGS=--cap-lints=warn" "-e" "RUSTDOCFLAGS=--cap-lints=warn" "-e" "CARGO_HOME=/opt/rustwide/cargo-home" "-e" "RUSTUP_HOME=/opt/rustwide/rustup-home" "-w" "/opt/rustwide/workdir" "-m" "1610612736" "--user" "0:0" "--network" "none" "ghcr.io/rust-lang/crates-build-env/linux@sha256:2788e3201cd34a07e3172128adcd8b3090168a8e3bcc40d7c032b9dda1df7d1c" "/opt/rustwide/cargo-home/bin/cargo" "+1.75.0" "build" "--frozen" "--message-format=json", kill_on_drop: false }`
[INFO] [stdout] d370fa3cae05c5b6414375568a49ae8f699b13ae2f6a91d2179d3d43ba714116
[INFO] running `Command { std: "docker" "start" "-a" "d370fa3cae05c5b6414375568a49ae8f699b13ae2f6a91d2179d3d43ba714116", kill_on_drop: false }`
[INFO] [stderr]    Compiling proc-macro2 v1.0.75
[INFO] [stderr]    Compiling unicode-ident v1.0.12
[INFO] [stderr]    Compiling libc v0.2.151
[INFO] [stderr]    Compiling autocfg v1.1.0
[INFO] [stderr]    Compiling pin-project-lite v0.2.13
[INFO] [stderr]    Compiling fnv v1.0.7
[INFO] [stderr]    Compiling cfg-if v1.0.0
[INFO] [stderr]    Compiling spin v0.9.8
[INFO] [stderr]    Compiling futures-core v0.3.30
[INFO] [stderr]    Compiling bytes v1.5.0
[INFO] [stderr]    Compiling untrusted v0.9.0
[INFO] [stderr]    Compiling futures-sink v0.3.30
[INFO] [stderr]    Compiling serde v1.0.194
[INFO] [stderr]    Compiling futures-task v0.3.30
[INFO] [stderr]    Compiling once_cell v1.19.0
[INFO] [stderr]    Compiling tinyvec_macros v0.1.1
[INFO] [stderr]    Compiling futures-io v0.3.30
[INFO] [stderr]    Compiling pin-utils v0.1.0
[INFO] [stderr]    Compiling memchr v2.7.1
[INFO] [stderr]    Compiling itoa v1.0.10
[INFO] [stderr]    Compiling tinyvec v1.6.0
[INFO] [stderr]    Compiling log v0.4.20
[INFO] [stderr]    Compiling rustls v0.21.10
[INFO] [stderr]    Compiling unicode-bidi v0.3.14
[INFO] [stderr]    Compiling futures-channel v0.3.30
[INFO] [stderr]    Compiling strsim v0.10.0
[INFO] [stderr]    Compiling hashbrown v0.14.3
[INFO] [stderr]    Compiling equivalent v1.0.1
[INFO] [stderr]    Compiling tracing-core v0.1.32
[INFO] [stderr]    Compiling httparse v1.8.0
[INFO] [stderr]    Compiling ident_case v1.0.1
[INFO] [stderr]    Compiling base64 v0.21.5
[INFO] [stderr]    Compiling try-lock v0.2.5
[INFO] [stderr]    Compiling rustls v0.22.1
[INFO] [stderr]    Compiling slab v0.4.9
[INFO] [stderr]    Compiling want v0.3.1
[INFO] [stderr]    Compiling num-traits v0.2.17
[INFO] [stderr]    Compiling tracing v0.1.40
[INFO] [stderr]    Compiling either v1.9.0
[INFO] [stderr]    Compiling httpdate v1.0.3
[INFO] [stderr]    Compiling serde_json v1.0.111
[INFO] [stderr]    Compiling percent-encoding v2.3.1
[INFO] [stderr]    Compiling http v0.2.11
[INFO] [stderr]    Compiling async-trait v0.1.77
[INFO] [stderr]    Compiling quote v1.0.35
[INFO] [stderr]    Compiling indexmap v2.1.0
[INFO] [stderr]    Compiling rustls-pemfile v1.0.4
[INFO] [stderr]    Compiling tower-service v0.3.2
[INFO] [stderr]    Compiling anyhow v1.0.79
[INFO] [stderr]    Compiling rustls-pki-types v1.1.0
[INFO] [stderr]    Compiling openssl-probe v0.1.5
[INFO] [stderr]    Compiling unicode-normalization v0.1.22
[INFO] [stderr]    Compiling powerfmt v0.2.0
[INFO] [stderr]    Compiling form_urlencoded v1.2.1
[INFO] [stderr]    Compiling syn v2.0.48
[INFO] [stderr]    Compiling rustls-native-certs v0.6.3
[INFO] [stderr]    Compiling subtle v2.5.0
[INFO] [stderr]    Compiling ryu v1.0.16
[INFO] [stderr]    Compiling zeroize v1.7.0
[INFO] [stderr]    Compiling num_threads v0.1.6
[INFO] [stderr]    Compiling matches v0.1.10
[INFO] [stderr]    Compiling time-core v0.1.2
[INFO] [stderr]    Compiling itertools v0.12.0
[INFO] [stderr]    Compiling seahash v4.1.0
[INFO] [stderr]    Compiling percent-encoding v1.0.1
[INFO] [stderr]    Compiling iana-time-zone v0.1.59
[INFO] [stderr]    Compiling cc v1.0.83
[INFO] [stderr]    Compiling getrandom v0.2.11
[INFO] [stderr]    Compiling mio v0.8.10
[INFO] [stderr]    Compiling socket2 v0.5.5
[INFO] [stderr]    Compiling itertools v0.10.5
[INFO] [stderr]    Compiling mime v0.3.17
[INFO] [stderr]    Compiling base64 v0.13.1
[INFO] [stderr]    Compiling idna v0.5.0
[INFO] [stderr]    Compiling idna v0.1.5
[INFO] [stderr]    Compiling http-body v0.4.6
[INFO] [stderr]    Compiling url v2.5.0
[INFO] [stderr]    Compiling url v1.7.2
[INFO] [stderr]    Compiling ring v0.17.7
[INFO] [stderr]    Compiling darling_core v0.20.3
[INFO] [stderr]    Compiling tokio-macros v2.2.0
[INFO] [stderr]    Compiling serde_derive v1.0.194
[INFO] [stderr]    Compiling futures-macro v0.3.30
[INFO] [stderr]    Compiling sct v0.7.1
[INFO] [stderr]    Compiling rustls-webpki v0.101.7
[INFO] [stderr]    Compiling rustls-webpki v0.102.1
[INFO] [stderr]    Compiling tokio v1.35.1
[INFO] [stderr]    Compiling darling_macro v0.20.3
[INFO] [stderr]    Compiling futures-util v0.3.30
[INFO] [stderr]    Compiling darling v0.20.3
[INFO] [stderr]    Compiling serde_with_macros v2.3.3
[INFO] [stderr]    Compiling futures-executor v0.3.30
[INFO] [stderr]    Compiling futures v0.3.30
[INFO] [stderr]    Compiling tokio-util v0.7.10
[INFO] [stderr]    Compiling tokio-rustls v0.24.1
[INFO] [stderr]    Compiling h2 v0.3.22
[INFO] [stderr]    Compiling deranged v0.3.11
[INFO] [stderr]    Compiling serde_with v2.3.3
[INFO] [stderr]    Compiling chrono v0.4.31
[INFO] [stderr]    Compiling time v0.3.31
[INFO] [stderr]    Compiling hyper v0.14.28
[INFO] [stderr]    Compiling hyper-rustls v0.24.2
[INFO] [stderr]    Compiling yup-oauth2 v8.3.2
[INFO] [stderr]    Compiling google-apis-common v6.0.0
[INFO] [stderr]    Compiling google-cloudresourcemanager3 v5.0.3+20230115 (/opt/rustwide/workdir)
[INFO] [stderr]     Finished dev [unoptimized + debuginfo] target(s) in 30.84s
[INFO] running `Command { std: "docker" "inspect" "d370fa3cae05c5b6414375568a49ae8f699b13ae2f6a91d2179d3d43ba714116", kill_on_drop: false }`
[INFO] running `Command { std: "docker" "rm" "-f" "d370fa3cae05c5b6414375568a49ae8f699b13ae2f6a91d2179d3d43ba714116", kill_on_drop: false }`
[INFO] [stdout] d370fa3cae05c5b6414375568a49ae8f699b13ae2f6a91d2179d3d43ba714116
[INFO] running `Command { std: "docker" "create" "-v" "/var/lib/crater-agent-workspace/builds/worker-3-tc1/target:/opt/rustwide/target:rw,Z" "-v" "/var/lib/crater-agent-workspace/builds/worker-3-tc1/source:/opt/rustwide/workdir:ro,Z" "-v" "/var/lib/crater-agent-workspace/cargo-home:/opt/rustwide/cargo-home:ro,Z" "-v" "/var/lib/crater-agent-workspace/rustup-home:/opt/rustwide/rustup-home:ro,Z" "-e" "SOURCE_DIR=/opt/rustwide/workdir" "-e" "CARGO_TARGET_DIR=/opt/rustwide/target" "-e" "CARGO_INCREMENTAL=0" "-e" "RUST_BACKTRACE=full" "-e" "RUSTFLAGS=--cap-lints=warn" "-e" "RUSTDOCFLAGS=--cap-lints=warn" "-e" "CARGO_HOME=/opt/rustwide/cargo-home" "-e" "RUSTUP_HOME=/opt/rustwide/rustup-home" "-w" "/opt/rustwide/workdir" "-m" "1610612736" "--user" "0:0" "--network" "none" "ghcr.io/rust-lang/crates-build-env/linux@sha256:2788e3201cd34a07e3172128adcd8b3090168a8e3bcc40d7c032b9dda1df7d1c" "/opt/rustwide/cargo-home/bin/cargo" "+1.75.0" "test" "--frozen" "--no-run" "--message-format=json", kill_on_drop: false }`
[INFO] [stdout] 2f8897a8ba668ad08bb705fdd4e48606a767da54eff3fc9e67a1ee909d5a226b
[INFO] running `Command { std: "docker" "start" "-a" "2f8897a8ba668ad08bb705fdd4e48606a767da54eff3fc9e67a1ee909d5a226b", kill_on_drop: false }`
[INFO] [stderr]    Compiling google-cloudresourcemanager3 v5.0.3+20230115 (/opt/rustwide/workdir)
[INFO] [stderr]     Finished test [unoptimized + debuginfo] target(s) in 3.48s
[INFO] running `Command { std: "docker" "inspect" "2f8897a8ba668ad08bb705fdd4e48606a767da54eff3fc9e67a1ee909d5a226b", kill_on_drop: false }`
[INFO] running `Command { std: "docker" "rm" "-f" "2f8897a8ba668ad08bb705fdd4e48606a767da54eff3fc9e67a1ee909d5a226b", kill_on_drop: false }`
[INFO] [stdout] 2f8897a8ba668ad08bb705fdd4e48606a767da54eff3fc9e67a1ee909d5a226b
[INFO] running `Command { std: "docker" "create" "-v" "/var/lib/crater-agent-workspace/builds/worker-3-tc1/target:/opt/rustwide/target:rw,Z" "-v" "/var/lib/crater-agent-workspace/builds/worker-3-tc1/source:/opt/rustwide/workdir:ro,Z" "-v" "/var/lib/crater-agent-workspace/cargo-home:/opt/rustwide/cargo-home:ro,Z" "-v" "/var/lib/crater-agent-workspace/rustup-home:/opt/rustwide/rustup-home:ro,Z" "-e" "SOURCE_DIR=/opt/rustwide/workdir" "-e" "CARGO_TARGET_DIR=/opt/rustwide/target" "-e" "CARGO_INCREMENTAL=0" "-e" "RUST_BACKTRACE=full" "-e" "RUSTFLAGS=--cap-lints=warn" "-e" "RUSTDOCFLAGS=--cap-lints=warn" "-e" "CARGO_HOME=/opt/rustwide/cargo-home" "-e" "RUSTUP_HOME=/opt/rustwide/rustup-home" "-w" "/opt/rustwide/workdir" "-m" "1610612736" "--user" "0:0" "--network" "none" "ghcr.io/rust-lang/crates-build-env/linux@sha256:2788e3201cd34a07e3172128adcd8b3090168a8e3bcc40d7c032b9dda1df7d1c" "/opt/rustwide/cargo-home/bin/cargo" "+1.75.0" "test" "--frozen", kill_on_drop: false }`
[INFO] [stdout] 5c956a3078474c5cd15b079d2b4e0398ab50f22bde4ed2309fee133f67d2a97b
[INFO] running `Command { std: "docker" "start" "-a" "5c956a3078474c5cd15b079d2b4e0398ab50f22bde4ed2309fee133f67d2a97b", kill_on_drop: false }`
[INFO] [stderr]     Finished test [unoptimized + debuginfo] target(s) in 0.09s
[INFO] [stderr]      Running unittests src/lib.rs (/opt/rustwide/target/debug/deps/google_cloudresourcemanager3-d6238bd268ab7edc)
[INFO] [stdout] 
[INFO] [stdout] running 0 tests
[INFO] [stdout] 
[INFO] [stdout] test result: ok. 0 passed; 0 failed; 0 ignored; 0 measured; 0 filtered out; finished in 0.00s
[INFO] [stdout] 
[INFO] [stderr]    Doc-tests google-cloudresourcemanager3
[INFO] [stdout] 
[INFO] [stdout] running 67 tests
[INFO] [stdout] test src/api.rs - api::EffectiveTagMethods (line 1282) - compile ... ok
[INFO] [stdout] test src/api.rs - api::FolderTestIamPermissionCall (line 5468) - compile ... ok
[INFO] [stdout] test src/api.rs - api::FolderDeleteCall (line 3194) - compile ... ok
[INFO] [stdout] test src/api.rs - api::EffectiveTagListCall (line 2642) - compile ... ok
[INFO] [stdout] test src/api.rs - api::LienCreateCall (line 6052) - compile ... ok
[INFO] [stdout] test src/api.rs - api::FolderGetCall (line 3456) - compile ... ok
[INFO] [stdout] test src/api.rs - api::FolderSetIamPolicyCall (line 5176) - compile ... ok
[INFO] [stdout] test src/api.rs - api::FolderUndeleteCall (line 5760) - compile ... ok
[INFO] [stdout] test src/api.rs - api::FolderGetIamPolicyCall (line 3718) - compile ... ok
[INFO] [stdout] test src/api.rs - api::FolderListCall (line 4010) - compile ... ok
[INFO] [stdout] test src/api.rs - api::FolderMethods (line 1338) - compile ... ok
[INFO] [stdout] test src/api.rs - api::FolderCreateCall (line 2921) - compile ... ok
[INFO] [stdout] test src/api.rs - api::FolderMoveCall (line 4301) - compile ... ok
[INFO] [stdout] test src/api.rs - api::LienMethods (line 1576) - compile ... ok
[INFO] [stdout] test src/api.rs - api::LienDeleteCall (line 6325) - compile ... ok
[INFO] [stdout] test src/api.rs - api::FolderSearchCall (line 4897) - compile ... ok
[INFO] [stdout] test src/api.rs - api::OrganizationMethods (line 1741) - compile ... ok
[INFO] [stdout] test src/api.rs - api::CloudResourceManager (line 62) - compile ... FAILED
[INFO] [stdout] test src/api.rs - api::FolderPatchCall (line 4593) - compile ... FAILED
[INFO] [stdout] test src/api.rs - api::OperationMethods (line 1683) - compile ... ok
[INFO] [stdout] test src/api.rs - api::LienListCall (line 6849) - compile ... ok
[INFO] [stdout] test src/api.rs - api::OrganizationGetCall (line 7390) - compile ... ok
[INFO] [stdout] test src/api.rs - api::ProjectListCall (line 9896) - compile ... ok
[INFO] [stdout] test src/api.rs - api::OperationGetCall (line 7128) - compile ... ok
[INFO] [stdout] test src/api.rs - api::LienGetCall (line 6587) - compile ... ok
[INFO] [stdout] test src/api.rs - api::OrganizationSetIamPolicyCall (line 8223) - compile ... ok
[INFO] [stdout] test src/api.rs - api::ProjectCreateCall (line 8807) - compile ... ok
[INFO] [stdout] test src/api.rs - api::OrganizationGetIamPolicyCall (line 7652) - compile ... ok
[INFO] [stdout] test src/api.rs - api::ProjectDeleteCall (line 9080) - compile ... ok
[INFO] [stdout] test src/api.rs - api::OrganizationTestIamPermissionCall (line 8515) - compile ... ok
[INFO] [stdout] test src/api.rs - api::OrganizationSearchCall (line 7944) - compile ... ok
[INFO] [stdout] test src/api.rs - api::ProjectGetCall (line 9342) - compile ... ok
[INFO] [stdout] test src/api.rs - api::ProjectUndeleteCall (line 11646) - compile ... ok
[INFO] [stdout] test src/api.rs - api::ProjectSetIamPolicyCall (line 11062) - compile ... ok
[INFO] [stdout] test src/api.rs - api::ProjectSearchCall (line 10783) - compile ... ok
[INFO] [stdout] test src/api.rs - api::ProjectTestIamPermissionCall (line 11354) - compile ... ok
[INFO] [stdout] test src/api.rs - api::TagBindingMethods (line 2109) - compile ... ok
[INFO] [stdout] test src/api.rs - api::ProjectMethods (line 1871) - compile ... ok
[INFO] [stdout] test src/api.rs - api::TagBindingDeleteCall (line 12223) - compile ... ok
[INFO] [stdout] test src/api.rs - api::ProjectGetIamPolicyCall (line 9604) - compile ... ok
[INFO] [stdout] test src/api.rs - api::ProjectMoveCall (line 10187) - compile ... ok
[INFO] [stdout] test src/api.rs - api::TagBindingCreateCall (line 11938) - compile ... ok
[INFO] [stdout] test src/api.rs - api::TagKeyMethods (line 2200) - compile ... ok
[INFO] [stdout] test src/api.rs - api::ProjectPatchCall (line 10479) - compile ... FAILED
[INFO] [stdout] test src/api.rs - api::TagKeyPatchCall (line 14168) - compile ... FAILED
[INFO] [stdout] test src/api.rs - api::TagKeyGetIamPolicyCall (line 13597) - compile ... ok
[INFO] [stdout] test src/api.rs - api::TagKeyGetCall (line 13335) - compile ... ok
[INFO] [stdout] test src/api.rs - api::TagValueMethods (line 2388) - compile ... ok
[INFO] [stdout] test src/api.rs - api::TagBindingListCall (line 12485) - compile ... ok
[INFO] [stdout] test src/api.rs - api::TagKeyDeleteCall (line 13049) - compile ... ok
[INFO] [stdout] test src/api.rs - api::TagValueCreateCall (line 15944) - compile ... ok
[INFO] [stdout] test src/lib.rs - (line 65) ... ignored
[INFO] [stdout] test src/api.rs - api::TagValueSetIamPolicyCall (line 17664) - compile ... ok
[INFO] [stdout] test src/api.rs - api::TagValueGetIamPolicyCall (line 16777) - compile ... ok
[INFO] [stdout] test src/api.rs - api::TagKeyCreateCall (line 12764) - compile ... ok
[INFO] [stdout] test src/api.rs - api::TagKeyListCall (line 13889) - compile ... ok
[INFO] [stdout] test src/api.rs - api::TagValueListCall (line 17069) - compile ... ok
[INFO] [stdout] test src/api.rs - api::TagKeySetIamPolicyCall (line 14484) - compile ... ok
[INFO] [stdout] test src/api.rs - api::TagValueDeleteCall (line 16229) - compile ... ok
[INFO] [stdout] test src/api.rs - api::TagValueTagHoldListCall (line 15646) - compile ... ok
[INFO] [stdout] test src/api.rs - api::TagKeyTestIamPermissionCall (line 14776) - compile ... ok
[INFO] [stdout] test src/api.rs - api::TagValueTagHoldCreateCall (line 15068) - compile ... ok
[INFO] [stdout] test src/api.rs - api::TagValueTestIamPermissionCall (line 17956) - compile ... ok
[INFO] [stdout] test src/api.rs - api::TagValueGetCall (line 16515) - compile ... ok
[INFO] [stdout] test src/api.rs - api::TagValueTagHoldDeleteCall (line 15372) - compile ... ok
[INFO] [stdout] test src/api.rs - api::TagValuePatchCall (line 17348) - compile ... FAILED
[INFO] [stdout] test src/lib.rs - (line 109) - compile ... FAILED
[INFO] [stdout] 
[INFO] [stdout] failures:
[INFO] [stdout] 
[INFO] [stdout] ---- src/api.rs - api::CloudResourceManager (line 62) stdout ----
[INFO] [stdout] error[E0308]: mismatched types
[INFO] [stdout]      --> src/api.rs:95:27
[INFO] [stdout]       |
[INFO] [stdout] 34    |              .update_mask(&Default::default())
[INFO] [stdout]       |               ----------- ^^^^^^^^^^^^^^^^^^^ expected `FieldMask`, found `&_`
[INFO] [stdout]       |               |
[INFO] [stdout]       |               arguments to this method are incorrect
[INFO] [stdout]       |
[INFO] [stdout]       = note: expected struct `FieldMask`
[INFO] [stdout]               found reference `&_`
[INFO] [stdout] note: method defined here
[INFO] [stdout]      --> /opt/rustwide/workdir/src/api.rs:14395:12
[INFO] [stdout]       |
[INFO] [stdout] 14395 |     pub fn update_mask(mut self, new_value: client::FieldMask) -> TagKeyPatchCall<'a, S> {
[INFO] [stdout]       |            ^^^^^^^^^^^
[INFO] [stdout] help: consider removing the borrow
[INFO] [stdout]       |
[INFO] [stdout] 34    -              .update_mask(&Default::default())
[INFO] [stdout] 34    +              .update_mask(Default::default())
[INFO] [stdout]       |
[INFO] [stdout] 
[INFO] [stdout] error: aborting due to previous error
[INFO] [stdout] 
[INFO] [stdout] For more information about this error, try `rustc --explain E0308`.
[INFO] [stdout] Couldn't compile the test.
[INFO] [stdout] ---- src/api.rs - api::FolderPatchCall (line 4593) stdout ----
[INFO] [stdout] error[E0308]: mismatched types
[INFO] [stdout]     --> src/api.rs:4617:27
[INFO] [stdout]      |
[INFO] [stdout] 25   |              .update_mask(&Default::default())
[INFO] [stdout]      |               ----------- ^^^^^^^^^^^^^^^^^^^ expected `FieldMask`, found `&_`
[INFO] [stdout]      |               |
[INFO] [stdout]      |               arguments to this method are incorrect
[INFO] [stdout]      |
[INFO] [stdout]      = note: expected struct `FieldMask`
[INFO] [stdout]              found reference `&_`
[INFO] [stdout] note: method defined here
[INFO] [stdout]     --> /opt/rustwide/workdir/src/api.rs:4808:12
[INFO] [stdout]      |
[INFO] [stdout] 4808 |     pub fn update_mask(mut self, new_value: client::FieldMask) -> FolderPatchCall<'a, S> {
[INFO] [stdout]      |            ^^^^^^^^^^^
[INFO] [stdout] help: consider removing the borrow
[INFO] [stdout]      |
[INFO] [stdout] 25   -              .update_mask(&Default::default())
[INFO] [stdout] 25   +              .update_mask(Default::default())
[INFO] [stdout]      |
[INFO] [stdout] 
[INFO] [stdout] error: aborting due to previous error
[INFO] [stdout] 
[INFO] [stdout] For more information about this error, try `rustc --explain E0308`.
[INFO] [stdout] Couldn't compile the test.
[INFO] [stdout] ---- src/api.rs - api::ProjectPatchCall (line 10479) stdout ----
[INFO] [stdout] error[E0308]: mismatched types
[INFO] [stdout]      --> src/api.rs:10503:27
[INFO] [stdout]       |
[INFO] [stdout] 25    |              .update_mask(&Default::default())
[INFO] [stdout]       |               ----------- ^^^^^^^^^^^^^^^^^^^ expected `FieldMask`, found `&_`
[INFO] [stdout]       |               |
[INFO] [stdout]       |               arguments to this method are incorrect
[INFO] [stdout]       |
[INFO] [stdout]       = note: expected struct `FieldMask`
[INFO] [stdout]               found reference `&_`
[INFO] [stdout] note: method defined here
[INFO] [stdout]      --> /opt/rustwide/workdir/src/api.rs:10694:12
[INFO] [stdout]       |
[INFO] [stdout] 10694 |     pub fn update_mask(mut self, new_value: client::FieldMask) -> ProjectPatchCall<'a, S> {
[INFO] [stdout]       |            ^^^^^^^^^^^
[INFO] [stdout] help: consider removing the borrow
[INFO] [stdout]       |
[INFO] [stdout] 25    -              .update_mask(&Default::default())
[INFO] [stdout] 25    +              .update_mask(Default::default())
[INFO] [stdout]       |
[INFO] [stdout] 
[INFO] [stdout] error: aborting due to previous error
[INFO] [stdout] 
[INFO] [stdout] For more information about this error, try `rustc --explain E0308`.
[INFO] [stdout] Couldn't compile the test.
[INFO] [stdout] ---- src/api.rs - api::TagKeyPatchCall (line 14168) stdout ----
[INFO] [stdout] error[E0308]: mismatched types
[INFO] [stdout]      --> src/api.rs:14193:27
[INFO] [stdout]       |
[INFO] [stdout] 26    |              .update_mask(&Default::default())
[INFO] [stdout]       |               ----------- ^^^^^^^^^^^^^^^^^^^ expected `FieldMask`, found `&_`
[INFO] [stdout]       |               |
[INFO] [stdout]       |               arguments to this method are incorrect
[INFO] [stdout]       |
[INFO] [stdout]       = note: expected struct `FieldMask`
[INFO] [stdout]               found reference `&_`
[INFO] [stdout] note: method defined here
[INFO] [stdout]      --> /opt/rustwide/workdir/src/api.rs:14395:12
[INFO] [stdout]       |
[INFO] [stdout] 14395 |     pub fn update_mask(mut self, new_value: client::FieldMask) -> TagKeyPatchCall<'a, S> {
[INFO] [stdout]       |            ^^^^^^^^^^^
[INFO] [stdout] help: consider removing the borrow
[INFO] [stdout]       |
[INFO] [stdout] 26    -              .update_mask(&Default::default())
[INFO] [stdout] 26    +              .update_mask(Default::default())
[INFO] [stdout]       |
[INFO] [stdout] 
[INFO] [stdout] error: aborting due to previous error
[INFO] [stdout] 
[INFO] [stdout] For more information about this error, try `rustc --explain E0308`.
[INFO] [stdout] Couldn't compile the test.
[INFO] [stdout] ---- src/api.rs - api::TagValuePatchCall (line 17348) stdout ----
[INFO] [stdout] error[E0308]: mismatched types
[INFO] [stdout]      --> src/api.rs:17373:27
[INFO] [stdout]       |
[INFO] [stdout] 26    |              .update_mask(&Default::default())
[INFO] [stdout]       |               ----------- ^^^^^^^^^^^^^^^^^^^ expected `FieldMask`, found `&_`
[INFO] [stdout]       |               |
[INFO] [stdout]       |               arguments to this method are incorrect
[INFO] [stdout]       |
[INFO] [stdout]       = note: expected struct `FieldMask`
[INFO] [stdout]               found reference `&_`
[INFO] [stdout] note: method defined here
[INFO] [stdout]      --> /opt/rustwide/workdir/src/api.rs:17575:12
[INFO] [stdout]       |
[INFO] [stdout] 17575 |     pub fn update_mask(mut self, new_value: client::FieldMask) -> TagValuePatchCall<'a, S> {
[INFO] [stdout]       |            ^^^^^^^^^^^
[INFO] [stdout] help: consider removing the borrow
[INFO] [stdout]       |
[INFO] [stdout] 26    -              .update_mask(&Default::default())
[INFO] [stdout] 26    +              .update_mask(Default::default())
[INFO] [stdout]       |
[INFO] [stdout] 
[INFO] [stdout] error: aborting due to previous error
[INFO] [stdout] 
[INFO] [stdout] For more information about this error, try `rustc --explain E0308`.
[INFO] [stdout] Couldn't compile the test.
[INFO] [stdout] ---- src/lib.rs - (line 109) stdout ----
[INFO] [stdout] error[E0308]: mismatched types
[INFO] [stdout]      --> src/lib.rs:142:27
[INFO] [stdout]       |
[INFO] [stdout] 34    |              .update_mask(&Default::default())
[INFO] [stdout]       |               ----------- ^^^^^^^^^^^^^^^^^^^ expected `FieldMask`, found `&_`
[INFO] [stdout]       |               |
[INFO] [stdout]       |               arguments to this method are incorrect
[INFO] [stdout]       |
[INFO] [stdout]       = note: expected struct `FieldMask`
[INFO] [stdout]               found reference `&_`
[INFO] [stdout] note: method defined here
[INFO] [stdout]      --> /opt/rustwide/workdir/src/api.rs:14395:12
[INFO] [stdout]       |
[INFO] [stdout] 14395 |     pub fn update_mask(mut self, new_value: client::FieldMask) -> TagKeyPatchCall<'a, S> {
[INFO] [stdout]       |            ^^^^^^^^^^^
[INFO] [stdout] help: consider removing the borrow
[INFO] [stdout]       |
[INFO] [stdout] 34    -              .update_mask(&Default::default())
[INFO] [stdout] 34    +              .update_mask(Default::default())
[INFO] [stdout]       |
[INFO] [stdout] 
[INFO] [stdout] error: aborting due to previous error
[INFO] [stdout] 
[INFO] [stdout] For more information about this error, try `rustc --explain E0308`.
[INFO] [stdout] Couldn't compile the test.
[INFO] [stdout] 
[INFO] [stdout] failures:
[INFO] [stdout]     src/api.rs - api::CloudResourceManager (line 62)
[INFO] [stdout]     src/api.rs - api::FolderPatchCall (line 4593)
[INFO] [stdout]     src/api.rs - api::ProjectPatchCall (line 10479)
[INFO] [stdout]     src/api.rs - api::TagKeyPatchCall (line 14168)
[INFO] [stdout]     src/api.rs - api::TagValuePatchCall (line 17348)
[INFO] [stdout]     src/lib.rs - (line 109)
[INFO] [stdout] 
[INFO] [stdout] test result: FAILED. 60 passed; 6 failed; 1 ignored; 0 measured; 0 filtered out; finished in 1.94s
[INFO] [stdout] 
[INFO] [stderr] error: doctest failed, to rerun pass `--doc`
[INFO] running `Command { std: "docker" "inspect" "5c956a3078474c5cd15b079d2b4e0398ab50f22bde4ed2309fee133f67d2a97b", kill_on_drop: false }`
[INFO] running `Command { std: "docker" "rm" "-f" "5c956a3078474c5cd15b079d2b4e0398ab50f22bde4ed2309fee133f67d2a97b", kill_on_drop: false }`
[INFO] [stdout] 5c956a3078474c5cd15b079d2b4e0398ab50f22bde4ed2309fee133f67d2a97b
[INFO] testing google-cloudresourcemanager3-5.0.3+20230115 against beta-2023-12-22 for beta-1.76-1
[INFO] extracting crate google-cloudresourcemanager3 5.0.3+20230115 into /workspace/builds/worker-3-tc2/source
[INFO] validating manifest of crates.io crate google-cloudresourcemanager3 5.0.3+20230115 on toolchain beta-2023-12-22
[INFO] running `Command { std: CARGO_HOME="/workspace/cargo-home" RUSTUP_HOME="/workspace/rustup-home" "/workspace/cargo-home/bin/cargo" "+beta-2023-12-22" "metadata" "--manifest-path" "Cargo.toml" "--no-deps", kill_on_drop: false }`
[INFO] started tweaking crates.io crate google-cloudresourcemanager3 5.0.3+20230115
[INFO] finished tweaking crates.io crate google-cloudresourcemanager3 5.0.3+20230115
[INFO] tweaked toml for crates.io crate google-cloudresourcemanager3 5.0.3+20230115 written to /workspace/builds/worker-3-tc2/source/Cargo.toml
[INFO] running `Command { std: CARGO_HOME="/workspace/cargo-home" RUSTUP_HOME="/workspace/rustup-home" "/workspace/cargo-home/bin/cargo" "+beta-2023-12-22" "generate-lockfile" "--manifest-path" "Cargo.toml", kill_on_drop: false }`
[INFO] [stderr]     Updating crates.io index
[INFO] running `Command { std: CARGO_HOME="/workspace/cargo-home" RUSTUP_HOME="/workspace/rustup-home" "/workspace/cargo-home/bin/cargo" "+beta-2023-12-22" "fetch" "--manifest-path" "Cargo.toml", kill_on_drop: false }`
[INFO] running `Command { std: "docker" "create" "-v" "/var/lib/crater-agent-workspace/builds/worker-3-tc2/target:/opt/rustwide/target:rw,Z" "-v" "/var/lib/crater-agent-workspace/builds/worker-3-tc2/source:/opt/rustwide/workdir:ro,Z" "-v" "/var/lib/crater-agent-workspace/cargo-home:/opt/rustwide/cargo-home:ro,Z" "-v" "/var/lib/crater-agent-workspace/rustup-home:/opt/rustwide/rustup-home:ro,Z" "-e" "SOURCE_DIR=/opt/rustwide/workdir" "-e" "CARGO_TARGET_DIR=/opt/rustwide/target" "-e" "CARGO_HOME=/opt/rustwide/cargo-home" "-e" "RUSTUP_HOME=/opt/rustwide/rustup-home" "-w" "/opt/rustwide/workdir" "-m" "1610612736" "--user" "0:0" "--network" "none" "ghcr.io/rust-lang/crates-build-env/linux@sha256:2788e3201cd34a07e3172128adcd8b3090168a8e3bcc40d7c032b9dda1df7d1c" "/opt/rustwide/cargo-home/bin/cargo" "+beta-2023-12-22" "metadata" "--no-deps" "--format-version=1", kill_on_drop: false }`
[INFO] [stdout] 7a1cc5401685f748d41ed5f7c24158c16e6df6ab3dcc512e3f997a70c7ac389a
[INFO] running `Command { std: "docker" "start" "-a" "7a1cc5401685f748d41ed5f7c24158c16e6df6ab3dcc512e3f997a70c7ac389a", kill_on_drop: false }`
[INFO] running `Command { std: "docker" "inspect" "7a1cc5401685f748d41ed5f7c24158c16e6df6ab3dcc512e3f997a70c7ac389a", kill_on_drop: false }`
[INFO] running `Command { std: "docker" "rm" "-f" "7a1cc5401685f748d41ed5f7c24158c16e6df6ab3dcc512e3f997a70c7ac389a", kill_on_drop: false }`
[INFO] [stdout] 7a1cc5401685f748d41ed5f7c24158c16e6df6ab3dcc512e3f997a70c7ac389a
[INFO] running `Command { std: "docker" "create" "-v" "/var/lib/crater-agent-workspace/builds/worker-3-tc2/target:/opt/rustwide/target:rw,Z" "-v" "/var/lib/crater-agent-workspace/builds/worker-3-tc2/source:/opt/rustwide/workdir:ro,Z" "-v" "/var/lib/crater-agent-workspace/cargo-home:/opt/rustwide/cargo-home:ro,Z" "-v" "/var/lib/crater-agent-workspace/rustup-home:/opt/rustwide/rustup-home:ro,Z" "-e" "SOURCE_DIR=/opt/rustwide/workdir" "-e" "CARGO_TARGET_DIR=/opt/rustwide/target" "-e" "CARGO_INCREMENTAL=0" "-e" "RUST_BACKTRACE=full" "-e" "RUSTFLAGS=--cap-lints=warn" "-e" "RUSTDOCFLAGS=--cap-lints=warn" "-e" "CARGO_HOME=/opt/rustwide/cargo-home" "-e" "RUSTUP_HOME=/opt/rustwide/rustup-home" "-w" "/opt/rustwide/workdir" "-m" "1610612736" "--user" "0:0" "--network" "none" "ghcr.io/rust-lang/crates-build-env/linux@sha256:2788e3201cd34a07e3172128adcd8b3090168a8e3bcc40d7c032b9dda1df7d1c" "/opt/rustwide/cargo-home/bin/cargo" "+beta-2023-12-22" "build" "--frozen" "--message-format=json", kill_on_drop: false }`
[INFO] [stdout] 6de6778c279cf5c8700ff364659c9ccf9bac7839074d8883f9b706033aab388d
[INFO] running `Command { std: "docker" "start" "-a" "6de6778c279cf5c8700ff364659c9ccf9bac7839074d8883f9b706033aab388d", kill_on_drop: false }`
[INFO] [stderr]    Compiling proc-macro2 v1.0.75
[INFO] [stderr]    Compiling unicode-ident v1.0.12
[INFO] [stderr]    Compiling libc v0.2.151
[INFO] [stderr]    Compiling autocfg v1.1.0
[INFO] [stderr]    Compiling pin-project-lite v0.2.13
[INFO] [stderr]    Compiling fnv v1.0.7
[INFO] [stderr]    Compiling cfg-if v1.0.0
[INFO] [stderr]    Compiling bytes v1.5.0
[INFO] [stderr]    Compiling futures-sink v0.3.30
[INFO] [stderr]    Compiling futures-core v0.3.30
[INFO] [stderr]    Compiling spin v0.9.8
[INFO] [stderr]    Compiling untrusted v0.9.0
[INFO] [stderr]    Compiling serde v1.0.194
[INFO] [stderr]    Compiling futures-task v0.3.30
[INFO] [stderr]    Compiling memchr v2.7.1
[INFO] [stderr]    Compiling tinyvec_macros v0.1.1
[INFO] [stderr]    Compiling pin-utils v0.1.0
[INFO] [stderr]    Compiling once_cell v1.19.0
[INFO] [stderr]    Compiling itoa v1.0.10
[INFO] [stderr]    Compiling futures-io v0.3.30
[INFO] [stderr]    Compiling tinyvec v1.6.0
[INFO] [stderr]    Compiling futures-channel v0.3.30
[INFO] [stderr]    Compiling httparse v1.8.0
[INFO] [stderr]    Compiling ident_case v1.0.1
[INFO] [stderr]    Compiling log v0.4.20
[INFO] [stderr]    Compiling unicode-bidi v0.3.14
[INFO] [stderr]    Compiling hashbrown v0.14.3
[INFO] [stderr]    Compiling strsim v0.10.0
[INFO] [stderr]    Compiling rustls v0.21.10
[INFO] [stderr]    Compiling equivalent v1.0.1
[INFO] [stderr]    Compiling tracing-core v0.1.32
[INFO] [stderr]    Compiling base64 v0.21.5
[INFO] [stderr]    Compiling try-lock v0.2.5
[INFO] [stderr]    Compiling want v0.3.1
[INFO] [stderr]    Compiling anyhow v1.0.79
[INFO] [stderr]    Compiling slab v0.4.9
[INFO] [stderr]    Compiling rustls-pemfile v1.0.4
[INFO] [stderr]    Compiling num-traits v0.2.17
[INFO] [stderr]    Compiling either v1.9.0
[INFO] [stderr]    Compiling openssl-probe v0.1.5
[INFO] [stderr]    Compiling percent-encoding v2.3.1
[INFO] [stderr]    Compiling tracing v0.1.40
[INFO] [stderr]    Compiling rustls v0.22.1
[INFO] [stderr]    Compiling http v0.2.11
[INFO] [stderr]    Compiling powerfmt v0.2.0
[INFO] [stderr]    Compiling httpdate v1.0.3
[INFO] [stderr]    Compiling tower-service v0.3.2
[INFO] [stderr]    Compiling rustls-pki-types v1.1.0
[INFO] [stderr]    Compiling indexmap v2.1.0
[INFO] [stderr]    Compiling serde_json v1.0.111
[INFO] [stderr]    Compiling async-trait v0.1.77
[INFO] [stderr]    Compiling form_urlencoded v1.2.1
[INFO] [stderr]    Compiling rustls-native-certs v0.6.3
[INFO] [stderr]    Compiling time-core v0.1.2
[INFO] [stderr]    Compiling subtle v2.5.0
[INFO] [stderr]    Compiling num_threads v0.1.6
[INFO] [stderr]    Compiling matches v0.1.10
[INFO] [stderr]    Compiling zeroize v1.7.0
[INFO] [stderr]    Compiling quote v1.0.35
[INFO] [stderr]    Compiling ryu v1.0.16
[INFO] [stderr]    Compiling itertools v0.12.0
[INFO] [stderr]    Compiling iana-time-zone v0.1.59
[INFO] [stderr]    Compiling percent-encoding v1.0.1
[INFO] [stderr]    Compiling seahash v4.1.0
[INFO] [stderr]    Compiling itertools v0.10.5
[INFO] [stderr]    Compiling syn v2.0.48
[INFO] [stderr]    Compiling cc v1.0.83
[INFO] [stderr]    Compiling getrandom v0.2.11
[INFO] [stderr]    Compiling mio v0.8.10
[INFO] [stderr]    Compiling socket2 v0.5.5
[INFO] [stderr]    Compiling unicode-normalization v0.1.22
[INFO] [stderr]    Compiling mime v0.3.17
[INFO] [stderr]    Compiling base64 v0.13.1
[INFO] [stderr]    Compiling http-body v0.4.6
[INFO] [stderr]    Compiling idna v0.5.0
[INFO] [stderr]    Compiling idna v0.1.5
[INFO] [stderr]    Compiling ring v0.17.7
[INFO] [stderr]    Compiling url v1.7.2
[INFO] [stderr]    Compiling url v2.5.0
[INFO] [stderr]    Compiling darling_core v0.20.3
[INFO] [stderr]    Compiling futures-macro v0.3.30
[INFO] [stderr]    Compiling tokio-macros v2.2.0
[INFO] [stderr]    Compiling serde_derive v1.0.194
[INFO] [stderr]    Compiling rustls-webpki v0.101.7
[INFO] [stderr]    Compiling sct v0.7.1
[INFO] [stderr]    Compiling rustls-webpki v0.102.1
[INFO] [stderr]    Compiling darling_macro v0.20.3
[INFO] [stderr]    Compiling tokio v1.35.1
[INFO] [stderr]    Compiling futures-util v0.3.30
[INFO] [stderr]    Compiling darling v0.20.3
[INFO] [stderr]    Compiling serde_with_macros v2.3.3
[INFO] [stderr]    Compiling futures-executor v0.3.30
[INFO] [stderr]    Compiling futures v0.3.30
[INFO] [stderr]    Compiling tokio-util v0.7.10
[INFO] [stderr]    Compiling tokio-rustls v0.24.1
[INFO] [stderr]    Compiling h2 v0.3.22
[INFO] [stderr]    Compiling deranged v0.3.11
[INFO] [stderr]    Compiling chrono v0.4.31
[INFO] [stderr]    Compiling serde_with v2.3.3
[INFO] [stderr]    Compiling time v0.3.31
[INFO] [stderr]    Compiling hyper v0.14.28
[INFO] [stderr]    Compiling hyper-rustls v0.24.2
[INFO] [stderr]    Compiling yup-oauth2 v8.3.2
[INFO] [stderr]    Compiling google-apis-common v6.0.0
[INFO] [stderr]    Compiling google-cloudresourcemanager3 v5.0.3+20230115 (/opt/rustwide/workdir)
[INFO] [stderr]     Finished dev [unoptimized + debuginfo] target(s) in 33.70s
[INFO] running `Command { std: "docker" "inspect" "6de6778c279cf5c8700ff364659c9ccf9bac7839074d8883f9b706033aab388d", kill_on_drop: false }`
[INFO] running `Command { std: "docker" "rm" "-f" "6de6778c279cf5c8700ff364659c9ccf9bac7839074d8883f9b706033aab388d", kill_on_drop: false }`
[INFO] [stdout] 6de6778c279cf5c8700ff364659c9ccf9bac7839074d8883f9b706033aab388d
[INFO] running `Command { std: "docker" "create" "-v" "/var/lib/crater-agent-workspace/builds/worker-3-tc2/target:/opt/rustwide/target:rw,Z" "-v" "/var/lib/crater-agent-workspace/builds/worker-3-tc2/source:/opt/rustwide/workdir:ro,Z" "-v" "/var/lib/crater-agent-workspace/cargo-home:/opt/rustwide/cargo-home:ro,Z" "-v" "/var/lib/crater-agent-workspace/rustup-home:/opt/rustwide/rustup-home:ro,Z" "-e" "SOURCE_DIR=/opt/rustwide/workdir" "-e" "CARGO_TARGET_DIR=/opt/rustwide/target" "-e" "CARGO_INCREMENTAL=0" "-e" "RUST_BACKTRACE=full" "-e" "RUSTFLAGS=--cap-lints=warn" "-e" "RUSTDOCFLAGS=--cap-lints=warn" "-e" "CARGO_HOME=/opt/rustwide/cargo-home" "-e" "RUSTUP_HOME=/opt/rustwide/rustup-home" "-w" "/opt/rustwide/workdir" "-m" "1610612736" "--user" "0:0" "--network" "none" "ghcr.io/rust-lang/crates-build-env/linux@sha256:2788e3201cd34a07e3172128adcd8b3090168a8e3bcc40d7c032b9dda1df7d1c" "/opt/rustwide/cargo-home/bin/cargo" "+beta-2023-12-22" "test" "--frozen" "--no-run" "--message-format=json", kill_on_drop: false }`
[INFO] [stdout] c200f9bb961860c824e72172df378ae8c71f9c2c05c9ecfaf01c28e0acbc044b
[INFO] running `Command { std: "docker" "start" "-a" "c200f9bb961860c824e72172df378ae8c71f9c2c05c9ecfaf01c28e0acbc044b", kill_on_drop: false }`
[INFO] [stderr]    Compiling google-cloudresourcemanager3 v5.0.3+20230115 (/opt/rustwide/workdir)
[INFO] [stderr]     Finished test [unoptimized + debuginfo] target(s) in 3.17s
[INFO] running `Command { std: "docker" "inspect" "c200f9bb961860c824e72172df378ae8c71f9c2c05c9ecfaf01c28e0acbc044b", kill_on_drop: false }`
[INFO] running `Command { std: "docker" "rm" "-f" "c200f9bb961860c824e72172df378ae8c71f9c2c05c9ecfaf01c28e0acbc044b", kill_on_drop: false }`
[INFO] [stdout] c200f9bb961860c824e72172df378ae8c71f9c2c05c9ecfaf01c28e0acbc044b
[INFO] running `Command { std: "docker" "create" "-v" "/var/lib/crater-agent-workspace/builds/worker-3-tc2/target:/opt/rustwide/target:rw,Z" "-v" "/var/lib/crater-agent-workspace/builds/worker-3-tc2/source:/opt/rustwide/workdir:ro,Z" "-v" "/var/lib/crater-agent-workspace/cargo-home:/opt/rustwide/cargo-home:ro,Z" "-v" "/var/lib/crater-agent-workspace/rustup-home:/opt/rustwide/rustup-home:ro,Z" "-e" "SOURCE_DIR=/opt/rustwide/workdir" "-e" "CARGO_TARGET_DIR=/opt/rustwide/target" "-e" "CARGO_INCREMENTAL=0" "-e" "RUST_BACKTRACE=full" "-e" "RUSTFLAGS=--cap-lints=warn" "-e" "RUSTDOCFLAGS=--cap-lints=warn" "-e" "CARGO_HOME=/opt/rustwide/cargo-home" "-e" "RUSTUP_HOME=/opt/rustwide/rustup-home" "-w" "/opt/rustwide/workdir" "-m" "1610612736" "--user" "0:0" "--network" "none" "ghcr.io/rust-lang/crates-build-env/linux@sha256:2788e3201cd34a07e3172128adcd8b3090168a8e3bcc40d7c032b9dda1df7d1c" "/opt/rustwide/cargo-home/bin/cargo" "+beta-2023-12-22" "test" "--frozen", kill_on_drop: false }`
[INFO] [stdout] d3494c250da2284f2d111123c3e3198f7a58c1aae9055f55f78fe0b1556b8baa
[INFO] running `Command { std: "docker" "start" "-a" "d3494c250da2284f2d111123c3e3198f7a58c1aae9055f55f78fe0b1556b8baa", kill_on_drop: false }`
[INFO] [stderr]     Finished test [unoptimized + debuginfo] target(s) in 0.23s
[INFO] [stdout] 
[INFO] [stderr]      Running unittests src/lib.rs (/opt/rustwide/target/debug/deps/google_cloudresourcemanager3-c1170290a6690656)
[INFO] [stdout] running 0 tests
[INFO] [stderr]    Doc-tests google-cloudresourcemanager3
[INFO] [stdout] 
[INFO] [stdout] test result: ok. 0 passed; 0 failed; 0 ignored; 0 measured; 0 filtered out; finished in 0.00s
[INFO] [stdout] 
[INFO] [stdout] 
[INFO] [stdout] running 67 tests
[INFO] [stdout] test src/api.rs - api::FolderCreateCall (line 2921) - compile ... ok
[INFO] [stdout] test src/api.rs - api::FolderMethods (line 1338) - compile ... ok
[INFO] [stdout] test src/api.rs - api::FolderTestIamPermissionCall (line 5468) - compile ... ok
[INFO] [stdout] test src/api.rs - api::FolderListCall (line 4010) - compile ... ok
[INFO] [stdout] test src/api.rs - api::EffectiveTagMethods (line 1282) - compile ... ok
[INFO] [stdout] test src/api.rs - api::LienCreateCall (line 6052) - compile ... ok
[INFO] [stdout] test src/api.rs - api::FolderUndeleteCall (line 5760) - compile ... ok
[INFO] [stdout] test src/api.rs - api::FolderDeleteCall (line 3194) - compile ... ok
[INFO] [stdout] test src/api.rs - api::FolderMoveCall (line 4301) - compile ... ok
[INFO] [stdout] test src/api.rs - api::EffectiveTagListCall (line 2642) - compile ... ok
[INFO] [stdout] test src/api.rs - api::FolderPatchCall (line 4593) - compile ... FAILED
[INFO] [stdout] test src/api.rs - api::FolderSetIamPolicyCall (line 5176) - compile ... ok
[INFO] [stdout] test src/api.rs - api::FolderSearchCall (line 4897) - compile ... ok
[INFO] [stdout] test src/api.rs - api::FolderGetCall (line 3456) - compile ... ok
[INFO] [stdout] test src/api.rs - api::LienMethods (line 1576) - compile ... ok
[INFO] [stdout] test src/api.rs - api::CloudResourceManager (line 62) - compile ... FAILED
[INFO] [stdout] test src/api.rs - api::LienGetCall (line 6587) - compile ... ok
[INFO] [stdout] test src/api.rs - api::OperationMethods (line 1683) - compile ... ok
[INFO] [stdout] test src/api.rs - api::LienListCall (line 6849) - compile ... ok
[INFO] [stdout] test src/api.rs - api::LienDeleteCall (line 6325) - compile ... ok
[INFO] [stdout] test src/api.rs - api::OrganizationSearchCall (line 7944) - compile ... ok
[INFO] [stdout] test src/api.rs - api::OrganizationSetIamPolicyCall (line 8223) - compile ... ok
[INFO] [stdout] test src/api.rs - api::OrganizationTestIamPermissionCall (line 8515) - compile ... ok
[INFO] [stdout] test src/api.rs - api::ProjectCreateCall (line 8807) - compile ... ok
[INFO] [stdout] test src/api.rs - api::ProjectDeleteCall (line 9080) - compile ... ok
[INFO] [stdout] test src/api.rs - api::FolderGetIamPolicyCall (line 3718) - compile ... ok
[INFO] [stdout] test src/api.rs - api::OrganizationGetIamPolicyCall (line 7652) - compile ... ok
[INFO] [stdout] test src/api.rs - api::OrganizationGetCall (line 7390) - compile ... ok
[INFO] [stdout] test src/api.rs - api::OperationGetCall (line 7128) - compile ... ok
[INFO] [stdout] test src/api.rs - api::ProjectListCall (line 9896) - compile ... ok
[INFO] [stdout] test src/api.rs - api::ProjectGetIamPolicyCall (line 9604) - compile ... ok
[INFO] [stdout] test src/api.rs - api::OrganizationMethods (line 1741) - compile ... ok
[INFO] [stdout] test src/api.rs - api::ProjectMoveCall (line 10187) - compile ... ok
[INFO] [stdout] test src/api.rs - api::ProjectMethods (line 1871) - compile ... ok
[INFO] [stdout] test src/api.rs - api::ProjectTestIamPermissionCall (line 11354) - compile ... ok
[INFO] [stdout] test src/api.rs - api::TagBindingCreateCall (line 11938) - compile ... ok
[INFO] [stdout] test src/api.rs - api::TagBindingDeleteCall (line 12223) - compile ... ok
[INFO] [stdout] test src/api.rs - api::ProjectSetIamPolicyCall (line 11062) - compile ... ok
[INFO] [stdout] test src/api.rs - api::ProjectUndeleteCall (line 11646) - compile ... ok
[INFO] [stdout] test src/api.rs - api::ProjectPatchCall (line 10479) - compile ... FAILED
[INFO] [stdout] test src/api.rs - api::ProjectGetCall (line 9342) - compile ... ok
[INFO] [stdout] test src/api.rs - api::TagBindingMethods (line 2109) - compile ... ok
[INFO] [stdout] test src/api.rs - api::TagBindingListCall (line 12485) - compile ... ok
[INFO] [stdout] test src/api.rs - api::TagKeyDeleteCall (line 13049) - compile ... ok
[INFO] [stdout] test src/api.rs - api::TagKeyCreateCall (line 12764) - compile ... ok
[INFO] [stdout] test src/api.rs - api::TagKeyGetIamPolicyCall (line 13597) - compile ... ok
[INFO] [stdout] test src/api.rs - api::ProjectSearchCall (line 10783) - compile ... ok
[INFO] [stdout] test src/api.rs - api::TagKeyGetCall (line 13335) - compile ... ok
[INFO] [stdout] test src/api.rs - api::TagKeyPatchCall (line 14168) - compile ... FAILED
[INFO] [stdout] test src/api.rs - api::TagValueDeleteCall (line 16229) - compile ... ok
[INFO] [stdout] test src/api.rs - api::TagKeyMethods (line 2200) - compile ... ok
[INFO] [stdout] test src/lib.rs - (line 65) ... ignored
[INFO] [stdout] test src/api.rs - api::TagKeyListCall (line 13889) - compile ... ok
[INFO] [stdout] test src/api.rs - api::TagValueCreateCall (line 15944) - compile ... ok
[INFO] [stdout] test src/api.rs - api::TagValueGetIamPolicyCall (line 16777) - compile ... ok
[INFO] [stdout] test src/api.rs - api::TagValueTagHoldDeleteCall (line 15372) - compile ... ok
[INFO] [stdout] test src/api.rs - api::TagValueSetIamPolicyCall (line 17664) - compile ... ok
[INFO] [stdout] test src/api.rs - api::TagValueTagHoldListCall (line 15646) - compile ... ok
[INFO] [stdout] test src/api.rs - api::TagValuePatchCall (line 17348) - compile ... FAILED
[INFO] [stdout] test src/api.rs - api::TagKeySetIamPolicyCall (line 14484) - compile ... ok
[INFO] [stdout] test src/api.rs - api::TagKeyTestIamPermissionCall (line 14776) - compile ... ok
[INFO] [stdout] test src/api.rs - api::TagValueTagHoldCreateCall (line 15068) - compile ... ok
[INFO] [stdout] test src/api.rs - api::TagValueGetCall (line 16515) - compile ... ok
[INFO] [stdout] test src/api.rs - api::TagValueTestIamPermissionCall (line 17956) - compile ... ok
[INFO] [stdout] test src/api.rs - api::TagValueListCall (line 17069) - compile ... ok
[INFO] [stdout] test src/api.rs - api::TagValueMethods (line 2388) - compile ... ok
[INFO] [stdout] test src/lib.rs - (line 109) - compile ... FAILED
[INFO] [stdout] 
[INFO] [stdout] failures:
[INFO] [stdout] 
[INFO] [stdout] ---- src/api.rs - api::FolderPatchCall (line 4593) stdout ----
[INFO] [stdout] error[E0308]: mismatched types
[INFO] [stdout]     --> src/api.rs:4617:27
[INFO] [stdout]      |
[INFO] [stdout] 25   |              .update_mask(&Default::default())
[INFO] [stdout]      |               ----------- ^^^^^^^^^^^^^^^^^^^ expected `FieldMask`, found `&_`
[INFO] [stdout]      |               |
[INFO] [stdout]      |               arguments to this method are incorrect
[INFO] [stdout]      |
[INFO] [stdout]      = note: expected struct `FieldMask`
[INFO] [stdout]              found reference `&_`
[INFO] [stdout] note: method defined here
[INFO] [stdout]     --> /opt/rustwide/workdir/src/api.rs:4808:12
[INFO] [stdout]      |
[INFO] [stdout] 4808 |     pub fn update_mask(mut self, new_value: client::FieldMask) -> FolderPatchCall<'a, S> {
[INFO] [stdout]      |            ^^^^^^^^^^^
[INFO] [stdout] help: consider removing the borrow
[INFO] [stdout]      |
[INFO] [stdout] 25   -              .update_mask(&Default::default())
[INFO] [stdout] 25   +              .update_mask(Default::default())
[INFO] [stdout]      |
[INFO] [stdout] 
[INFO] [stdout] error: aborting due to 1 previous error
[INFO] [stdout] 
[INFO] [stdout] For more information about this error, try `rustc --explain E0308`.
[INFO] [stdout] Couldn't compile the test.
[INFO] [stdout] ---- src/api.rs - api::CloudResourceManager (line 62) stdout ----
[INFO] [stdout] error[E0308]: mismatched types
[INFO] [stdout]      --> src/api.rs:95:27
[INFO] [stdout]       |
[INFO] [stdout] 34    |              .update_mask(&Default::default())
[INFO] [stdout]       |               ----------- ^^^^^^^^^^^^^^^^^^^ expected `FieldMask`, found `&_`
[INFO] [stdout]       |               |
[INFO] [stdout]       |               arguments to this method are incorrect
[INFO] [stdout]       |
[INFO] [stdout]       = note: expected struct `FieldMask`
[INFO] [stdout]               found reference `&_`
[INFO] [stdout] note: method defined here
[INFO] [stdout]      --> /opt/rustwide/workdir/src/api.rs:14395:12
[INFO] [stdout]       |
[INFO] [stdout] 14395 |     pub fn update_mask(mut self, new_value: client::FieldMask) -> TagKeyPatchCall<'a, S> {
[INFO] [stdout]       |            ^^^^^^^^^^^
[INFO] [stdout] help: consider removing the borrow
[INFO] [stdout]       |
[INFO] [stdout] 34    -              .update_mask(&Default::default())
[INFO] [stdout] 34    +              .update_mask(Default::default())
[INFO] [stdout]       |
[INFO] [stdout] 
[INFO] [stdout] error: aborting due to 1 previous error
[INFO] [stdout] 
[INFO] [stdout] For more information about this error, try `rustc --explain E0308`.
[INFO] [stdout] Couldn't compile the test.
[INFO] [stdout] ---- src/api.rs - api::ProjectPatchCall (line 10479) stdout ----
[INFO] [stdout] error[E0308]: mismatched types
[INFO] [stdout]      --> src/api.rs:10503:27
[INFO] [stdout]       |
[INFO] [stdout] 25    |              .update_mask(&Default::default())
[INFO] [stdout]       |               ----------- ^^^^^^^^^^^^^^^^^^^ expected `FieldMask`, found `&_`
[INFO] [stdout]       |               |
[INFO] [stdout]       |               arguments to this method are incorrect
[INFO] [stdout]       |
[INFO] [stdout]       = note: expected struct `FieldMask`
[INFO] [stdout]               found reference `&_`
[INFO] [stdout] note: method defined here
[INFO] [stdout]      --> /opt/rustwide/workdir/src/api.rs:10694:12
[INFO] [stdout]       |
[INFO] [stdout] 10694 |     pub fn update_mask(mut self, new_value: client::FieldMask) -> ProjectPatchCall<'a, S> {
[INFO] [stdout]       |            ^^^^^^^^^^^
[INFO] [stdout] help: consider removing the borrow
[INFO] [stdout]       |
[INFO] [stdout] 25    -              .update_mask(&Default::default())
[INFO] [stdout] 25    +              .update_mask(Default::default())
[INFO] [stdout]       |
[INFO] [stdout] 
[INFO] [stdout] error: aborting due to 1 previous error
[INFO] [stdout] 
[INFO] [stdout] For more information about this error, try `rustc --explain E0308`.
[INFO] [stdout] Couldn't compile the test.
[INFO] [stdout] ---- src/api.rs - api::TagKeyPatchCall (line 14168) stdout ----
[INFO] [stdout] error[E0308]: mismatched types
[INFO] [stdout]      --> src/api.rs:14193:27
[INFO] [stdout]       |
[INFO] [stdout] 26    |              .update_mask(&Default::default())
[INFO] [stdout]       |               ----------- ^^^^^^^^^^^^^^^^^^^ expected `FieldMask`, found `&_`
[INFO] [stdout]       |               |
[INFO] [stdout]       |               arguments to this method are incorrect
[INFO] [stdout]       |
[INFO] [stdout]       = note: expected struct `FieldMask`
[INFO] [stdout]               found reference `&_`
[INFO] [stdout] note: method defined here
[INFO] [stdout]      --> /opt/rustwide/workdir/src/api.rs:14395:12
[INFO] [stdout]       |
[INFO] [stdout] 14395 |     pub fn update_mask(mut self, new_value: client::FieldMask) -> TagKeyPatchCall<'a, S> {
[INFO] [stdout]       |            ^^^^^^^^^^^
[INFO] [stdout] help: consider removing the borrow
[INFO] [stdout]       |
[INFO] [stdout] 26    -              .update_mask(&Default::default())
[INFO] [stdout] 26    +              .update_mask(Default::default())
[INFO] [stdout]       |
[INFO] [stdout] 
[INFO] [stdout] error: aborting due to 1 previous error
[INFO] [stdout] 
[INFO] [stdout] For more information about this error, try `rustc --explain E0308`.
[INFO] [stdout] Couldn't compile the test.
[INFO] [stdout] ---- src/api.rs - api::TagValuePatchCall (line 17348) stdout ----
[INFO] [stdout] error[E0308]: mismatched types
[INFO] [stdout]      --> src/api.rs:17373:27
[INFO] [stdout]       |
[INFO] [stdout] 26    |              .update_mask(&Default::default())
[INFO] [stdout]       |               ----------- ^^^^^^^^^^^^^^^^^^^ expected `FieldMask`, found `&_`
[INFO] [stdout]       |               |
[INFO] [stdout]       |               arguments to this method are incorrect
[INFO] [stdout]       |
[INFO] [stdout]       = note: expected struct `FieldMask`
[INFO] [stdout]               found reference `&_`
[INFO] [stdout] note: method defined here
[INFO] [stdout]      --> /opt/rustwide/workdir/src/api.rs:17575:12
[INFO] [stdout]       |
[INFO] [stdout] 17575 |     pub fn update_mask(mut self, new_value: client::FieldMask) -> TagValuePatchCall<'a, S> {
[INFO] [stdout]       |            ^^^^^^^^^^^
[INFO] [stdout] help: consider removing the borrow
[INFO] [stdout]       |
[INFO] [stdout] 26    -              .update_mask(&Default::default())
[INFO] [stdout] 26    +              .update_mask(Default::default())
[INFO] [stdout]       |
[INFO] [stdout] 
[INFO] [stdout] error: aborting due to 1 previous error
[INFO] [stdout] 
[INFO] [stdout] For more information about this error, try `rustc --explain E0308`.
[INFO] [stdout] Couldn't compile the test.
[INFO] [stdout] ---- src/lib.rs - (line 109) stdout ----
[INFO] [stdout] error[E0308]: mismatched types
[INFO] [stdout]      --> src/lib.rs:142:27
[INFO] [stdout]       |
[INFO] [stdout] 34    |              .update_mask(&Default::default())
[INFO] [stdout]       |               ----------- ^^^^^^^^^^^^^^^^^^^ expected `FieldMask`, found `&_`
[INFO] [stdout]       |               |
[INFO] [stdout]       |               arguments to this method are incorrect
[INFO] [stdout]       |
[INFO] [stdout]       = note: expected struct `FieldMask`
[INFO] [stdout]               found reference `&_`
[INFO] [stdout] note: method defined here
[INFO] [stdout]      --> /opt/rustwide/workdir/src/api.rs:14395:12
[INFO] [stdout]       |
[INFO] [stdout] 14395 |     pub fn update_mask(mut self, new_value: client::FieldMask) -> TagKeyPatchCall<'a, S> {
[INFO] [stdout]       |            ^^^^^^^^^^^
[INFO] [stdout] help: consider removing the borrow
[INFO] [stdout]       |
[INFO] [stdout] 34    -              .update_mask(&Default::default())
[INFO] [stdout] 34    +              .update_mask(Default::default())
[INFO] [stdout]       |
[INFO] [stdout] 
[INFO] [stdout] error: aborting due to 1 previous error
[INFO] [stdout] 
[INFO] [stdout] For more information about this error, try `rustc --explain E0308`.
[INFO] [stdout] Couldn't compile the test.
[INFO] [stdout] 
[INFO] [stdout] failures:
[INFO] [stdout]     src/api.rs - api::CloudResourceManager (line 62)
[INFO] [stdout]     src/api.rs - api::FolderPatchCall (line 4593)
[INFO] [stdout]     src/api.rs - api::ProjectPatchCall (line 10479)
[INFO] [stdout]     src/api.rs - api::TagKeyPatchCall (line 14168)
[INFO] [stdout]     src/api.rs - api::TagValuePatchCall (line 17348)
[INFO] [stdout]     src/lib.rs - (line 109)
[INFO] [stdout] 
[INFO] [stdout] test result: FAILED. 60 passed; 6 failed; 1 ignored; 0 measured; 0 filtered out; finished in 0.83s
[INFO] [stdout] 
[INFO] [stderr] error: doctest failed, to rerun pass `--doc`
[INFO] running `Command { std: "docker" "inspect" "d3494c250da2284f2d111123c3e3198f7a58c1aae9055f55f78fe0b1556b8baa", kill_on_drop: false }`
[INFO] running `Command { std: "docker" "rm" "-f" "d3494c250da2284f2d111123c3e3198f7a58c1aae9055f55f78fe0b1556b8baa", kill_on_drop: false }`
[INFO] [stdout] d3494c250da2284f2d111123c3e3198f7a58c1aae9055f55f78fe0b1556b8baa
