[INFO] fetching crate google-cloudkms1 5.0.3+20230106...
[INFO] testing google-cloudkms1-5.0.3+20230106 against 1.75.0 for beta-1.76-1
[INFO] extracting crate google-cloudkms1 5.0.3+20230106 into /workspace/builds/worker-2-tc1/source
[INFO] validating manifest of crates.io crate google-cloudkms1 5.0.3+20230106 on toolchain 1.75.0
[INFO] running `Command { std: CARGO_HOME="/workspace/cargo-home" RUSTUP_HOME="/workspace/rustup-home" "/workspace/cargo-home/bin/cargo" "+1.75.0" "metadata" "--manifest-path" "Cargo.toml" "--no-deps", kill_on_drop: false }`
[INFO] started tweaking crates.io crate google-cloudkms1 5.0.3+20230106
[INFO] finished tweaking crates.io crate google-cloudkms1 5.0.3+20230106
[INFO] tweaked toml for crates.io crate google-cloudkms1 5.0.3+20230106 written to /workspace/builds/worker-2-tc1/source/Cargo.toml
[INFO] running `Command { std: CARGO_HOME="/workspace/cargo-home" RUSTUP_HOME="/workspace/rustup-home" "/workspace/cargo-home/bin/cargo" "+1.75.0" "generate-lockfile" "--manifest-path" "Cargo.toml", kill_on_drop: false }`
[INFO] [stderr]     Updating crates.io index
[INFO] running `Command { std: CARGO_HOME="/workspace/cargo-home" RUSTUP_HOME="/workspace/rustup-home" "/workspace/cargo-home/bin/cargo" "+1.75.0" "fetch" "--manifest-path" "Cargo.toml", kill_on_drop: false }`
[INFO] [stderr]  Downloading crates ...
[INFO] [stderr]   Downloaded yup-oauth2 v8.3.2
[INFO] [stderr]   Downloaded google-apis-common v6.0.0
[INFO] running `Command { std: "docker" "create" "-v" "/var/lib/crater-agent-workspace/builds/worker-2-tc1/target:/opt/rustwide/target:rw,Z" "-v" "/var/lib/crater-agent-workspace/builds/worker-2-tc1/source:/opt/rustwide/workdir:ro,Z" "-v" "/var/lib/crater-agent-workspace/cargo-home:/opt/rustwide/cargo-home:ro,Z" "-v" "/var/lib/crater-agent-workspace/rustup-home:/opt/rustwide/rustup-home:ro,Z" "-e" "SOURCE_DIR=/opt/rustwide/workdir" "-e" "CARGO_TARGET_DIR=/opt/rustwide/target" "-e" "CARGO_HOME=/opt/rustwide/cargo-home" "-e" "RUSTUP_HOME=/opt/rustwide/rustup-home" "-w" "/opt/rustwide/workdir" "-m" "1610612736" "--user" "0:0" "--network" "none" "ghcr.io/rust-lang/crates-build-env/linux@sha256:2788e3201cd34a07e3172128adcd8b3090168a8e3bcc40d7c032b9dda1df7d1c" "/opt/rustwide/cargo-home/bin/cargo" "+1.75.0" "metadata" "--no-deps" "--format-version=1", kill_on_drop: false }`
[INFO] [stdout] f230f654bc4660446a4d8e6b295d50d70f91dd9e3c46b726a023df57ed6430ee
[INFO] running `Command { std: "docker" "start" "-a" "f230f654bc4660446a4d8e6b295d50d70f91dd9e3c46b726a023df57ed6430ee", kill_on_drop: false }`
[INFO] running `Command { std: "docker" "inspect" "f230f654bc4660446a4d8e6b295d50d70f91dd9e3c46b726a023df57ed6430ee", kill_on_drop: false }`
[INFO] running `Command { std: "docker" "rm" "-f" "f230f654bc4660446a4d8e6b295d50d70f91dd9e3c46b726a023df57ed6430ee", kill_on_drop: false }`
[INFO] [stdout] f230f654bc4660446a4d8e6b295d50d70f91dd9e3c46b726a023df57ed6430ee
[INFO] running `Command { std: "docker" "create" "-v" "/var/lib/crater-agent-workspace/builds/worker-2-tc1/target:/opt/rustwide/target:rw,Z" "-v" "/var/lib/crater-agent-workspace/builds/worker-2-tc1/source:/opt/rustwide/workdir:ro,Z" "-v" "/var/lib/crater-agent-workspace/cargo-home:/opt/rustwide/cargo-home:ro,Z" "-v" "/var/lib/crater-agent-workspace/rustup-home:/opt/rustwide/rustup-home:ro,Z" "-e" "SOURCE_DIR=/opt/rustwide/workdir" "-e" "CARGO_TARGET_DIR=/opt/rustwide/target" "-e" "CARGO_INCREMENTAL=0" "-e" "RUST_BACKTRACE=full" "-e" "RUSTFLAGS=--cap-lints=warn" "-e" "RUSTDOCFLAGS=--cap-lints=warn" "-e" "CARGO_HOME=/opt/rustwide/cargo-home" "-e" "RUSTUP_HOME=/opt/rustwide/rustup-home" "-w" "/opt/rustwide/workdir" "-m" "1610612736" "--user" "0:0" "--network" "none" "ghcr.io/rust-lang/crates-build-env/linux@sha256:2788e3201cd34a07e3172128adcd8b3090168a8e3bcc40d7c032b9dda1df7d1c" "/opt/rustwide/cargo-home/bin/cargo" "+1.75.0" "build" "--frozen" "--message-format=json", kill_on_drop: false }`
[INFO] [stdout] 35bdc169e336616d86418947d3ee2ffdd951bf8bfb37290d87be10322081b6a7
[INFO] running `Command { std: "docker" "start" "-a" "35bdc169e336616d86418947d3ee2ffdd951bf8bfb37290d87be10322081b6a7", kill_on_drop: false }`
[INFO] [stderr]    Compiling pin-project-lite v0.2.13
[INFO] [stderr]    Compiling fnv v1.0.7
[INFO] [stderr]    Compiling cfg-if v1.0.0
[INFO] [stderr]    Compiling futures-core v0.3.30
[INFO] [stderr]    Compiling libc v0.2.151
[INFO] [stderr]    Compiling bytes v1.5.0
[INFO] [stderr]    Compiling futures-sink v0.3.30
[INFO] [stderr]    Compiling syn v2.0.48
[INFO] [stderr]    Compiling untrusted v0.9.0
[INFO] [stderr]    Compiling spin v0.9.8
[INFO] [stderr]    Compiling slab v0.4.9
[INFO] [stderr]    Compiling serde v1.0.194
[INFO] [stderr]    Compiling futures-channel v0.3.30
[INFO] [stderr]    Compiling futures-task v0.3.30
[INFO] [stderr]    Compiling itoa v1.0.10
[INFO] [stderr]    Compiling once_cell v1.19.0
[INFO] [stderr]    Compiling futures-io v0.3.30
[INFO] [stderr]    Compiling memchr v2.7.1
[INFO] [stderr]    Compiling tinyvec_macros v0.1.1
[INFO] [stderr]    Compiling pin-utils v0.1.0
[INFO] [stderr]    Compiling tracing-core v0.1.32
[INFO] [stderr]    Compiling tinyvec v1.6.0
[INFO] [stderr]    Compiling ident_case v1.0.1
[INFO] [stderr]    Compiling strsim v0.10.0
[INFO] [stderr]    Compiling unicode-bidi v0.3.14
[INFO] [stderr]    Compiling http v0.2.11
[INFO] [stderr]    Compiling cc v1.0.83
[INFO] [stderr]    Compiling getrandom v0.2.11
[INFO] [stderr]    Compiling socket2 v0.5.5
[INFO] [stderr]    Compiling mio v0.8.10
[INFO] [stderr]    Compiling unicode-normalization v0.1.22
[INFO] [stderr]    Compiling tracing v0.1.40
[INFO] [stderr]    Compiling equivalent v1.0.1
[INFO] [stderr]    Compiling httparse v1.8.0
[INFO] [stderr]    Compiling log v0.4.20
[INFO] [stderr]    Compiling rustls v0.21.10
[INFO] [stderr]    Compiling hashbrown v0.14.3
[INFO] [stderr]    Compiling base64 v0.21.5
[INFO] [stderr]    Compiling try-lock v0.2.5
[INFO] [stderr]    Compiling want v0.3.1
[INFO] [stderr]    Compiling http-body v0.4.6
[INFO] [stderr]    Compiling num-traits v0.2.17
[INFO] [stderr]    Compiling ring v0.17.7
[INFO] [stderr]    Compiling rustls-pemfile v1.0.4
[INFO] [stderr]    Compiling either v1.9.0
[INFO] [stderr]    Compiling rustls v0.22.1
[INFO] [stderr]    Compiling rustls-pki-types v1.1.0
[INFO] [stderr]    Compiling openssl-probe v0.1.5
[INFO] [stderr]    Compiling tower-service v0.3.2
[INFO] [stderr]    Compiling serde_json v1.0.111
[INFO] [stderr]    Compiling indexmap v2.1.0
[INFO] [stderr]    Compiling async-trait v0.1.77
[INFO] [stderr]    Compiling httpdate v1.0.3
[INFO] [stderr]    Compiling powerfmt v0.2.0
[INFO] [stderr]    Compiling percent-encoding v2.3.1
[INFO] [stderr]    Compiling form_urlencoded v1.2.1
[INFO] [stderr]    Compiling rustls-native-certs v0.6.3
[INFO] [stderr]    Compiling anyhow v1.0.79
[INFO] [stderr]    Compiling idna v0.5.0
[INFO] [stderr]    Compiling time-core v0.1.2
[INFO] [stderr]    Compiling num_threads v0.1.6
[INFO] [stderr]    Compiling ryu v1.0.16
[INFO] [stderr]    Compiling zeroize v1.7.0
[INFO] [stderr]    Compiling matches v0.1.10
[INFO] [stderr]    Compiling subtle v2.5.0
[INFO] [stderr]    Compiling idna v0.1.5
[INFO] [stderr]    Compiling itertools v0.12.0
[INFO] [stderr]    Compiling iana-time-zone v0.1.59
[INFO] [stderr]    Compiling url v2.5.0
[INFO] [stderr]    Compiling percent-encoding v1.0.1
[INFO] [stderr]    Compiling seahash v4.1.0
[INFO] [stderr]    Compiling url v1.7.2
[INFO] [stderr]    Compiling darling_core v0.20.3
[INFO] [stderr]    Compiling itertools v0.10.5
[INFO] [stderr]    Compiling base64 v0.13.1
[INFO] [stderr]    Compiling mime v0.3.17
[INFO] [stderr]    Compiling futures-macro v0.3.30
[INFO] [stderr]    Compiling serde_derive v1.0.194
[INFO] [stderr]    Compiling tokio-macros v2.2.0
[INFO] [stderr]    Compiling darling_macro v0.20.3
[INFO] [stderr]    Compiling tokio v1.35.1
[INFO] [stderr]    Compiling futures-util v0.3.30
[INFO] [stderr]    Compiling sct v0.7.1
[INFO] [stderr]    Compiling rustls-webpki v0.101.7
[INFO] [stderr]    Compiling darling v0.20.3
[INFO] [stderr]    Compiling rustls-webpki v0.102.1
[INFO] [stderr]    Compiling serde_with_macros v2.3.3
[INFO] [stderr]    Compiling futures-executor v0.3.30
[INFO] [stderr]    Compiling futures v0.3.30
[INFO] [stderr]    Compiling tokio-util v0.7.10
[INFO] [stderr]    Compiling tokio-rustls v0.24.1
[INFO] [stderr]    Compiling h2 v0.3.22
[INFO] [stderr]    Compiling deranged v0.3.11
[INFO] [stderr]    Compiling chrono v0.4.31
[INFO] [stderr]    Compiling serde_with v2.3.3
[INFO] [stderr]    Compiling time v0.3.31
[INFO] [stderr]    Compiling hyper v0.14.28
[INFO] [stderr]    Compiling hyper-rustls v0.24.2
[INFO] [stderr]    Compiling yup-oauth2 v8.3.2
[INFO] [stderr]    Compiling google-apis-common v6.0.0
[INFO] [stderr]    Compiling google-cloudkms1 v5.0.3+20230106 (/opt/rustwide/workdir)
[INFO] [stderr]     Finished dev [unoptimized + debuginfo] target(s) in 1m 08s
[INFO] running `Command { std: "docker" "inspect" "35bdc169e336616d86418947d3ee2ffdd951bf8bfb37290d87be10322081b6a7", kill_on_drop: false }`
[INFO] running `Command { std: "docker" "rm" "-f" "35bdc169e336616d86418947d3ee2ffdd951bf8bfb37290d87be10322081b6a7", kill_on_drop: false }`
[INFO] [stdout] 35bdc169e336616d86418947d3ee2ffdd951bf8bfb37290d87be10322081b6a7
[INFO] running `Command { std: "docker" "create" "-v" "/var/lib/crater-agent-workspace/builds/worker-2-tc1/target:/opt/rustwide/target:rw,Z" "-v" "/var/lib/crater-agent-workspace/builds/worker-2-tc1/source:/opt/rustwide/workdir:ro,Z" "-v" "/var/lib/crater-agent-workspace/cargo-home:/opt/rustwide/cargo-home:ro,Z" "-v" "/var/lib/crater-agent-workspace/rustup-home:/opt/rustwide/rustup-home:ro,Z" "-e" "SOURCE_DIR=/opt/rustwide/workdir" "-e" "CARGO_TARGET_DIR=/opt/rustwide/target" "-e" "CARGO_INCREMENTAL=0" "-e" "RUST_BACKTRACE=full" "-e" "RUSTFLAGS=--cap-lints=warn" "-e" "RUSTDOCFLAGS=--cap-lints=warn" "-e" "CARGO_HOME=/opt/rustwide/cargo-home" "-e" "RUSTUP_HOME=/opt/rustwide/rustup-home" "-w" "/opt/rustwide/workdir" "-m" "1610612736" "--user" "0:0" "--network" "none" "ghcr.io/rust-lang/crates-build-env/linux@sha256:2788e3201cd34a07e3172128adcd8b3090168a8e3bcc40d7c032b9dda1df7d1c" "/opt/rustwide/cargo-home/bin/cargo" "+1.75.0" "test" "--frozen" "--no-run" "--message-format=json", kill_on_drop: false }`
[INFO] [stdout] cd01b81a3d92612c00615de8c1730b78c17149fbb9459790542eca354f4e1699
[INFO] running `Command { std: "docker" "start" "-a" "cd01b81a3d92612c00615de8c1730b78c17149fbb9459790542eca354f4e1699", kill_on_drop: false }`
[INFO] [stderr]    Compiling google-cloudkms1 v5.0.3+20230106 (/opt/rustwide/workdir)
[INFO] [stderr]     Finished test [unoptimized + debuginfo] target(s) in 3.79s
[INFO] running `Command { std: "docker" "inspect" "cd01b81a3d92612c00615de8c1730b78c17149fbb9459790542eca354f4e1699", kill_on_drop: false }`
[INFO] running `Command { std: "docker" "rm" "-f" "cd01b81a3d92612c00615de8c1730b78c17149fbb9459790542eca354f4e1699", kill_on_drop: false }`
[INFO] [stdout] cd01b81a3d92612c00615de8c1730b78c17149fbb9459790542eca354f4e1699
[INFO] running `Command { std: "docker" "create" "-v" "/var/lib/crater-agent-workspace/builds/worker-2-tc1/target:/opt/rustwide/target:rw,Z" "-v" "/var/lib/crater-agent-workspace/builds/worker-2-tc1/source:/opt/rustwide/workdir:ro,Z" "-v" "/var/lib/crater-agent-workspace/cargo-home:/opt/rustwide/cargo-home:ro,Z" "-v" "/var/lib/crater-agent-workspace/rustup-home:/opt/rustwide/rustup-home:ro,Z" "-e" "SOURCE_DIR=/opt/rustwide/workdir" "-e" "CARGO_TARGET_DIR=/opt/rustwide/target" "-e" "CARGO_INCREMENTAL=0" "-e" "RUST_BACKTRACE=full" "-e" "RUSTFLAGS=--cap-lints=warn" "-e" "RUSTDOCFLAGS=--cap-lints=warn" "-e" "CARGO_HOME=/opt/rustwide/cargo-home" "-e" "RUSTUP_HOME=/opt/rustwide/rustup-home" "-w" "/opt/rustwide/workdir" "-m" "1610612736" "--user" "0:0" "--network" "none" "ghcr.io/rust-lang/crates-build-env/linux@sha256:2788e3201cd34a07e3172128adcd8b3090168a8e3bcc40d7c032b9dda1df7d1c" "/opt/rustwide/cargo-home/bin/cargo" "+1.75.0" "test" "--frozen", kill_on_drop: false }`
[INFO] [stdout] fdb061dc418746043ff3b876e4683f9addd92ab15d6eac54491ed7edcb5ce9ae
[INFO] running `Command { std: "docker" "start" "-a" "fdb061dc418746043ff3b876e4683f9addd92ab15d6eac54491ed7edcb5ce9ae", kill_on_drop: false }`
[INFO] [stderr]     Finished test [unoptimized + debuginfo] target(s) in 0.12s
[INFO] [stderr]      Running unittests src/lib.rs (/opt/rustwide/target/debug/deps/google_cloudkms1-2d0c648e5e3090e9)
[INFO] [stdout] 
[INFO] [stdout] running 0 tests
[INFO] [stdout] 
[INFO] [stdout] test result: ok. 0 passed; 0 failed; 0 ignored; 0 measured; 0 filtered out; finished in 0.00s
[INFO] [stdout] 
[INFO] [stderr]    Doc-tests google-cloudkms1
[INFO] [stdout] 
[INFO] [stdout] running 51 tests
[INFO] [stdout] test src/api.rs - api::ProjectLocationEkmConnectionGetIamPolicyCall (line 3962) - compile ... ok
[INFO] [stdout] test src/api.rs - api::ProjectLocationEkmConfigGetIamPolicyCall (line 2538) - compile ... ok
[INFO] [stdout] test src/api.rs - api::ProjectLocationEkmConnectionListCall (line 4236) - compile ... ok
[INFO] [stdout] test src/api.rs - api::ProjectLocationEkmConfigTestIamPermissionCall (line 3104) - compile ... ok
[INFO] [stdout] test src/api.rs - api::ProjectLocationEkmConnectionGetCall (line 3700) - compile ... ok
[INFO] [stdout] test src/api.rs - api::ProjectLocationEkmConfigSetIamPolicyCall (line 2812) - compile ... ok
[INFO] [stdout] test src/api.rs - api::CloudKMS (line 62) - compile ... ok
[INFO] [stdout] test src/api.rs - api::ProjectLocationEkmConnectionCreateCall (line 3396) - compile ... ok
[INFO] [stdout] test src/api.rs - api::ProjectLocationGetCall (line 15618) - compile ... ok
[INFO] [stdout] test src/api.rs - api::ProjectLocationEkmConnectionTestIamPermissionCall (line 5142) - compile ... ok
[INFO] [stdout] test src/api.rs - api::ProjectLocationGenerateRandomByteCall (line 15326) - compile ... ok
[INFO] [stdout] test src/api.rs - api::ProjectLocationEkmConnectionSetIamPolicyCall (line 4850) - compile ... ok
[INFO] [stdout] test src/api.rs - api::ProjectLocationEkmConnectionPatchCall (line 4546) - compile ... FAILED
[INFO] [stdout] test src/api.rs - api::ProjectLocationKeyRingCryptoKeyCreateCall (line 8920) - compile ... ok
[INFO] [stdout] test src/api.rs - api::ProjectLocationKeyRingCreateCall (line 13592) - compile ... ok
[INFO] [stdout] test src/api.rs - api::ProjectLocationKeyRingCryptoKeyCryptoKeyVersionAsymmetricDecryptCall (line 5434) - compile ... ok
[INFO] [stdout] test src/api.rs - api::ProjectLocationKeyRingCryptoKeyCryptoKeyVersionCreateCall (line 6018) - compile ... ok
[INFO] [stdout] test src/api.rs - api::ProjectLocationKeyRingCryptoKeyCryptoKeyVersionAsymmetricSignCall (line 5726) - compile ... ok
[INFO] [stdout] test src/api.rs - api::ProjectLocationKeyRingCryptoKeyCryptoKeyVersionDestroyCall (line 6310) - compile ... ok
[INFO] [stdout] test src/api.rs - api::ProjectLocationKeyRingCryptoKeyCryptoKeyVersionGetCall (line 6602) - compile ... ok
[INFO] [stdout] test src/api.rs - api::ProjectLocationKeyRingCryptoKeyCryptoKeyVersionRestoreCall (line 8628) - compile ... ok
[INFO] [stdout] test src/api.rs - api::ProjectLocationKeyRingCryptoKeyCryptoKeyVersionMacSignCall (line 7740) - compile ... ok
[INFO] [stdout] test src/api.rs - api::ProjectLocationKeyRingCryptoKeyCryptoKeyVersionGetPublicKeyCall (line 6864) - compile ... ok
[INFO] [stdout] test src/api.rs - api::ProjectLocationKeyRingCryptoKeyCryptoKeyVersionListCall (line 7418) - compile ... ok
[INFO] [stdout] test src/api.rs - api::ProjectLocationKeyRingCryptoKeyCryptoKeyVersionMacVerifyCall (line 8032) - compile ... ok
[INFO] [stdout] test src/api.rs - api::ProjectLocationKeyRingCryptoKeyCryptoKeyVersionImportCall (line 7126) - compile ... ok
[INFO] [stdout] test src/api.rs - api::ProjectLocationKeyRingCryptoKeyDecryptCall (line 9236) - compile ... ok
[INFO] [stdout] test src/api.rs - api::ProjectLocationKeyRingCryptoKeyEncryptCall (line 9528) - compile ... ok
[INFO] [stdout] test src/api.rs - api::ProjectLocationKeyRingCryptoKeyListCall (line 10356) - compile ... ok
[INFO] [stdout] test src/api.rs - api::ProjectLocationKeyRingCryptoKeyGetCall (line 9820) - compile ... ok
[INFO] [stdout] test src/api.rs - api::ProjectLocationKeyRingCryptoKeyCryptoKeyVersionPatchCall (line 8324) - compile ... FAILED
[INFO] [stdout] test src/api.rs - api::ProjectLocationKeyRingCryptoKeyGetIamPolicyCall (line 10082) - compile ... ok
[INFO] [stdout] test src/api.rs - api::ProjectLocationKeyRingCryptoKeySetIamPolicyCall (line 10982) - compile ... ok
[INFO] [stdout] test src/api.rs - api::ProjectLocationKeyRingCryptoKeyTestIamPermissionCall (line 11274) - compile ... ok
[INFO] [stdout] test src/api.rs - api::ProjectLocationKeyRingCryptoKeyPatchCall (line 10678) - compile ... FAILED
[INFO] [stdout] test src/api.rs - api::ProjectLocationKeyRingCryptoKeyUpdatePrimaryVersionCall (line 11566) - compile ... ok
[INFO] [stdout] test src/api.rs - api::ProjectLocationKeyRingImportJobCreateCall (line 11858) - compile ... ok
[INFO] [stdout] test src/api.rs - api::ProjectLocationKeyRingGetCall (line 13896) - compile ... ok
[INFO] [stdout] test src/api.rs - api::ProjectLocationKeyRingImportJobGetCall (line 12162) - compile ... ok
[INFO] [stdout] test src/api.rs - api::ProjectLocationKeyRingGetIamPolicyCall (line 14158) - compile ... ok
[INFO] [stdout] test src/api.rs - api::ProjectLocationKeyRingImportJobGetIamPolicyCall (line 12424) - compile ... ok
[INFO] [stdout] test src/api.rs - api::ProjectLocationKeyRingImportJobListCall (line 12698) - compile ... ok
[INFO] [stdout] test src/lib.rs - (line 49) ... ignored
[INFO] [stdout] test src/api.rs - api::ProjectLocationKeyRingImportJobTestIamPermissionCall (line 13300) - compile ... ok
[INFO] [stdout] test src/api.rs - api::ProjectLocationKeyRingImportJobSetIamPolicyCall (line 13008) - compile ... ok
[INFO] [stdout] test src/api.rs - api::ProjectLocationKeyRingListCall (line 14432) - compile ... ok
[INFO] [stdout] test src/api.rs - api::ProjectMethods (line 1594) - compile ... ok
[INFO] [stdout] test src/api.rs - api::ProjectLocationKeyRingSetIamPolicyCall (line 14742) - compile ... ok
[INFO] [stdout] test src/api.rs - api::ProjectLocationKeyRingTestIamPermissionCall (line 15034) - compile ... ok
[INFO] [stdout] test src/api.rs - api::ProjectLocationListCall (line 15880) - compile ... ok
[INFO] [stderr] error: doctest failed, to rerun pass `--doc`
[INFO] [stdout] test src/lib.rs - (line 82) - compile ... ok
[INFO] [stdout] 
[INFO] [stdout] failures:
[INFO] [stdout] 
[INFO] [stdout] ---- src/api.rs - api::ProjectLocationEkmConnectionPatchCall (line 4546) stdout ----
[INFO] [stdout] error[E0308]: mismatched types
[INFO] [stdout]     --> src/api.rs:4570:27
[INFO] [stdout]      |
[INFO] [stdout] 25   |              .update_mask(&Default::default())
[INFO] [stdout]      |               ----------- ^^^^^^^^^^^^^^^^^^^ expected `FieldMask`, found `&_`
[INFO] [stdout]      |               |
[INFO] [stdout]      |               arguments to this method are incorrect
[INFO] [stdout]      |
[INFO] [stdout]      = note: expected struct `FieldMask`
[INFO] [stdout]              found reference `&_`
[INFO] [stdout] note: method defined here
[INFO] [stdout]     --> /opt/rustwide/workdir/src/api.rs:4761:12
[INFO] [stdout]      |
[INFO] [stdout] 4761 |     pub fn update_mask(mut self, new_value: client::FieldMask) -> ProjectLocationEkmConnectionPatchCall<'a, S> {
[INFO] [stdout]      |            ^^^^^^^^^^^
[INFO] [stdout] help: consider removing the borrow
[INFO] [stdout]      |
[INFO] [stdout] 25   -              .update_mask(&Default::default())
[INFO] [stdout] 25   +              .update_mask(Default::default())
[INFO] [stdout]      |
[INFO] [stdout] 
[INFO] [stdout] error: aborting due to previous error
[INFO] [stdout] 
[INFO] [stdout] For more information about this error, try `rustc --explain E0308`.
[INFO] [stdout] Couldn't compile the test.
[INFO] [stdout] ---- src/api.rs - api::ProjectLocationKeyRingCryptoKeyCryptoKeyVersionPatchCall (line 8324) stdout ----
[INFO] [stdout] error[E0308]: mismatched types
[INFO] [stdout]     --> src/api.rs:8348:27
[INFO] [stdout]      |
[INFO] [stdout] 25   |              .update_mask(&Default::default())
[INFO] [stdout]      |               ----------- ^^^^^^^^^^^^^^^^^^^ expected `FieldMask`, found `&_`
[INFO] [stdout]      |               |
[INFO] [stdout]      |               arguments to this method are incorrect
[INFO] [stdout]      |
[INFO] [stdout]      = note: expected struct `FieldMask`
[INFO] [stdout]              found reference `&_`
[INFO] [stdout] note: method defined here
[INFO] [stdout]     --> /opt/rustwide/workdir/src/api.rs:8539:12
[INFO] [stdout]      |
[INFO] [stdout] 8539 |     pub fn update_mask(mut self, new_value: client::FieldMask) -> ProjectLocationKeyRingCryptoKeyCryptoKeyVersionPatchCall<'a, S> {
[INFO] [stdout]      |            ^^^^^^^^^^^
[INFO] [stdout] help: consider removing the borrow
[INFO] [stdout]      |
[INFO] [stdout] 25   -              .update_mask(&Default::default())
[INFO] [stdout] 25   +              .update_mask(Default::default())
[INFO] [stdout]      |
[INFO] [stdout] 
[INFO] [stdout] error: aborting due to previous error
[INFO] [stdout] 
[INFO] [stdout] For more information about this error, try `rustc --explain E0308`.
[INFO] [stdout] Couldn't compile the test.
[INFO] [stdout] ---- src/api.rs - api::ProjectLocationKeyRingCryptoKeyPatchCall (line 10678) stdout ----
[INFO] [stdout] error[E0308]: mismatched types
[INFO] [stdout]      --> src/api.rs:10702:27
[INFO] [stdout]       |
[INFO] [stdout] 25    |              .update_mask(&Default::default())
[INFO] [stdout]       |               ----------- ^^^^^^^^^^^^^^^^^^^ expected `FieldMask`, found `&_`
[INFO] [stdout]       |               |
[INFO] [stdout]       |               arguments to this method are incorrect
[INFO] [stdout]       |
[INFO] [stdout]       = note: expected struct `FieldMask`
[INFO] [stdout]               found reference `&_`
[INFO] [stdout] note: method defined here
[INFO] [stdout]      --> /opt/rustwide/workdir/src/api.rs:10893:12
[INFO] [stdout]       |
[INFO] [stdout] 10893 |     pub fn update_mask(mut self, new_value: client::FieldMask) -> ProjectLocationKeyRingCryptoKeyPatchCall<'a, S> {
[INFO] [stdout]       |            ^^^^^^^^^^^
[INFO] [stdout] help: consider removing the borrow
[INFO] [stdout]       |
[INFO] [stdout] 25    -              .update_mask(&Default::default())
[INFO] [stdout] 25    +              .update_mask(Default::default())
[INFO] [stdout]       |
[INFO] [stdout] 
[INFO] [stdout] error: aborting due to previous error
[INFO] [stdout] 
[INFO] [stdout] For more information about this error, try `rustc --explain E0308`.
[INFO] [stdout] Couldn't compile the test.
[INFO] [stdout] 
[INFO] [stdout] failures:
[INFO] [stdout]     src/api.rs - api::ProjectLocationEkmConnectionPatchCall (line 4546)
[INFO] [stdout]     src/api.rs - api::ProjectLocationKeyRingCryptoKeyCryptoKeyVersionPatchCall (line 8324)
[INFO] [stdout]     src/api.rs - api::ProjectLocationKeyRingCryptoKeyPatchCall (line 10678)
[INFO] [stdout] 
[INFO] [stdout] test result: FAILED. 47 passed; 3 failed; 1 ignored; 0 measured; 0 filtered out; finished in 2.57s
[INFO] [stdout] 
[INFO] running `Command { std: "docker" "inspect" "fdb061dc418746043ff3b876e4683f9addd92ab15d6eac54491ed7edcb5ce9ae", kill_on_drop: false }`
[INFO] running `Command { std: "docker" "rm" "-f" "fdb061dc418746043ff3b876e4683f9addd92ab15d6eac54491ed7edcb5ce9ae", kill_on_drop: false }`
[INFO] [stdout] fdb061dc418746043ff3b876e4683f9addd92ab15d6eac54491ed7edcb5ce9ae
