[INFO] fetching crate google-cloudiot1 5.0.3+20230102...
[INFO] testing google-cloudiot1-5.0.3+20230102 against 1.75.0 for beta-1.76-1
[INFO] extracting crate google-cloudiot1 5.0.3+20230102 into /workspace/builds/worker-1-tc1/source
[INFO] validating manifest of crates.io crate google-cloudiot1 5.0.3+20230102 on toolchain 1.75.0
[INFO] running `Command { std: CARGO_HOME="/workspace/cargo-home" RUSTUP_HOME="/workspace/rustup-home" "/workspace/cargo-home/bin/cargo" "+1.75.0" "metadata" "--manifest-path" "Cargo.toml" "--no-deps", kill_on_drop: false }`
[INFO] started tweaking crates.io crate google-cloudiot1 5.0.3+20230102
[INFO] finished tweaking crates.io crate google-cloudiot1 5.0.3+20230102
[INFO] tweaked toml for crates.io crate google-cloudiot1 5.0.3+20230102 written to /workspace/builds/worker-1-tc1/source/Cargo.toml
[INFO] running `Command { std: CARGO_HOME="/workspace/cargo-home" RUSTUP_HOME="/workspace/rustup-home" "/workspace/cargo-home/bin/cargo" "+1.75.0" "generate-lockfile" "--manifest-path" "Cargo.toml", kill_on_drop: false }`
[INFO] [stderr]     Updating crates.io index
[INFO] running `Command { std: CARGO_HOME="/workspace/cargo-home" RUSTUP_HOME="/workspace/rustup-home" "/workspace/cargo-home/bin/cargo" "+1.75.0" "fetch" "--manifest-path" "Cargo.toml", kill_on_drop: false }`
[INFO] [stderr]  Downloading crates ...
[INFO] [stderr]   Downloaded rustls-webpki v0.102.1
[INFO] [stderr]   Downloaded rustls v0.22.1
[INFO] [stderr]   Downloaded rustls-pki-types v1.1.0
[INFO] [stderr]   Downloaded yup-oauth2 v8.3.2
[INFO] [stderr]   Downloaded google-apis-common v6.0.0
[INFO] running `Command { std: "docker" "create" "-v" "/var/lib/crater-agent-workspace/builds/worker-1-tc1/target:/opt/rustwide/target:rw,Z" "-v" "/var/lib/crater-agent-workspace/builds/worker-1-tc1/source:/opt/rustwide/workdir:ro,Z" "-v" "/var/lib/crater-agent-workspace/cargo-home:/opt/rustwide/cargo-home:ro,Z" "-v" "/var/lib/crater-agent-workspace/rustup-home:/opt/rustwide/rustup-home:ro,Z" "-e" "SOURCE_DIR=/opt/rustwide/workdir" "-e" "CARGO_TARGET_DIR=/opt/rustwide/target" "-e" "CARGO_HOME=/opt/rustwide/cargo-home" "-e" "RUSTUP_HOME=/opt/rustwide/rustup-home" "-w" "/opt/rustwide/workdir" "-m" "1610612736" "--user" "0:0" "--network" "none" "ghcr.io/rust-lang/crates-build-env/linux@sha256:2788e3201cd34a07e3172128adcd8b3090168a8e3bcc40d7c032b9dda1df7d1c" "/opt/rustwide/cargo-home/bin/cargo" "+1.75.0" "metadata" "--no-deps" "--format-version=1", kill_on_drop: false }`
[INFO] [stdout] c12012cb29ef88df9dcd806d0ddf3dc45a2c1c6dd7713682a89664b97007a769
[INFO] running `Command { std: "docker" "start" "-a" "c12012cb29ef88df9dcd806d0ddf3dc45a2c1c6dd7713682a89664b97007a769", kill_on_drop: false }`
[INFO] running `Command { std: "docker" "inspect" "c12012cb29ef88df9dcd806d0ddf3dc45a2c1c6dd7713682a89664b97007a769", kill_on_drop: false }`
[INFO] running `Command { std: "docker" "rm" "-f" "c12012cb29ef88df9dcd806d0ddf3dc45a2c1c6dd7713682a89664b97007a769", kill_on_drop: false }`
[INFO] [stdout] c12012cb29ef88df9dcd806d0ddf3dc45a2c1c6dd7713682a89664b97007a769
[INFO] running `Command { std: "docker" "create" "-v" "/var/lib/crater-agent-workspace/builds/worker-1-tc1/target:/opt/rustwide/target:rw,Z" "-v" "/var/lib/crater-agent-workspace/builds/worker-1-tc1/source:/opt/rustwide/workdir:ro,Z" "-v" "/var/lib/crater-agent-workspace/cargo-home:/opt/rustwide/cargo-home:ro,Z" "-v" "/var/lib/crater-agent-workspace/rustup-home:/opt/rustwide/rustup-home:ro,Z" "-e" "SOURCE_DIR=/opt/rustwide/workdir" "-e" "CARGO_TARGET_DIR=/opt/rustwide/target" "-e" "CARGO_INCREMENTAL=0" "-e" "RUST_BACKTRACE=full" "-e" "RUSTFLAGS=--cap-lints=warn" "-e" "RUSTDOCFLAGS=--cap-lints=warn" "-e" "CARGO_HOME=/opt/rustwide/cargo-home" "-e" "RUSTUP_HOME=/opt/rustwide/rustup-home" "-w" "/opt/rustwide/workdir" "-m" "1610612736" "--user" "0:0" "--network" "none" "ghcr.io/rust-lang/crates-build-env/linux@sha256:2788e3201cd34a07e3172128adcd8b3090168a8e3bcc40d7c032b9dda1df7d1c" "/opt/rustwide/cargo-home/bin/cargo" "+1.75.0" "build" "--frozen" "--message-format=json", kill_on_drop: false }`
[INFO] [stdout] 545810ef8a8b0823b27b975e523b9b81953c9227ee35ece1a96dfd9593d7ca6a
[INFO] running `Command { std: "docker" "start" "-a" "545810ef8a8b0823b27b975e523b9b81953c9227ee35ece1a96dfd9593d7ca6a", kill_on_drop: false }`
[INFO] [stderr]    Compiling pin-project-lite v0.2.13
[INFO] [stderr]    Compiling bytes v1.5.0
[INFO] [stderr]    Compiling slab v0.4.9
[INFO] [stderr]    Compiling futures-sink v0.3.30
[INFO] [stderr]    Compiling spin v0.9.8
[INFO] [stderr]    Compiling futures-core v0.3.30
[INFO] [stderr]    Compiling syn v2.0.48
[INFO] [stderr]    Compiling cc v1.0.83
[INFO] [stderr]    Compiling getrandom v0.2.11
[INFO] [stderr]    Compiling untrusted v0.9.0
[INFO] [stderr]    Compiling serde v1.0.194
[INFO] [stderr]    Compiling futures-channel v0.3.30
[INFO] [stderr]    Compiling socket2 v0.5.5
[INFO] [stderr]    Compiling mio v0.8.10
[INFO] [stderr]    Compiling futures-io v0.3.30
[INFO] [stderr]    Compiling memchr v2.7.1
[INFO] [stderr]    Compiling tinyvec_macros v0.1.1
[INFO] [stderr]    Compiling once_cell v1.19.0
[INFO] [stderr]    Compiling futures-task v0.3.30
[INFO] [stderr]    Compiling tinyvec v1.6.0
[INFO] [stderr]    Compiling http v0.2.11
[INFO] [stderr]    Compiling tracing-core v0.1.32
[INFO] [stderr]    Compiling rustls v0.21.10
[INFO] [stderr]    Compiling unicode-bidi v0.3.14
[INFO] [stderr]    Compiling tracing v0.1.40
[INFO] [stderr]    Compiling equivalent v1.0.1
[INFO] [stderr]    Compiling log v0.4.20
[INFO] [stderr]    Compiling unicode-normalization v0.1.22
[INFO] [stderr]    Compiling hashbrown v0.14.3
[INFO] [stderr]    Compiling ring v0.17.7
[INFO] [stderr]    Compiling ident_case v1.0.1
[INFO] [stderr]    Compiling strsim v0.10.0
[INFO] [stderr]    Compiling try-lock v0.2.5
[INFO] [stderr]    Compiling base64 v0.21.5
[INFO] [stderr]    Compiling want v0.3.1
[INFO] [stderr]    Compiling http-body v0.4.6
[INFO] [stderr]    Compiling num-traits v0.2.17
[INFO] [stderr]    Compiling rustls-pemfile v1.0.4
[INFO] [stderr]    Compiling indexmap v2.1.0
[INFO] [stderr]    Compiling httpdate v1.0.3
[INFO] [stderr]    Compiling rustls v0.22.1
[INFO] [stderr]    Compiling percent-encoding v2.3.1
[INFO] [stderr]    Compiling anyhow v1.0.79
[INFO] [stderr]    Compiling rustls-pki-types v1.1.0
[INFO] [stderr]    Compiling async-trait v0.1.77
[INFO] [stderr]    Compiling powerfmt v0.2.0
[INFO] [stderr]    Compiling form_urlencoded v1.2.1
[INFO] [stderr]    Compiling rustls-native-certs v0.6.3
[INFO] [stderr]    Compiling idna v0.5.0
[INFO] [stderr]    Compiling subtle v2.5.0
[INFO] [stderr]    Compiling num_threads v0.1.6
[INFO] [stderr]    Compiling zeroize v1.7.0
[INFO] [stderr]    Compiling matches v0.1.10
[INFO] [stderr]    Compiling time-core v0.1.2
[INFO] [stderr]    Compiling idna v0.1.5
[INFO] [stderr]    Compiling itertools v0.12.0
[INFO] [stderr]    Compiling seahash v4.1.0
[INFO] [stderr]    Compiling percent-encoding v1.0.1
[INFO] [stderr]    Compiling url v2.5.0
[INFO] [stderr]    Compiling iana-time-zone v0.1.59
[INFO] [stderr]    Compiling url v1.7.2
[INFO] [stderr]    Compiling mime v0.3.17
[INFO] [stderr]    Compiling darling_core v0.20.3
[INFO] [stderr]    Compiling tokio-macros v2.2.0
[INFO] [stderr]    Compiling serde_derive v1.0.194
[INFO] [stderr]    Compiling futures-macro v0.3.30
[INFO] [stderr]    Compiling sct v0.7.1
[INFO] [stderr]    Compiling rustls-webpki v0.101.7
[INFO] [stderr]    Compiling tokio v1.35.1
[INFO] [stderr]    Compiling rustls-webpki v0.102.1
[INFO] [stderr]    Compiling futures-util v0.3.30
[INFO] [stderr]    Compiling darling_macro v0.20.3
[INFO] [stderr]    Compiling darling v0.20.3
[INFO] [stderr]    Compiling serde_with_macros v2.3.3
[INFO] [stderr]    Compiling tokio-util v0.7.10
[INFO] [stderr]    Compiling tokio-rustls v0.24.1
[INFO] [stderr]    Compiling h2 v0.3.22
[INFO] [stderr]    Compiling futures-executor v0.3.30
[INFO] [stderr]    Compiling futures v0.3.30
[INFO] [stderr]    Compiling deranged v0.3.11
[INFO] [stderr]    Compiling serde_json v1.0.111
[INFO] [stderr]    Compiling chrono v0.4.31
[INFO] [stderr]    Compiling serde_with v2.3.3
[INFO] [stderr]    Compiling hyper v0.14.28
[INFO] [stderr]    Compiling time v0.3.31
[INFO] [stderr]    Compiling hyper-rustls v0.24.2
[INFO] [stderr]    Compiling yup-oauth2 v8.3.2
[INFO] [stderr]    Compiling google-apis-common v6.0.0
[INFO] [stderr]    Compiling google-cloudiot1 v5.0.3+20230102 (/opt/rustwide/workdir)
[INFO] [stderr]     Finished dev [unoptimized + debuginfo] target(s) in 1m 21s
[INFO] running `Command { std: "docker" "inspect" "545810ef8a8b0823b27b975e523b9b81953c9227ee35ece1a96dfd9593d7ca6a", kill_on_drop: false }`
[INFO] running `Command { std: "docker" "rm" "-f" "545810ef8a8b0823b27b975e523b9b81953c9227ee35ece1a96dfd9593d7ca6a", kill_on_drop: false }`
[INFO] [stdout] 545810ef8a8b0823b27b975e523b9b81953c9227ee35ece1a96dfd9593d7ca6a
[INFO] running `Command { std: "docker" "create" "-v" "/var/lib/crater-agent-workspace/builds/worker-1-tc1/target:/opt/rustwide/target:rw,Z" "-v" "/var/lib/crater-agent-workspace/builds/worker-1-tc1/source:/opt/rustwide/workdir:ro,Z" "-v" "/var/lib/crater-agent-workspace/cargo-home:/opt/rustwide/cargo-home:ro,Z" "-v" "/var/lib/crater-agent-workspace/rustup-home:/opt/rustwide/rustup-home:ro,Z" "-e" "SOURCE_DIR=/opt/rustwide/workdir" "-e" "CARGO_TARGET_DIR=/opt/rustwide/target" "-e" "CARGO_INCREMENTAL=0" "-e" "RUST_BACKTRACE=full" "-e" "RUSTFLAGS=--cap-lints=warn" "-e" "RUSTDOCFLAGS=--cap-lints=warn" "-e" "CARGO_HOME=/opt/rustwide/cargo-home" "-e" "RUSTUP_HOME=/opt/rustwide/rustup-home" "-w" "/opt/rustwide/workdir" "-m" "1610612736" "--user" "0:0" "--network" "none" "ghcr.io/rust-lang/crates-build-env/linux@sha256:2788e3201cd34a07e3172128adcd8b3090168a8e3bcc40d7c032b9dda1df7d1c" "/opt/rustwide/cargo-home/bin/cargo" "+1.75.0" "test" "--frozen" "--no-run" "--message-format=json", kill_on_drop: false }`
[INFO] [stdout] 373c83f33967b0ba981c1cde945ff225a5ec7a265b99191b634cc77d640d5154
[INFO] running `Command { std: "docker" "start" "-a" "373c83f33967b0ba981c1cde945ff225a5ec7a265b99191b634cc77d640d5154", kill_on_drop: false }`
[INFO] [stderr]    Compiling google-cloudiot1 v5.0.3+20230102 (/opt/rustwide/workdir)
[INFO] [stderr]     Finished test [unoptimized + debuginfo] target(s) in 2.57s
[INFO] running `Command { std: "docker" "inspect" "373c83f33967b0ba981c1cde945ff225a5ec7a265b99191b634cc77d640d5154", kill_on_drop: false }`
[INFO] running `Command { std: "docker" "rm" "-f" "373c83f33967b0ba981c1cde945ff225a5ec7a265b99191b634cc77d640d5154", kill_on_drop: false }`
[INFO] [stdout] 373c83f33967b0ba981c1cde945ff225a5ec7a265b99191b634cc77d640d5154
[INFO] running `Command { std: "docker" "create" "-v" "/var/lib/crater-agent-workspace/builds/worker-1-tc1/target:/opt/rustwide/target:rw,Z" "-v" "/var/lib/crater-agent-workspace/builds/worker-1-tc1/source:/opt/rustwide/workdir:ro,Z" "-v" "/var/lib/crater-agent-workspace/cargo-home:/opt/rustwide/cargo-home:ro,Z" "-v" "/var/lib/crater-agent-workspace/rustup-home:/opt/rustwide/rustup-home:ro,Z" "-e" "SOURCE_DIR=/opt/rustwide/workdir" "-e" "CARGO_TARGET_DIR=/opt/rustwide/target" "-e" "CARGO_INCREMENTAL=0" "-e" "RUST_BACKTRACE=full" "-e" "RUSTFLAGS=--cap-lints=warn" "-e" "RUSTDOCFLAGS=--cap-lints=warn" "-e" "CARGO_HOME=/opt/rustwide/cargo-home" "-e" "RUSTUP_HOME=/opt/rustwide/rustup-home" "-w" "/opt/rustwide/workdir" "-m" "1610612736" "--user" "0:0" "--network" "none" "ghcr.io/rust-lang/crates-build-env/linux@sha256:2788e3201cd34a07e3172128adcd8b3090168a8e3bcc40d7c032b9dda1df7d1c" "/opt/rustwide/cargo-home/bin/cargo" "+1.75.0" "test" "--frozen", kill_on_drop: false }`
[INFO] [stdout] 60fe5495085e3987e65ec7e8eb7d20d158724104e2477287eb7a33dcead05592
[INFO] running `Command { std: "docker" "start" "-a" "60fe5495085e3987e65ec7e8eb7d20d158724104e2477287eb7a33dcead05592", kill_on_drop: false }`
[INFO] [stderr]     Finished test [unoptimized + debuginfo] target(s) in 0.11s
[INFO] [stderr]      Running unittests src/lib.rs (/opt/rustwide/target/debug/deps/google_cloudiot1-34cd6e6b4e5c89a2)
[INFO] [stdout] 
[INFO] [stdout] running 0 tests
[INFO] [stdout] 
[INFO] [stdout] test result: ok. 0 passed; 0 failed; 0 ignored; 0 measured; 0 filtered out; finished in 0.00s
[INFO] [stdout] 
[INFO] [stderr]    Doc-tests google-cloudiot1
[INFO] [stdout] 
[INFO] [stdout] running 27 tests
[INFO] [stdout] test src/api.rs - api::ProjectLocationRegistryDeleteCall (line 5953) - compile ... ok
[INFO] [stdout] test src/api.rs - api::CloudIot (line 62) - compile ... ok
[INFO] [stdout] test src/api.rs - api::ProjectLocationRegistryBindDeviceToGatewayCall (line 5369) - compile ... ok
[INFO] [stdout] test src/api.rs - api::ProjectLocationRegistryDeviceCreateCall (line 2049) - compile ... ok
[INFO] [stdout] test src/api.rs - api::ProjectLocationRegistryDeviceDeleteCall (line 2341) - compile ... ok
[INFO] [stdout] test src/api.rs - api::ProjectLocationRegistryDeviceConfigVersionListCall (line 1501) - compile ... ok
[INFO] [stdout] test src/api.rs - api::ProjectLocationRegistryCreateCall (line 5661) - compile ... ok
[INFO] [stdout] test src/api.rs - api::ProjectLocationRegistryDeviceGetCall (line 2603) - compile ... FAILED
[INFO] [stdout] test src/api.rs - api::ProjectLocationRegistryDeviceModifyCloudToDeviceConfigCall (line 3241) - compile ... ok
[INFO] [stdout] test src/api.rs - api::ProjectLocationRegistryGetCall (line 6215) - compile ... ok
[INFO] [stdout] test src/api.rs - api::ProjectLocationRegistryDeviceSendCommandToDeviceCall (line 3837) - compile ... ok
[INFO] [stdout] test src/api.rs - api::ProjectLocationRegistryDeviceListCall (line 2877) - compile ... FAILED
[INFO] [stdout] test src/api.rs - api::ProjectLocationRegistryDeviceStateListCall (line 1775) - compile ... ok
[INFO] [stdout] test src/api.rs - api::ProjectLocationRegistryDevicePatchCall (line 3533) - compile ... FAILED
[INFO] [stdout] test src/api.rs - api::ProjectLocationRegistryGroupDeviceListCall (line 4129) - compile ... FAILED
[INFO] [stdout] test src/api.rs - api::ProjectLocationRegistryGroupGetIamPolicyCall (line 4493) - compile ... ok
[INFO] [stdout] test src/api.rs - api::ProjectLocationRegistryGroupTestIamPermissionCall (line 5077) - compile ... ok
[INFO] [stdout] test src/api.rs - api::ProjectLocationRegistryGetIamPolicyCall (line 6477) - compile ... ok
[INFO] [stdout] test src/api.rs - api::ProjectLocationRegistryGroupSetIamPolicyCall (line 4785) - compile ... ok
[INFO] [stdout] test src/lib.rs - (line 49) ... ignored
[INFO] [stdout] test src/api.rs - api::ProjectLocationRegistryListCall (line 6769) - compile ... ok
[INFO] [stdout] test src/api.rs - api::ProjectLocationRegistrySetIamPolicyCall (line 7359) - compile ... ok
[INFO] [stdout] test src/api.rs - api::ProjectLocationRegistryTestIamPermissionCall (line 7651) - compile ... ok
[INFO] [stdout] test src/api.rs - api::ProjectMethods (line 1010) - compile ... ok
[INFO] [stdout] test src/api.rs - api::ProjectLocationRegistryUnbindDeviceFromGatewayCall (line 7943) - compile ... ok
[INFO] [stdout] test src/lib.rs - (line 76) - compile ... ok
[INFO] [stdout] test src/api.rs - api::ProjectLocationRegistryPatchCall (line 7055) - compile ... FAILED
[INFO] [stdout] 
[INFO] [stdout] failures:
[INFO] [stdout] 
[INFO] [stdout] ---- src/api.rs - api::ProjectLocationRegistryDeviceGetCall (line 2603) stdout ----
[INFO] [stdout] error[E0308]: mismatched types
[INFO] [stdout]     --> src/api.rs:2621:26
[INFO] [stdout]      |
[INFO] [stdout] 19   |              .field_mask(&Default::default())
[INFO] [stdout]      |               ---------- ^^^^^^^^^^^^^^^^^^^ expected `FieldMask`, found `&_`
[INFO] [stdout]      |               |
[INFO] [stdout]      |               arguments to this method are incorrect
[INFO] [stdout]      |
[INFO] [stdout]      = note: expected struct `FieldMask`
[INFO] [stdout]              found reference `&_`
[INFO] [stdout] note: method defined here
[INFO] [stdout]     --> /opt/rustwide/workdir/src/api.rs:2788:12
[INFO] [stdout]      |
[INFO] [stdout] 2788 |     pub fn field_mask(mut self, new_value: client::FieldMask) -> ProjectLocationRegistryDeviceGetCall<'a, S> {
[INFO] [stdout]      |            ^^^^^^^^^^
[INFO] [stdout] help: consider removing the borrow
[INFO] [stdout]      |
[INFO] [stdout] 19   -              .field_mask(&Default::default())
[INFO] [stdout] 19   +              .field_mask(Default::default())
[INFO] [stdout]      |
[INFO] [stdout] 
[INFO] [stdout] error: aborting due to previous error
[INFO] [stdout] 
[INFO] [stdout] For more information about this error, try `rustc --explain E0308`.
[INFO] [stdout] Couldn't compile the test.
[INFO] [stdout] ---- src/api.rs - api::ProjectLocationRegistryDeviceListCall (line 2877) stdout ----
[INFO] [stdout] error[E0308]: mismatched types
[INFO] [stdout]     --> src/api.rs:2900:26
[INFO] [stdout]      |
[INFO] [stdout] 24   |              .field_mask(&Default::default())
[INFO] [stdout]      |               ---------- ^^^^^^^^^^^^^^^^^^^ expected `FieldMask`, found `&_`
[INFO] [stdout]      |               |
[INFO] [stdout]      |               arguments to this method are incorrect
[INFO] [stdout]      |
[INFO] [stdout]      = note: expected struct `FieldMask`
[INFO] [stdout]              found reference `&_`
[INFO] [stdout] note: method defined here
[INFO] [stdout]     --> /opt/rustwide/workdir/src/api.rs:3136:12
[INFO] [stdout]      |
[INFO] [stdout] 3136 |     pub fn field_mask(mut self, new_value: client::FieldMask) -> ProjectLocationRegistryDeviceListCall<'a, S> {
[INFO] [stdout]      |            ^^^^^^^^^^
[INFO] [stdout] help: consider removing the borrow
[INFO] [stdout]      |
[INFO] [stdout] 24   -              .field_mask(&Default::default())
[INFO] [stdout] 24   +              .field_mask(Default::default())
[INFO] [stdout]      |
[INFO] [stdout] 
[INFO] [stdout] error: aborting due to previous error
[INFO] [stdout] 
[INFO] [stdout] For more information about this error, try `rustc --explain E0308`.
[INFO] [stdout] Couldn't compile the test.
[INFO] [stdout] ---- src/api.rs - api::ProjectLocationRegistryDevicePatchCall (line 3533) stdout ----
[INFO] [stdout] error[E0308]: mismatched types
[INFO] [stdout]     --> src/api.rs:3557:27
[INFO] [stdout]      |
[INFO] [stdout] 25   |              .update_mask(&Default::default())
[INFO] [stdout]      |               ----------- ^^^^^^^^^^^^^^^^^^^ expected `FieldMask`, found `&_`
[INFO] [stdout]      |               |
[INFO] [stdout]      |               arguments to this method are incorrect
[INFO] [stdout]      |
[INFO] [stdout]      = note: expected struct `FieldMask`
[INFO] [stdout]              found reference `&_`
[INFO] [stdout] note: method defined here
[INFO] [stdout]     --> /opt/rustwide/workdir/src/api.rs:3748:12
[INFO] [stdout]      |
[INFO] [stdout] 3748 |     pub fn update_mask(mut self, new_value: client::FieldMask) -> ProjectLocationRegistryDevicePatchCall<'a, S> {
[INFO] [stdout]      |            ^^^^^^^^^^^
[INFO] [stdout] help: consider removing the borrow
[INFO] [stdout]      |
[INFO] [stdout] 25   -              .update_mask(&Default::default())
[INFO] [stdout] 25   +              .update_mask(Default::default())
[INFO] [stdout]      |
[INFO] [stdout] 
[INFO] [stdout] error: aborting due to previous error
[INFO] [stdout] 
[INFO] [stdout] For more information about this error, try `rustc --explain E0308`.
[INFO] [stdout] Couldn't compile the test.
[INFO] [stdout] ---- src/api.rs - api::ProjectLocationRegistryGroupDeviceListCall (line 4129) stdout ----
[INFO] [stdout] error[E0308]: mismatched types
[INFO] [stdout]     --> src/api.rs:4152:26
[INFO] [stdout]      |
[INFO] [stdout] 24   |              .field_mask(&Default::default())
[INFO] [stdout]      |               ---------- ^^^^^^^^^^^^^^^^^^^ expected `FieldMask`, found `&_`
[INFO] [stdout]      |               |
[INFO] [stdout]      |               arguments to this method are incorrect
[INFO] [stdout]      |
[INFO] [stdout]      = note: expected struct `FieldMask`
[INFO] [stdout]              found reference `&_`
[INFO] [stdout] note: method defined here
[INFO] [stdout]     --> /opt/rustwide/workdir/src/api.rs:4388:12
[INFO] [stdout]      |
[INFO] [stdout] 4388 |     pub fn field_mask(mut self, new_value: client::FieldMask) -> ProjectLocationRegistryGroupDeviceListCall<'a, S> {
[INFO] [stdout]      |            ^^^^^^^^^^
[INFO] [stdout] help: consider removing the borrow
[INFO] [stdout]      |
[INFO] [stdout] 24   -              .field_mask(&Default::default())
[INFO] [stdout] 24   +              .field_mask(Default::default())
[INFO] [stdout]      |
[INFO] [stdout] 
[INFO] [stdout] error: aborting due to previous error
[INFO] [stdout] 
[INFO] [stdout] For more information about this error, try `rustc --explain E0308`.
[INFO] [stdout] Couldn't compile the test.
[INFO] [stdout] ---- src/api.rs - api::ProjectLocationRegistryPatchCall (line 7055) stdout ----
[INFO] [stdout] error[E0308]: mismatched types
[INFO] [stdout]     --> src/api.rs:7079:27
[INFO] [stdout]      |
[INFO] [stdout] 25   |              .update_mask(&Default::default())
[INFO] [stdout]      |               ----------- ^^^^^^^^^^^^^^^^^^^ expected `FieldMask`, found `&_`
[INFO] [stdout]      |               |
[INFO] [stdout]      |               arguments to this method are incorrect
[INFO] [stdout]      |
[INFO] [stdout]      = note: expected struct `FieldMask`
[INFO] [stdout]              found reference `&_`
[INFO] [stdout] note: method defined here
[INFO] [stdout]     --> /opt/rustwide/workdir/src/api.rs:7270:12
[INFO] [stdout]      |
[INFO] [stdout] 7270 |     pub fn update_mask(mut self, new_value: client::FieldMask) -> ProjectLocationRegistryPatchCall<'a, S> {
[INFO] [stdout]      |            ^^^^^^^^^^^
[INFO] [stdout] help: consider removing the borrow
[INFO] [stdout]      |
[INFO] [stdout] 25   -              .update_mask(&Default::default())
[INFO] [stdout] 25   +              .update_mask(Default::default())
[INFO] [stdout]      |
[INFO] [stdout] 
[INFO] [stdout] error: aborting due to previous error
[INFO] [stdout] 
[INFO] [stdout] For more information about this error, try `rustc --explain E0308`.
[INFO] [stdout] Couldn't compile the test.
[INFO] [stdout] 
[INFO] [stdout] failures:
[INFO] [stdout]     src/api.rs - api::ProjectLocationRegistryDeviceGetCall (line 2603)
[INFO] [stdout]     src/api.rs - api::ProjectLocationRegistryDeviceListCall (line 2877)
[INFO] [stdout]     src/api.rs - api::ProjectLocationRegistryDevicePatchCall (line 3533)
[INFO] [stdout]     src/api.rs - api::ProjectLocationRegistryGroupDeviceListCall (line 4129)
[INFO] [stdout]     src/api.rs - api::ProjectLocationRegistryPatchCall (line 7055)
[INFO] [stdout] 
[INFO] [stdout] test result: FAILED. 21 passed; 5 failed; 1 ignored; 0 measured; 0 filtered out; finished in 1.50s
[INFO] [stdout] 
[INFO] [stderr] error: doctest failed, to rerun pass `--doc`
[INFO] running `Command { std: "docker" "inspect" "60fe5495085e3987e65ec7e8eb7d20d158724104e2477287eb7a33dcead05592", kill_on_drop: false }`
[INFO] running `Command { std: "docker" "rm" "-f" "60fe5495085e3987e65ec7e8eb7d20d158724104e2477287eb7a33dcead05592", kill_on_drop: false }`
[INFO] [stdout] 60fe5495085e3987e65ec7e8eb7d20d158724104e2477287eb7a33dcead05592
