[INFO] fetching crate google-clouddeploy1 5.0.3+20230105...
[INFO] testing google-clouddeploy1-5.0.3+20230105 against 1.75.0 for beta-1.76-1
[INFO] extracting crate google-clouddeploy1 5.0.3+20230105 into /workspace/builds/worker-4-tc1/source
[INFO] validating manifest of crates.io crate google-clouddeploy1 5.0.3+20230105 on toolchain 1.75.0
[INFO] running `Command { std: CARGO_HOME="/workspace/cargo-home" RUSTUP_HOME="/workspace/rustup-home" "/workspace/cargo-home/bin/cargo" "+1.75.0" "metadata" "--manifest-path" "Cargo.toml" "--no-deps", kill_on_drop: false }`
[INFO] started tweaking crates.io crate google-clouddeploy1 5.0.3+20230105
[INFO] finished tweaking crates.io crate google-clouddeploy1 5.0.3+20230105
[INFO] tweaked toml for crates.io crate google-clouddeploy1 5.0.3+20230105 written to /workspace/builds/worker-4-tc1/source/Cargo.toml
[INFO] running `Command { std: CARGO_HOME="/workspace/cargo-home" RUSTUP_HOME="/workspace/rustup-home" "/workspace/cargo-home/bin/cargo" "+1.75.0" "generate-lockfile" "--manifest-path" "Cargo.toml", kill_on_drop: false }`
[INFO] [stderr]     Updating crates.io index
[INFO] running `Command { std: CARGO_HOME="/workspace/cargo-home" RUSTUP_HOME="/workspace/rustup-home" "/workspace/cargo-home/bin/cargo" "+1.75.0" "fetch" "--manifest-path" "Cargo.toml", kill_on_drop: false }`
[INFO] [stderr]     Blocking waiting for file lock on package cache
[INFO] [stderr]  Downloading crates ...
[INFO] [stderr]   Downloaded rustls-pki-types v1.1.0
[INFO] [stderr]   Downloaded google-apis-common v6.0.0
[INFO] [stderr]   Downloaded yup-oauth2 v8.3.2
[INFO] [stderr]   Downloaded rustls-webpki v0.102.1
[INFO] [stderr]   Downloaded rustls v0.22.1
[INFO] running `Command { std: "docker" "create" "-v" "/var/lib/crater-agent-workspace/builds/worker-4-tc1/target:/opt/rustwide/target:rw,Z" "-v" "/var/lib/crater-agent-workspace/builds/worker-4-tc1/source:/opt/rustwide/workdir:ro,Z" "-v" "/var/lib/crater-agent-workspace/cargo-home:/opt/rustwide/cargo-home:ro,Z" "-v" "/var/lib/crater-agent-workspace/rustup-home:/opt/rustwide/rustup-home:ro,Z" "-e" "SOURCE_DIR=/opt/rustwide/workdir" "-e" "CARGO_TARGET_DIR=/opt/rustwide/target" "-e" "CARGO_HOME=/opt/rustwide/cargo-home" "-e" "RUSTUP_HOME=/opt/rustwide/rustup-home" "-w" "/opt/rustwide/workdir" "-m" "1610612736" "--user" "0:0" "--network" "none" "ghcr.io/rust-lang/crates-build-env/linux@sha256:2788e3201cd34a07e3172128adcd8b3090168a8e3bcc40d7c032b9dda1df7d1c" "/opt/rustwide/cargo-home/bin/cargo" "+1.75.0" "metadata" "--no-deps" "--format-version=1", kill_on_drop: false }`
[INFO] [stdout] 9bc48409e214abad35b47c80e629dccfd411a140ecf7bb62fcc143a40cb37bfb
[INFO] running `Command { std: "docker" "start" "-a" "9bc48409e214abad35b47c80e629dccfd411a140ecf7bb62fcc143a40cb37bfb", kill_on_drop: false }`
[INFO] running `Command { std: "docker" "inspect" "9bc48409e214abad35b47c80e629dccfd411a140ecf7bb62fcc143a40cb37bfb", kill_on_drop: false }`
[INFO] running `Command { std: "docker" "rm" "-f" "9bc48409e214abad35b47c80e629dccfd411a140ecf7bb62fcc143a40cb37bfb", kill_on_drop: false }`
[INFO] [stdout] 9bc48409e214abad35b47c80e629dccfd411a140ecf7bb62fcc143a40cb37bfb
[INFO] running `Command { std: "docker" "create" "-v" "/var/lib/crater-agent-workspace/builds/worker-4-tc1/target:/opt/rustwide/target:rw,Z" "-v" "/var/lib/crater-agent-workspace/builds/worker-4-tc1/source:/opt/rustwide/workdir:ro,Z" "-v" "/var/lib/crater-agent-workspace/cargo-home:/opt/rustwide/cargo-home:ro,Z" "-v" "/var/lib/crater-agent-workspace/rustup-home:/opt/rustwide/rustup-home:ro,Z" "-e" "SOURCE_DIR=/opt/rustwide/workdir" "-e" "CARGO_TARGET_DIR=/opt/rustwide/target" "-e" "CARGO_INCREMENTAL=0" "-e" "RUST_BACKTRACE=full" "-e" "RUSTFLAGS=--cap-lints=warn" "-e" "RUSTDOCFLAGS=--cap-lints=warn" "-e" "CARGO_HOME=/opt/rustwide/cargo-home" "-e" "RUSTUP_HOME=/opt/rustwide/rustup-home" "-w" "/opt/rustwide/workdir" "-m" "1610612736" "--user" "0:0" "--network" "none" "ghcr.io/rust-lang/crates-build-env/linux@sha256:2788e3201cd34a07e3172128adcd8b3090168a8e3bcc40d7c032b9dda1df7d1c" "/opt/rustwide/cargo-home/bin/cargo" "+1.75.0" "build" "--frozen" "--message-format=json", kill_on_drop: false }`
[INFO] [stdout] 13fd90ebe5c22f596abc25a94e691e6f20e56ec017e42379ac9800ae54fcafc3
[INFO] running `Command { std: "docker" "start" "-a" "13fd90ebe5c22f596abc25a94e691e6f20e56ec017e42379ac9800ae54fcafc3", kill_on_drop: false }`
[INFO] [stderr]    Compiling proc-macro2 v1.0.75
[INFO] [stderr]    Compiling unicode-ident v1.0.12
[INFO] [stderr]    Compiling libc v0.2.151
[INFO] [stderr]    Compiling autocfg v1.1.0
[INFO] [stderr]    Compiling pin-project-lite v0.2.13
[INFO] [stderr]    Compiling fnv v1.0.7
[INFO] [stderr]    Compiling futures-core v0.3.30
[INFO] [stderr]    Compiling spin v0.9.8
[INFO] [stderr]    Compiling futures-sink v0.3.30
[INFO] [stderr]    Compiling bytes v1.5.0
[INFO] [stderr]    Compiling untrusted v0.9.0
[INFO] [stderr]    Compiling serde v1.0.194
[INFO] [stderr]    Compiling futures-channel v0.3.30
[INFO] [stderr]    Compiling futures-io v0.3.30
[INFO] [stderr]    Compiling once_cell v1.19.0
[INFO] [stderr]    Compiling memchr v2.7.1
[INFO] [stderr]    Compiling pin-utils v0.1.0
[INFO] [stderr]    Compiling itoa v1.0.10
[INFO] [stderr]    Compiling tinyvec_macros v0.1.1
[INFO] [stderr]    Compiling futures-task v0.3.30
[INFO] [stderr]    Compiling slab v0.4.9
[INFO] [stderr]    Compiling tinyvec v1.6.0
[INFO] [stderr]    Compiling tracing-core v0.1.32
[INFO] [stderr]    Compiling rustls v0.21.10
[INFO] [stderr]    Compiling http v0.2.11
[INFO] [stderr]    Compiling quote v1.0.35
[INFO] [stderr]    Compiling tracing v0.1.40
[INFO] [stderr]    Compiling syn v2.0.48
[INFO] [stderr]    Compiling cc v1.0.83
[INFO] [stderr]    Compiling getrandom v0.2.11
[INFO] [stderr]    Compiling socket2 v0.5.5
[INFO] [stderr]    Compiling mio v0.8.10
[INFO] [stderr]    Compiling httparse v1.8.0
[INFO] [stderr]    Compiling unicode-normalization v0.1.22
[INFO] [stderr]    Compiling ident_case v1.0.1
[INFO] [stderr]    Compiling hashbrown v0.14.3
[INFO] [stderr]    Compiling unicode-bidi v0.3.14
[INFO] [stderr]    Compiling strsim v0.10.0
[INFO] [stderr]    Compiling equivalent v1.0.1
[INFO] [stderr]    Compiling log v0.4.20
[INFO] [stderr]    Compiling base64 v0.21.5
[INFO] [stderr]    Compiling try-lock v0.2.5
[INFO] [stderr]    Compiling want v0.3.1
[INFO] [stderr]    Compiling indexmap v2.1.0
[INFO] [stderr]    Compiling http-body v0.4.6
[INFO] [stderr]    Compiling rustls-pemfile v1.0.4
[INFO] [stderr]    Compiling num-traits v0.2.17
[INFO] [stderr]    Compiling rustls v0.22.1
[INFO] [stderr]    Compiling powerfmt v0.2.0
[INFO] [stderr]    Compiling tower-service v0.3.2
[INFO] [stderr]    Compiling anyhow v1.0.79
[INFO] [stderr]    Compiling percent-encoding v2.3.1
[INFO] [stderr]    Compiling ring v0.17.7
[INFO] [stderr]    Compiling openssl-probe v0.1.5
[INFO] [stderr]    Compiling async-trait v0.1.77
[INFO] [stderr]    Compiling httpdate v1.0.3
[INFO] [stderr]    Compiling either v1.9.0
[INFO] [stderr]    Compiling rustls-pki-types v1.1.0
[INFO] [stderr]    Compiling serde_json v1.0.111
[INFO] [stderr]    Compiling rustls-native-certs v0.6.3
[INFO] [stderr]    Compiling form_urlencoded v1.2.1
[INFO] [stderr]    Compiling idna v0.5.0
[INFO] [stderr]    Compiling time-core v0.1.2
[INFO] [stderr]    Compiling zeroize v1.7.0
[INFO] [stderr]    Compiling num_threads v0.1.6
[INFO] [stderr]    Compiling subtle v2.5.0
[INFO] [stderr]    Compiling matches v0.1.10
[INFO] [stderr]    Compiling ryu v1.0.16
[INFO] [stderr]    Compiling itertools v0.12.0
[INFO] [stderr]    Compiling idna v0.1.5
[INFO] [stderr]    Compiling percent-encoding v1.0.1
[INFO] [stderr]    Compiling url v2.5.0
[INFO] [stderr]    Compiling seahash v4.1.0
[INFO] [stderr]    Compiling iana-time-zone v0.1.59
[INFO] [stderr]    Compiling url v1.7.2
[INFO] [stderr]    Compiling itertools v0.10.5
[INFO] [stderr]    Compiling base64 v0.13.1
[INFO] [stderr]    Compiling mime v0.3.17
[INFO] [stderr]    Compiling darling_core v0.20.3
[INFO] [stderr]    Compiling tokio-macros v2.2.0
[INFO] [stderr]    Compiling futures-macro v0.3.30
[INFO] [stderr]    Compiling serde_derive v1.0.194
[INFO] [stderr]    Compiling tokio v1.35.1
[INFO] [stderr]    Compiling rustls-webpki v0.101.7
[INFO] [stderr]    Compiling sct v0.7.1
[INFO] [stderr]    Compiling darling_macro v0.20.3
[INFO] [stderr]    Compiling rustls-webpki v0.102.1
[INFO] [stderr]    Compiling futures-util v0.3.30
[INFO] [stderr]    Compiling darling v0.20.3
[INFO] [stderr]    Compiling serde_with_macros v2.3.3
[INFO] [stderr]    Compiling futures-executor v0.3.30
[INFO] [stderr]    Compiling futures v0.3.30
[INFO] [stderr]    Compiling tokio-util v0.7.10
[INFO] [stderr]    Compiling tokio-rustls v0.24.1
[INFO] [stderr]    Compiling h2 v0.3.22
[INFO] [stderr]    Compiling deranged v0.3.11
[INFO] [stderr]    Compiling serde_with v2.3.3
[INFO] [stderr]    Compiling chrono v0.4.31
[INFO] [stderr]    Compiling time v0.3.31
[INFO] [stderr]    Compiling hyper v0.14.28
[INFO] [stderr]    Compiling hyper-rustls v0.24.2
[INFO] [stderr]    Compiling yup-oauth2 v8.3.2
[INFO] [stderr]    Compiling google-apis-common v6.0.0
[INFO] [stderr]    Compiling google-clouddeploy1 v5.0.3+20230105 (/opt/rustwide/workdir)
[INFO] [stderr]     Finished dev [unoptimized + debuginfo] target(s) in 1m 12s
[INFO] running `Command { std: "docker" "inspect" "13fd90ebe5c22f596abc25a94e691e6f20e56ec017e42379ac9800ae54fcafc3", kill_on_drop: false }`
[INFO] running `Command { std: "docker" "rm" "-f" "13fd90ebe5c22f596abc25a94e691e6f20e56ec017e42379ac9800ae54fcafc3", kill_on_drop: false }`
[INFO] [stdout] 13fd90ebe5c22f596abc25a94e691e6f20e56ec017e42379ac9800ae54fcafc3
[INFO] running `Command { std: "docker" "create" "-v" "/var/lib/crater-agent-workspace/builds/worker-4-tc1/target:/opt/rustwide/target:rw,Z" "-v" "/var/lib/crater-agent-workspace/builds/worker-4-tc1/source:/opt/rustwide/workdir:ro,Z" "-v" "/var/lib/crater-agent-workspace/cargo-home:/opt/rustwide/cargo-home:ro,Z" "-v" "/var/lib/crater-agent-workspace/rustup-home:/opt/rustwide/rustup-home:ro,Z" "-e" "SOURCE_DIR=/opt/rustwide/workdir" "-e" "CARGO_TARGET_DIR=/opt/rustwide/target" "-e" "CARGO_INCREMENTAL=0" "-e" "RUST_BACKTRACE=full" "-e" "RUSTFLAGS=--cap-lints=warn" "-e" "RUSTDOCFLAGS=--cap-lints=warn" "-e" "CARGO_HOME=/opt/rustwide/cargo-home" "-e" "RUSTUP_HOME=/opt/rustwide/rustup-home" "-w" "/opt/rustwide/workdir" "-m" "1610612736" "--user" "0:0" "--network" "none" "ghcr.io/rust-lang/crates-build-env/linux@sha256:2788e3201cd34a07e3172128adcd8b3090168a8e3bcc40d7c032b9dda1df7d1c" "/opt/rustwide/cargo-home/bin/cargo" "+1.75.0" "test" "--frozen" "--no-run" "--message-format=json", kill_on_drop: false }`
[INFO] [stdout] b72f144b7488325a990f9511487a822c261203230348600c8339b891546cc405
[INFO] running `Command { std: "docker" "start" "-a" "b72f144b7488325a990f9511487a822c261203230348600c8339b891546cc405", kill_on_drop: false }`
[INFO] [stderr]    Compiling google-clouddeploy1 v5.0.3+20230105 (/opt/rustwide/workdir)
[INFO] [stderr]     Finished test [unoptimized + debuginfo] target(s) in 3.55s
[INFO] running `Command { std: "docker" "inspect" "b72f144b7488325a990f9511487a822c261203230348600c8339b891546cc405", kill_on_drop: false }`
[INFO] running `Command { std: "docker" "rm" "-f" "b72f144b7488325a990f9511487a822c261203230348600c8339b891546cc405", kill_on_drop: false }`
[INFO] [stdout] b72f144b7488325a990f9511487a822c261203230348600c8339b891546cc405
[INFO] running `Command { std: "docker" "create" "-v" "/var/lib/crater-agent-workspace/builds/worker-4-tc1/target:/opt/rustwide/target:rw,Z" "-v" "/var/lib/crater-agent-workspace/builds/worker-4-tc1/source:/opt/rustwide/workdir:ro,Z" "-v" "/var/lib/crater-agent-workspace/cargo-home:/opt/rustwide/cargo-home:ro,Z" "-v" "/var/lib/crater-agent-workspace/rustup-home:/opt/rustwide/rustup-home:ro,Z" "-e" "SOURCE_DIR=/opt/rustwide/workdir" "-e" "CARGO_TARGET_DIR=/opt/rustwide/target" "-e" "CARGO_INCREMENTAL=0" "-e" "RUST_BACKTRACE=full" "-e" "RUSTFLAGS=--cap-lints=warn" "-e" "RUSTDOCFLAGS=--cap-lints=warn" "-e" "CARGO_HOME=/opt/rustwide/cargo-home" "-e" "RUSTUP_HOME=/opt/rustwide/rustup-home" "-w" "/opt/rustwide/workdir" "-m" "1610612736" "--user" "0:0" "--network" "none" "ghcr.io/rust-lang/crates-build-env/linux@sha256:2788e3201cd34a07e3172128adcd8b3090168a8e3bcc40d7c032b9dda1df7d1c" "/opt/rustwide/cargo-home/bin/cargo" "+1.75.0" "test" "--frozen", kill_on_drop: false }`
[INFO] [stdout] e1ded20f1be7a3cc0df28dc9a30aded898ee7fed1775ed6a502ae5456a83f3bd
[INFO] running `Command { std: "docker" "start" "-a" "e1ded20f1be7a3cc0df28dc9a30aded898ee7fed1775ed6a502ae5456a83f3bd", kill_on_drop: false }`
[INFO] [stderr]     Finished test [unoptimized + debuginfo] target(s) in 0.13s
[INFO] [stderr]      Running unittests src/lib.rs (/opt/rustwide/target/debug/deps/google_clouddeploy1-8c7ee3441f72c031)
[INFO] [stdout] 
[INFO] [stdout] running 0 tests
[INFO] [stdout] 
[INFO] [stdout] test result: ok. 0 passed; 0 failed; 0 ignored; 0 measured; 0 filtered out; finished in 0.00s
[INFO] [stdout] 
[INFO] [stderr]    Doc-tests google-clouddeploy1
[INFO] [stdout] 
[INFO] [stdout] running 38 tests
[INFO] [stdout] test src/api.rs - api::CloudDeploy (line 58) - compile ... ok
[INFO] [stdout] test src/api.rs - api::ProjectLocationDeliveryPipelineDeleteCall (line 6029) - compile ... ok
[INFO] [stdout] test src/api.rs - api::ProjectLocationDeliveryPipelineGetIamPolicyCall (line 6613) - compile ... ok
[INFO] [stdout] test src/api.rs - api::ProjectLocationDeliveryPipelineListCall (line 6887) - compile ... ok
[INFO] [stdout] test src/api.rs - api::ProjectLocationDeliveryPipelineCreateCall (line 5701) - compile ... ok
[INFO] [stdout] test src/api.rs - api::ProjectLocationDeliveryPipelineGetCall (line 6351) - compile ... ok
[INFO] [stdout] test src/api.rs - api::ProjectLocationDeliveryPipelineReleaseAbandonCall (line 4509) - compile ... ok
[INFO] [stdout] test src/api.rs - api::ProjectLocationDeliveryPipelineReleaseCreateCall (line 4801) - compile ... ok
[INFO] [stdout] test src/api.rs - api::ProjectLocationDeliveryPipelineReleaseGetCall (line 5129) - compile ... ok
[INFO] [stdout] test src/api.rs - api::ProjectLocationDeliveryPipelineReleaseRolloutCreateCall (line 3317) - compile ... ok
[INFO] [stdout] test src/api.rs - api::ProjectLocationDeliveryPipelineReleaseListCall (line 5391) - compile ... ok
[INFO] [stdout] test src/api.rs - api::ProjectLocationDeliveryPipelinePatchCall (line 7197) - compile ... FAILED
[INFO] [stdout] test src/api.rs - api::ProjectLocationDeliveryPipelineReleaseRolloutApproveCall (line 3025) - compile ... ok
[INFO] [stdout] test src/api.rs - api::ProjectLocationDeliveryPipelineReleaseRolloutJobRunGetCall (line 2453) - compile ... ok
[INFO] [stdout] test src/api.rs - api::ProjectLocationDeliveryPipelineReleaseRolloutJobRunListCall (line 2715) - compile ... ok
[INFO] [stdout] test src/api.rs - api::ProjectLocationDeliveryPipelineReleaseRolloutGetCall (line 3645) - compile ... ok
[INFO] [stdout] test src/api.rs - api::ProjectLocationDeliveryPipelineTestIamPermissionCall (line 7829) - compile ... ok
[INFO] [stdout] test src/api.rs - api::ProjectLocationDeliveryPipelineReleaseRolloutListCall (line 3907) - compile ... ok
[INFO] [stdout] test src/api.rs - api::ProjectLocationDeliveryPipelineSetIamPolicyCall (line 7537) - compile ... ok
[INFO] [stdout] test src/api.rs - api::ProjectLocationDeliveryPipelineReleaseRolloutRetryJobCall (line 4217) - compile ... ok
[INFO] [stdout] test src/api.rs - api::ProjectLocationGetCall (line 11643) - compile ... ok
[INFO] [stdout] test src/api.rs - api::ProjectLocationOperationCancelCall (line 8121) - compile ... ok
[INFO] [stdout] test src/api.rs - api::ProjectLocationOperationListCall (line 8937) - compile ... ok
[INFO] [stdout] test src/api.rs - api::ProjectLocationTargetCreateCall (line 9235) - compile ... ok
[INFO] [stdout] test src/api.rs - api::ProjectLocationListCall (line 12167) - compile ... ok
[INFO] [stdout] test src/api.rs - api::ProjectLocationTargetDeleteCall (line 9563) - compile ... ok
[INFO] [stdout] test src/api.rs - api::ProjectLocationGetConfigCall (line 11905) - compile ... ok
[INFO] [stdout] test src/api.rs - api::ProjectLocationOperationDeleteCall (line 8413) - compile ... ok
[INFO] [stdout] test src/api.rs - api::ProjectLocationOperationGetCall (line 8675) - compile ... ok
[INFO] [stdout] test src/lib.rs - (line 49) ... ignored
[INFO] [stdout] test src/api.rs - api::ProjectLocationTargetSetIamPolicyCall (line 11059) - compile ... ok
[INFO] [stdout] test src/api.rs - api::ProjectLocationTargetGetCall (line 9873) - compile ... ok
[INFO] [stdout] test src/api.rs - api::ProjectLocationTargetListCall (line 10409) - compile ... ok
[INFO] [stdout] test src/api.rs - api::ProjectLocationTargetGetIamPolicyCall (line 10135) - compile ... ok
[INFO] [stdout] test src/api.rs - api::ProjectLocationTargetTestIamPermissionCall (line 11351) - compile ... ok
[INFO] [stdout] test src/api.rs - api::ProjectMethods (line 1741) - compile ... ok
[INFO] [stdout] test src/lib.rs - (line 81) - compile ... ok
[INFO] [stdout] test src/api.rs - api::ProjectLocationTargetPatchCall (line 10719) - compile ... FAILED
[INFO] [stdout] 
[INFO] [stdout] failures:
[INFO] [stdout] 
[INFO] [stdout] ---- src/api.rs - api::ProjectLocationDeliveryPipelinePatchCall (line 7197) stdout ----
[INFO] [stdout] error[E0308]: mismatched types
[INFO] [stdout]     --> src/api.rs:7222:27
[INFO] [stdout]      |
[INFO] [stdout] 26   |              .update_mask(&Default::default())
[INFO] [stdout]      |               ----------- ^^^^^^^^^^^^^^^^^^^ expected `FieldMask`, found `&_`
[INFO] [stdout]      |               |
[INFO] [stdout]      |               arguments to this method are incorrect
[INFO] [stdout]      |
[INFO] [stdout]      = note: expected struct `FieldMask`
[INFO] [stdout]              found reference `&_`
[INFO] [stdout] note: method defined here
[INFO] [stdout]     --> /opt/rustwide/workdir/src/api.rs:7434:12
[INFO] [stdout]      |
[INFO] [stdout] 7434 |     pub fn update_mask(mut self, new_value: client::FieldMask) -> ProjectLocationDeliveryPipelinePatchCall<'a, S> {
[INFO] [stdout]      |            ^^^^^^^^^^^
[INFO] [stdout] help: consider removing the borrow
[INFO] [stdout]      |
[INFO] [stdout] 26   -              .update_mask(&Default::default())
[INFO] [stdout] 26   +              .update_mask(Default::default())
[INFO] [stdout]      |
[INFO] [stdout] 
[INFO] [stdout] error: aborting due to previous error
[INFO] [stdout] 
[INFO] [stdout] For more information about this error, try `rustc --explain E0308`.
[INFO] [stdout] Couldn't compile the test.
[INFO] [stdout] ---- src/api.rs - api::ProjectLocationTargetPatchCall (line 10719) stdout ----
[INFO] [stdout] error[E0308]: mismatched types
[INFO] [stdout]      --> src/api.rs:10744:27
[INFO] [stdout]       |
[INFO] [stdout] 26    |              .update_mask(&Default::default())
[INFO] [stdout]       |               ----------- ^^^^^^^^^^^^^^^^^^^ expected `FieldMask`, found `&_`
[INFO] [stdout]       |               |
[INFO] [stdout]       |               arguments to this method are incorrect
[INFO] [stdout]       |
[INFO] [stdout]       = note: expected struct `FieldMask`
[INFO] [stdout]               found reference `&_`
[INFO] [stdout] note: method defined here
[INFO] [stdout]      --> /opt/rustwide/workdir/src/api.rs:10956:12
[INFO] [stdout]       |
[INFO] [stdout] 10956 |     pub fn update_mask(mut self, new_value: client::FieldMask) -> ProjectLocationTargetPatchCall<'a, S> {
[INFO] [stdout]       |            ^^^^^^^^^^^
[INFO] [stdout] help: consider removing the borrow
[INFO] [stdout]       |
[INFO] [stdout] 26    -              .update_mask(&Default::default())
[INFO] [stdout] 26    +              .update_mask(Default::default())
[INFO] [stdout]       |
[INFO] [stdout] 
[INFO] [stdout] error: aborting due to previous error
[INFO] [stdout] 
[INFO] [stdout] For more information about this error, try `rustc --explain E0308`.
[INFO] [stdout] Couldn't compile the test.
[INFO] [stdout] 
[INFO] [stdout] failures:
[INFO] [stdout]     src/api.rs - api::ProjectLocationDeliveryPipelinePatchCall (line 7197)
[INFO] [stdout]     src/api.rs - api::ProjectLocationTargetPatchCall (line 10719)
[INFO] [stdout] 
[INFO] [stdout] test result: FAILED. 35 passed; 2 failed; 1 ignored; 0 measured; 0 filtered out; finished in 2.14s
[INFO] [stdout] 
[INFO] [stderr] error: doctest failed, to rerun pass `--doc`
[INFO] running `Command { std: "docker" "inspect" "e1ded20f1be7a3cc0df28dc9a30aded898ee7fed1775ed6a502ae5456a83f3bd", kill_on_drop: false }`
[INFO] running `Command { std: "docker" "rm" "-f" "e1ded20f1be7a3cc0df28dc9a30aded898ee7fed1775ed6a502ae5456a83f3bd", kill_on_drop: false }`
[INFO] [stdout] e1ded20f1be7a3cc0df28dc9a30aded898ee7fed1775ed6a502ae5456a83f3bd
[INFO] testing google-clouddeploy1-5.0.3+20230105 against beta-2023-12-22 for beta-1.76-1
[INFO] extracting crate google-clouddeploy1 5.0.3+20230105 into /workspace/builds/worker-4-tc2/source
[INFO] validating manifest of crates.io crate google-clouddeploy1 5.0.3+20230105 on toolchain beta-2023-12-22
[INFO] running `Command { std: CARGO_HOME="/workspace/cargo-home" RUSTUP_HOME="/workspace/rustup-home" "/workspace/cargo-home/bin/cargo" "+beta-2023-12-22" "metadata" "--manifest-path" "Cargo.toml" "--no-deps", kill_on_drop: false }`
[INFO] started tweaking crates.io crate google-clouddeploy1 5.0.3+20230105
[INFO] finished tweaking crates.io crate google-clouddeploy1 5.0.3+20230105
[INFO] tweaked toml for crates.io crate google-clouddeploy1 5.0.3+20230105 written to /workspace/builds/worker-4-tc2/source/Cargo.toml
[INFO] running `Command { std: CARGO_HOME="/workspace/cargo-home" RUSTUP_HOME="/workspace/rustup-home" "/workspace/cargo-home/bin/cargo" "+beta-2023-12-22" "generate-lockfile" "--manifest-path" "Cargo.toml", kill_on_drop: false }`
[INFO] [stderr]     Updating crates.io index
[INFO] running `Command { std: CARGO_HOME="/workspace/cargo-home" RUSTUP_HOME="/workspace/rustup-home" "/workspace/cargo-home/bin/cargo" "+beta-2023-12-22" "fetch" "--manifest-path" "Cargo.toml", kill_on_drop: false }`
[INFO] running `Command { std: "docker" "create" "-v" "/var/lib/crater-agent-workspace/builds/worker-4-tc2/target:/opt/rustwide/target:rw,Z" "-v" "/var/lib/crater-agent-workspace/builds/worker-4-tc2/source:/opt/rustwide/workdir:ro,Z" "-v" "/var/lib/crater-agent-workspace/cargo-home:/opt/rustwide/cargo-home:ro,Z" "-v" "/var/lib/crater-agent-workspace/rustup-home:/opt/rustwide/rustup-home:ro,Z" "-e" "SOURCE_DIR=/opt/rustwide/workdir" "-e" "CARGO_TARGET_DIR=/opt/rustwide/target" "-e" "CARGO_HOME=/opt/rustwide/cargo-home" "-e" "RUSTUP_HOME=/opt/rustwide/rustup-home" "-w" "/opt/rustwide/workdir" "-m" "1610612736" "--user" "0:0" "--network" "none" "ghcr.io/rust-lang/crates-build-env/linux@sha256:2788e3201cd34a07e3172128adcd8b3090168a8e3bcc40d7c032b9dda1df7d1c" "/opt/rustwide/cargo-home/bin/cargo" "+beta-2023-12-22" "metadata" "--no-deps" "--format-version=1", kill_on_drop: false }`
[INFO] [stdout] 795770678e937093889b5c5320d53c57167bdb3c6c5c04e796fa4e9024d8ac8b
[INFO] running `Command { std: "docker" "start" "-a" "795770678e937093889b5c5320d53c57167bdb3c6c5c04e796fa4e9024d8ac8b", kill_on_drop: false }`
[INFO] running `Command { std: "docker" "inspect" "795770678e937093889b5c5320d53c57167bdb3c6c5c04e796fa4e9024d8ac8b", kill_on_drop: false }`
[INFO] running `Command { std: "docker" "rm" "-f" "795770678e937093889b5c5320d53c57167bdb3c6c5c04e796fa4e9024d8ac8b", kill_on_drop: false }`
[INFO] [stdout] 795770678e937093889b5c5320d53c57167bdb3c6c5c04e796fa4e9024d8ac8b
[INFO] running `Command { std: "docker" "create" "-v" "/var/lib/crater-agent-workspace/builds/worker-4-tc2/target:/opt/rustwide/target:rw,Z" "-v" "/var/lib/crater-agent-workspace/builds/worker-4-tc2/source:/opt/rustwide/workdir:ro,Z" "-v" "/var/lib/crater-agent-workspace/cargo-home:/opt/rustwide/cargo-home:ro,Z" "-v" "/var/lib/crater-agent-workspace/rustup-home:/opt/rustwide/rustup-home:ro,Z" "-e" "SOURCE_DIR=/opt/rustwide/workdir" "-e" "CARGO_TARGET_DIR=/opt/rustwide/target" "-e" "CARGO_INCREMENTAL=0" "-e" "RUST_BACKTRACE=full" "-e" "RUSTFLAGS=--cap-lints=warn" "-e" "RUSTDOCFLAGS=--cap-lints=warn" "-e" "CARGO_HOME=/opt/rustwide/cargo-home" "-e" "RUSTUP_HOME=/opt/rustwide/rustup-home" "-w" "/opt/rustwide/workdir" "-m" "1610612736" "--user" "0:0" "--network" "none" "ghcr.io/rust-lang/crates-build-env/linux@sha256:2788e3201cd34a07e3172128adcd8b3090168a8e3bcc40d7c032b9dda1df7d1c" "/opt/rustwide/cargo-home/bin/cargo" "+beta-2023-12-22" "build" "--frozen" "--message-format=json", kill_on_drop: false }`
[INFO] [stdout] 5e6a415e27b0817634541320b39e19f3f252d77ebeb334d521bfda2164726345
[INFO] running `Command { std: "docker" "start" "-a" "5e6a415e27b0817634541320b39e19f3f252d77ebeb334d521bfda2164726345", kill_on_drop: false }`
[INFO] [stderr]    Compiling proc-macro2 v1.0.75
[INFO] [stderr]    Compiling unicode-ident v1.0.12
[INFO] [stderr]    Compiling libc v0.2.151
[INFO] [stderr]    Compiling autocfg v1.1.0
[INFO] [stderr]    Compiling pin-project-lite v0.2.13
[INFO] [stderr]    Compiling fnv v1.0.7
[INFO] [stderr]    Compiling untrusted v0.9.0
[INFO] [stderr]    Compiling futures-sink v0.3.30
[INFO] [stderr]    Compiling spin v0.9.8
[INFO] [stderr]    Compiling bytes v1.5.0
[INFO] [stderr]    Compiling futures-core v0.3.30
[INFO] [stderr]    Compiling serde v1.0.194
[INFO] [stderr]    Compiling memchr v2.7.1
[INFO] [stderr]    Compiling tinyvec_macros v0.1.1
[INFO] [stderr]    Compiling futures-channel v0.3.30
[INFO] [stderr]    Compiling pin-utils v0.1.0
[INFO] [stderr]    Compiling futures-io v0.3.30
[INFO] [stderr]    Compiling itoa v1.0.10
[INFO] [stderr]    Compiling futures-task v0.3.30
[INFO] [stderr]    Compiling slab v0.4.9
[INFO] [stderr]    Compiling once_cell v1.19.0
[INFO] [stderr]    Compiling tinyvec v1.6.0
[INFO] [stderr]    Compiling http v0.2.11
[INFO] [stderr]    Compiling tracing-core v0.1.32
[INFO] [stderr]    Compiling log v0.4.20
[INFO] [stderr]    Compiling quote v1.0.35
[INFO] [stderr]    Compiling cc v1.0.83
[INFO] [stderr]    Compiling syn v2.0.48
[INFO] [stderr]    Compiling getrandom v0.2.11
[INFO] [stderr]    Compiling mio v0.8.10
[INFO] [stderr]    Compiling socket2 v0.5.5
[INFO] [stderr]    Compiling tracing v0.1.40
[INFO] [stderr]    Compiling rustls v0.21.10
[INFO] [stderr]    Compiling unicode-normalization v0.1.22
[INFO] [stderr]    Compiling unicode-bidi v0.3.14
[INFO] [stderr]    Compiling hashbrown v0.14.3
[INFO] [stderr]    Compiling equivalent v1.0.1
[INFO] [stderr]    Compiling ident_case v1.0.1
[INFO] [stderr]    Compiling strsim v0.10.0
[INFO] [stderr]    Compiling httparse v1.8.0
[INFO] [stderr]    Compiling base64 v0.21.5
[INFO] [stderr]    Compiling try-lock v0.2.5
[INFO] [stderr]    Compiling want v0.3.1
[INFO] [stderr]    Compiling ring v0.17.7
[INFO] [stderr]    Compiling http-body v0.4.6
[INFO] [stderr]    Compiling num-traits v0.2.17
[INFO] [stderr]    Compiling indexmap v2.1.0
[INFO] [stderr]    Compiling rustls-pemfile v1.0.4
[INFO] [stderr]    Compiling anyhow v1.0.79
[INFO] [stderr]    Compiling percent-encoding v2.3.1
[INFO] [stderr]    Compiling rustls-pki-types v1.1.0
[INFO] [stderr]    Compiling httpdate v1.0.3
[INFO] [stderr]    Compiling powerfmt v0.2.0
[INFO] [stderr]    Compiling rustls v0.22.1
[INFO] [stderr]    Compiling either v1.9.0
[INFO] [stderr]    Compiling async-trait v0.1.77
[INFO] [stderr]    Compiling openssl-probe v0.1.5
[INFO] [stderr]    Compiling serde_json v1.0.111
[INFO] [stderr]    Compiling tower-service v0.3.2
[INFO] [stderr]    Compiling rustls-native-certs v0.6.3
[INFO] [stderr]    Compiling form_urlencoded v1.2.1
[INFO] [stderr]    Compiling idna v0.5.0
[INFO] [stderr]    Compiling matches v0.1.10
[INFO] [stderr]    Compiling zeroize v1.7.0
[INFO] [stderr]    Compiling subtle v2.5.0
[INFO] [stderr]    Compiling num_threads v0.1.6
[INFO] [stderr]    Compiling time-core v0.1.2
[INFO] [stderr]    Compiling ryu v1.0.16
[INFO] [stderr]    Compiling idna v0.1.5
[INFO] [stderr]    Compiling itertools v0.12.0
[INFO] [stderr]    Compiling iana-time-zone v0.1.59
[INFO] [stderr]    Compiling url v2.5.0
[INFO] [stderr]    Compiling seahash v4.1.0
[INFO] [stderr]    Compiling percent-encoding v1.0.1
[INFO] [stderr]    Compiling url v1.7.2
[INFO] [stderr]    Compiling itertools v0.10.5
[INFO] [stderr]    Compiling base64 v0.13.1
[INFO] [stderr]    Compiling mime v0.3.17
[INFO] [stderr]    Compiling darling_core v0.20.3
[INFO] [stderr]    Compiling tokio-macros v2.2.0
[INFO] [stderr]    Compiling futures-macro v0.3.30
[INFO] [stderr]    Compiling serde_derive v1.0.194
[INFO] [stderr]    Compiling rustls-webpki v0.101.7
[INFO] [stderr]    Compiling sct v0.7.1
[INFO] [stderr]    Compiling rustls-webpki v0.102.1
[INFO] [stderr]    Compiling tokio v1.35.1
[INFO] [stderr]    Compiling futures-util v0.3.30
[INFO] [stderr]    Compiling darling_macro v0.20.3
[INFO] [stderr]    Compiling darling v0.20.3
[INFO] [stderr]    Compiling serde_with_macros v2.3.3
[INFO] [stderr]    Compiling futures-executor v0.3.30
[INFO] [stderr]    Compiling futures v0.3.30
[INFO] [stderr]    Compiling tokio-util v0.7.10
[INFO] [stderr]    Compiling tokio-rustls v0.24.1
[INFO] [stderr]    Compiling h2 v0.3.22
[INFO] [stderr]    Compiling deranged v0.3.11
[INFO] [stderr]    Compiling serde_with v2.3.3
[INFO] [stderr]    Compiling chrono v0.4.31
[INFO] [stderr]    Compiling time v0.3.31
[INFO] [stderr]    Compiling hyper v0.14.28
[INFO] [stderr]    Compiling hyper-rustls v0.24.2
[INFO] [stderr]    Compiling yup-oauth2 v8.3.2
[INFO] [stderr]    Compiling google-apis-common v6.0.0
[INFO] [stderr]    Compiling google-clouddeploy1 v5.0.3+20230105 (/opt/rustwide/workdir)
[INFO] [stderr]     Finished dev [unoptimized + debuginfo] target(s) in 1m 28s
[INFO] running `Command { std: "docker" "inspect" "5e6a415e27b0817634541320b39e19f3f252d77ebeb334d521bfda2164726345", kill_on_drop: false }`
[INFO] running `Command { std: "docker" "rm" "-f" "5e6a415e27b0817634541320b39e19f3f252d77ebeb334d521bfda2164726345", kill_on_drop: false }`
[INFO] [stdout] 5e6a415e27b0817634541320b39e19f3f252d77ebeb334d521bfda2164726345
[INFO] running `Command { std: "docker" "create" "-v" "/var/lib/crater-agent-workspace/builds/worker-4-tc2/target:/opt/rustwide/target:rw,Z" "-v" "/var/lib/crater-agent-workspace/builds/worker-4-tc2/source:/opt/rustwide/workdir:ro,Z" "-v" "/var/lib/crater-agent-workspace/cargo-home:/opt/rustwide/cargo-home:ro,Z" "-v" "/var/lib/crater-agent-workspace/rustup-home:/opt/rustwide/rustup-home:ro,Z" "-e" "SOURCE_DIR=/opt/rustwide/workdir" "-e" "CARGO_TARGET_DIR=/opt/rustwide/target" "-e" "CARGO_INCREMENTAL=0" "-e" "RUST_BACKTRACE=full" "-e" "RUSTFLAGS=--cap-lints=warn" "-e" "RUSTDOCFLAGS=--cap-lints=warn" "-e" "CARGO_HOME=/opt/rustwide/cargo-home" "-e" "RUSTUP_HOME=/opt/rustwide/rustup-home" "-w" "/opt/rustwide/workdir" "-m" "1610612736" "--user" "0:0" "--network" "none" "ghcr.io/rust-lang/crates-build-env/linux@sha256:2788e3201cd34a07e3172128adcd8b3090168a8e3bcc40d7c032b9dda1df7d1c" "/opt/rustwide/cargo-home/bin/cargo" "+beta-2023-12-22" "test" "--frozen" "--no-run" "--message-format=json", kill_on_drop: false }`
[INFO] [stdout] 19c279eee9d34922694330b1498dad1c05dc8fce565ab2e59476d5413ca23e9f
[INFO] running `Command { std: "docker" "start" "-a" "19c279eee9d34922694330b1498dad1c05dc8fce565ab2e59476d5413ca23e9f", kill_on_drop: false }`
[INFO] [stderr]    Compiling google-clouddeploy1 v5.0.3+20230105 (/opt/rustwide/workdir)
[INFO] [stderr]     Finished test [unoptimized + debuginfo] target(s) in 3.52s
[INFO] running `Command { std: "docker" "inspect" "19c279eee9d34922694330b1498dad1c05dc8fce565ab2e59476d5413ca23e9f", kill_on_drop: false }`
[INFO] running `Command { std: "docker" "rm" "-f" "19c279eee9d34922694330b1498dad1c05dc8fce565ab2e59476d5413ca23e9f", kill_on_drop: false }`
[INFO] [stdout] 19c279eee9d34922694330b1498dad1c05dc8fce565ab2e59476d5413ca23e9f
[INFO] running `Command { std: "docker" "create" "-v" "/var/lib/crater-agent-workspace/builds/worker-4-tc2/target:/opt/rustwide/target:rw,Z" "-v" "/var/lib/crater-agent-workspace/builds/worker-4-tc2/source:/opt/rustwide/workdir:ro,Z" "-v" "/var/lib/crater-agent-workspace/cargo-home:/opt/rustwide/cargo-home:ro,Z" "-v" "/var/lib/crater-agent-workspace/rustup-home:/opt/rustwide/rustup-home:ro,Z" "-e" "SOURCE_DIR=/opt/rustwide/workdir" "-e" "CARGO_TARGET_DIR=/opt/rustwide/target" "-e" "CARGO_INCREMENTAL=0" "-e" "RUST_BACKTRACE=full" "-e" "RUSTFLAGS=--cap-lints=warn" "-e" "RUSTDOCFLAGS=--cap-lints=warn" "-e" "CARGO_HOME=/opt/rustwide/cargo-home" "-e" "RUSTUP_HOME=/opt/rustwide/rustup-home" "-w" "/opt/rustwide/workdir" "-m" "1610612736" "--user" "0:0" "--network" "none" "ghcr.io/rust-lang/crates-build-env/linux@sha256:2788e3201cd34a07e3172128adcd8b3090168a8e3bcc40d7c032b9dda1df7d1c" "/opt/rustwide/cargo-home/bin/cargo" "+beta-2023-12-22" "test" "--frozen", kill_on_drop: false }`
[INFO] [stdout] d084fb22653e9cf800e91b502fa5caaf1d291e4d5ddb13e862dfc0a551f92ed5
[INFO] running `Command { std: "docker" "start" "-a" "d084fb22653e9cf800e91b502fa5caaf1d291e4d5ddb13e862dfc0a551f92ed5", kill_on_drop: false }`
[INFO] [stdout] 
[INFO] [stdout] running 0 tests
[INFO] [stdout] 
[INFO] [stdout] test result: ok. 0 passed; 0 failed; 0 ignored; 0 measured; 0 filtered out; finished in 0.00s
[INFO] [stdout] 
[INFO] [stderr]     Finished test [unoptimized + debuginfo] target(s) in 0.19s
[INFO] [stderr]      Running unittests src/lib.rs (/opt/rustwide/target/debug/deps/google_clouddeploy1-3d5af3e9d6149ba0)
[INFO] [stderr]    Doc-tests google-clouddeploy1
[INFO] [stdout] 
[INFO] [stdout] running 38 tests
[INFO] [stdout] test src/api.rs - api::CloudDeploy (line 58) - compile ... ok
[INFO] [stdout] test src/api.rs - api::ProjectLocationDeliveryPipelineReleaseAbandonCall (line 4509) - compile ... ok
[INFO] [stdout] test src/api.rs - api::ProjectLocationDeliveryPipelineDeleteCall (line 6029) - compile ... ok
[INFO] [stdout] test src/api.rs - api::ProjectLocationDeliveryPipelineListCall (line 6887) - compile ... ok
[INFO] [stdout] test src/api.rs - api::ProjectLocationDeliveryPipelineCreateCall (line 5701) - compile ... ok
[INFO] [stdout] test src/api.rs - api::ProjectLocationDeliveryPipelineGetIamPolicyCall (line 6613) - compile ... ok
[INFO] [stdout] test src/api.rs - api::ProjectLocationDeliveryPipelineGetCall (line 6351) - compile ... ok
[INFO] [stdout] test src/api.rs - api::ProjectLocationDeliveryPipelineReleaseRolloutCreateCall (line 3317) - compile ... ok
[INFO] [stdout] test src/api.rs - api::ProjectLocationDeliveryPipelineReleaseCreateCall (line 4801) - compile ... ok
[INFO] [stdout] test src/api.rs - api::ProjectLocationDeliveryPipelineReleaseGetCall (line 5129) - compile ... ok
[INFO] [stdout] test src/api.rs - api::ProjectLocationDeliveryPipelinePatchCall (line 7197) - compile ... FAILED
[INFO] [stdout] test src/api.rs - api::ProjectLocationDeliveryPipelineReleaseRolloutGetCall (line 3645) - compile ... ok
[INFO] [stdout] test src/api.rs - api::ProjectLocationDeliveryPipelineReleaseRolloutApproveCall (line 3025) - compile ... ok
[INFO] [stdout] test src/api.rs - api::ProjectLocationDeliveryPipelineReleaseRolloutJobRunGetCall (line 2453) - compile ... ok
[INFO] [stdout] test src/api.rs - api::ProjectLocationDeliveryPipelineReleaseListCall (line 5391) - compile ... ok
[INFO] [stdout] test src/api.rs - api::ProjectLocationDeliveryPipelineReleaseRolloutRetryJobCall (line 4217) - compile ... ok
[INFO] [stdout] test src/api.rs - api::ProjectLocationDeliveryPipelineReleaseRolloutListCall (line 3907) - compile ... ok
[INFO] [stdout] test src/api.rs - api::ProjectLocationDeliveryPipelineReleaseRolloutJobRunListCall (line 2715) - compile ... ok
[INFO] [stdout] test src/api.rs - api::ProjectLocationDeliveryPipelineSetIamPolicyCall (line 7537) - compile ... ok
[INFO] [stdout] test src/api.rs - api::ProjectLocationDeliveryPipelineTestIamPermissionCall (line 7829) - compile ... ok
[INFO] [stdout] test src/api.rs - api::ProjectLocationGetCall (line 11643) - compile ... ok
[INFO] [stdout] test src/api.rs - api::ProjectLocationGetConfigCall (line 11905) - compile ... ok
[INFO] [stdout] test src/api.rs - api::ProjectLocationListCall (line 12167) - compile ... ok
[INFO] [stdout] test src/api.rs - api::ProjectLocationOperationDeleteCall (line 8413) - compile ... ok
[INFO] [stdout] test src/api.rs - api::ProjectLocationOperationGetCall (line 8675) - compile ... ok
[INFO] [stdout] test src/api.rs - api::ProjectLocationTargetListCall (line 10409) - compile ... ok
[INFO] [stdout] test src/api.rs - api::ProjectLocationTargetGetIamPolicyCall (line 10135) - compile ... ok
[INFO] [stdout] test src/api.rs - api::ProjectLocationOperationCancelCall (line 8121) - compile ... ok
[INFO] [stdout] test src/api.rs - api::ProjectLocationOperationListCall (line 8937) - compile ... ok
[INFO] [stdout] test src/lib.rs - (line 49) ... ignored
[INFO] [stdout] test src/api.rs - api::ProjectLocationTargetCreateCall (line 9235) - compile ... ok
[INFO] [stdout] test src/api.rs - api::ProjectMethods (line 1741) - compile ... ok
[INFO] [stdout] test src/api.rs - api::ProjectLocationTargetDeleteCall (line 9563) - compile ... ok
[INFO] [stdout] test src/api.rs - api::ProjectLocationTargetGetCall (line 9873) - compile ... ok
[INFO] [stdout] test src/lib.rs - (line 81) - compile ... ok
[INFO] [stdout] test src/api.rs - api::ProjectLocationTargetTestIamPermissionCall (line 11351) - compile ... ok
[INFO] [stdout] test src/api.rs - api::ProjectLocationTargetPatchCall (line 10719) - compile ... FAILED
[INFO] [stdout] test src/api.rs - api::ProjectLocationTargetSetIamPolicyCall (line 11059) - compile ... ok
[INFO] [stdout] 
[INFO] [stdout] failures:
[INFO] [stdout] 
[INFO] [stdout] ---- src/api.rs - api::ProjectLocationDeliveryPipelinePatchCall (line 7197) stdout ----
[INFO] [stdout] error[E0308]: mismatched types
[INFO] [stdout]     --> src/api.rs:7222:27
[INFO] [stdout]      |
[INFO] [stdout] 26   |              .update_mask(&Default::default())
[INFO] [stdout]      |               ----------- ^^^^^^^^^^^^^^^^^^^ expected `FieldMask`, found `&_`
[INFO] [stdout]      |               |
[INFO] [stdout]      |               arguments to this method are incorrect
[INFO] [stdout]      |
[INFO] [stdout]      = note: expected struct `FieldMask`
[INFO] [stdout]              found reference `&_`
[INFO] [stdout] note: method defined here
[INFO] [stdout]     --> /opt/rustwide/workdir/src/api.rs:7434:12
[INFO] [stdout]      |
[INFO] [stdout] 7434 |     pub fn update_mask(mut self, new_value: client::FieldMask) -> ProjectLocationDeliveryPipelinePatchCall<'a, S> {
[INFO] [stdout]      |            ^^^^^^^^^^^
[INFO] [stdout] help: consider removing the borrow
[INFO] [stdout]      |
[INFO] [stdout] 26   -              .update_mask(&Default::default())
[INFO] [stdout] 26   +              .update_mask(Default::default())
[INFO] [stdout]      |
[INFO] [stdout] 
[INFO] [stdout] error: aborting due to 1 previous error
[INFO] [stdout] 
[INFO] [stdout] For more information about this error, try `rustc --explain E0308`.
[INFO] [stdout] Couldn't compile the test.
[INFO] [stdout] ---- src/api.rs - api::ProjectLocationTargetPatchCall (line 10719) stdout ----
[INFO] [stdout] error[E0308]: mismatched types
[INFO] [stdout]      --> src/api.rs:10744:27
[INFO] [stdout]       |
[INFO] [stdout] 26    |              .update_mask(&Default::default())
[INFO] [stdout]       |               ----------- ^^^^^^^^^^^^^^^^^^^ expected `FieldMask`, found `&_`
[INFO] [stdout]       |               |
[INFO] [stdout]       |               arguments to this method are incorrect
[INFO] [stdout]       |
[INFO] [stdout]       = note: expected struct `FieldMask`
[INFO] [stdout]               found reference `&_`
[INFO] [stdout] note: method defined here
[INFO] [stdout]      --> /opt/rustwide/workdir/src/api.rs:10956:12
[INFO] [stdout]       |
[INFO] [stdout] 10956 |     pub fn update_mask(mut self, new_value: client::FieldMask) -> ProjectLocationTargetPatchCall<'a, S> {
[INFO] [stdout]       |            ^^^^^^^^^^^
[INFO] [stdout] help: consider removing the borrow
[INFO] [stdout]       |
[INFO] [stdout] 26    -              .update_mask(&Default::default())
[INFO] [stdout] 26    +              .update_mask(Default::default())
[INFO] [stdout]       |
[INFO] [stdout] 
[INFO] [stdout] error: aborting due to 1 previous error
[INFO] [stdout] 
[INFO] [stdout] For more information about this error, try `rustc --explain E0308`.
[INFO] [stdout] Couldn't compile the test.
[INFO] [stdout] 
[INFO] [stdout] failures:
[INFO] [stdout]     src/api.rs - api::ProjectLocationDeliveryPipelinePatchCall (line 7197)
[INFO] [stdout]     src/api.rs - api::ProjectLocationTargetPatchCall (line 10719)
[INFO] [stdout] 
[INFO] [stdout] test result: FAILED. 35 passed; 2 failed; 1 ignored; 0 measured; 0 filtered out; finished in 2.00s
[INFO] [stdout] 
[INFO] [stderr] error: doctest failed, to rerun pass `--doc`
[INFO] running `Command { std: "docker" "inspect" "d084fb22653e9cf800e91b502fa5caaf1d291e4d5ddb13e862dfc0a551f92ed5", kill_on_drop: false }`
[INFO] running `Command { std: "docker" "rm" "-f" "d084fb22653e9cf800e91b502fa5caaf1d291e4d5ddb13e862dfc0a551f92ed5", kill_on_drop: false }`
[INFO] [stdout] d084fb22653e9cf800e91b502fa5caaf1d291e4d5ddb13e862dfc0a551f92ed5
