[INFO] fetching crate google-cloudbilling1 5.0.3+20221206...
[INFO] testing google-cloudbilling1-5.0.3+20221206 against 1.75.0 for beta-1.76-1
[INFO] extracting crate google-cloudbilling1 5.0.3+20221206 into /workspace/builds/worker-2-tc1/source
[INFO] validating manifest of crates.io crate google-cloudbilling1 5.0.3+20221206 on toolchain 1.75.0
[INFO] running `Command { std: CARGO_HOME="/workspace/cargo-home" RUSTUP_HOME="/workspace/rustup-home" "/workspace/cargo-home/bin/cargo" "+1.75.0" "metadata" "--manifest-path" "Cargo.toml" "--no-deps", kill_on_drop: false }`
[INFO] started tweaking crates.io crate google-cloudbilling1 5.0.3+20221206
[INFO] finished tweaking crates.io crate google-cloudbilling1 5.0.3+20221206
[INFO] tweaked toml for crates.io crate google-cloudbilling1 5.0.3+20221206 written to /workspace/builds/worker-2-tc1/source/Cargo.toml
[INFO] running `Command { std: CARGO_HOME="/workspace/cargo-home" RUSTUP_HOME="/workspace/rustup-home" "/workspace/cargo-home/bin/cargo" "+1.75.0" "generate-lockfile" "--manifest-path" "Cargo.toml", kill_on_drop: false }`
[INFO] [stderr]     Updating crates.io index
[INFO] running `Command { std: CARGO_HOME="/workspace/cargo-home" RUSTUP_HOME="/workspace/rustup-home" "/workspace/cargo-home/bin/cargo" "+1.75.0" "fetch" "--manifest-path" "Cargo.toml", kill_on_drop: false }`
[INFO] running `Command { std: "docker" "create" "-v" "/var/lib/crater-agent-workspace/builds/worker-2-tc1/target:/opt/rustwide/target:rw,Z" "-v" "/var/lib/crater-agent-workspace/builds/worker-2-tc1/source:/opt/rustwide/workdir:ro,Z" "-v" "/var/lib/crater-agent-workspace/cargo-home:/opt/rustwide/cargo-home:ro,Z" "-v" "/var/lib/crater-agent-workspace/rustup-home:/opt/rustwide/rustup-home:ro,Z" "-e" "SOURCE_DIR=/opt/rustwide/workdir" "-e" "CARGO_TARGET_DIR=/opt/rustwide/target" "-e" "CARGO_HOME=/opt/rustwide/cargo-home" "-e" "RUSTUP_HOME=/opt/rustwide/rustup-home" "-w" "/opt/rustwide/workdir" "-m" "1610612736" "--user" "0:0" "--network" "none" "ghcr.io/rust-lang/crates-build-env/linux@sha256:2788e3201cd34a07e3172128adcd8b3090168a8e3bcc40d7c032b9dda1df7d1c" "/opt/rustwide/cargo-home/bin/cargo" "+1.75.0" "metadata" "--no-deps" "--format-version=1", kill_on_drop: false }`
[INFO] [stdout] 0d507be7d81498f0a6b69d05cc343029bf2d693682c40f917232b9c6eb535e58
[INFO] running `Command { std: "docker" "start" "-a" "0d507be7d81498f0a6b69d05cc343029bf2d693682c40f917232b9c6eb535e58", kill_on_drop: false }`
[INFO] running `Command { std: "docker" "inspect" "0d507be7d81498f0a6b69d05cc343029bf2d693682c40f917232b9c6eb535e58", kill_on_drop: false }`
[INFO] running `Command { std: "docker" "rm" "-f" "0d507be7d81498f0a6b69d05cc343029bf2d693682c40f917232b9c6eb535e58", kill_on_drop: false }`
[INFO] [stdout] 0d507be7d81498f0a6b69d05cc343029bf2d693682c40f917232b9c6eb535e58
[INFO] running `Command { std: "docker" "create" "-v" "/var/lib/crater-agent-workspace/builds/worker-2-tc1/target:/opt/rustwide/target:rw,Z" "-v" "/var/lib/crater-agent-workspace/builds/worker-2-tc1/source:/opt/rustwide/workdir:ro,Z" "-v" "/var/lib/crater-agent-workspace/cargo-home:/opt/rustwide/cargo-home:ro,Z" "-v" "/var/lib/crater-agent-workspace/rustup-home:/opt/rustwide/rustup-home:ro,Z" "-e" "SOURCE_DIR=/opt/rustwide/workdir" "-e" "CARGO_TARGET_DIR=/opt/rustwide/target" "-e" "CARGO_INCREMENTAL=0" "-e" "RUST_BACKTRACE=full" "-e" "RUSTFLAGS=--cap-lints=warn" "-e" "RUSTDOCFLAGS=--cap-lints=warn" "-e" "CARGO_HOME=/opt/rustwide/cargo-home" "-e" "RUSTUP_HOME=/opt/rustwide/rustup-home" "-w" "/opt/rustwide/workdir" "-m" "1610612736" "--user" "0:0" "--network" "none" "ghcr.io/rust-lang/crates-build-env/linux@sha256:2788e3201cd34a07e3172128adcd8b3090168a8e3bcc40d7c032b9dda1df7d1c" "/opt/rustwide/cargo-home/bin/cargo" "+1.75.0" "build" "--frozen" "--message-format=json", kill_on_drop: false }`
[INFO] [stdout] 3d1688bd307b6ebd49189be28ce6ccd3e5ffc54e70d6ff1609495796d07f98df
[INFO] running `Command { std: "docker" "start" "-a" "3d1688bd307b6ebd49189be28ce6ccd3e5ffc54e70d6ff1609495796d07f98df", kill_on_drop: false }`
[INFO] [stderr]    Compiling fnv v1.0.7
[INFO] [stderr]    Compiling futures-sink v0.3.30
[INFO] [stderr]    Compiling untrusted v0.9.0
[INFO] [stderr]    Compiling futures-core v0.3.30
[INFO] [stderr]    Compiling spin v0.9.8
[INFO] [stderr]    Compiling cc v1.0.83
[INFO] [stderr]    Compiling getrandom v0.2.11
[INFO] [stderr]    Compiling serde v1.0.194
[INFO] [stderr]    Compiling futures-macro v0.3.30
[INFO] [stderr]    Compiling itoa v1.0.10
[INFO] [stderr]    Compiling futures-channel v0.3.30
[INFO] [stderr]    Compiling tinyvec_macros v0.1.1
[INFO] [stderr]    Compiling tinyvec v1.6.0
[INFO] [stderr]    Compiling tokio v1.35.1
[INFO] [stderr]    Compiling tracing v0.1.40
[INFO] [stderr]    Compiling http v0.2.11
[INFO] [stderr]    Compiling unicode-bidi v0.3.14
[INFO] [stderr]    Compiling equivalent v1.0.1
[INFO] [stderr]    Compiling httparse v1.8.0
[INFO] [stderr]    Compiling rustls v0.21.10
[INFO] [stderr]    Compiling hashbrown v0.14.3
[INFO] [stderr]    Compiling unicode-normalization v0.1.22
[INFO] [stderr]    Compiling strsim v0.10.0
[INFO] [stderr]    Compiling indexmap v2.1.0
[INFO] [stderr]    Compiling ring v0.17.7
[INFO] [stderr]    Compiling darling_core v0.20.3
[INFO] [stderr]    Compiling try-lock v0.2.5
[INFO] [stderr]    Compiling futures-util v0.3.30
[INFO] [stderr]    Compiling base64 v0.21.5
[INFO] [stderr]    Compiling want v0.3.1
[INFO] [stderr]    Compiling rustls-pemfile v1.0.4
[INFO] [stderr]    Compiling http-body v0.4.6
[INFO] [stderr]    Compiling tower-service v0.3.2
[INFO] [stderr]    Compiling percent-encoding v2.3.1
[INFO] [stderr]    Compiling serde_json v1.0.111
[INFO] [stderr]    Compiling rustls-pki-types v1.1.0
[INFO] [stderr]    Compiling httpdate v1.0.3
[INFO] [stderr]    Compiling powerfmt v0.2.0
[INFO] [stderr]    Compiling openssl-probe v0.1.5
[INFO] [stderr]    Compiling rustls v0.22.1
[INFO] [stderr]    Compiling rustls-native-certs v0.6.3
[INFO] [stderr]    Compiling form_urlencoded v1.2.1
[INFO] [stderr]    Compiling idna v0.5.0
[INFO] [stderr]    Compiling zeroize v1.7.0
[INFO] [stderr]    Compiling num_threads v0.1.6
[INFO] [stderr]    Compiling time-core v0.1.2
[INFO] [stderr]    Compiling matches v0.1.10
[INFO] [stderr]    Compiling ryu v1.0.16
[INFO] [stderr]    Compiling subtle v2.5.0
[INFO] [stderr]    Compiling idna v0.1.5
[INFO] [stderr]    Compiling itertools v0.12.0
[INFO] [stderr]    Compiling tokio-util v0.7.10
[INFO] [stderr]    Compiling deranged v0.3.11
[INFO] [stderr]    Compiling darling_macro v0.20.3
[INFO] [stderr]    Compiling url v2.5.0
[INFO] [stderr]    Compiling h2 v0.3.22
[INFO] [stderr]    Compiling futures-executor v0.3.30
[INFO] [stderr]    Compiling futures v0.3.30
[INFO] [stderr]    Compiling time v0.3.31
[INFO] [stderr]    Compiling percent-encoding v1.0.1
[INFO] [stderr]    Compiling darling v0.20.3
[INFO] [stderr]    Compiling serde_with_macros v2.3.3
[INFO] [stderr]    Compiling seahash v4.1.0
[INFO] [stderr]    Compiling iana-time-zone v0.1.59
[INFO] [stderr]    Compiling chrono v0.4.31
[INFO] [stderr]    Compiling rustls-webpki v0.101.7
[INFO] [stderr]    Compiling sct v0.7.1
[INFO] [stderr]    Compiling rustls-webpki v0.102.1
[INFO] [stderr]    Compiling serde_with v2.3.3
[INFO] [stderr]    Compiling url v1.7.2
[INFO] [stderr]    Compiling hyper v0.14.28
[INFO] [stderr]    Compiling mime v0.3.17
[INFO] [stderr]    Compiling base64 v0.13.1
[INFO] [stderr]    Compiling tokio-rustls v0.24.1
[INFO] [stderr]    Compiling hyper-rustls v0.24.2
[INFO] [stderr]    Compiling yup-oauth2 v8.3.2
[INFO] [stderr]    Compiling google-apis-common v6.0.0
[INFO] [stderr]    Compiling google-cloudbilling1 v5.0.3+20221206 (/opt/rustwide/workdir)
[INFO] [stderr]     Finished dev [unoptimized + debuginfo] target(s) in 37.90s
[INFO] running `Command { std: "docker" "inspect" "3d1688bd307b6ebd49189be28ce6ccd3e5ffc54e70d6ff1609495796d07f98df", kill_on_drop: false }`
[INFO] running `Command { std: "docker" "rm" "-f" "3d1688bd307b6ebd49189be28ce6ccd3e5ffc54e70d6ff1609495796d07f98df", kill_on_drop: false }`
[INFO] [stdout] 3d1688bd307b6ebd49189be28ce6ccd3e5ffc54e70d6ff1609495796d07f98df
[INFO] running `Command { std: "docker" "create" "-v" "/var/lib/crater-agent-workspace/builds/worker-2-tc1/target:/opt/rustwide/target:rw,Z" "-v" "/var/lib/crater-agent-workspace/builds/worker-2-tc1/source:/opt/rustwide/workdir:ro,Z" "-v" "/var/lib/crater-agent-workspace/cargo-home:/opt/rustwide/cargo-home:ro,Z" "-v" "/var/lib/crater-agent-workspace/rustup-home:/opt/rustwide/rustup-home:ro,Z" "-e" "SOURCE_DIR=/opt/rustwide/workdir" "-e" "CARGO_TARGET_DIR=/opt/rustwide/target" "-e" "CARGO_INCREMENTAL=0" "-e" "RUST_BACKTRACE=full" "-e" "RUSTFLAGS=--cap-lints=warn" "-e" "RUSTDOCFLAGS=--cap-lints=warn" "-e" "CARGO_HOME=/opt/rustwide/cargo-home" "-e" "RUSTUP_HOME=/opt/rustwide/rustup-home" "-w" "/opt/rustwide/workdir" "-m" "1610612736" "--user" "0:0" "--network" "none" "ghcr.io/rust-lang/crates-build-env/linux@sha256:2788e3201cd34a07e3172128adcd8b3090168a8e3bcc40d7c032b9dda1df7d1c" "/opt/rustwide/cargo-home/bin/cargo" "+1.75.0" "test" "--frozen" "--no-run" "--message-format=json", kill_on_drop: false }`
[INFO] [stdout] 1adeaea3e7f198064df22905467884cf8f135b4b4cf5719b1546872871755a4b
[INFO] running `Command { std: "docker" "start" "-a" "1adeaea3e7f198064df22905467884cf8f135b4b4cf5719b1546872871755a4b", kill_on_drop: false }`
[INFO] [stderr]    Compiling google-cloudbilling1 v5.0.3+20221206 (/opt/rustwide/workdir)
[INFO] [stderr]     Finished test [unoptimized + debuginfo] target(s) in 1.85s
[INFO] running `Command { std: "docker" "inspect" "1adeaea3e7f198064df22905467884cf8f135b4b4cf5719b1546872871755a4b", kill_on_drop: false }`
[INFO] running `Command { std: "docker" "rm" "-f" "1adeaea3e7f198064df22905467884cf8f135b4b4cf5719b1546872871755a4b", kill_on_drop: false }`
[INFO] [stdout] 1adeaea3e7f198064df22905467884cf8f135b4b4cf5719b1546872871755a4b
[INFO] running `Command { std: "docker" "create" "-v" "/var/lib/crater-agent-workspace/builds/worker-2-tc1/target:/opt/rustwide/target:rw,Z" "-v" "/var/lib/crater-agent-workspace/builds/worker-2-tc1/source:/opt/rustwide/workdir:ro,Z" "-v" "/var/lib/crater-agent-workspace/cargo-home:/opt/rustwide/cargo-home:ro,Z" "-v" "/var/lib/crater-agent-workspace/rustup-home:/opt/rustwide/rustup-home:ro,Z" "-e" "SOURCE_DIR=/opt/rustwide/workdir" "-e" "CARGO_TARGET_DIR=/opt/rustwide/target" "-e" "CARGO_INCREMENTAL=0" "-e" "RUST_BACKTRACE=full" "-e" "RUSTFLAGS=--cap-lints=warn" "-e" "RUSTDOCFLAGS=--cap-lints=warn" "-e" "CARGO_HOME=/opt/rustwide/cargo-home" "-e" "RUSTUP_HOME=/opt/rustwide/rustup-home" "-w" "/opt/rustwide/workdir" "-m" "1610612736" "--user" "0:0" "--network" "none" "ghcr.io/rust-lang/crates-build-env/linux@sha256:2788e3201cd34a07e3172128adcd8b3090168a8e3bcc40d7c032b9dda1df7d1c" "/opt/rustwide/cargo-home/bin/cargo" "+1.75.0" "test" "--frozen", kill_on_drop: false }`
[INFO] [stdout] 8b6a129a8a3821d5158ac26646c3da6cf2fdb3adeb6941398bd3a5aefaa965fa
[INFO] running `Command { std: "docker" "start" "-a" "8b6a129a8a3821d5158ac26646c3da6cf2fdb3adeb6941398bd3a5aefaa965fa", kill_on_drop: false }`
[INFO] [stderr]     Finished test [unoptimized + debuginfo] target(s) in 0.12s
[INFO] [stderr]      Running unittests src/lib.rs (/opt/rustwide/target/debug/deps/google_cloudbilling1-53251d99794fc0bc)
[INFO] [stdout] 
[INFO] [stdout] running 0 tests
[INFO] [stdout] 
[INFO] [stdout] test result: ok. 0 passed; 0 failed; 0 ignored; 0 measured; 0 filtered out; finished in 0.00s
[INFO] [stdout] 
[INFO] [stderr]    Doc-tests google-cloudbilling1
[INFO] [stdout] 
[INFO] [stdout] running 18 tests
[INFO] [stdout] test src/api.rs - api::BillingAccountListCall (line 2231) - compile ... ok
[INFO] [stdout] test src/api.rs - api::BillingAccountProjectListCall (line 1136) - compile ... ok
[INFO] [stdout] test src/api.rs - api::BillingAccountGetCall (line 1695) - compile ... ok
[INFO] [stdout] test src/api.rs - api::BillingAccountMethods (line 789) - compile ... ok
[INFO] [stdout] test src/api.rs - api::BillingAccountSetIamPolicyCall (line 2814) - compile ... ok
[INFO] [stdout] test src/api.rs - api::BillingAccountGetIamPolicyCall (line 1957) - compile ... ok
[INFO] [stdout] test src/api.rs - api::BillingAccountCreateCall (line 1422) - compile ... ok
[INFO] [stdout] test src/api.rs - api::BillingAccountPatchCall (line 2510) - compile ... FAILED
[INFO] [stdout] test src/api.rs - api::ProjectGetBillingInfoCall (line 3398) - compile ... ok
[INFO] [stdout] test src/api.rs - api::BillingAccountTestIamPermissionCall (line 3106) - compile ... ok
[INFO] [stdout] test src/lib.rs - (line 53) ... ignored
[INFO] [stdout] test src/api.rs - api::Cloudbilling (line 66) - compile ... ok
[INFO] [stdout] test src/api.rs - api::ServiceListCall (line 4274) - compile ... ok
[INFO] [stdout] test src/api.rs - api::ProjectUpdateBillingInfoCall (line 3660) - compile ... ok
[INFO] [stdout] test src/api.rs - api::ProjectMethods (line 974) - compile ... ok
[INFO] [stdout] test src/api.rs - api::ServiceMethods (line 1051) - compile ... ok
[INFO] [stdout] test src/api.rs - api::ServiceSkuListCall (line 3952) - compile ... ok
[INFO] [stdout] test src/lib.rs - (line 84) - compile ... ok
[INFO] [stdout] 
[INFO] [stdout] failures:
[INFO] [stdout] 
[INFO] [stdout] ---- src/api.rs - api::BillingAccountPatchCall (line 2510) stdout ----
[INFO] [stdout] error[E0308]: mismatched types
[INFO] [stdout]     --> src/api.rs:2534:27
[INFO] [stdout]      |
[INFO] [stdout] 25   |              .update_mask(&Default::default())
[INFO] [stdout]      |               ----------- ^^^^^^^^^^^^^^^^^^^ expected `FieldMask`, found `&_`
[INFO] [stdout]      |               |
[INFO] [stdout]      |               arguments to this method are incorrect
[INFO] [stdout]      |
[INFO] [stdout]      = note: expected struct `FieldMask`
[INFO] [stdout]              found reference `&_`
[INFO] [stdout] note: method defined here
[INFO] [stdout]     --> /opt/rustwide/workdir/src/api.rs:2725:12
[INFO] [stdout]      |
[INFO] [stdout] 2725 |     pub fn update_mask(mut self, new_value: client::FieldMask) -> BillingAccountPatchCall<'a, S> {
[INFO] [stdout]      |            ^^^^^^^^^^^
[INFO] [stdout] help: consider removing the borrow
[INFO] [stdout]      |
[INFO] [stdout] 25   -              .update_mask(&Default::default())
[INFO] [stdout] 25   +              .update_mask(Default::default())
[INFO] [stdout]      |
[INFO] [stdout] 
[INFO] [stdout] error: aborting due to previous error
[INFO] [stdout] 
[INFO] [stdout] For more information about this error, try `rustc --explain E0308`.
[INFO] [stdout] Couldn't compile the test.
[INFO] [stdout] 
[INFO] [stdout] failures:
[INFO] [stdout]     src/api.rs - api::BillingAccountPatchCall (line 2510)
[INFO] [stdout] 
[INFO] [stdout] test result: FAILED. 16 passed; 1 failed; 1 ignored; 0 measured; 0 filtered out; finished in 0.86s
[INFO] [stdout] 
[INFO] [stderr] error: doctest failed, to rerun pass `--doc`
[INFO] running `Command { std: "docker" "inspect" "8b6a129a8a3821d5158ac26646c3da6cf2fdb3adeb6941398bd3a5aefaa965fa", kill_on_drop: false }`
[INFO] running `Command { std: "docker" "rm" "-f" "8b6a129a8a3821d5158ac26646c3da6cf2fdb3adeb6941398bd3a5aefaa965fa", kill_on_drop: false }`
[INFO] [stdout] 8b6a129a8a3821d5158ac26646c3da6cf2fdb3adeb6941398bd3a5aefaa965fa
