[INFO] fetching crate google-classroom1 5.0.3+20230119...
[INFO] testing google-classroom1-5.0.3+20230119 against 1.75.0 for beta-1.76-1
[INFO] extracting crate google-classroom1 5.0.3+20230119 into /workspace/builds/worker-4-tc1/source
[INFO] validating manifest of crates.io crate google-classroom1 5.0.3+20230119 on toolchain 1.75.0
[INFO] running `Command { std: CARGO_HOME="/workspace/cargo-home" RUSTUP_HOME="/workspace/rustup-home" "/workspace/cargo-home/bin/cargo" "+1.75.0" "metadata" "--manifest-path" "Cargo.toml" "--no-deps", kill_on_drop: false }`
[INFO] started tweaking crates.io crate google-classroom1 5.0.3+20230119
[INFO] finished tweaking crates.io crate google-classroom1 5.0.3+20230119
[INFO] tweaked toml for crates.io crate google-classroom1 5.0.3+20230119 written to /workspace/builds/worker-4-tc1/source/Cargo.toml
[INFO] running `Command { std: CARGO_HOME="/workspace/cargo-home" RUSTUP_HOME="/workspace/rustup-home" "/workspace/cargo-home/bin/cargo" "+1.75.0" "generate-lockfile" "--manifest-path" "Cargo.toml", kill_on_drop: false }`
[INFO] [stderr]     Updating crates.io index
[INFO] running `Command { std: CARGO_HOME="/workspace/cargo-home" RUSTUP_HOME="/workspace/rustup-home" "/workspace/cargo-home/bin/cargo" "+1.75.0" "fetch" "--manifest-path" "Cargo.toml", kill_on_drop: false }`
[INFO] running `Command { std: "docker" "create" "-v" "/var/lib/crater-agent-workspace/builds/worker-4-tc1/target:/opt/rustwide/target:rw,Z" "-v" "/var/lib/crater-agent-workspace/builds/worker-4-tc1/source:/opt/rustwide/workdir:ro,Z" "-v" "/var/lib/crater-agent-workspace/cargo-home:/opt/rustwide/cargo-home:ro,Z" "-v" "/var/lib/crater-agent-workspace/rustup-home:/opt/rustwide/rustup-home:ro,Z" "-e" "SOURCE_DIR=/opt/rustwide/workdir" "-e" "CARGO_TARGET_DIR=/opt/rustwide/target" "-e" "CARGO_HOME=/opt/rustwide/cargo-home" "-e" "RUSTUP_HOME=/opt/rustwide/rustup-home" "-w" "/opt/rustwide/workdir" "-m" "1610612736" "--user" "0:0" "--network" "none" "ghcr.io/rust-lang/crates-build-env/linux@sha256:2788e3201cd34a07e3172128adcd8b3090168a8e3bcc40d7c032b9dda1df7d1c" "/opt/rustwide/cargo-home/bin/cargo" "+1.75.0" "metadata" "--no-deps" "--format-version=1", kill_on_drop: false }`
[INFO] [stdout] c169a520be0cabea794cd67d122324933db13155b98c67fc2f4ca863ad4f0073
[INFO] running `Command { std: "docker" "start" "-a" "c169a520be0cabea794cd67d122324933db13155b98c67fc2f4ca863ad4f0073", kill_on_drop: false }`
[INFO] running `Command { std: "docker" "inspect" "c169a520be0cabea794cd67d122324933db13155b98c67fc2f4ca863ad4f0073", kill_on_drop: false }`
[INFO] running `Command { std: "docker" "rm" "-f" "c169a520be0cabea794cd67d122324933db13155b98c67fc2f4ca863ad4f0073", kill_on_drop: false }`
[INFO] [stdout] c169a520be0cabea794cd67d122324933db13155b98c67fc2f4ca863ad4f0073
[INFO] running `Command { std: "docker" "create" "-v" "/var/lib/crater-agent-workspace/builds/worker-4-tc1/target:/opt/rustwide/target:rw,Z" "-v" "/var/lib/crater-agent-workspace/builds/worker-4-tc1/source:/opt/rustwide/workdir:ro,Z" "-v" "/var/lib/crater-agent-workspace/cargo-home:/opt/rustwide/cargo-home:ro,Z" "-v" "/var/lib/crater-agent-workspace/rustup-home:/opt/rustwide/rustup-home:ro,Z" "-e" "SOURCE_DIR=/opt/rustwide/workdir" "-e" "CARGO_TARGET_DIR=/opt/rustwide/target" "-e" "CARGO_INCREMENTAL=0" "-e" "RUST_BACKTRACE=full" "-e" "RUSTFLAGS=--cap-lints=warn" "-e" "RUSTDOCFLAGS=--cap-lints=warn" "-e" "CARGO_HOME=/opt/rustwide/cargo-home" "-e" "RUSTUP_HOME=/opt/rustwide/rustup-home" "-w" "/opt/rustwide/workdir" "-m" "1610612736" "--user" "0:0" "--network" "none" "ghcr.io/rust-lang/crates-build-env/linux@sha256:2788e3201cd34a07e3172128adcd8b3090168a8e3bcc40d7c032b9dda1df7d1c" "/opt/rustwide/cargo-home/bin/cargo" "+1.75.0" "build" "--frozen" "--message-format=json", kill_on_drop: false }`
[INFO] [stdout] e8f92ba4f091a62665258d340bcb18f1ca920b0421552431c0dd7690c49df40f
[INFO] running `Command { std: "docker" "start" "-a" "e8f92ba4f091a62665258d340bcb18f1ca920b0421552431c0dd7690c49df40f", kill_on_drop: false }`
[INFO] [stderr]    Compiling futures-channel v0.3.30
[INFO] [stderr]    Compiling rustls v0.21.10
[INFO] [stderr]    Compiling strsim v0.10.0
[INFO] [stderr]    Compiling ident_case v1.0.1
[INFO] [stderr]    Compiling num-traits v0.2.17
[INFO] [stderr]    Compiling rustls v0.22.1
[INFO] [stderr]    Compiling getrandom v0.2.11
[INFO] [stderr]    Compiling tracing v0.1.40
[INFO] [stderr]    Compiling ring v0.17.7
[INFO] [stderr]    Compiling tokio-macros v2.2.0
[INFO] [stderr]    Compiling rustls-pki-types v1.1.0
[INFO] [stderr]    Compiling rustls-native-certs v0.6.3
[INFO] [stderr]    Compiling deranged v0.3.11
[INFO] [stderr]    Compiling zeroize v1.7.0
[INFO] [stderr]    Compiling num_threads v0.1.6
[INFO] [stderr]    Compiling itertools v0.12.0
[INFO] [stderr]    Compiling seahash v4.1.0
[INFO] [stderr]    Compiling darling_core v0.20.3
[INFO] [stderr]    Compiling futures-util v0.3.30
[INFO] [stderr]    Compiling tokio v1.35.1
[INFO] [stderr]    Compiling time v0.3.31
[INFO] [stderr]    Compiling chrono v0.4.31
[INFO] [stderr]    Compiling darling_macro v0.20.3
[INFO] [stderr]    Compiling darling v0.20.3
[INFO] [stderr]    Compiling serde_with_macros v2.3.3
[INFO] [stderr]    Compiling futures-executor v0.3.30
[INFO] [stderr]    Compiling futures v0.3.30
[INFO] [stderr]    Compiling serde_with v2.3.3
[INFO] [stderr]    Compiling rustls-webpki v0.101.7
[INFO] [stderr]    Compiling sct v0.7.1
[INFO] [stderr]    Compiling rustls-webpki v0.102.1
[INFO] [stderr]    Compiling tokio-util v0.7.10
[INFO] [stderr]    Compiling h2 v0.3.22
[INFO] [stderr]    Compiling tokio-rustls v0.24.1
[INFO] [stderr]    Compiling hyper v0.14.28
[INFO] [stderr]    Compiling hyper-rustls v0.24.2
[INFO] [stderr]    Compiling yup-oauth2 v8.3.2
[INFO] [stderr]    Compiling google-apis-common v6.0.0
[INFO] [stderr]    Compiling google-classroom1 v5.0.3+20230119 (/opt/rustwide/workdir)
[INFO] [stderr]     Finished dev [unoptimized + debuginfo] target(s) in 32.41s
[INFO] running `Command { std: "docker" "inspect" "e8f92ba4f091a62665258d340bcb18f1ca920b0421552431c0dd7690c49df40f", kill_on_drop: false }`
[INFO] running `Command { std: "docker" "rm" "-f" "e8f92ba4f091a62665258d340bcb18f1ca920b0421552431c0dd7690c49df40f", kill_on_drop: false }`
[INFO] [stdout] e8f92ba4f091a62665258d340bcb18f1ca920b0421552431c0dd7690c49df40f
[INFO] running `Command { std: "docker" "create" "-v" "/var/lib/crater-agent-workspace/builds/worker-4-tc1/target:/opt/rustwide/target:rw,Z" "-v" "/var/lib/crater-agent-workspace/builds/worker-4-tc1/source:/opt/rustwide/workdir:ro,Z" "-v" "/var/lib/crater-agent-workspace/cargo-home:/opt/rustwide/cargo-home:ro,Z" "-v" "/var/lib/crater-agent-workspace/rustup-home:/opt/rustwide/rustup-home:ro,Z" "-e" "SOURCE_DIR=/opt/rustwide/workdir" "-e" "CARGO_TARGET_DIR=/opt/rustwide/target" "-e" "CARGO_INCREMENTAL=0" "-e" "RUST_BACKTRACE=full" "-e" "RUSTFLAGS=--cap-lints=warn" "-e" "RUSTDOCFLAGS=--cap-lints=warn" "-e" "CARGO_HOME=/opt/rustwide/cargo-home" "-e" "RUSTUP_HOME=/opt/rustwide/rustup-home" "-w" "/opt/rustwide/workdir" "-m" "1610612736" "--user" "0:0" "--network" "none" "ghcr.io/rust-lang/crates-build-env/linux@sha256:2788e3201cd34a07e3172128adcd8b3090168a8e3bcc40d7c032b9dda1df7d1c" "/opt/rustwide/cargo-home/bin/cargo" "+1.75.0" "test" "--frozen" "--no-run" "--message-format=json", kill_on_drop: false }`
[INFO] [stdout] 2a6e41929b768847d64aef2451eb91dea0a3b761fea031d5aa5f67ca62ed8535
[INFO] running `Command { std: "docker" "start" "-a" "2a6e41929b768847d64aef2451eb91dea0a3b761fea031d5aa5f67ca62ed8535", kill_on_drop: false }`
[INFO] [stderr]    Compiling google-classroom1 v5.0.3+20230119 (/opt/rustwide/workdir)
[INFO] [stderr]     Finished test [unoptimized + debuginfo] target(s) in 4.96s
[INFO] running `Command { std: "docker" "inspect" "2a6e41929b768847d64aef2451eb91dea0a3b761fea031d5aa5f67ca62ed8535", kill_on_drop: false }`
[INFO] running `Command { std: "docker" "rm" "-f" "2a6e41929b768847d64aef2451eb91dea0a3b761fea031d5aa5f67ca62ed8535", kill_on_drop: false }`
[INFO] [stdout] 2a6e41929b768847d64aef2451eb91dea0a3b761fea031d5aa5f67ca62ed8535
[INFO] running `Command { std: "docker" "create" "-v" "/var/lib/crater-agent-workspace/builds/worker-4-tc1/target:/opt/rustwide/target:rw,Z" "-v" "/var/lib/crater-agent-workspace/builds/worker-4-tc1/source:/opt/rustwide/workdir:ro,Z" "-v" "/var/lib/crater-agent-workspace/cargo-home:/opt/rustwide/cargo-home:ro,Z" "-v" "/var/lib/crater-agent-workspace/rustup-home:/opt/rustwide/rustup-home:ro,Z" "-e" "SOURCE_DIR=/opt/rustwide/workdir" "-e" "CARGO_TARGET_DIR=/opt/rustwide/target" "-e" "CARGO_INCREMENTAL=0" "-e" "RUST_BACKTRACE=full" "-e" "RUSTFLAGS=--cap-lints=warn" "-e" "RUSTDOCFLAGS=--cap-lints=warn" "-e" "CARGO_HOME=/opt/rustwide/cargo-home" "-e" "RUSTUP_HOME=/opt/rustwide/rustup-home" "-w" "/opt/rustwide/workdir" "-m" "1610612736" "--user" "0:0" "--network" "none" "ghcr.io/rust-lang/crates-build-env/linux@sha256:2788e3201cd34a07e3172128adcd8b3090168a8e3bcc40d7c032b9dda1df7d1c" "/opt/rustwide/cargo-home/bin/cargo" "+1.75.0" "test" "--frozen", kill_on_drop: false }`
[INFO] [stdout] 3bcb9db42352ce9f644394021e90cde17a1e4c5ff45bd3c6b716ba80fcdca46f
[INFO] running `Command { std: "docker" "start" "-a" "3bcb9db42352ce9f644394021e90cde17a1e4c5ff45bd3c6b716ba80fcdca46f", kill_on_drop: false }`
[INFO] [stderr]     Finished test [unoptimized + debuginfo] target(s) in 0.12s
[INFO] [stderr]      Running unittests src/lib.rs (/opt/rustwide/target/debug/deps/google_classroom1-b5165c3021f86c0d)
[INFO] [stdout] 
[INFO] [stdout] running 0 tests
[INFO] [stdout] 
[INFO] [stdout] test result: ok. 0 passed; 0 failed; 0 ignored; 0 measured; 0 filtered out; finished in 0.00s
[INFO] [stdout] 
[INFO] [stderr]    Doc-tests google-classroom1
[INFO] [stdout] 
[INFO] [stdout] running 68 tests
[INFO] [stdout] test src/api.rs - api::Classroom (line 142) - compile ... ok
[INFO] [stdout] test src/api.rs - api::CourseCourseWorkGetCall (line 8855) - compile ... ok
[INFO] [stdout] test src/api.rs - api::CourseAnnouncementCreateCall (line 4301) - compile ... ok
[INFO] [stdout] test src/api.rs - api::CourseAliasCreateCall (line 3449) - compile ... ok
[INFO] [stdout] test src/api.rs - api::CourseAnnouncementModifyAssigneeCall (line 5454) - compile ... ok
[INFO] [stdout] test src/api.rs - api::CourseCourseWorkMaterialCreateCall (line 10062) - compile ... ok
[INFO] [stdout] test src/api.rs - api::CourseCourseWorkMaterialDeleteCall (line 10354) - compile ... ok
[INFO] [stdout] test src/api.rs - api::CourseAnnouncementListCall (line 5141) - compile ... ok
[INFO] [stdout] test src/api.rs - api::CourseAnnouncementDeleteCall (line 4593) - compile ... ok
[INFO] [stdout] test src/api.rs - api::CourseAnnouncementGetCall (line 4867) - compile ... ok
[INFO] [stdout] test src/api.rs - api::CourseCourseWorkCreateCall (line 8289) - compile ... ok
[INFO] [stdout] test src/api.rs - api::CourseCourseWorkModifyAssigneeCall (line 9442) - compile ... ok
[INFO] [stdout] test src/api.rs - api::CourseAliasDeleteCall (line 3741) - compile ... ok
[INFO] [stdout] test src/api.rs - api::CourseCourseWorkMaterialGetCall (line 10628) - compile ... ok
[INFO] [stdout] test src/api.rs - api::CourseCourseWorkStudentSubmissionGetCall (line 6074) - compile ... ok
[INFO] [stdout] test src/api.rs - api::CourseAliasListCall (line 4015) - compile ... ok
[INFO] [stdout] test src/api.rs - api::CourseCourseWorkStudentSubmissionModifyAttachmentCall (line 6697) - compile ... ok
[INFO] [stdout] test src/api.rs - api::CourseCourseWorkMaterialPatchCall (line 11239) - compile ... FAILED
[INFO] [stdout] test src/api.rs - api::CourseCourseWorkStudentSubmissionListCall (line 6360) - compile ... ok
[INFO] [stdout] test src/api.rs - api::CourseCourseWorkStudentSubmissionPatchCall (line 7013) - compile ... FAILED
[INFO] [stdout] test src/api.rs - api::CourseCourseWorkListCall (line 9129) - compile ... ok
[INFO] [stdout] test src/api.rs - api::CourseCourseWorkDeleteCall (line 8581) - compile ... ok
[INFO] [stdout] test src/api.rs - api::CourseCourseWorkStudentSubmissionReclaimCall (line 7341) - compile ... ok
[INFO] [stdout] test src/api.rs - api::CourseCourseWorkMaterialListCall (line 10902) - compile ... ok
[INFO] [stdout] test src/api.rs - api::CourseCourseWorkStudentSubmissionReturnCall (line 7657) - compile ... ok
[INFO] [stdout] test src/api.rs - api::CourseAnnouncementPatchCall (line 5758) - compile ... FAILED
[INFO] [stdout] test src/api.rs - api::CourseCreateCall (line 15261) - compile ... ok
[INFO] [stdout] test src/api.rs - api::CourseCourseWorkStudentSubmissionTurnInCall (line 7973) - compile ... ok
[INFO] [stdout] test src/api.rs - api::CourseTeacherCreateCall (line 12693) - compile ... ok
[INFO] [stdout] test src/api.rs - api::CourseGetCall (line 15796) - compile ... ok
[INFO] [stdout] test src/api.rs - api::CourseDeleteCall (line 15534) - compile ... ok
[INFO] [stdout] test src/api.rs - api::CourseStudentListCall (line 12407) - compile ... ok
[INFO] [stdout] test src/api.rs - api::CourseTopicCreateCall (line 13819) - compile ... ok
[INFO] [stdout] test src/api.rs - api::CourseMethods (line 2083) - compile ... ok
[INFO] [stdout] test src/api.rs - api::CourseTeacherGetCall (line 13259) - compile ... ok
[INFO] [stdout] test src/api.rs - api::CourseStudentDeleteCall (line 11859) - compile ... ok
[INFO] [stdout] test src/api.rs - api::CourseStudentCreateCall (line 11555) - compile ... ok
[INFO] [stdout] test src/api.rs - api::CourseTeacherListCall (line 13533) - compile ... ok
[INFO] [stdout] test src/api.rs - api::CoursePatchCall (line 16364) - compile ... FAILED
[INFO] [stdout] test src/api.rs - api::CourseListCall (line 16058) - compile ... ok
[INFO] [stdout] test src/api.rs - api::CourseTopicDeleteCall (line 14111) - compile ... ok
[INFO] [stdout] test src/api.rs - api::CourseStudentGetCall (line 12133) - compile ... ok
[INFO] [stdout] test src/api.rs - api::CourseTopicPatchCall (line 14945) - compile ... FAILED
[INFO] [stdout] test src/api.rs - api::CourseCourseWorkPatchCall (line 9746) - compile ... FAILED
[INFO] [stdout] test src/api.rs - api::CourseTeacherDeleteCall (line 12985) - compile ... ok
[INFO] [stdout] test src/api.rs - api::CourseTopicListCall (line 14659) - compile ... ok
[INFO] [stdout] test src/api.rs - api::CourseUpdateCall (line 16668) - compile ... ok
[INFO] [stdout] test src/api.rs - api::InvitationCreateCall (line 17222) - compile ... ok
[INFO] [stdout] test src/api.rs - api::InvitationMethods (line 3044) - compile ... ok
[INFO] [stdout] test src/api.rs - api::CourseTopicGetCall (line 14385) - compile ... ok
[INFO] [stdout] test src/api.rs - api::InvitationAcceptCall (line 16960) - compile ... ok
[INFO] [stdout] test src/api.rs - api::InvitationGetCall (line 17757) - compile ... ok
[INFO] [stdout] test src/lib.rs - (line 55) ... ignored
[INFO] [stdout] test src/api.rs - api::InvitationListCall (line 18019) - compile ... ok
[INFO] [stdout] test src/api.rs - api::InvitationDeleteCall (line 17495) - compile ... ok
[INFO] [stdout] test src/api.rs - api::UserProfileGuardianGetCall (line 20314) - compile ... ok
[INFO] [stdout] test src/api.rs - api::UserProfileGuardianDeleteCall (line 20040) - compile ... ok
[INFO] [stdout] test src/api.rs - api::UserProfileGuardianInvitationGetCall (line 19137) - compile ... ok
[INFO] [stdout] test src/api.rs - api::UserProfileGuardianInvitationListCall (line 19411) - compile ... ok
[INFO] [stdout] test src/api.rs - api::RegistrationCreateCall (line 18310) - compile ... ok
[INFO] [stdout] test src/api.rs - api::UserProfileMethods (line 3244) - compile ... ok
[INFO] [stdout] test src/api.rs - api::UserProfileGetCall (line 20886) - compile ... ok
[INFO] [stdout] test src/api.rs - api::RegistrationMethods (line 3169) - compile ... ok
[INFO] [stdout] test src/api.rs - api::RegistrationDeleteCall (line 18583) - compile ... ok
[INFO] [stdout] test src/api.rs - api::UserProfileGuardianListCall (line 20588) - compile ... ok
[INFO] [stdout] test src/lib.rs - (line 124) - compile ... ok
[INFO] [stdout] test src/api.rs - api::UserProfileGuardianInvitationCreateCall (line 18845) - compile ... ok
[INFO] [stdout] test src/api.rs - api::UserProfileGuardianInvitationPatchCall (line 19724) - compile ... FAILED
[INFO] [stdout] 
[INFO] [stdout] failures:
[INFO] [stdout] 
[INFO] [stdout] ---- src/api.rs - api::CourseCourseWorkMaterialPatchCall (line 11239) stdout ----
[INFO] [stdout] error[E0308]: mismatched types
[INFO] [stdout]      --> src/api.rs:11263:27
[INFO] [stdout]       |
[INFO] [stdout] 25    |              .update_mask(&Default::default())
[INFO] [stdout]       |               ----------- ^^^^^^^^^^^^^^^^^^^ expected `FieldMask`, found `&_`
[INFO] [stdout]       |               |
[INFO] [stdout]       |               arguments to this method are incorrect
[INFO] [stdout]       |
[INFO] [stdout]       = note: expected struct `FieldMask`
[INFO] [stdout]               found reference `&_`
[INFO] [stdout] note: method defined here
[INFO] [stdout]      --> /opt/rustwide/workdir/src/api.rs:11466:12
[INFO] [stdout]       |
[INFO] [stdout] 11466 |     pub fn update_mask(mut self, new_value: client::FieldMask) -> CourseCourseWorkMaterialPatchCall<'a, S> {
[INFO] [stdout]       |            ^^^^^^^^^^^
[INFO] [stdout] help: consider removing the borrow
[INFO] [stdout]       |
[INFO] [stdout] 25    -              .update_mask(&Default::default())
[INFO] [stdout] 25    +              .update_mask(Default::default())
[INFO] [stdout]       |
[INFO] [stdout] 
[INFO] [stdout] error: aborting due to previous error
[INFO] [stdout] 
[INFO] [stdout] For more information about this error, try `rustc --explain E0308`.
[INFO] [stdout] Couldn't compile the test.
[INFO] [stdout] ---- src/api.rs - api::CourseCourseWorkStudentSubmissionPatchCall (line 7013) stdout ----
[INFO] [stdout] error[E0308]: mismatched types
[INFO] [stdout]     --> src/api.rs:7037:27
[INFO] [stdout]      |
[INFO] [stdout] 25   |              .update_mask(&Default::default())
[INFO] [stdout]      |               ----------- ^^^^^^^^^^^^^^^^^^^ expected `FieldMask`, found `&_`
[INFO] [stdout]      |               |
[INFO] [stdout]      |               arguments to this method are incorrect
[INFO] [stdout]      |
[INFO] [stdout]      = note: expected struct `FieldMask`
[INFO] [stdout]              found reference `&_`
[INFO] [stdout] note: method defined here
[INFO] [stdout]     --> /opt/rustwide/workdir/src/api.rs:7252:12
[INFO] [stdout]      |
[INFO] [stdout] 7252 |     pub fn update_mask(mut self, new_value: client::FieldMask) -> CourseCourseWorkStudentSubmissionPatchCall<'a, S> {
[INFO] [stdout]      |            ^^^^^^^^^^^
[INFO] [stdout] help: consider removing the borrow
[INFO] [stdout]      |
[INFO] [stdout] 25   -              .update_mask(&Default::default())
[INFO] [stdout] 25   +              .update_mask(Default::default())
[INFO] [stdout]      |
[INFO] [stdout] 
[INFO] [stdout] error: aborting due to previous error
[INFO] [stdout] 
[INFO] [stdout] For more information about this error, try `rustc --explain E0308`.
[INFO] [stdout] Couldn't compile the test.
[INFO] [stdout] ---- src/api.rs - api::CourseAnnouncementPatchCall (line 5758) stdout ----
[INFO] [stdout] error[E0308]: mismatched types
[INFO] [stdout]     --> src/api.rs:5782:27
[INFO] [stdout]      |
[INFO] [stdout] 25   |              .update_mask(&Default::default())
[INFO] [stdout]      |               ----------- ^^^^^^^^^^^^^^^^^^^ expected `FieldMask`, found `&_`
[INFO] [stdout]      |               |
[INFO] [stdout]      |               arguments to this method are incorrect
[INFO] [stdout]      |
[INFO] [stdout]      = note: expected struct `FieldMask`
[INFO] [stdout]              found reference `&_`
[INFO] [stdout] note: method defined here
[INFO] [stdout]     --> /opt/rustwide/workdir/src/api.rs:5985:12
[INFO] [stdout]      |
[INFO] [stdout] 5985 |     pub fn update_mask(mut self, new_value: client::FieldMask) -> CourseAnnouncementPatchCall<'a, S> {
[INFO] [stdout]      |            ^^^^^^^^^^^
[INFO] [stdout] help: consider removing the borrow
[INFO] [stdout]      |
[INFO] [stdout] 25   -              .update_mask(&Default::default())
[INFO] [stdout] 25   +              .update_mask(Default::default())
[INFO] [stdout]      |
[INFO] [stdout] 
[INFO] [stdout] error: aborting due to previous error
[INFO] [stdout] 
[INFO] [stdout] For more information about this error, try `rustc --explain E0308`.
[INFO] [stdout] Couldn't compile the test.
[INFO] [stdout] ---- src/api.rs - api::CoursePatchCall (line 16364) stdout ----
[INFO] [stdout] error[E0308]: mismatched types
[INFO] [stdout]      --> src/api.rs:16388:27
[INFO] [stdout]       |
[INFO] [stdout] 25    |              .update_mask(&Default::default())
[INFO] [stdout]       |               ----------- ^^^^^^^^^^^^^^^^^^^ expected `FieldMask`, found `&_`
[INFO] [stdout]       |               |
[INFO] [stdout]       |               arguments to this method are incorrect
[INFO] [stdout]       |
[INFO] [stdout]       = note: expected struct `FieldMask`
[INFO] [stdout]               found reference `&_`
[INFO] [stdout] note: method defined here
[INFO] [stdout]      --> /opt/rustwide/workdir/src/api.rs:16579:12
[INFO] [stdout]       |
[INFO] [stdout] 16579 |     pub fn update_mask(mut self, new_value: client::FieldMask) -> CoursePatchCall<'a, S> {
[INFO] [stdout]       |            ^^^^^^^^^^^
[INFO] [stdout] help: consider removing the borrow
[INFO] [stdout]       |
[INFO] [stdout] 25    -              .update_mask(&Default::default())
[INFO] [stdout] 25    +              .update_mask(Default::default())
[INFO] [stdout]       |
[INFO] [stdout] 
[INFO] [stdout] error: aborting due to previous error
[INFO] [stdout] 
[INFO] [stdout] For more information about this error, try `rustc --explain E0308`.
[INFO] [stdout] Couldn't compile the test.
[INFO] [stdout] ---- src/api.rs - api::CourseTopicPatchCall (line 14945) stdout ----
[INFO] [stdout] error[E0308]: mismatched types
[INFO] [stdout]      --> src/api.rs:14969:27
[INFO] [stdout]       |
[INFO] [stdout] 25    |              .update_mask(&Default::default())
[INFO] [stdout]       |               ----------- ^^^^^^^^^^^^^^^^^^^ expected `FieldMask`, found `&_`
[INFO] [stdout]       |               |
[INFO] [stdout]       |               arguments to this method are incorrect
[INFO] [stdout]       |
[INFO] [stdout]       = note: expected struct `FieldMask`
[INFO] [stdout]               found reference `&_`
[INFO] [stdout] note: method defined here
[INFO] [stdout]      --> /opt/rustwide/workdir/src/api.rs:15172:12
[INFO] [stdout]       |
[INFO] [stdout] 15172 |     pub fn update_mask(mut self, new_value: client::FieldMask) -> CourseTopicPatchCall<'a, S> {
[INFO] [stdout]       |            ^^^^^^^^^^^
[INFO] [stdout] help: consider removing the borrow
[INFO] [stdout]       |
[INFO] [stdout] 25    -              .update_mask(&Default::default())
[INFO] [stdout] 25    +              .update_mask(Default::default())
[INFO] [stdout]       |
[INFO] [stdout] 
[INFO] [stdout] error: aborting due to previous error
[INFO] [stdout] 
[INFO] [stdout] For more information about this error, try `rustc --explain E0308`.
[INFO] [stdout] Couldn't compile the test.
[INFO] [stdout] ---- src/api.rs - api::CourseCourseWorkPatchCall (line 9746) stdout ----
[INFO] [stdout] error[E0308]: mismatched types
[INFO] [stdout]     --> src/api.rs:9770:27
[INFO] [stdout]      |
[INFO] [stdout] 25   |              .update_mask(&Default::default())
[INFO] [stdout]      |               ----------- ^^^^^^^^^^^^^^^^^^^ expected `FieldMask`, found `&_`
[INFO] [stdout]      |               |
[INFO] [stdout]      |               arguments to this method are incorrect
[INFO] [stdout]      |
[INFO] [stdout]      = note: expected struct `FieldMask`
[INFO] [stdout]              found reference `&_`
[INFO] [stdout] note: method defined here
[INFO] [stdout]     --> /opt/rustwide/workdir/src/api.rs:9973:12
[INFO] [stdout]      |
[INFO] [stdout] 9973 |     pub fn update_mask(mut self, new_value: client::FieldMask) -> CourseCourseWorkPatchCall<'a, S> {
[INFO] [stdout]      |            ^^^^^^^^^^^
[INFO] [stdout] help: consider removing the borrow
[INFO] [stdout]      |
[INFO] [stdout] 25   -              .update_mask(&Default::default())
[INFO] [stdout] 25   +              .update_mask(Default::default())
[INFO] [stdout]      |
[INFO] [stdout] 
[INFO] [stdout] error: aborting due to previous error
[INFO] [stdout] 
[INFO] [stdout] For more information about this error, try `rustc --explain E0308`.
[INFO] [stdout] Couldn't compile the test.
[INFO] [stdout] ---- src/api.rs - api::UserProfileGuardianInvitationPatchCall (line 19724) stdout ----
[INFO] [stdout] error[E0308]: mismatched types
[INFO] [stdout]      --> src/api.rs:19748:27
[INFO] [stdout]       |
[INFO] [stdout] 25    |              .update_mask(&Default::default())
[INFO] [stdout]       |               ----------- ^^^^^^^^^^^^^^^^^^^ expected `FieldMask`, found `&_`
[INFO] [stdout]       |               |
[INFO] [stdout]       |               arguments to this method are incorrect
[INFO] [stdout]       |
[INFO] [stdout]       = note: expected struct `FieldMask`
[INFO] [stdout]               found reference `&_`
[INFO] [stdout] note: method defined here
[INFO] [stdout]      --> /opt/rustwide/workdir/src/api.rs:19951:12
[INFO] [stdout]       |
[INFO] [stdout] 19951 |     pub fn update_mask(mut self, new_value: client::FieldMask) -> UserProfileGuardianInvitationPatchCall<'a, S> {
[INFO] [stdout]       |            ^^^^^^^^^^^
[INFO] [stdout] help: consider removing the borrow
[INFO] [stdout]       |
[INFO] [stdout] 25    -              .update_mask(&Default::default())
[INFO] [stdout] 25    +              .update_mask(Default::default())
[INFO] [stdout]       |
[INFO] [stdout] 
[INFO] [stdout] error: aborting due to previous error
[INFO] [stdout] 
[INFO] [stdout] For more information about this error, try `rustc --explain E0308`.
[INFO] [stdout] Couldn't compile the test.
[INFO] [stdout] 
[INFO] [stdout] failures:
[INFO] [stdout]     src/api.rs - api::CourseAnnouncementPatchCall (line 5758)
[INFO] [stdout]     src/api.rs - api::CourseCourseWorkMaterialPatchCall (line 11239)
[INFO] [stdout]     src/api.rs - api::CourseCourseWorkPatchCall (line 9746)
[INFO] [stdout]     src/api.rs - api::CourseCourseWorkStudentSubmissionPatchCall (line 7013)
[INFO] [stdout]     src/api.rs - api::CoursePatchCall (line 16364)
[INFO] [stdout]     src/api.rs - api::CourseTopicPatchCall (line 14945)
[INFO] [stdout]     src/api.rs - api::UserProfileGuardianInvitationPatchCall (line 19724)
[INFO] [stdout] 
[INFO] [stdout] test result: FAILED. 60 passed; 7 failed; 1 ignored; 0 measured; 0 filtered out; finished in 1.67s
[INFO] [stdout] 
[INFO] [stderr] error: doctest failed, to rerun pass `--doc`
[INFO] running `Command { std: "docker" "inspect" "3bcb9db42352ce9f644394021e90cde17a1e4c5ff45bd3c6b716ba80fcdca46f", kill_on_drop: false }`
[INFO] running `Command { std: "docker" "rm" "-f" "3bcb9db42352ce9f644394021e90cde17a1e4c5ff45bd3c6b716ba80fcdca46f", kill_on_drop: false }`
[INFO] [stdout] 3bcb9db42352ce9f644394021e90cde17a1e4c5ff45bd3c6b716ba80fcdca46f
[INFO] testing google-classroom1-5.0.3+20230119 against beta-2023-12-22 for beta-1.76-1
[INFO] extracting crate google-classroom1 5.0.3+20230119 into /workspace/builds/worker-4-tc2/source
[INFO] validating manifest of crates.io crate google-classroom1 5.0.3+20230119 on toolchain beta-2023-12-22
[INFO] running `Command { std: CARGO_HOME="/workspace/cargo-home" RUSTUP_HOME="/workspace/rustup-home" "/workspace/cargo-home/bin/cargo" "+beta-2023-12-22" "metadata" "--manifest-path" "Cargo.toml" "--no-deps", kill_on_drop: false }`
[INFO] started tweaking crates.io crate google-classroom1 5.0.3+20230119
[INFO] finished tweaking crates.io crate google-classroom1 5.0.3+20230119
[INFO] tweaked toml for crates.io crate google-classroom1 5.0.3+20230119 written to /workspace/builds/worker-4-tc2/source/Cargo.toml
[INFO] running `Command { std: CARGO_HOME="/workspace/cargo-home" RUSTUP_HOME="/workspace/rustup-home" "/workspace/cargo-home/bin/cargo" "+beta-2023-12-22" "generate-lockfile" "--manifest-path" "Cargo.toml", kill_on_drop: false }`
[INFO] [stderr]     Updating crates.io index
[INFO] running `Command { std: CARGO_HOME="/workspace/cargo-home" RUSTUP_HOME="/workspace/rustup-home" "/workspace/cargo-home/bin/cargo" "+beta-2023-12-22" "fetch" "--manifest-path" "Cargo.toml", kill_on_drop: false }`
[INFO] running `Command { std: "docker" "create" "-v" "/var/lib/crater-agent-workspace/builds/worker-4-tc2/target:/opt/rustwide/target:rw,Z" "-v" "/var/lib/crater-agent-workspace/builds/worker-4-tc2/source:/opt/rustwide/workdir:ro,Z" "-v" "/var/lib/crater-agent-workspace/cargo-home:/opt/rustwide/cargo-home:ro,Z" "-v" "/var/lib/crater-agent-workspace/rustup-home:/opt/rustwide/rustup-home:ro,Z" "-e" "SOURCE_DIR=/opt/rustwide/workdir" "-e" "CARGO_TARGET_DIR=/opt/rustwide/target" "-e" "CARGO_HOME=/opt/rustwide/cargo-home" "-e" "RUSTUP_HOME=/opt/rustwide/rustup-home" "-w" "/opt/rustwide/workdir" "-m" "1610612736" "--user" "0:0" "--network" "none" "ghcr.io/rust-lang/crates-build-env/linux@sha256:2788e3201cd34a07e3172128adcd8b3090168a8e3bcc40d7c032b9dda1df7d1c" "/opt/rustwide/cargo-home/bin/cargo" "+beta-2023-12-22" "metadata" "--no-deps" "--format-version=1", kill_on_drop: false }`
[INFO] [stdout] b931f0b1b373ac5b45a731346d94342876246fc9eaabf7447fbe63ff3dbf3bb4
[INFO] running `Command { std: "docker" "start" "-a" "b931f0b1b373ac5b45a731346d94342876246fc9eaabf7447fbe63ff3dbf3bb4", kill_on_drop: false }`
[INFO] running `Command { std: "docker" "inspect" "b931f0b1b373ac5b45a731346d94342876246fc9eaabf7447fbe63ff3dbf3bb4", kill_on_drop: false }`
[INFO] running `Command { std: "docker" "rm" "-f" "b931f0b1b373ac5b45a731346d94342876246fc9eaabf7447fbe63ff3dbf3bb4", kill_on_drop: false }`
[INFO] [stdout] b931f0b1b373ac5b45a731346d94342876246fc9eaabf7447fbe63ff3dbf3bb4
[INFO] running `Command { std: "docker" "create" "-v" "/var/lib/crater-agent-workspace/builds/worker-4-tc2/target:/opt/rustwide/target:rw,Z" "-v" "/var/lib/crater-agent-workspace/builds/worker-4-tc2/source:/opt/rustwide/workdir:ro,Z" "-v" "/var/lib/crater-agent-workspace/cargo-home:/opt/rustwide/cargo-home:ro,Z" "-v" "/var/lib/crater-agent-workspace/rustup-home:/opt/rustwide/rustup-home:ro,Z" "-e" "SOURCE_DIR=/opt/rustwide/workdir" "-e" "CARGO_TARGET_DIR=/opt/rustwide/target" "-e" "CARGO_INCREMENTAL=0" "-e" "RUST_BACKTRACE=full" "-e" "RUSTFLAGS=--cap-lints=warn" "-e" "RUSTDOCFLAGS=--cap-lints=warn" "-e" "CARGO_HOME=/opt/rustwide/cargo-home" "-e" "RUSTUP_HOME=/opt/rustwide/rustup-home" "-w" "/opt/rustwide/workdir" "-m" "1610612736" "--user" "0:0" "--network" "none" "ghcr.io/rust-lang/crates-build-env/linux@sha256:2788e3201cd34a07e3172128adcd8b3090168a8e3bcc40d7c032b9dda1df7d1c" "/opt/rustwide/cargo-home/bin/cargo" "+beta-2023-12-22" "build" "--frozen" "--message-format=json", kill_on_drop: false }`
[INFO] [stdout] 5f5252b1c6e045c623981678ff0b6560d67219632a2a0ddecb3f4f80fd8c7b2b
[INFO] running `Command { std: "docker" "start" "-a" "5f5252b1c6e045c623981678ff0b6560d67219632a2a0ddecb3f4f80fd8c7b2b", kill_on_drop: false }`
[INFO] [stderr]    Compiling futures-channel v0.3.30
[INFO] [stderr]    Compiling ident_case v1.0.1
[INFO] [stderr]    Compiling tracing v0.1.40
[INFO] [stderr]    Compiling strsim v0.10.0
[INFO] [stderr]    Compiling rustls v0.21.10
[INFO] [stderr]    Compiling num-traits v0.2.17
[INFO] [stderr]    Compiling getrandom v0.2.11
[INFO] [stderr]    Compiling ring v0.17.7
[INFO] [stderr]    Compiling tokio-macros v2.2.0
[INFO] [stderr]    Compiling rustls v0.22.1
[INFO] [stderr]    Compiling rustls-pki-types v1.1.0
[INFO] [stderr]    Compiling rustls-native-certs v0.6.3
[INFO] [stderr]    Compiling deranged v0.3.11
[INFO] [stderr]    Compiling num_threads v0.1.6
[INFO] [stderr]    Compiling zeroize v1.7.0
[INFO] [stderr]    Compiling itertools v0.12.0
[INFO] [stderr]    Compiling seahash v4.1.0
[INFO] [stderr]    Compiling darling_core v0.20.3
[INFO] [stderr]    Compiling futures-util v0.3.30
[INFO] [stderr]    Compiling tokio v1.35.1
[INFO] [stderr]    Compiling time v0.3.31
[INFO] [stderr]    Compiling chrono v0.4.31
[INFO] [stderr]    Compiling darling_macro v0.20.3
[INFO] [stderr]    Compiling darling v0.20.3
[INFO] [stderr]    Compiling serde_with_macros v2.3.3
[INFO] [stderr]    Compiling futures-executor v0.3.30
[INFO] [stderr]    Compiling futures v0.3.30
[INFO] [stderr]    Compiling serde_with v2.3.3
[INFO] [stderr]    Compiling rustls-webpki v0.101.7
[INFO] [stderr]    Compiling sct v0.7.1
[INFO] [stderr]    Compiling rustls-webpki v0.102.1
[INFO] [stderr]    Compiling tokio-util v0.7.10
[INFO] [stderr]    Compiling h2 v0.3.22
[INFO] [stderr]    Compiling tokio-rustls v0.24.1
[INFO] [stderr]    Compiling hyper v0.14.28
[INFO] [stderr]    Compiling hyper-rustls v0.24.2
[INFO] [stderr]    Compiling yup-oauth2 v8.3.2
[INFO] [stderr]    Compiling google-apis-common v6.0.0
[INFO] [stderr]    Compiling google-classroom1 v5.0.3+20230119 (/opt/rustwide/workdir)
[INFO] [stderr]     Finished dev [unoptimized + debuginfo] target(s) in 23.58s
[INFO] running `Command { std: "docker" "inspect" "5f5252b1c6e045c623981678ff0b6560d67219632a2a0ddecb3f4f80fd8c7b2b", kill_on_drop: false }`
[INFO] running `Command { std: "docker" "rm" "-f" "5f5252b1c6e045c623981678ff0b6560d67219632a2a0ddecb3f4f80fd8c7b2b", kill_on_drop: false }`
[INFO] [stdout] 5f5252b1c6e045c623981678ff0b6560d67219632a2a0ddecb3f4f80fd8c7b2b
[INFO] running `Command { std: "docker" "create" "-v" "/var/lib/crater-agent-workspace/builds/worker-4-tc2/target:/opt/rustwide/target:rw,Z" "-v" "/var/lib/crater-agent-workspace/builds/worker-4-tc2/source:/opt/rustwide/workdir:ro,Z" "-v" "/var/lib/crater-agent-workspace/cargo-home:/opt/rustwide/cargo-home:ro,Z" "-v" "/var/lib/crater-agent-workspace/rustup-home:/opt/rustwide/rustup-home:ro,Z" "-e" "SOURCE_DIR=/opt/rustwide/workdir" "-e" "CARGO_TARGET_DIR=/opt/rustwide/target" "-e" "CARGO_INCREMENTAL=0" "-e" "RUST_BACKTRACE=full" "-e" "RUSTFLAGS=--cap-lints=warn" "-e" "RUSTDOCFLAGS=--cap-lints=warn" "-e" "CARGO_HOME=/opt/rustwide/cargo-home" "-e" "RUSTUP_HOME=/opt/rustwide/rustup-home" "-w" "/opt/rustwide/workdir" "-m" "1610612736" "--user" "0:0" "--network" "none" "ghcr.io/rust-lang/crates-build-env/linux@sha256:2788e3201cd34a07e3172128adcd8b3090168a8e3bcc40d7c032b9dda1df7d1c" "/opt/rustwide/cargo-home/bin/cargo" "+beta-2023-12-22" "test" "--frozen" "--no-run" "--message-format=json", kill_on_drop: false }`
[INFO] [stdout] 39b6c8f6cb13f1929f8eadabcb7c310830fa8ac3e7caf66ecf196410e72ae52f
[INFO] running `Command { std: "docker" "start" "-a" "39b6c8f6cb13f1929f8eadabcb7c310830fa8ac3e7caf66ecf196410e72ae52f", kill_on_drop: false }`
[INFO] [stderr]    Compiling google-classroom1 v5.0.3+20230119 (/opt/rustwide/workdir)
[INFO] [stderr]     Finished test [unoptimized + debuginfo] target(s) in 4.50s
[INFO] running `Command { std: "docker" "inspect" "39b6c8f6cb13f1929f8eadabcb7c310830fa8ac3e7caf66ecf196410e72ae52f", kill_on_drop: false }`
[INFO] running `Command { std: "docker" "rm" "-f" "39b6c8f6cb13f1929f8eadabcb7c310830fa8ac3e7caf66ecf196410e72ae52f", kill_on_drop: false }`
[INFO] [stdout] 39b6c8f6cb13f1929f8eadabcb7c310830fa8ac3e7caf66ecf196410e72ae52f
[INFO] running `Command { std: "docker" "create" "-v" "/var/lib/crater-agent-workspace/builds/worker-4-tc2/target:/opt/rustwide/target:rw,Z" "-v" "/var/lib/crater-agent-workspace/builds/worker-4-tc2/source:/opt/rustwide/workdir:ro,Z" "-v" "/var/lib/crater-agent-workspace/cargo-home:/opt/rustwide/cargo-home:ro,Z" "-v" "/var/lib/crater-agent-workspace/rustup-home:/opt/rustwide/rustup-home:ro,Z" "-e" "SOURCE_DIR=/opt/rustwide/workdir" "-e" "CARGO_TARGET_DIR=/opt/rustwide/target" "-e" "CARGO_INCREMENTAL=0" "-e" "RUST_BACKTRACE=full" "-e" "RUSTFLAGS=--cap-lints=warn" "-e" "RUSTDOCFLAGS=--cap-lints=warn" "-e" "CARGO_HOME=/opt/rustwide/cargo-home" "-e" "RUSTUP_HOME=/opt/rustwide/rustup-home" "-w" "/opt/rustwide/workdir" "-m" "1610612736" "--user" "0:0" "--network" "none" "ghcr.io/rust-lang/crates-build-env/linux@sha256:2788e3201cd34a07e3172128adcd8b3090168a8e3bcc40d7c032b9dda1df7d1c" "/opt/rustwide/cargo-home/bin/cargo" "+beta-2023-12-22" "test" "--frozen", kill_on_drop: false }`
[INFO] [stdout] 3060e251c036a82225f38d2c56b19131c5e91e29d92f1d288e9b126e6b9c36bf
[INFO] running `Command { std: "docker" "start" "-a" "3060e251c036a82225f38d2c56b19131c5e91e29d92f1d288e9b126e6b9c36bf", kill_on_drop: false }`
[INFO] [stderr]     Finished test [unoptimized + debuginfo] target(s) in 0.12s
[INFO] [stderr]      Running unittests src/lib.rs (/opt/rustwide/target/debug/deps/google_classroom1-f2da918599143cb8)
[INFO] [stdout] 
[INFO] [stdout] running 0 tests
[INFO] [stdout] 
[INFO] [stdout] test result: ok. 0 passed; 0 failed; 0 ignored; 0 measured; 0 filtered out; finished in 0.00s
[INFO] [stdout] 
[INFO] [stderr]    Doc-tests google-classroom1
[INFO] [stdout] 
[INFO] [stdout] running 68 tests
[INFO] [stdout] test src/api.rs - api::Classroom (line 142) - compile ... ok
[INFO] [stdout] test src/api.rs - api::CourseAliasDeleteCall (line 3741) - compile ... ok
[INFO] [stdout] test src/api.rs - api::CourseAliasListCall (line 4015) - compile ... ok
[INFO] [stdout] test src/api.rs - api::CourseAnnouncementGetCall (line 4867) - compile ... ok
[INFO] [stdout] test src/api.rs - api::CourseCourseWorkCreateCall (line 8289) - compile ... ok
[INFO] [stdout] test src/api.rs - api::CourseCourseWorkListCall (line 9129) - compile ... ok
[INFO] [stdout] test src/api.rs - api::CourseAnnouncementCreateCall (line 4301) - compile ... ok
[INFO] [stdout] test src/api.rs - api::CourseAnnouncementPatchCall (line 5758) - compile ... FAILED
[INFO] [stdout] test src/api.rs - api::CourseAnnouncementDeleteCall (line 4593) - compile ... ok
[INFO] [stdout] test src/api.rs - api::CourseCourseWorkMaterialDeleteCall (line 10354) - compile ... ok
[INFO] [stdout] test src/api.rs - api::CourseAliasCreateCall (line 3449) - compile ... ok
[INFO] [stdout] test src/api.rs - api::CourseAnnouncementListCall (line 5141) - compile ... ok
[INFO] [stdout] test src/api.rs - api::CourseAnnouncementModifyAssigneeCall (line 5454) - compile ... ok
[INFO] [stdout] test src/api.rs - api::CourseCourseWorkGetCall (line 8855) - compile ... ok
[INFO] [stdout] test src/api.rs - api::CourseCourseWorkPatchCall (line 9746) - compile ... FAILED
[INFO] [stdout] test src/api.rs - api::CourseCourseWorkDeleteCall (line 8581) - compile ... ok
[INFO] [stdout] test src/api.rs - api::CourseCourseWorkMaterialGetCall (line 10628) - compile ... ok
[INFO] [stdout] test src/api.rs - api::CourseCourseWorkMaterialCreateCall (line 10062) - compile ... ok
[INFO] [stdout] test src/api.rs - api::CourseCourseWorkStudentSubmissionGetCall (line 6074) - compile ... ok
[INFO] [stdout] test src/api.rs - api::CourseCourseWorkModifyAssigneeCall (line 9442) - compile ... ok
[INFO] [stdout] test src/api.rs - api::CourseCourseWorkMaterialListCall (line 10902) - compile ... ok
[INFO] [stdout] test src/api.rs - api::CourseCourseWorkStudentSubmissionReclaimCall (line 7341) - compile ... ok
[INFO] [stdout] test src/api.rs - api::CourseCourseWorkStudentSubmissionPatchCall (line 7013) - compile ... FAILED
[INFO] [stdout] test src/api.rs - api::CourseDeleteCall (line 15534) - compile ... ok
[INFO] [stdout] test src/api.rs - api::CourseCourseWorkStudentSubmissionModifyAttachmentCall (line 6697) - compile ... ok
[INFO] [stdout] test src/api.rs - api::CourseCourseWorkStudentSubmissionListCall (line 6360) - compile ... ok
[INFO] [stdout] test src/api.rs - api::CourseCreateCall (line 15261) - compile ... ok
[INFO] [stdout] test src/api.rs - api::CourseCourseWorkMaterialPatchCall (line 11239) - compile ... FAILED
[INFO] [stdout] test src/api.rs - api::CourseGetCall (line 15796) - compile ... ok
[INFO] [stdout] test src/api.rs - api::CourseCourseWorkStudentSubmissionTurnInCall (line 7973) - compile ... ok
[INFO] [stdout] test src/api.rs - api::CourseListCall (line 16058) - compile ... ok
[INFO] [stdout] test src/api.rs - api::CourseMethods (line 2083) - compile ... ok
[INFO] [stdout] test src/api.rs - api::CourseCourseWorkStudentSubmissionReturnCall (line 7657) - compile ... ok
[INFO] [stdout] test src/api.rs - api::CourseStudentDeleteCall (line 11859) - compile ... ok
[INFO] [stdout] test src/api.rs - api::CourseStudentCreateCall (line 11555) - compile ... ok
[INFO] [stdout] test src/api.rs - api::CourseTeacherGetCall (line 13259) - compile ... ok
[INFO] [stdout] test src/api.rs - api::CourseStudentGetCall (line 12133) - compile ... ok
[INFO] [stdout] test src/api.rs - api::CourseStudentListCall (line 12407) - compile ... ok
[INFO] [stdout] test src/api.rs - api::CoursePatchCall (line 16364) - compile ... FAILED
[INFO] [stdout] test src/api.rs - api::CourseUpdateCall (line 16668) - compile ... ok
[INFO] [stdout] test src/api.rs - api::CourseTopicCreateCall (line 13819) - compile ... ok
[INFO] [stdout] test src/api.rs - api::CourseTopicPatchCall (line 14945) - compile ... FAILED
[INFO] [stdout] test src/api.rs - api::CourseTeacherListCall (line 13533) - compile ... ok
[INFO] [stdout] test src/api.rs - api::CourseTeacherCreateCall (line 12693) - compile ... ok
[INFO] [stdout] test src/api.rs - api::CourseTopicDeleteCall (line 14111) - compile ... ok
[INFO] [stdout] test src/api.rs - api::InvitationCreateCall (line 17222) - compile ... ok
[INFO] [stdout] test src/api.rs - api::CourseTopicGetCall (line 14385) - compile ... ok
[INFO] [stdout] test src/api.rs - api::CourseTeacherDeleteCall (line 12985) - compile ... ok
[INFO] [stdout] test src/api.rs - api::RegistrationDeleteCall (line 18583) - compile ... ok
[INFO] [stdout] test src/api.rs - api::RegistrationCreateCall (line 18310) - compile ... ok
[INFO] [stdout] test src/api.rs - api::InvitationDeleteCall (line 17495) - compile ... ok
[INFO] [stdout] test src/api.rs - api::CourseTopicListCall (line 14659) - compile ... ok
[INFO] [stdout] test src/lib.rs - (line 55) ... ignored
[INFO] [stdout] test src/api.rs - api::UserProfileGuardianDeleteCall (line 20040) - compile ... ok
[INFO] [stdout] test src/api.rs - api::InvitationGetCall (line 17757) - compile ... ok
[INFO] [stdout] test src/api.rs - api::UserProfileGuardianGetCall (line 20314) - compile ... ok
[INFO] [stdout] test src/api.rs - api::RegistrationMethods (line 3169) - compile ... ok
[INFO] [stdout] test src/api.rs - api::InvitationAcceptCall (line 16960) - compile ... ok
[INFO] [stdout] test src/api.rs - api::InvitationMethods (line 3044) - compile ... ok
[INFO] [stdout] test src/api.rs - api::UserProfileGetCall (line 20886) - compile ... ok
[INFO] [stdout] test src/api.rs - api::UserProfileGuardianInvitationGetCall (line 19137) - compile ... ok
[INFO] [stdout] test src/api.rs - api::InvitationListCall (line 18019) - compile ... ok
[INFO] [stdout] test src/api.rs - api::UserProfileMethods (line 3244) - compile ... ok
[INFO] [stdout] test src/api.rs - api::UserProfileGuardianInvitationPatchCall (line 19724) - compile ... FAILED
[INFO] [stdout] test src/api.rs - api::UserProfileGuardianInvitationCreateCall (line 18845) - compile ... ok
[INFO] [stdout] test src/api.rs - api::UserProfileGuardianListCall (line 20588) - compile ... ok
[INFO] [stdout] test src/lib.rs - (line 124) - compile ... ok
[INFO] [stdout] test src/api.rs - api::UserProfileGuardianInvitationListCall (line 19411) - compile ... ok
[INFO] [stdout] 
[INFO] [stdout] failures:
[INFO] [stdout] 
[INFO] [stdout] ---- src/api.rs - api::CourseAnnouncementPatchCall (line 5758) stdout ----
[INFO] [stdout] error[E0308]: mismatched types
[INFO] [stdout]     --> src/api.rs:5782:27
[INFO] [stdout]      |
[INFO] [stdout] 25   |              .update_mask(&Default::default())
[INFO] [stdout]      |               ----------- ^^^^^^^^^^^^^^^^^^^ expected `FieldMask`, found `&_`
[INFO] [stdout]      |               |
[INFO] [stdout]      |               arguments to this method are incorrect
[INFO] [stdout]      |
[INFO] [stdout]      = note: expected struct `FieldMask`
[INFO] [stdout]              found reference `&_`
[INFO] [stdout] note: method defined here
[INFO] [stdout]     --> /opt/rustwide/workdir/src/api.rs:5985:12
[INFO] [stdout]      |
[INFO] [stdout] 5985 |     pub fn update_mask(mut self, new_value: client::FieldMask) -> CourseAnnouncementPatchCall<'a, S> {
[INFO] [stdout]      |            ^^^^^^^^^^^
[INFO] [stdout] help: consider removing the borrow
[INFO] [stdout]      |
[INFO] [stdout] 25   -              .update_mask(&Default::default())
[INFO] [stdout] 25   +              .update_mask(Default::default())
[INFO] [stdout]      |
[INFO] [stdout] 
[INFO] [stdout] error: aborting due to 1 previous error
[INFO] [stdout] 
[INFO] [stdout] For more information about this error, try `rustc --explain E0308`.
[INFO] [stdout] Couldn't compile the test.
[INFO] [stdout] ---- src/api.rs - api::CourseCourseWorkPatchCall (line 9746) stdout ----
[INFO] [stdout] error[E0308]: mismatched types
[INFO] [stdout]     --> src/api.rs:9770:27
[INFO] [stdout]      |
[INFO] [stdout] 25   |              .update_mask(&Default::default())
[INFO] [stdout]      |               ----------- ^^^^^^^^^^^^^^^^^^^ expected `FieldMask`, found `&_`
[INFO] [stdout]      |               |
[INFO] [stdout]      |               arguments to this method are incorrect
[INFO] [stdout]      |
[INFO] [stdout]      = note: expected struct `FieldMask`
[INFO] [stdout]              found reference `&_`
[INFO] [stdout] note: method defined here
[INFO] [stdout]     --> /opt/rustwide/workdir/src/api.rs:9973:12
[INFO] [stdout]      |
[INFO] [stdout] 9973 |     pub fn update_mask(mut self, new_value: client::FieldMask) -> CourseCourseWorkPatchCall<'a, S> {
[INFO] [stdout]      |            ^^^^^^^^^^^
[INFO] [stdout] help: consider removing the borrow
[INFO] [stdout]      |
[INFO] [stdout] 25   -              .update_mask(&Default::default())
[INFO] [stdout] 25   +              .update_mask(Default::default())
[INFO] [stdout]      |
[INFO] [stdout] 
[INFO] [stdout] error: aborting due to 1 previous error
[INFO] [stdout] 
[INFO] [stdout] For more information about this error, try `rustc --explain E0308`.
[INFO] [stdout] Couldn't compile the test.
[INFO] [stdout] ---- src/api.rs - api::CourseCourseWorkStudentSubmissionPatchCall (line 7013) stdout ----
[INFO] [stdout] error[E0308]: mismatched types
[INFO] [stdout]     --> src/api.rs:7037:27
[INFO] [stdout]      |
[INFO] [stdout] 25   |              .update_mask(&Default::default())
[INFO] [stdout]      |               ----------- ^^^^^^^^^^^^^^^^^^^ expected `FieldMask`, found `&_`
[INFO] [stdout]      |               |
[INFO] [stdout]      |               arguments to this method are incorrect
[INFO] [stdout]      |
[INFO] [stdout]      = note: expected struct `FieldMask`
[INFO] [stdout]              found reference `&_`
[INFO] [stdout] note: method defined here
[INFO] [stdout]     --> /opt/rustwide/workdir/src/api.rs:7252:12
[INFO] [stdout]      |
[INFO] [stdout] 7252 |     pub fn update_mask(mut self, new_value: client::FieldMask) -> CourseCourseWorkStudentSubmissionPatchCall<'a, S> {
[INFO] [stdout]      |            ^^^^^^^^^^^
[INFO] [stdout] help: consider removing the borrow
[INFO] [stdout]      |
[INFO] [stdout] 25   -              .update_mask(&Default::default())
[INFO] [stdout] 25   +              .update_mask(Default::default())
[INFO] [stdout]      |
[INFO] [stdout] 
[INFO] [stdout] error: aborting due to 1 previous error
[INFO] [stdout] 
[INFO] [stdout] For more information about this error, try `rustc --explain E0308`.
[INFO] [stdout] Couldn't compile the test.
[INFO] [stdout] ---- src/api.rs - api::CourseCourseWorkMaterialPatchCall (line 11239) stdout ----
[INFO] [stdout] error[E0308]: mismatched types
[INFO] [stdout]      --> src/api.rs:11263:27
[INFO] [stdout]       |
[INFO] [stdout] 25    |              .update_mask(&Default::default())
[INFO] [stdout]       |               ----------- ^^^^^^^^^^^^^^^^^^^ expected `FieldMask`, found `&_`
[INFO] [stdout]       |               |
[INFO] [stdout]       |               arguments to this method are incorrect
[INFO] [stdout]       |
[INFO] [stdout]       = note: expected struct `FieldMask`
[INFO] [stdout]               found reference `&_`
[INFO] [stdout] note: method defined here
[INFO] [stdout]      --> /opt/rustwide/workdir/src/api.rs:11466:12
[INFO] [stdout]       |
[INFO] [stdout] 11466 |     pub fn update_mask(mut self, new_value: client::FieldMask) -> CourseCourseWorkMaterialPatchCall<'a, S> {
[INFO] [stdout]       |            ^^^^^^^^^^^
[INFO] [stdout] help: consider removing the borrow
[INFO] [stdout]       |
[INFO] [stdout] 25    -              .update_mask(&Default::default())
[INFO] [stdout] 25    +              .update_mask(Default::default())
[INFO] [stdout]       |
[INFO] [stdout] 
[INFO] [stdout] error: aborting due to 1 previous error
[INFO] [stdout] 
[INFO] [stdout] For more information about this error, try `rustc --explain E0308`.
[INFO] [stdout] Couldn't compile the test.
[INFO] [stdout] ---- src/api.rs - api::CoursePatchCall (line 16364) stdout ----
[INFO] [stdout] error[E0308]: mismatched types
[INFO] [stdout]      --> src/api.rs:16388:27
[INFO] [stdout]       |
[INFO] [stdout] 25    |              .update_mask(&Default::default())
[INFO] [stdout]       |               ----------- ^^^^^^^^^^^^^^^^^^^ expected `FieldMask`, found `&_`
[INFO] [stdout]       |               |
[INFO] [stdout]       |               arguments to this method are incorrect
[INFO] [stdout]       |
[INFO] [stdout]       = note: expected struct `FieldMask`
[INFO] [stdout]               found reference `&_`
[INFO] [stdout] note: method defined here
[INFO] [stdout]      --> /opt/rustwide/workdir/src/api.rs:16579:12
[INFO] [stdout]       |
[INFO] [stdout] 16579 |     pub fn update_mask(mut self, new_value: client::FieldMask) -> CoursePatchCall<'a, S> {
[INFO] [stdout]       |            ^^^^^^^^^^^
[INFO] [stdout] help: consider removing the borrow
[INFO] [stdout]       |
[INFO] [stdout] 25    -              .update_mask(&Default::default())
[INFO] [stdout] 25    +              .update_mask(Default::default())
[INFO] [stdout]       |
[INFO] [stdout] 
[INFO] [stdout] error: aborting due to 1 previous error
[INFO] [stdout] 
[INFO] [stdout] For more information about this error, try `rustc --explain E0308`.
[INFO] [stdout] Couldn't compile the test.
[INFO] [stdout] ---- src/api.rs - api::CourseTopicPatchCall (line 14945) stdout ----
[INFO] [stdout] error[E0308]: mismatched types
[INFO] [stdout]      --> src/api.rs:14969:27
[INFO] [stdout]       |
[INFO] [stdout] 25    |              .update_mask(&Default::default())
[INFO] [stdout]       |               ----------- ^^^^^^^^^^^^^^^^^^^ expected `FieldMask`, found `&_`
[INFO] [stdout]       |               |
[INFO] [stdout]       |               arguments to this method are incorrect
[INFO] [stdout]       |
[INFO] [stdout]       = note: expected struct `FieldMask`
[INFO] [stdout]               found reference `&_`
[INFO] [stdout] note: method defined here
[INFO] [stdout]      --> /opt/rustwide/workdir/src/api.rs:15172:12
[INFO] [stdout]       |
[INFO] [stdout] 15172 |     pub fn update_mask(mut self, new_value: client::FieldMask) -> CourseTopicPatchCall<'a, S> {
[INFO] [stdout]       |            ^^^^^^^^^^^
[INFO] [stdout] help: consider removing the borrow
[INFO] [stdout]       |
[INFO] [stdout] 25    -              .update_mask(&Default::default())
[INFO] [stdout] 25    +              .update_mask(Default::default())
[INFO] [stdout]       |
[INFO] [stdout] 
[INFO] [stdout] error: aborting due to 1 previous error
[INFO] [stdout] 
[INFO] [stdout] For more information about this error, try `rustc --explain E0308`.
[INFO] [stdout] Couldn't compile the test.
[INFO] [stdout] ---- src/api.rs - api::UserProfileGuardianInvitationPatchCall (line 19724) stdout ----
[INFO] [stdout] error[E0308]: mismatched types
[INFO] [stdout]      --> src/api.rs:19748:27
[INFO] [stdout]       |
[INFO] [stdout] 25    |              .update_mask(&Default::default())
[INFO] [stdout]       |               ----------- ^^^^^^^^^^^^^^^^^^^ expected `FieldMask`, found `&_`
[INFO] [stdout]       |               |
[INFO] [stdout]       |               arguments to this method are incorrect
[INFO] [stdout]       |
[INFO] [stdout]       = note: expected struct `FieldMask`
[INFO] [stdout]               found reference `&_`
[INFO] [stdout] note: method defined here
[INFO] [stdout]      --> /opt/rustwide/workdir/src/api.rs:19951:12
[INFO] [stdout]       |
[INFO] [stdout] 19951 |     pub fn update_mask(mut self, new_value: client::FieldMask) -> UserProfileGuardianInvitationPatchCall<'a, S> {
[INFO] [stdout]       |            ^^^^^^^^^^^
[INFO] [stdout] help: consider removing the borrow
[INFO] [stdout]       |
[INFO] [stdout] 25    -              .update_mask(&Default::default())
[INFO] [stdout] 25    +              .update_mask(Default::default())
[INFO] [stdout]       |
[INFO] [stdout] 
[INFO] [stdout] error: aborting due to 1 previous error
[INFO] [stdout] 
[INFO] [stdout] For more information about this error, try `rustc --explain E0308`.
[INFO] [stdout] Couldn't compile the test.
[INFO] [stdout] 
[INFO] [stdout] failures:
[INFO] [stdout]     src/api.rs - api::CourseAnnouncementPatchCall (line 5758)
[INFO] [stdout]     src/api.rs - api::CourseCourseWorkMaterialPatchCall (line 11239)
[INFO] [stdout]     src/api.rs - api::CourseCourseWorkPatchCall (line 9746)
[INFO] [stdout]     src/api.rs - api::CourseCourseWorkStudentSubmissionPatchCall (line 7013)
[INFO] [stdout]     src/api.rs - api::CoursePatchCall (line 16364)
[INFO] [stdout]     src/api.rs - api::CourseTopicPatchCall (line 14945)
[INFO] [stdout]     src/api.rs - api::UserProfileGuardianInvitationPatchCall (line 19724)
[INFO] [stdout] 
[INFO] [stdout] test result: FAILED. 60 passed; 7 failed; 1 ignored; 0 measured; 0 filtered out; finished in 1.58s
[INFO] [stdout] 
[INFO] [stderr] error: doctest failed, to rerun pass `--doc`
[INFO] running `Command { std: "docker" "inspect" "3060e251c036a82225f38d2c56b19131c5e91e29d92f1d288e9b126e6b9c36bf", kill_on_drop: false }`
[INFO] running `Command { std: "docker" "rm" "-f" "3060e251c036a82225f38d2c56b19131c5e91e29d92f1d288e9b126e6b9c36bf", kill_on_drop: false }`
[INFO] [stdout] 3060e251c036a82225f38d2c56b19131c5e91e29d92f1d288e9b126e6b9c36bf
