[INFO] fetching crate google-bigtableadmin2 5.0.3+20230110...
[INFO] testing google-bigtableadmin2-5.0.3+20230110 against 1.75.0 for beta-1.76-1
[INFO] extracting crate google-bigtableadmin2 5.0.3+20230110 into /workspace/builds/worker-1-tc1/source
[INFO] validating manifest of crates.io crate google-bigtableadmin2 5.0.3+20230110 on toolchain 1.75.0
[INFO] running `Command { std: CARGO_HOME="/workspace/cargo-home" RUSTUP_HOME="/workspace/rustup-home" "/workspace/cargo-home/bin/cargo" "+1.75.0" "metadata" "--manifest-path" "Cargo.toml" "--no-deps", kill_on_drop: false }`
[INFO] started tweaking crates.io crate google-bigtableadmin2 5.0.3+20230110
[INFO] finished tweaking crates.io crate google-bigtableadmin2 5.0.3+20230110
[INFO] tweaked toml for crates.io crate google-bigtableadmin2 5.0.3+20230110 written to /workspace/builds/worker-1-tc1/source/Cargo.toml
[INFO] running `Command { std: CARGO_HOME="/workspace/cargo-home" RUSTUP_HOME="/workspace/rustup-home" "/workspace/cargo-home/bin/cargo" "+1.75.0" "generate-lockfile" "--manifest-path" "Cargo.toml", kill_on_drop: false }`
[INFO] [stderr]     Updating crates.io index
[INFO] running `Command { std: CARGO_HOME="/workspace/cargo-home" RUSTUP_HOME="/workspace/rustup-home" "/workspace/cargo-home/bin/cargo" "+1.75.0" "fetch" "--manifest-path" "Cargo.toml", kill_on_drop: false }`
[INFO] [stderr]  Downloading crates ...
[INFO] [stderr]   Downloaded google-apis-common v6.0.0
[INFO] [stderr]   Downloaded yup-oauth2 v8.3.2
[INFO] [stderr]   Downloaded rustls v0.22.1
[INFO] [stderr]   Downloaded rustls-webpki v0.102.1
[INFO] [stderr]   Downloaded rustls-pki-types v1.1.0
[INFO] running `Command { std: "docker" "create" "-v" "/var/lib/crater-agent-workspace/builds/worker-1-tc1/target:/opt/rustwide/target:rw,Z" "-v" "/var/lib/crater-agent-workspace/builds/worker-1-tc1/source:/opt/rustwide/workdir:ro,Z" "-v" "/var/lib/crater-agent-workspace/cargo-home:/opt/rustwide/cargo-home:ro,Z" "-v" "/var/lib/crater-agent-workspace/rustup-home:/opt/rustwide/rustup-home:ro,Z" "-e" "SOURCE_DIR=/opt/rustwide/workdir" "-e" "CARGO_TARGET_DIR=/opt/rustwide/target" "-e" "CARGO_HOME=/opt/rustwide/cargo-home" "-e" "RUSTUP_HOME=/opt/rustwide/rustup-home" "-w" "/opt/rustwide/workdir" "-m" "1610612736" "--user" "0:0" "--network" "none" "ghcr.io/rust-lang/crates-build-env/linux@sha256:2788e3201cd34a07e3172128adcd8b3090168a8e3bcc40d7c032b9dda1df7d1c" "/opt/rustwide/cargo-home/bin/cargo" "+1.75.0" "metadata" "--no-deps" "--format-version=1", kill_on_drop: false }`
[INFO] [stdout] 9e0425fb7a7d4f6bacc4c17a754babd9fc7703c6c399fd1476521df0cf21e82e
[INFO] running `Command { std: "docker" "start" "-a" "9e0425fb7a7d4f6bacc4c17a754babd9fc7703c6c399fd1476521df0cf21e82e", kill_on_drop: false }`
[INFO] running `Command { std: "docker" "inspect" "9e0425fb7a7d4f6bacc4c17a754babd9fc7703c6c399fd1476521df0cf21e82e", kill_on_drop: false }`
[INFO] running `Command { std: "docker" "rm" "-f" "9e0425fb7a7d4f6bacc4c17a754babd9fc7703c6c399fd1476521df0cf21e82e", kill_on_drop: false }`
[INFO] [stdout] 9e0425fb7a7d4f6bacc4c17a754babd9fc7703c6c399fd1476521df0cf21e82e
[INFO] running `Command { std: "docker" "create" "-v" "/var/lib/crater-agent-workspace/builds/worker-1-tc1/target:/opt/rustwide/target:rw,Z" "-v" "/var/lib/crater-agent-workspace/builds/worker-1-tc1/source:/opt/rustwide/workdir:ro,Z" "-v" "/var/lib/crater-agent-workspace/cargo-home:/opt/rustwide/cargo-home:ro,Z" "-v" "/var/lib/crater-agent-workspace/rustup-home:/opt/rustwide/rustup-home:ro,Z" "-e" "SOURCE_DIR=/opt/rustwide/workdir" "-e" "CARGO_TARGET_DIR=/opt/rustwide/target" "-e" "CARGO_INCREMENTAL=0" "-e" "RUST_BACKTRACE=full" "-e" "RUSTFLAGS=--cap-lints=warn" "-e" "RUSTDOCFLAGS=--cap-lints=warn" "-e" "CARGO_HOME=/opt/rustwide/cargo-home" "-e" "RUSTUP_HOME=/opt/rustwide/rustup-home" "-w" "/opt/rustwide/workdir" "-m" "1610612736" "--user" "0:0" "--network" "none" "ghcr.io/rust-lang/crates-build-env/linux@sha256:2788e3201cd34a07e3172128adcd8b3090168a8e3bcc40d7c032b9dda1df7d1c" "/opt/rustwide/cargo-home/bin/cargo" "+1.75.0" "build" "--frozen" "--message-format=json", kill_on_drop: false }`
[INFO] [stdout] cb635a64772dc8ad1741d84e46ed1789a7fff1db6f769ec9d869557010a9ce33
[INFO] running `Command { std: "docker" "start" "-a" "cb635a64772dc8ad1741d84e46ed1789a7fff1db6f769ec9d869557010a9ce33", kill_on_drop: false }`
[INFO] [stderr]    Compiling untrusted v0.9.0
[INFO] [stderr]    Compiling spin v0.9.8
[INFO] [stderr]    Compiling serde v1.0.194
[INFO] [stderr]    Compiling futures-channel v0.3.30
[INFO] [stderr]    Compiling syn v2.0.48
[INFO] [stderr]    Compiling ring v0.17.7
[INFO] [stderr]    Compiling memchr v2.7.1
[INFO] [stderr]    Compiling futures-io v0.3.30
[INFO] [stderr]    Compiling tracing-core v0.1.32
[INFO] [stderr]    Compiling unicode-normalization v0.1.22
[INFO] [stderr]    Compiling unicode-bidi v0.3.14
[INFO] [stderr]    Compiling ident_case v1.0.1
[INFO] [stderr]    Compiling rustls v0.21.10
[INFO] [stderr]    Compiling strsim v0.10.0
[INFO] [stderr]    Compiling tracing v0.1.40
[INFO] [stderr]    Compiling rustls-pemfile v1.0.4
[INFO] [stderr]    Compiling num-traits v0.2.17
[INFO] [stderr]    Compiling async-trait v0.1.77
[INFO] [stderr]    Compiling powerfmt v0.2.0
[INFO] [stderr]    Compiling rustls-pki-types v1.1.0
[INFO] [stderr]    Compiling rustls v0.22.1
[INFO] [stderr]    Compiling either v1.9.0
[INFO] [stderr]    Compiling rustls-native-certs v0.6.3
[INFO] [stderr]    Compiling idna v0.5.0
[INFO] [stderr]    Compiling num_threads v0.1.6
[INFO] [stderr]    Compiling subtle v2.5.0
[INFO] [stderr]    Compiling matches v0.1.10
[INFO] [stderr]    Compiling time-core v0.1.2
[INFO] [stderr]    Compiling zeroize v1.7.0
[INFO] [stderr]    Compiling idna v0.1.5
[INFO] [stderr]    Compiling itertools v0.12.0
[INFO] [stderr]    Compiling seahash v4.1.0
[INFO] [stderr]    Compiling percent-encoding v1.0.1
[INFO] [stderr]    Compiling iana-time-zone v0.1.59
[INFO] [stderr]    Compiling itertools v0.10.5
[INFO] [stderr]    Compiling url v2.5.0
[INFO] [stderr]    Compiling url v1.7.2
[INFO] [stderr]    Compiling base64 v0.13.1
[INFO] [stderr]    Compiling darling_core v0.20.3
[INFO] [stderr]    Compiling rustls-webpki v0.101.7
[INFO] [stderr]    Compiling sct v0.7.1
[INFO] [stderr]    Compiling rustls-webpki v0.102.1
[INFO] [stderr]    Compiling futures-macro v0.3.30
[INFO] [stderr]    Compiling serde_derive v1.0.194
[INFO] [stderr]    Compiling tokio-macros v2.2.0
[INFO] [stderr]    Compiling darling_macro v0.20.3
[INFO] [stderr]    Compiling tokio v1.35.1
[INFO] [stderr]    Compiling futures-util v0.3.30
[INFO] [stderr]    Compiling darling v0.20.3
[INFO] [stderr]    Compiling serde_with_macros v2.3.3
[INFO] [stderr]    Compiling futures-executor v0.3.30
[INFO] [stderr]    Compiling futures v0.3.30
[INFO] [stderr]    Compiling tokio-util v0.7.10
[INFO] [stderr]    Compiling tokio-rustls v0.24.1
[INFO] [stderr]    Compiling h2 v0.3.22
[INFO] [stderr]    Compiling deranged v0.3.11
[INFO] [stderr]    Compiling serde_json v1.0.111
[INFO] [stderr]    Compiling chrono v0.4.31
[INFO] [stderr]    Compiling serde_with v2.3.3
[INFO] [stderr]    Compiling time v0.3.31
[INFO] [stderr]    Compiling hyper v0.14.28
[INFO] [stderr]    Compiling hyper-rustls v0.24.2
[INFO] [stderr]    Compiling yup-oauth2 v8.3.2
[INFO] [stderr]    Compiling google-apis-common v6.0.0
[INFO] [stderr]    Compiling google-bigtableadmin2 v5.0.3+20230110 (/opt/rustwide/workdir)
[INFO] [stderr]     Finished dev [unoptimized + debuginfo] target(s) in 45.04s
[INFO] running `Command { std: "docker" "inspect" "cb635a64772dc8ad1741d84e46ed1789a7fff1db6f769ec9d869557010a9ce33", kill_on_drop: false }`
[INFO] running `Command { std: "docker" "rm" "-f" "cb635a64772dc8ad1741d84e46ed1789a7fff1db6f769ec9d869557010a9ce33", kill_on_drop: false }`
[INFO] [stdout] cb635a64772dc8ad1741d84e46ed1789a7fff1db6f769ec9d869557010a9ce33
[INFO] running `Command { std: "docker" "create" "-v" "/var/lib/crater-agent-workspace/builds/worker-1-tc1/target:/opt/rustwide/target:rw,Z" "-v" "/var/lib/crater-agent-workspace/builds/worker-1-tc1/source:/opt/rustwide/workdir:ro,Z" "-v" "/var/lib/crater-agent-workspace/cargo-home:/opt/rustwide/cargo-home:ro,Z" "-v" "/var/lib/crater-agent-workspace/rustup-home:/opt/rustwide/rustup-home:ro,Z" "-e" "SOURCE_DIR=/opt/rustwide/workdir" "-e" "CARGO_TARGET_DIR=/opt/rustwide/target" "-e" "CARGO_INCREMENTAL=0" "-e" "RUST_BACKTRACE=full" "-e" "RUSTFLAGS=--cap-lints=warn" "-e" "RUSTDOCFLAGS=--cap-lints=warn" "-e" "CARGO_HOME=/opt/rustwide/cargo-home" "-e" "RUSTUP_HOME=/opt/rustwide/rustup-home" "-w" "/opt/rustwide/workdir" "-m" "1610612736" "--user" "0:0" "--network" "none" "ghcr.io/rust-lang/crates-build-env/linux@sha256:2788e3201cd34a07e3172128adcd8b3090168a8e3bcc40d7c032b9dda1df7d1c" "/opt/rustwide/cargo-home/bin/cargo" "+1.75.0" "test" "--frozen" "--no-run" "--message-format=json", kill_on_drop: false }`
[INFO] [stdout] 3de4daf86f1f91fc1bc83aad97efd90cb440428850dd87b5a8e2c47edb5b7838
[INFO] running `Command { std: "docker" "start" "-a" "3de4daf86f1f91fc1bc83aad97efd90cb440428850dd87b5a8e2c47edb5b7838", kill_on_drop: false }`
[INFO] [stderr]    Compiling google-bigtableadmin2 v5.0.3+20230110 (/opt/rustwide/workdir)
[INFO] [stderr]     Finished test [unoptimized + debuginfo] target(s) in 3.73s
[INFO] running `Command { std: "docker" "inspect" "3de4daf86f1f91fc1bc83aad97efd90cb440428850dd87b5a8e2c47edb5b7838", kill_on_drop: false }`
[INFO] running `Command { std: "docker" "rm" "-f" "3de4daf86f1f91fc1bc83aad97efd90cb440428850dd87b5a8e2c47edb5b7838", kill_on_drop: false }`
[INFO] [stdout] 3de4daf86f1f91fc1bc83aad97efd90cb440428850dd87b5a8e2c47edb5b7838
[INFO] running `Command { std: "docker" "create" "-v" "/var/lib/crater-agent-workspace/builds/worker-1-tc1/target:/opt/rustwide/target:rw,Z" "-v" "/var/lib/crater-agent-workspace/builds/worker-1-tc1/source:/opt/rustwide/workdir:ro,Z" "-v" "/var/lib/crater-agent-workspace/cargo-home:/opt/rustwide/cargo-home:ro,Z" "-v" "/var/lib/crater-agent-workspace/rustup-home:/opt/rustwide/rustup-home:ro,Z" "-e" "SOURCE_DIR=/opt/rustwide/workdir" "-e" "CARGO_TARGET_DIR=/opt/rustwide/target" "-e" "CARGO_INCREMENTAL=0" "-e" "RUST_BACKTRACE=full" "-e" "RUSTFLAGS=--cap-lints=warn" "-e" "RUSTDOCFLAGS=--cap-lints=warn" "-e" "CARGO_HOME=/opt/rustwide/cargo-home" "-e" "RUSTUP_HOME=/opt/rustwide/rustup-home" "-w" "/opt/rustwide/workdir" "-m" "1610612736" "--user" "0:0" "--network" "none" "ghcr.io/rust-lang/crates-build-env/linux@sha256:2788e3201cd34a07e3172128adcd8b3090168a8e3bcc40d7c032b9dda1df7d1c" "/opt/rustwide/cargo-home/bin/cargo" "+1.75.0" "test" "--frozen", kill_on_drop: false }`
[INFO] [stdout] bee4d8b5c23e87060c1f7804151de58f3f5642f4df376c34814c2921250a9cb4
[INFO] running `Command { std: "docker" "start" "-a" "bee4d8b5c23e87060c1f7804151de58f3f5642f4df376c34814c2921250a9cb4", kill_on_drop: false }`
[INFO] [stderr]     Finished test [unoptimized + debuginfo] target(s) in 0.13s
[INFO] [stderr]      Running unittests src/lib.rs (/opt/rustwide/target/debug/deps/google_bigtableadmin2-527bf5df2be9f796)
[INFO] [stdout] 
[INFO] [stdout] running 0 tests
[INFO] [stdout] 
[INFO] [stdout] test result: ok. 0 passed; 0 failed; 0 ignored; 0 measured; 0 filtered out; finished in 0.00s
[INFO] [stdout] 
[INFO] [stderr]    Doc-tests google-bigtableadmin2
[INFO] [stdout] 
[INFO] [stdout] running 55 tests
[INFO] [stdout] test src/api.rs - api::ProjectInstanceAppProfileDeleteCall (line 4080) - compile ... ok
[INFO] [stdout] test src/api.rs - api::OperationCancelCall (line 2978) - compile ... ok
[INFO] [stdout] test src/api.rs - api::BigtableAdmin (line 90) - compile ... ok
[INFO] [stdout] test src/api.rs - api::OperationProjectOperationListCall (line 2680) - compile ... ok
[INFO] [stdout] test src/api.rs - api::OperationDeleteCall (line 3240) - compile ... ok
[INFO] [stdout] test src/api.rs - api::OperationMethods (line 1651) - compile ... ok
[INFO] [stdout] test src/api.rs - api::OperationGetCall (line 3502) - compile ... ok
[INFO] [stdout] test src/api.rs - api::ProjectInstanceAppProfileCreateCall (line 3764) - compile ... ok
[INFO] [stdout] test src/api.rs - api::ProjectInstanceClusterBackupCreateCall (line 5510) - compile ... ok
[INFO] [stdout] test src/api.rs - api::ProjectInstanceAppProfileGetCall (line 4354) - compile ... ok
[INFO] [stdout] test src/api.rs - api::ProjectInstanceAppProfileListCall (line 4616) - compile ... ok
[INFO] [stdout] test src/api.rs - api::ProjectInstanceClusterBackupCopyCall (line 5218) - compile ... ok
[INFO] [stdout] test src/api.rs - api::ProjectInstanceClusterBackupDeleteCall (line 5814) - compile ... ok
[INFO] [stdout] test src/api.rs - api::ProjectInstanceClusterBackupGetCall (line 6076) - compile ... ok
[INFO] [stdout] test src/api.rs - api::ProjectInstanceClusterBackupListCall (line 6630) - compile ... ok
[INFO] [stdout] test src/api.rs - api::ProjectInstanceClusterBackupGetIamPolicyCall (line 6338) - compile ... ok
[INFO] [stdout] test src/api.rs - api::ProjectInstanceAppProfilePatchCall (line 4902) - compile ... FAILED
[INFO] [stdout] test src/api.rs - api::ProjectInstanceClusterCreateCall (line 8138) - compile ... ok
[INFO] [stdout] test src/api.rs - api::ProjectInstanceClusterBackupPatchCall (line 6940) - compile ... FAILED
[INFO] [stdout] test src/api.rs - api::ProjectInstanceClusterBackupTestIamPermissionCall (line 7536) - compile ... ok
[INFO] [stdout] test src/api.rs - api::ProjectInstanceClusterBackupSetIamPolicyCall (line 7244) - compile ... ok
[INFO] [stdout] test src/api.rs - api::ProjectInstanceClusterDeleteCall (line 8442) - compile ... ok
[INFO] [stdout] test src/api.rs - api::ProjectInstanceClusterListCall (line 8966) - compile ... ok
[INFO] [stdout] test src/api.rs - api::ProjectInstanceClusterHotTabletListCall (line 7828) - compile ... ok
[INFO] [stdout] test src/api.rs - api::ProjectInstanceClusterGetCall (line 8704) - compile ... ok
[INFO] [stdout] test src/api.rs - api::ProjectInstanceCreateCall (line 13894) - compile ... ok
[INFO] [stdout] test src/api.rs - api::ProjectInstanceClusterUpdateCall (line 9544) - compile ... ok
[INFO] [stdout] test src/api.rs - api::ProjectInstanceDeleteCall (line 14186) - compile ... ok
[INFO] [stdout] test src/api.rs - api::ProjectInstanceClusterPartialUpdateClusterCall (line 9240) - compile ... FAILED
[INFO] [stdout] test src/api.rs - api::ProjectInstanceGetCall (line 14448) - compile ... ok
[INFO] [stdout] test src/api.rs - api::ProjectInstanceSetIamPolicyCall (line 15580) - compile ... ok
[INFO] [stdout] test src/api.rs - api::ProjectInstanceListCall (line 15002) - compile ... ok
[INFO] [stdout] test src/api.rs - api::ProjectInstanceGetIamPolicyCall (line 14710) - compile ... ok
[INFO] [stdout] test src/api.rs - api::ProjectInstancePartialUpdateInstanceCall (line 15276) - compile ... FAILED
[INFO] [stdout] test src/api.rs - api::ProjectInstanceTableCheckConsistencyCall (line 9836) - compile ... ok
[INFO] [stdout] test src/api.rs - api::ProjectInstanceTableCreateCall (line 10128) - compile ... ok
[INFO] [stdout] test src/api.rs - api::ProjectInstanceTableDeleteCall (line 10420) - compile ... ok
[INFO] [stdout] test src/api.rs - api::ProjectInstanceTableDropRowRangeCall (line 10682) - compile ... ok
[INFO] [stdout] test src/api.rs - api::ProjectInstanceTableGetCall (line 11266) - compile ... ok
[INFO] [stdout] test src/api.rs - api::ProjectInstanceTableGenerateConsistencyTokenCall (line 10974) - compile ... ok
[INFO] [stdout] test src/api.rs - api::ProjectInstanceTableGetIamPolicyCall (line 11540) - compile ... ok
[INFO] [stdout] test src/api.rs - api::ProjectInstanceTableListCall (line 11832) - compile ... ok
[INFO] [stdout] test src/api.rs - api::ProjectInstanceTableRestoreCall (line 12726) - compile ... ok
[INFO] [stdout] test src/api.rs - api::ProjectInstanceTableTestIamPermissionCall (line 13310) - compile ... ok
[INFO] [stdout] test src/api.rs - api::ProjectInstanceTableSetIamPolicyCall (line 13018) - compile ... ok
[INFO] [stdout] test src/api.rs - api::ProjectInstanceTableModifyColumnFamilyCall (line 12130) - compile ... ok
[INFO] [stdout] test src/lib.rs - (line 51) ... ignored
[INFO] [stdout] test src/api.rs - api::ProjectInstanceTablePatchCall (line 12422) - compile ... FAILED
[INFO] [stdout] test src/api.rs - api::ProjectInstanceTableUndeleteCall (line 13602) - compile ... ok
[INFO] [stdout] test src/api.rs - api::ProjectInstanceUpdateCall (line 16164) - compile ... ok
[INFO] [stdout] test src/api.rs - api::ProjectLocationGetCall (line 16456) - compile ... ok
[INFO] [stdout] test src/api.rs - api::ProjectInstanceTestIamPermissionCall (line 15872) - compile ... ok
[INFO] [stdout] test src/lib.rs - (line 89) - compile ... ok
[INFO] [stdout] test src/api.rs - api::ProjectLocationListCall (line 16718) - compile ... ok
[INFO] [stdout] test src/api.rs - api::ProjectMethods (line 1763) - compile ... ok
[INFO] [stdout] 
[INFO] [stdout] failures:
[INFO] [stdout] 
[INFO] [stdout] ---- src/api.rs - api::ProjectInstanceAppProfilePatchCall (line 4902) stdout ----
[INFO] [stdout] error[E0308]: mismatched types
[INFO] [stdout]     --> src/api.rs:4926:27
[INFO] [stdout]      |
[INFO] [stdout] 25   |              .update_mask(&Default::default())
[INFO] [stdout]      |               ----------- ^^^^^^^^^^^^^^^^^^^ expected `FieldMask`, found `&_`
[INFO] [stdout]      |               |
[INFO] [stdout]      |               arguments to this method are incorrect
[INFO] [stdout]      |
[INFO] [stdout]      = note: expected struct `FieldMask`
[INFO] [stdout]              found reference `&_`
[INFO] [stdout] note: method defined here
[INFO] [stdout]     --> /opt/rustwide/workdir/src/api.rs:5122:12
[INFO] [stdout]      |
[INFO] [stdout] 5122 |     pub fn update_mask(mut self, new_value: client::FieldMask) -> ProjectInstanceAppProfilePatchCall<'a, S> {
[INFO] [stdout]      |            ^^^^^^^^^^^
[INFO] [stdout] help: consider removing the borrow
[INFO] [stdout]      |
[INFO] [stdout] 25   -              .update_mask(&Default::default())
[INFO] [stdout] 25   +              .update_mask(Default::default())
[INFO] [stdout]      |
[INFO] [stdout] 
[INFO] [stdout] error: aborting due to previous error
[INFO] [stdout] 
[INFO] [stdout] For more information about this error, try `rustc --explain E0308`.
[INFO] [stdout] Couldn't compile the test.
[INFO] [stdout] ---- src/api.rs - api::ProjectInstanceClusterBackupPatchCall (line 6940) stdout ----
[INFO] [stdout] error[E0308]: mismatched types
[INFO] [stdout]     --> src/api.rs:6964:27
[INFO] [stdout]      |
[INFO] [stdout] 25   |              .update_mask(&Default::default())
[INFO] [stdout]      |               ----------- ^^^^^^^^^^^^^^^^^^^ expected `FieldMask`, found `&_`
[INFO] [stdout]      |               |
[INFO] [stdout]      |               arguments to this method are incorrect
[INFO] [stdout]      |
[INFO] [stdout]      = note: expected struct `FieldMask`
[INFO] [stdout]              found reference `&_`
[INFO] [stdout] note: method defined here
[INFO] [stdout]     --> /opt/rustwide/workdir/src/api.rs:7155:12
[INFO] [stdout]      |
[INFO] [stdout] 7155 |     pub fn update_mask(mut self, new_value: client::FieldMask) -> ProjectInstanceClusterBackupPatchCall<'a, S> {
[INFO] [stdout]      |            ^^^^^^^^^^^
[INFO] [stdout] help: consider removing the borrow
[INFO] [stdout]      |
[INFO] [stdout] 25   -              .update_mask(&Default::default())
[INFO] [stdout] 25   +              .update_mask(Default::default())
[INFO] [stdout]      |
[INFO] [stdout] 
[INFO] [stdout] error: aborting due to previous error
[INFO] [stdout] 
[INFO] [stdout] For more information about this error, try `rustc --explain E0308`.
[INFO] [stdout] Couldn't compile the test.
[INFO] [stdout] ---- src/api.rs - api::ProjectInstanceClusterPartialUpdateClusterCall (line 9240) stdout ----
[INFO] [stdout] error[E0308]: mismatched types
[INFO] [stdout]     --> src/api.rs:9264:27
[INFO] [stdout]      |
[INFO] [stdout] 25   |              .update_mask(&Default::default())
[INFO] [stdout]      |               ----------- ^^^^^^^^^^^^^^^^^^^ expected `FieldMask`, found `&_`
[INFO] [stdout]      |               |
[INFO] [stdout]      |               arguments to this method are incorrect
[INFO] [stdout]      |
[INFO] [stdout]      = note: expected struct `FieldMask`
[INFO] [stdout]              found reference `&_`
[INFO] [stdout] note: method defined here
[INFO] [stdout]     --> /opt/rustwide/workdir/src/api.rs:9455:12
[INFO] [stdout]      |
[INFO] [stdout] 9455 |     pub fn update_mask(mut self, new_value: client::FieldMask) -> ProjectInstanceClusterPartialUpdateClusterCall<'a, S> {
[INFO] [stdout]      |            ^^^^^^^^^^^
[INFO] [stdout] help: consider removing the borrow
[INFO] [stdout]      |
[INFO] [stdout] 25   -              .update_mask(&Default::default())
[INFO] [stdout] 25   +              .update_mask(Default::default())
[INFO] [stdout]      |
[INFO] [stdout] 
[INFO] [stdout] error: aborting due to previous error
[INFO] [stdout] 
[INFO] [stdout] For more information about this error, try `rustc --explain E0308`.
[INFO] [stdout] Couldn't compile the test.
[INFO] [stdout] ---- src/api.rs - api::ProjectInstancePartialUpdateInstanceCall (line 15276) stdout ----
[INFO] [stdout] error[E0308]: mismatched types
[INFO] [stdout]      --> src/api.rs:15300:27
[INFO] [stdout]       |
[INFO] [stdout] 25    |              .update_mask(&Default::default())
[INFO] [stdout]       |               ----------- ^^^^^^^^^^^^^^^^^^^ expected `FieldMask`, found `&_`
[INFO] [stdout]       |               |
[INFO] [stdout]       |               arguments to this method are incorrect
[INFO] [stdout]       |
[INFO] [stdout]       = note: expected struct `FieldMask`
[INFO] [stdout]               found reference `&_`
[INFO] [stdout] note: method defined here
[INFO] [stdout]      --> /opt/rustwide/workdir/src/api.rs:15491:12
[INFO] [stdout]       |
[INFO] [stdout] 15491 |     pub fn update_mask(mut self, new_value: client::FieldMask) -> ProjectInstancePartialUpdateInstanceCall<'a, S> {
[INFO] [stdout]       |            ^^^^^^^^^^^
[INFO] [stdout] help: consider removing the borrow
[INFO] [stdout]       |
[INFO] [stdout] 25    -              .update_mask(&Default::default())
[INFO] [stdout] 25    +              .update_mask(Default::default())
[INFO] [stdout]       |
[INFO] [stdout] 
[INFO] [stdout] error: aborting due to previous error
[INFO] [stdout] 
[INFO] [stdout] For more information about this error, try `rustc --explain E0308`.
[INFO] [stdout] Couldn't compile the test.
[INFO] [stdout] ---- src/api.rs - api::ProjectInstanceTablePatchCall (line 12422) stdout ----
[INFO] [stdout] error[E0308]: mismatched types
[INFO] [stdout]      --> src/api.rs:12446:27
[INFO] [stdout]       |
[INFO] [stdout] 25    |              .update_mask(&Default::default())
[INFO] [stdout]       |               ----------- ^^^^^^^^^^^^^^^^^^^ expected `FieldMask`, found `&_`
[INFO] [stdout]       |               |
[INFO] [stdout]       |               arguments to this method are incorrect
[INFO] [stdout]       |
[INFO] [stdout]       = note: expected struct `FieldMask`
[INFO] [stdout]               found reference `&_`
[INFO] [stdout] note: method defined here
[INFO] [stdout]      --> /opt/rustwide/workdir/src/api.rs:12637:12
[INFO] [stdout]       |
[INFO] [stdout] 12637 |     pub fn update_mask(mut self, new_value: client::FieldMask) -> ProjectInstanceTablePatchCall<'a, S> {
[INFO] [stdout]       |            ^^^^^^^^^^^
[INFO] [stdout] help: consider removing the borrow
[INFO] [stdout]       |
[INFO] [stdout] 25    -              .update_mask(&Default::default())
[INFO] [stdout] 25    +              .update_mask(Default::default())
[INFO] [stdout]       |
[INFO] [stdout] 
[INFO] [stdout] error: aborting due to previous error
[INFO] [stdout] 
[INFO] [stdout] For more information about this error, try `rustc --explain E0308`.
[INFO] [stdout] Couldn't compile the test.
[INFO] [stdout] 
[INFO] [stdout] failures:
[INFO] [stdout]     src/api.rs - api::ProjectInstanceAppProfilePatchCall (line 4902)
[INFO] [stdout]     src/api.rs - api::ProjectInstanceClusterBackupPatchCall (line 6940)
[INFO] [stdout]     src/api.rs - api::ProjectInstanceClusterPartialUpdateClusterCall (line 9240)
[INFO] [stdout]     src/api.rs - api::ProjectInstancePartialUpdateInstanceCall (line 15276)
[INFO] [stdout]     src/api.rs - api::ProjectInstanceTablePatchCall (line 12422)
[INFO] [stdout] 
[INFO] [stdout] test result: FAILED. 49 passed; 5 failed; 1 ignored; 0 measured; 0 filtered out; finished in 2.32s
[INFO] [stdout] 
[INFO] [stderr] error: doctest failed, to rerun pass `--doc`
[INFO] running `Command { std: "docker" "inspect" "bee4d8b5c23e87060c1f7804151de58f3f5642f4df376c34814c2921250a9cb4", kill_on_drop: false }`
[INFO] running `Command { std: "docker" "rm" "-f" "bee4d8b5c23e87060c1f7804151de58f3f5642f4df376c34814c2921250a9cb4", kill_on_drop: false }`
[INFO] [stdout] bee4d8b5c23e87060c1f7804151de58f3f5642f4df376c34814c2921250a9cb4
[INFO] testing google-bigtableadmin2-5.0.3+20230110 against beta-2023-12-22 for beta-1.76-1
[INFO] extracting crate google-bigtableadmin2 5.0.3+20230110 into /workspace/builds/worker-1-tc2/source
[INFO] validating manifest of crates.io crate google-bigtableadmin2 5.0.3+20230110 on toolchain beta-2023-12-22
[INFO] running `Command { std: CARGO_HOME="/workspace/cargo-home" RUSTUP_HOME="/workspace/rustup-home" "/workspace/cargo-home/bin/cargo" "+beta-2023-12-22" "metadata" "--manifest-path" "Cargo.toml" "--no-deps", kill_on_drop: false }`
[INFO] started tweaking crates.io crate google-bigtableadmin2 5.0.3+20230110
[INFO] finished tweaking crates.io crate google-bigtableadmin2 5.0.3+20230110
[INFO] tweaked toml for crates.io crate google-bigtableadmin2 5.0.3+20230110 written to /workspace/builds/worker-1-tc2/source/Cargo.toml
[INFO] running `Command { std: CARGO_HOME="/workspace/cargo-home" RUSTUP_HOME="/workspace/rustup-home" "/workspace/cargo-home/bin/cargo" "+beta-2023-12-22" "generate-lockfile" "--manifest-path" "Cargo.toml", kill_on_drop: false }`
[INFO] [stderr]     Updating crates.io index
[INFO] running `Command { std: CARGO_HOME="/workspace/cargo-home" RUSTUP_HOME="/workspace/rustup-home" "/workspace/cargo-home/bin/cargo" "+beta-2023-12-22" "fetch" "--manifest-path" "Cargo.toml", kill_on_drop: false }`
[INFO] running `Command { std: "docker" "create" "-v" "/var/lib/crater-agent-workspace/builds/worker-1-tc2/target:/opt/rustwide/target:rw,Z" "-v" "/var/lib/crater-agent-workspace/builds/worker-1-tc2/source:/opt/rustwide/workdir:ro,Z" "-v" "/var/lib/crater-agent-workspace/cargo-home:/opt/rustwide/cargo-home:ro,Z" "-v" "/var/lib/crater-agent-workspace/rustup-home:/opt/rustwide/rustup-home:ro,Z" "-e" "SOURCE_DIR=/opt/rustwide/workdir" "-e" "CARGO_TARGET_DIR=/opt/rustwide/target" "-e" "CARGO_HOME=/opt/rustwide/cargo-home" "-e" "RUSTUP_HOME=/opt/rustwide/rustup-home" "-w" "/opt/rustwide/workdir" "-m" "1610612736" "--user" "0:0" "--network" "none" "ghcr.io/rust-lang/crates-build-env/linux@sha256:2788e3201cd34a07e3172128adcd8b3090168a8e3bcc40d7c032b9dda1df7d1c" "/opt/rustwide/cargo-home/bin/cargo" "+beta-2023-12-22" "metadata" "--no-deps" "--format-version=1", kill_on_drop: false }`
[INFO] [stdout] b29e0d4b10804a377db91f87c73ae0445116686cf5d569d1fdd1e89409e03022
[INFO] running `Command { std: "docker" "start" "-a" "b29e0d4b10804a377db91f87c73ae0445116686cf5d569d1fdd1e89409e03022", kill_on_drop: false }`
[INFO] running `Command { std: "docker" "inspect" "b29e0d4b10804a377db91f87c73ae0445116686cf5d569d1fdd1e89409e03022", kill_on_drop: false }`
[INFO] running `Command { std: "docker" "rm" "-f" "b29e0d4b10804a377db91f87c73ae0445116686cf5d569d1fdd1e89409e03022", kill_on_drop: false }`
[INFO] [stdout] b29e0d4b10804a377db91f87c73ae0445116686cf5d569d1fdd1e89409e03022
[INFO] running `Command { std: "docker" "create" "-v" "/var/lib/crater-agent-workspace/builds/worker-1-tc2/target:/opt/rustwide/target:rw,Z" "-v" "/var/lib/crater-agent-workspace/builds/worker-1-tc2/source:/opt/rustwide/workdir:ro,Z" "-v" "/var/lib/crater-agent-workspace/cargo-home:/opt/rustwide/cargo-home:ro,Z" "-v" "/var/lib/crater-agent-workspace/rustup-home:/opt/rustwide/rustup-home:ro,Z" "-e" "SOURCE_DIR=/opt/rustwide/workdir" "-e" "CARGO_TARGET_DIR=/opt/rustwide/target" "-e" "CARGO_INCREMENTAL=0" "-e" "RUST_BACKTRACE=full" "-e" "RUSTFLAGS=--cap-lints=warn" "-e" "RUSTDOCFLAGS=--cap-lints=warn" "-e" "CARGO_HOME=/opt/rustwide/cargo-home" "-e" "RUSTUP_HOME=/opt/rustwide/rustup-home" "-w" "/opt/rustwide/workdir" "-m" "1610612736" "--user" "0:0" "--network" "none" "ghcr.io/rust-lang/crates-build-env/linux@sha256:2788e3201cd34a07e3172128adcd8b3090168a8e3bcc40d7c032b9dda1df7d1c" "/opt/rustwide/cargo-home/bin/cargo" "+beta-2023-12-22" "build" "--frozen" "--message-format=json", kill_on_drop: false }`
[INFO] [stdout] 595dd64d2096681353a67875e56c64036c000b4a3d62014063e4e12c53badcd2
[INFO] running `Command { std: "docker" "start" "-a" "595dd64d2096681353a67875e56c64036c000b4a3d62014063e4e12c53badcd2", kill_on_drop: false }`
[INFO] [stderr]    Compiling untrusted v0.9.0
[INFO] [stderr]    Compiling spin v0.9.8
[INFO] [stderr]    Compiling serde v1.0.194
[INFO] [stderr]    Compiling futures-channel v0.3.30
[INFO] [stderr]    Compiling syn v2.0.48
[INFO] [stderr]    Compiling ring v0.17.7
[INFO] [stderr]    Compiling futures-io v0.3.30
[INFO] [stderr]    Compiling memchr v2.7.1
[INFO] [stderr]    Compiling tracing-core v0.1.32
[INFO] [stderr]    Compiling unicode-normalization v0.1.22
[INFO] [stderr]    Compiling strsim v0.10.0
[INFO] [stderr]    Compiling unicode-bidi v0.3.14
[INFO] [stderr]    Compiling rustls v0.21.10
[INFO] [stderr]    Compiling tracing v0.1.40
[INFO] [stderr]    Compiling ident_case v1.0.1
[INFO] [stderr]    Compiling rustls-pemfile v1.0.4
[INFO] [stderr]    Compiling num-traits v0.2.17
[INFO] [stderr]    Compiling rustls v0.22.1
[INFO] [stderr]    Compiling rustls-pki-types v1.1.0
[INFO] [stderr]    Compiling async-trait v0.1.77
[INFO] [stderr]    Compiling either v1.9.0
[INFO] [stderr]    Compiling powerfmt v0.2.0
[INFO] [stderr]    Compiling rustls-native-certs v0.6.3
[INFO] [stderr]    Compiling idna v0.5.0
[INFO] [stderr]    Compiling subtle v2.5.0
[INFO] [stderr]    Compiling zeroize v1.7.0
[INFO] [stderr]    Compiling matches v0.1.10
[INFO] [stderr]    Compiling num_threads v0.1.6
[INFO] [stderr]    Compiling time-core v0.1.2
[INFO] [stderr]    Compiling idna v0.1.5
[INFO] [stderr]    Compiling itertools v0.12.0
[INFO] [stderr]    Compiling percent-encoding v1.0.1
[INFO] [stderr]    Compiling seahash v4.1.0
[INFO] [stderr]    Compiling url v2.5.0
[INFO] [stderr]    Compiling iana-time-zone v0.1.59
[INFO] [stderr]    Compiling url v1.7.2
[INFO] [stderr]    Compiling itertools v0.10.5
[INFO] [stderr]    Compiling base64 v0.13.1
[INFO] [stderr]    Compiling darling_core v0.20.3
[INFO] [stderr]    Compiling sct v0.7.1
[INFO] [stderr]    Compiling rustls-webpki v0.101.7
[INFO] [stderr]    Compiling rustls-webpki v0.102.1
[INFO] [stderr]    Compiling tokio-macros v2.2.0
[INFO] [stderr]    Compiling futures-macro v0.3.30
[INFO] [stderr]    Compiling serde_derive v1.0.194
[INFO] [stderr]    Compiling tokio v1.35.1
[INFO] [stderr]    Compiling futures-util v0.3.30
[INFO] [stderr]    Compiling darling_macro v0.20.3
[INFO] [stderr]    Compiling darling v0.20.3
[INFO] [stderr]    Compiling serde_with_macros v2.3.3
[INFO] [stderr]    Compiling futures-executor v0.3.30
[INFO] [stderr]    Compiling futures v0.3.30
[INFO] [stderr]    Compiling tokio-util v0.7.10
[INFO] [stderr]    Compiling tokio-rustls v0.24.1
[INFO] [stderr]    Compiling h2 v0.3.22
[INFO] [stderr]    Compiling deranged v0.3.11
[INFO] [stderr]    Compiling serde_json v1.0.111
[INFO] [stderr]    Compiling serde_with v2.3.3
[INFO] [stderr]    Compiling chrono v0.4.31
[INFO] [stderr]    Compiling time v0.3.31
[INFO] [stderr]    Compiling hyper v0.14.28
[INFO] [stderr]    Compiling hyper-rustls v0.24.2
[INFO] [stderr]    Compiling yup-oauth2 v8.3.2
[INFO] [stderr]    Compiling google-apis-common v6.0.0
[INFO] [stderr]    Compiling google-bigtableadmin2 v5.0.3+20230110 (/opt/rustwide/workdir)
[INFO] [stderr]     Finished dev [unoptimized + debuginfo] target(s) in 33.59s
[INFO] running `Command { std: "docker" "inspect" "595dd64d2096681353a67875e56c64036c000b4a3d62014063e4e12c53badcd2", kill_on_drop: false }`
[INFO] running `Command { std: "docker" "rm" "-f" "595dd64d2096681353a67875e56c64036c000b4a3d62014063e4e12c53badcd2", kill_on_drop: false }`
[INFO] [stdout] 595dd64d2096681353a67875e56c64036c000b4a3d62014063e4e12c53badcd2
[INFO] running `Command { std: "docker" "create" "-v" "/var/lib/crater-agent-workspace/builds/worker-1-tc2/target:/opt/rustwide/target:rw,Z" "-v" "/var/lib/crater-agent-workspace/builds/worker-1-tc2/source:/opt/rustwide/workdir:ro,Z" "-v" "/var/lib/crater-agent-workspace/cargo-home:/opt/rustwide/cargo-home:ro,Z" "-v" "/var/lib/crater-agent-workspace/rustup-home:/opt/rustwide/rustup-home:ro,Z" "-e" "SOURCE_DIR=/opt/rustwide/workdir" "-e" "CARGO_TARGET_DIR=/opt/rustwide/target" "-e" "CARGO_INCREMENTAL=0" "-e" "RUST_BACKTRACE=full" "-e" "RUSTFLAGS=--cap-lints=warn" "-e" "RUSTDOCFLAGS=--cap-lints=warn" "-e" "CARGO_HOME=/opt/rustwide/cargo-home" "-e" "RUSTUP_HOME=/opt/rustwide/rustup-home" "-w" "/opt/rustwide/workdir" "-m" "1610612736" "--user" "0:0" "--network" "none" "ghcr.io/rust-lang/crates-build-env/linux@sha256:2788e3201cd34a07e3172128adcd8b3090168a8e3bcc40d7c032b9dda1df7d1c" "/opt/rustwide/cargo-home/bin/cargo" "+beta-2023-12-22" "test" "--frozen" "--no-run" "--message-format=json", kill_on_drop: false }`
[INFO] [stdout] e36aba356d548bb24ef6925a7b7d4583356c347c493ef11d8b3d68f0a4a7c6b7
[INFO] running `Command { std: "docker" "start" "-a" "e36aba356d548bb24ef6925a7b7d4583356c347c493ef11d8b3d68f0a4a7c6b7", kill_on_drop: false }`
[INFO] [stderr]    Compiling google-bigtableadmin2 v5.0.3+20230110 (/opt/rustwide/workdir)
[INFO] [stderr]     Finished test [unoptimized + debuginfo] target(s) in 3.83s
[INFO] running `Command { std: "docker" "inspect" "e36aba356d548bb24ef6925a7b7d4583356c347c493ef11d8b3d68f0a4a7c6b7", kill_on_drop: false }`
[INFO] running `Command { std: "docker" "rm" "-f" "e36aba356d548bb24ef6925a7b7d4583356c347c493ef11d8b3d68f0a4a7c6b7", kill_on_drop: false }`
[INFO] [stdout] e36aba356d548bb24ef6925a7b7d4583356c347c493ef11d8b3d68f0a4a7c6b7
[INFO] running `Command { std: "docker" "create" "-v" "/var/lib/crater-agent-workspace/builds/worker-1-tc2/target:/opt/rustwide/target:rw,Z" "-v" "/var/lib/crater-agent-workspace/builds/worker-1-tc2/source:/opt/rustwide/workdir:ro,Z" "-v" "/var/lib/crater-agent-workspace/cargo-home:/opt/rustwide/cargo-home:ro,Z" "-v" "/var/lib/crater-agent-workspace/rustup-home:/opt/rustwide/rustup-home:ro,Z" "-e" "SOURCE_DIR=/opt/rustwide/workdir" "-e" "CARGO_TARGET_DIR=/opt/rustwide/target" "-e" "CARGO_INCREMENTAL=0" "-e" "RUST_BACKTRACE=full" "-e" "RUSTFLAGS=--cap-lints=warn" "-e" "RUSTDOCFLAGS=--cap-lints=warn" "-e" "CARGO_HOME=/opt/rustwide/cargo-home" "-e" "RUSTUP_HOME=/opt/rustwide/rustup-home" "-w" "/opt/rustwide/workdir" "-m" "1610612736" "--user" "0:0" "--network" "none" "ghcr.io/rust-lang/crates-build-env/linux@sha256:2788e3201cd34a07e3172128adcd8b3090168a8e3bcc40d7c032b9dda1df7d1c" "/opt/rustwide/cargo-home/bin/cargo" "+beta-2023-12-22" "test" "--frozen", kill_on_drop: false }`
[INFO] [stdout] 7e775e4923366c70ff38467dce6aa19dfbedf7c4f1cf24f5a7e861bd901e79a0
[INFO] running `Command { std: "docker" "start" "-a" "7e775e4923366c70ff38467dce6aa19dfbedf7c4f1cf24f5a7e861bd901e79a0", kill_on_drop: false }`
[INFO] [stderr]     Finished test [unoptimized + debuginfo] target(s) in 0.13s
[INFO] [stderr]      Running unittests src/lib.rs (/opt/rustwide/target/debug/deps/google_bigtableadmin2-4517300644fdf26d)
[INFO] [stdout] 
[INFO] [stdout] running 0 tests
[INFO] [stdout] 
[INFO] [stdout] test result: ok. 0 passed; 0 failed; 0 ignored; 0 measured; 0 filtered out; finished in 0.00s
[INFO] [stdout] 
[INFO] [stderr]    Doc-tests google-bigtableadmin2
[INFO] [stdout] 
[INFO] [stdout] running 55 tests
[INFO] [stdout] test src/api.rs - api::BigtableAdmin (line 90) - compile ... ok
[INFO] [stdout] test src/api.rs - api::ProjectInstanceAppProfileCreateCall (line 3764) - compile ... ok
[INFO] [stdout] test src/api.rs - api::OperationDeleteCall (line 3240) - compile ... ok
[INFO] [stdout] test src/api.rs - api::OperationCancelCall (line 2978) - compile ... ok
[INFO] [stdout] test src/api.rs - api::OperationMethods (line 1651) - compile ... ok
[INFO] [stdout] test src/api.rs - api::ProjectInstanceAppProfileDeleteCall (line 4080) - compile ... ok
[INFO] [stdout] test src/api.rs - api::OperationGetCall (line 3502) - compile ... ok
[INFO] [stdout] test src/api.rs - api::ProjectInstanceAppProfileGetCall (line 4354) - compile ... ok
[INFO] [stdout] test src/api.rs - api::OperationProjectOperationListCall (line 2680) - compile ... ok
[INFO] [stdout] test src/api.rs - api::ProjectInstanceClusterBackupCreateCall (line 5510) - compile ... ok
[INFO] [stdout] test src/api.rs - api::ProjectInstanceAppProfileListCall (line 4616) - compile ... ok
[INFO] [stdout] test src/api.rs - api::ProjectInstanceClusterBackupCopyCall (line 5218) - compile ... ok
[INFO] [stdout] test src/api.rs - api::ProjectInstanceClusterBackupDeleteCall (line 5814) - compile ... ok
[INFO] [stdout] test src/api.rs - api::ProjectInstanceClusterBackupListCall (line 6630) - compile ... ok
[INFO] [stdout] test src/api.rs - api::ProjectInstanceClusterBackupGetCall (line 6076) - compile ... ok
[INFO] [stdout] test src/api.rs - api::ProjectInstanceClusterBackupGetIamPolicyCall (line 6338) - compile ... ok
[INFO] [stdout] test src/api.rs - api::ProjectInstanceClusterHotTabletListCall (line 7828) - compile ... ok
[INFO] [stdout] test src/api.rs - api::ProjectInstanceClusterDeleteCall (line 8442) - compile ... ok
[INFO] [stdout] test src/api.rs - api::ProjectInstanceClusterBackupTestIamPermissionCall (line 7536) - compile ... ok
[INFO] [stdout] test src/api.rs - api::ProjectInstanceAppProfilePatchCall (line 4902) - compile ... FAILED
[INFO] [stdout] test src/api.rs - api::ProjectInstanceClusterGetCall (line 8704) - compile ... ok
[INFO] [stdout] test src/api.rs - api::ProjectInstanceClusterBackupSetIamPolicyCall (line 7244) - compile ... ok
[INFO] [stdout] test src/api.rs - api::ProjectInstanceClusterCreateCall (line 8138) - compile ... ok
[INFO] [stdout] test src/api.rs - api::ProjectInstanceCreateCall (line 13894) - compile ... ok
[INFO] [stdout] test src/api.rs - api::ProjectInstanceClusterUpdateCall (line 9544) - compile ... ok
[INFO] [stdout] test src/api.rs - api::ProjectInstanceClusterPartialUpdateClusterCall (line 9240) - compile ... FAILED
[INFO] [stdout] test src/api.rs - api::ProjectInstanceClusterBackupPatchCall (line 6940) - compile ... FAILED
[INFO] [stdout] test src/api.rs - api::ProjectInstanceClusterListCall (line 8966) - compile ... ok
[INFO] [stdout] test src/api.rs - api::ProjectInstanceDeleteCall (line 14186) - compile ... ok
[INFO] [stdout] test src/api.rs - api::ProjectInstanceGetIamPolicyCall (line 14710) - compile ... ok
[INFO] [stdout] test src/api.rs - api::ProjectInstanceGetCall (line 14448) - compile ... ok
[INFO] [stdout] test src/api.rs - api::ProjectInstanceTableCheckConsistencyCall (line 9836) - compile ... ok
[INFO] [stdout] test src/api.rs - api::ProjectInstanceListCall (line 15002) - compile ... ok
[INFO] [stdout] test src/api.rs - api::ProjectInstanceSetIamPolicyCall (line 15580) - compile ... ok
[INFO] [stdout] test src/api.rs - api::ProjectInstanceTableCreateCall (line 10128) - compile ... ok
[INFO] [stdout] test src/api.rs - api::ProjectInstanceTableGenerateConsistencyTokenCall (line 10974) - compile ... ok
[INFO] [stdout] test src/api.rs - api::ProjectInstanceTableDropRowRangeCall (line 10682) - compile ... ok
[INFO] [stdout] test src/api.rs - api::ProjectInstancePartialUpdateInstanceCall (line 15276) - compile ... FAILED
[INFO] [stdout] test src/api.rs - api::ProjectInstanceTableGetCall (line 11266) - compile ... ok
[INFO] [stdout] test src/api.rs - api::ProjectInstanceTableModifyColumnFamilyCall (line 12130) - compile ... ok
[INFO] [stdout] test src/api.rs - api::ProjectInstanceTableListCall (line 11832) - compile ... ok
[INFO] [stdout] test src/api.rs - api::ProjectInstanceTableDeleteCall (line 10420) - compile ... ok
[INFO] [stdout] test src/api.rs - api::ProjectInstanceTableGetIamPolicyCall (line 11540) - compile ... ok
[INFO] [stdout] test src/api.rs - api::ProjectInstanceTestIamPermissionCall (line 15872) - compile ... ok
[INFO] [stdout] test src/api.rs - api::ProjectInstanceTableSetIamPolicyCall (line 13018) - compile ... ok
[INFO] [stdout] test src/api.rs - api::ProjectInstanceTableTestIamPermissionCall (line 13310) - compile ... ok
[INFO] [stdout] test src/lib.rs - (line 51) ... ignored
[INFO] [stdout] test src/api.rs - api::ProjectInstanceTableRestoreCall (line 12726) - compile ... ok
[INFO] [stdout] test src/api.rs - api::ProjectInstanceTablePatchCall (line 12422) - compile ... FAILED
[INFO] [stdout] test src/api.rs - api::ProjectInstanceUpdateCall (line 16164) - compile ... ok
[INFO] [stdout] test src/api.rs - api::ProjectInstanceTableUndeleteCall (line 13602) - compile ... ok
[INFO] [stdout] test src/api.rs - api::ProjectLocationListCall (line 16718) - compile ... ok
[INFO] [stdout] test src/api.rs - api::ProjectMethods (line 1763) - compile ... ok
[INFO] [stdout] test src/api.rs - api::ProjectLocationGetCall (line 16456) - compile ... ok
[INFO] [stdout] test src/lib.rs - (line 89) - compile ... ok
[INFO] [stdout] 
[INFO] [stdout] failures:
[INFO] [stdout] 
[INFO] [stdout] ---- src/api.rs - api::ProjectInstanceAppProfilePatchCall (line 4902) stdout ----
[INFO] [stdout] error[E0308]: mismatched types
[INFO] [stdout]     --> src/api.rs:4926:27
[INFO] [stdout]      |
[INFO] [stdout] 25   |              .update_mask(&Default::default())
[INFO] [stdout]      |               ----------- ^^^^^^^^^^^^^^^^^^^ expected `FieldMask`, found `&_`
[INFO] [stdout]      |               |
[INFO] [stdout]      |               arguments to this method are incorrect
[INFO] [stdout]      |
[INFO] [stdout]      = note: expected struct `FieldMask`
[INFO] [stdout]              found reference `&_`
[INFO] [stdout] note: method defined here
[INFO] [stdout]     --> /opt/rustwide/workdir/src/api.rs:5122:12
[INFO] [stdout]      |
[INFO] [stdout] 5122 |     pub fn update_mask(mut self, new_value: client::FieldMask) -> ProjectInstanceAppProfilePatchCall<'a, S> {
[INFO] [stdout]      |            ^^^^^^^^^^^
[INFO] [stdout] help: consider removing the borrow
[INFO] [stdout]      |
[INFO] [stdout] 25   -              .update_mask(&Default::default())
[INFO] [stdout] 25   +              .update_mask(Default::default())
[INFO] [stdout]      |
[INFO] [stdout] 
[INFO] [stdout] error: aborting due to 1 previous error
[INFO] [stdout] 
[INFO] [stdout] For more information about this error, try `rustc --explain E0308`.
[INFO] [stdout] Couldn't compile the test.
[INFO] [stdout] ---- src/api.rs - api::ProjectInstanceClusterPartialUpdateClusterCall (line 9240) stdout ----
[INFO] [stdout] error[E0308]: mismatched types
[INFO] [stdout]     --> src/api.rs:9264:27
[INFO] [stdout]      |
[INFO] [stdout] 25   |              .update_mask(&Default::default())
[INFO] [stdout]      |               ----------- ^^^^^^^^^^^^^^^^^^^ expected `FieldMask`, found `&_`
[INFO] [stdout]      |               |
[INFO] [stdout]      |               arguments to this method are incorrect
[INFO] [stdout]      |
[INFO] [stdout]      = note: expected struct `FieldMask`
[INFO] [stdout]              found reference `&_`
[INFO] [stdout] note: method defined here
[INFO] [stdout]     --> /opt/rustwide/workdir/src/api.rs:9455:12
[INFO] [stdout]      |
[INFO] [stdout] 9455 |     pub fn update_mask(mut self, new_value: client::FieldMask) -> ProjectInstanceClusterPartialUpdateClusterCall<'a, S> {
[INFO] [stdout]      |            ^^^^^^^^^^^
[INFO] [stdout] help: consider removing the borrow
[INFO] [stdout]      |
[INFO] [stdout] 25   -              .update_mask(&Default::default())
[INFO] [stdout] 25   +              .update_mask(Default::default())
[INFO] [stdout]      |
[INFO] [stdout] 
[INFO] [stdout] error: aborting due to 1 previous error
[INFO] [stdout] 
[INFO] [stdout] For more information about this error, try `rustc --explain E0308`.
[INFO] [stdout] Couldn't compile the test.
[INFO] [stdout] ---- src/api.rs - api::ProjectInstanceClusterBackupPatchCall (line 6940) stdout ----
[INFO] [stdout] error[E0308]: mismatched types
[INFO] [stdout]     --> src/api.rs:6964:27
[INFO] [stdout]      |
[INFO] [stdout] 25   |              .update_mask(&Default::default())
[INFO] [stdout]      |               ----------- ^^^^^^^^^^^^^^^^^^^ expected `FieldMask`, found `&_`
[INFO] [stdout]      |               |
[INFO] [stdout]      |               arguments to this method are incorrect
[INFO] [stdout]      |
[INFO] [stdout]      = note: expected struct `FieldMask`
[INFO] [stdout]              found reference `&_`
[INFO] [stdout] note: method defined here
[INFO] [stdout]     --> /opt/rustwide/workdir/src/api.rs:7155:12
[INFO] [stdout]      |
[INFO] [stdout] 7155 |     pub fn update_mask(mut self, new_value: client::FieldMask) -> ProjectInstanceClusterBackupPatchCall<'a, S> {
[INFO] [stdout]      |            ^^^^^^^^^^^
[INFO] [stdout] help: consider removing the borrow
[INFO] [stdout]      |
[INFO] [stdout] 25   -              .update_mask(&Default::default())
[INFO] [stdout] 25   +              .update_mask(Default::default())
[INFO] [stdout]      |
[INFO] [stdout] 
[INFO] [stdout] error: aborting due to 1 previous error
[INFO] [stdout] 
[INFO] [stdout] For more information about this error, try `rustc --explain E0308`.
[INFO] [stdout] Couldn't compile the test.
[INFO] [stdout] ---- src/api.rs - api::ProjectInstancePartialUpdateInstanceCall (line 15276) stdout ----
[INFO] [stdout] error[E0308]: mismatched types
[INFO] [stdout]      --> src/api.rs:15300:27
[INFO] [stdout]       |
[INFO] [stdout] 25    |              .update_mask(&Default::default())
[INFO] [stdout]       |               ----------- ^^^^^^^^^^^^^^^^^^^ expected `FieldMask`, found `&_`
[INFO] [stdout]       |               |
[INFO] [stdout]       |               arguments to this method are incorrect
[INFO] [stdout]       |
[INFO] [stdout]       = note: expected struct `FieldMask`
[INFO] [stdout]               found reference `&_`
[INFO] [stdout] note: method defined here
[INFO] [stdout]      --> /opt/rustwide/workdir/src/api.rs:15491:12
[INFO] [stdout]       |
[INFO] [stdout] 15491 |     pub fn update_mask(mut self, new_value: client::FieldMask) -> ProjectInstancePartialUpdateInstanceCall<'a, S> {
[INFO] [stdout]       |            ^^^^^^^^^^^
[INFO] [stdout] help: consider removing the borrow
[INFO] [stdout]       |
[INFO] [stdout] 25    -              .update_mask(&Default::default())
[INFO] [stdout] 25    +              .update_mask(Default::default())
[INFO] [stdout]       |
[INFO] [stdout] 
[INFO] [stdout] error: aborting due to 1 previous error
[INFO] [stdout] 
[INFO] [stdout] For more information about this error, try `rustc --explain E0308`.
[INFO] [stdout] Couldn't compile the test.
[INFO] [stdout] ---- src/api.rs - api::ProjectInstanceTablePatchCall (line 12422) stdout ----
[INFO] [stdout] error[E0308]: mismatched types
[INFO] [stdout]      --> src/api.rs:12446:27
[INFO] [stdout]       |
[INFO] [stdout] 25    |              .update_mask(&Default::default())
[INFO] [stdout]       |               ----------- ^^^^^^^^^^^^^^^^^^^ expected `FieldMask`, found `&_`
[INFO] [stdout]       |               |
[INFO] [stdout]       |               arguments to this method are incorrect
[INFO] [stdout]       |
[INFO] [stdout]       = note: expected struct `FieldMask`
[INFO] [stdout]               found reference `&_`
[INFO] [stdout] note: method defined here
[INFO] [stdout]      --> /opt/rustwide/workdir/src/api.rs:12637:12
[INFO] [stdout]       |
[INFO] [stdout] 12637 |     pub fn update_mask(mut self, new_value: client::FieldMask) -> ProjectInstanceTablePatchCall<'a, S> {
[INFO] [stdout]       |            ^^^^^^^^^^^
[INFO] [stdout] help: consider removing the borrow
[INFO] [stdout]       |
[INFO] [stdout] 25    -              .update_mask(&Default::default())
[INFO] [stdout] 25    +              .update_mask(Default::default())
[INFO] [stdout]       |
[INFO] [stdout] 
[INFO] [stdout] error: aborting due to 1 previous error
[INFO] [stdout] 
[INFO] [stdout] For more information about this error, try `rustc --explain E0308`.
[INFO] [stdout] Couldn't compile the test.
[INFO] [stdout] 
[INFO] [stdout] failures:
[INFO] [stdout]     src/api.rs - api::ProjectInstanceAppProfilePatchCall (line 4902)
[INFO] [stdout]     src/api.rs - api::ProjectInstanceClusterBackupPatchCall (line 6940)
[INFO] [stdout]     src/api.rs - api::ProjectInstanceClusterPartialUpdateClusterCall (line 9240)
[INFO] [stdout]     src/api.rs - api::ProjectInstancePartialUpdateInstanceCall (line 15276)
[INFO] [stdout]     src/api.rs - api::ProjectInstanceTablePatchCall (line 12422)
[INFO] [stdout] 
[INFO] [stdout] test result: FAILED. 49 passed; 5 failed; 1 ignored; 0 measured; 0 filtered out; finished in 2.38s
[INFO] [stdout] 
[INFO] [stderr] error: doctest failed, to rerun pass `--doc`
[INFO] running `Command { std: "docker" "inspect" "7e775e4923366c70ff38467dce6aa19dfbedf7c4f1cf24f5a7e861bd901e79a0", kill_on_drop: false }`
[INFO] running `Command { std: "docker" "rm" "-f" "7e775e4923366c70ff38467dce6aa19dfbedf7c4f1cf24f5a7e861bd901e79a0", kill_on_drop: false }`
[INFO] [stdout] 7e775e4923366c70ff38467dce6aa19dfbedf7c4f1cf24f5a7e861bd901e79a0
