[INFO] fetching crate google-bigquerydatatransfer1 5.0.3+20230115...
[INFO] testing google-bigquerydatatransfer1-5.0.3+20230115 against 1.75.0 for beta-1.76-1
[INFO] extracting crate google-bigquerydatatransfer1 5.0.3+20230115 into /workspace/builds/worker-3-tc1/source
[INFO] validating manifest of crates.io crate google-bigquerydatatransfer1 5.0.3+20230115 on toolchain 1.75.0
[INFO] running `Command { std: CARGO_HOME="/workspace/cargo-home" RUSTUP_HOME="/workspace/rustup-home" "/workspace/cargo-home/bin/cargo" "+1.75.0" "metadata" "--manifest-path" "Cargo.toml" "--no-deps", kill_on_drop: false }`
[INFO] started tweaking crates.io crate google-bigquerydatatransfer1 5.0.3+20230115
[INFO] finished tweaking crates.io crate google-bigquerydatatransfer1 5.0.3+20230115
[INFO] tweaked toml for crates.io crate google-bigquerydatatransfer1 5.0.3+20230115 written to /workspace/builds/worker-3-tc1/source/Cargo.toml
[INFO] running `Command { std: CARGO_HOME="/workspace/cargo-home" RUSTUP_HOME="/workspace/rustup-home" "/workspace/cargo-home/bin/cargo" "+1.75.0" "generate-lockfile" "--manifest-path" "Cargo.toml", kill_on_drop: false }`
[INFO] [stderr]     Updating crates.io index
[INFO] running `Command { std: CARGO_HOME="/workspace/cargo-home" RUSTUP_HOME="/workspace/rustup-home" "/workspace/cargo-home/bin/cargo" "+1.75.0" "fetch" "--manifest-path" "Cargo.toml", kill_on_drop: false }`
[INFO] [stderr]  Downloading crates ...
[INFO] [stderr]   Downloaded rustls-pki-types v1.1.0
[INFO] [stderr]   Downloaded google-apis-common v6.0.0
[INFO] [stderr]   Downloaded rustls-webpki v0.102.1
[INFO] [stderr]   Downloaded rustls v0.22.1
[INFO] [stderr]   Downloaded yup-oauth2 v8.3.2
[INFO] running `Command { std: "docker" "create" "-v" "/var/lib/crater-agent-workspace/builds/worker-3-tc1/target:/opt/rustwide/target:rw,Z" "-v" "/var/lib/crater-agent-workspace/builds/worker-3-tc1/source:/opt/rustwide/workdir:ro,Z" "-v" "/var/lib/crater-agent-workspace/cargo-home:/opt/rustwide/cargo-home:ro,Z" "-v" "/var/lib/crater-agent-workspace/rustup-home:/opt/rustwide/rustup-home:ro,Z" "-e" "SOURCE_DIR=/opt/rustwide/workdir" "-e" "CARGO_TARGET_DIR=/opt/rustwide/target" "-e" "CARGO_HOME=/opt/rustwide/cargo-home" "-e" "RUSTUP_HOME=/opt/rustwide/rustup-home" "-w" "/opt/rustwide/workdir" "-m" "1610612736" "--user" "0:0" "--network" "none" "ghcr.io/rust-lang/crates-build-env/linux@sha256:2788e3201cd34a07e3172128adcd8b3090168a8e3bcc40d7c032b9dda1df7d1c" "/opt/rustwide/cargo-home/bin/cargo" "+1.75.0" "metadata" "--no-deps" "--format-version=1", kill_on_drop: false }`
[INFO] [stdout] 02a783f1cc1fd72463d8340594d4f87c118dec059d36ef1b496660f08102bbb5
[INFO] running `Command { std: "docker" "start" "-a" "02a783f1cc1fd72463d8340594d4f87c118dec059d36ef1b496660f08102bbb5", kill_on_drop: false }`
[INFO] running `Command { std: "docker" "inspect" "02a783f1cc1fd72463d8340594d4f87c118dec059d36ef1b496660f08102bbb5", kill_on_drop: false }`
[INFO] running `Command { std: "docker" "rm" "-f" "02a783f1cc1fd72463d8340594d4f87c118dec059d36ef1b496660f08102bbb5", kill_on_drop: false }`
[INFO] [stdout] 02a783f1cc1fd72463d8340594d4f87c118dec059d36ef1b496660f08102bbb5
[INFO] running `Command { std: "docker" "create" "-v" "/var/lib/crater-agent-workspace/builds/worker-3-tc1/target:/opt/rustwide/target:rw,Z" "-v" "/var/lib/crater-agent-workspace/builds/worker-3-tc1/source:/opt/rustwide/workdir:ro,Z" "-v" "/var/lib/crater-agent-workspace/cargo-home:/opt/rustwide/cargo-home:ro,Z" "-v" "/var/lib/crater-agent-workspace/rustup-home:/opt/rustwide/rustup-home:ro,Z" "-e" "SOURCE_DIR=/opt/rustwide/workdir" "-e" "CARGO_TARGET_DIR=/opt/rustwide/target" "-e" "CARGO_INCREMENTAL=0" "-e" "RUST_BACKTRACE=full" "-e" "RUSTFLAGS=--cap-lints=warn" "-e" "RUSTDOCFLAGS=--cap-lints=warn" "-e" "CARGO_HOME=/opt/rustwide/cargo-home" "-e" "RUSTUP_HOME=/opt/rustwide/rustup-home" "-w" "/opt/rustwide/workdir" "-m" "1610612736" "--user" "0:0" "--network" "none" "ghcr.io/rust-lang/crates-build-env/linux@sha256:2788e3201cd34a07e3172128adcd8b3090168a8e3bcc40d7c032b9dda1df7d1c" "/opt/rustwide/cargo-home/bin/cargo" "+1.75.0" "build" "--frozen" "--message-format=json", kill_on_drop: false }`
[INFO] [stdout] 3bddc199003e908c95593f49deda2834b6c830857b4eabc3e86600707076a244
[INFO] running `Command { std: "docker" "start" "-a" "3bddc199003e908c95593f49deda2834b6c830857b4eabc3e86600707076a244", kill_on_drop: false }`
[INFO] [stderr]    Compiling libc v0.2.151
[INFO] [stderr]    Compiling pin-project-lite v0.2.13
[INFO] [stderr]    Compiling fnv v1.0.7
[INFO] [stderr]    Compiling bytes v1.5.0
[INFO] [stderr]    Compiling slab v0.4.9
[INFO] [stderr]    Compiling futures-core v0.3.30
[INFO] [stderr]    Compiling futures-sink v0.3.30
[INFO] [stderr]    Compiling syn v2.0.48
[INFO] [stderr]    Compiling spin v0.9.8
[INFO] [stderr]    Compiling untrusted v0.9.0
[INFO] [stderr]    Compiling serde v1.0.194
[INFO] [stderr]    Compiling futures-channel v0.3.30
[INFO] [stderr]    Compiling once_cell v1.19.0
[INFO] [stderr]    Compiling memchr v2.7.1
[INFO] [stderr]    Compiling futures-io v0.3.30
[INFO] [stderr]    Compiling futures-task v0.3.30
[INFO] [stderr]    Compiling tracing-core v0.1.32
[INFO] [stderr]    Compiling httparse v1.8.0
[INFO] [stderr]    Compiling http v0.2.11
[INFO] [stderr]    Compiling unicode-bidi v0.3.14
[INFO] [stderr]    Compiling ident_case v1.0.1
[INFO] [stderr]    Compiling tracing v0.1.40
[INFO] [stderr]    Compiling equivalent v1.0.1
[INFO] [stderr]    Compiling strsim v0.10.0
[INFO] [stderr]    Compiling log v0.4.20
[INFO] [stderr]    Compiling rustls v0.21.10
[INFO] [stderr]    Compiling cc v1.0.83
[INFO] [stderr]    Compiling getrandom v0.2.11
[INFO] [stderr]    Compiling socket2 v0.5.5
[INFO] [stderr]    Compiling mio v0.8.10
[INFO] [stderr]    Compiling hashbrown v0.14.3
[INFO] [stderr]    Compiling base64 v0.21.5
[INFO] [stderr]    Compiling try-lock v0.2.5
[INFO] [stderr]    Compiling want v0.3.1
[INFO] [stderr]    Compiling rustls-pemfile v1.0.4
[INFO] [stderr]    Compiling http-body v0.4.6
[INFO] [stderr]    Compiling indexmap v2.1.0
[INFO] [stderr]    Compiling num-traits v0.2.17
[INFO] [stderr]    Compiling rustls v0.22.1
[INFO] [stderr]    Compiling either v1.9.0
[INFO] [stderr]    Compiling anyhow v1.0.79
[INFO] [stderr]    Compiling percent-encoding v2.3.1
[INFO] [stderr]    Compiling openssl-probe v0.1.5
[INFO] [stderr]    Compiling rustls-pki-types v1.1.0
[INFO] [stderr]    Compiling powerfmt v0.2.0
[INFO] [stderr]    Compiling httpdate v1.0.3
[INFO] [stderr]    Compiling async-trait v0.1.77
[INFO] [stderr]    Compiling tower-service v0.3.2
[INFO] [stderr]    Compiling rustls-native-certs v0.6.3
[INFO] [stderr]    Compiling form_urlencoded v1.2.1
[INFO] [stderr]    Compiling ring v0.17.7
[INFO] [stderr]    Compiling idna v0.5.0
[INFO] [stderr]    Compiling time-core v0.1.2
[INFO] [stderr]    Compiling subtle v2.5.0
[INFO] [stderr]    Compiling zeroize v1.7.0
[INFO] [stderr]    Compiling num_threads v0.1.6
[INFO] [stderr]    Compiling matches v0.1.10
[INFO] [stderr]    Compiling idna v0.1.5
[INFO] [stderr]    Compiling itertools v0.12.0
[INFO] [stderr]    Compiling percent-encoding v1.0.1
[INFO] [stderr]    Compiling seahash v4.1.0
[INFO] [stderr]    Compiling url v2.5.0
[INFO] [stderr]    Compiling iana-time-zone v0.1.59
[INFO] [stderr]    Compiling url v1.7.2
[INFO] [stderr]    Compiling itertools v0.10.5
[INFO] [stderr]    Compiling mime v0.3.17
[INFO] [stderr]    Compiling base64 v0.13.1
[INFO] [stderr]    Compiling darling_core v0.20.3
[INFO] [stderr]    Compiling futures-macro v0.3.30
[INFO] [stderr]    Compiling tokio-macros v2.2.0
[INFO] [stderr]    Compiling serde_derive v1.0.194
[INFO] [stderr]    Compiling futures-util v0.3.30
[INFO] [stderr]    Compiling tokio v1.35.1
[INFO] [stderr]    Compiling darling_macro v0.20.3
[INFO] [stderr]    Compiling rustls-webpki v0.101.7
[INFO] [stderr]    Compiling sct v0.7.1
[INFO] [stderr]    Compiling darling v0.20.3
[INFO] [stderr]    Compiling rustls-webpki v0.102.1
[INFO] [stderr]    Compiling serde_with_macros v2.3.3
[INFO] [stderr]    Compiling futures-executor v0.3.30
[INFO] [stderr]    Compiling futures v0.3.30
[INFO] [stderr]    Compiling tokio-util v0.7.10
[INFO] [stderr]    Compiling tokio-rustls v0.24.1
[INFO] [stderr]    Compiling h2 v0.3.22
[INFO] [stderr]    Compiling deranged v0.3.11
[INFO] [stderr]    Compiling serde_json v1.0.111
[INFO] [stderr]    Compiling serde_with v2.3.3
[INFO] [stderr]    Compiling chrono v0.4.31
[INFO] [stderr]    Compiling time v0.3.31
[INFO] [stderr]    Compiling hyper v0.14.28
[INFO] [stderr]    Compiling hyper-rustls v0.24.2
[INFO] [stderr]    Compiling yup-oauth2 v8.3.2
[INFO] [stderr]    Compiling google-apis-common v6.0.0
[INFO] [stderr]    Compiling google-bigquerydatatransfer1 v5.0.3+20230115 (/opt/rustwide/workdir)
[INFO] [stderr]     Finished dev [unoptimized + debuginfo] target(s) in 57.75s
[INFO] running `Command { std: "docker" "inspect" "3bddc199003e908c95593f49deda2834b6c830857b4eabc3e86600707076a244", kill_on_drop: false }`
[INFO] running `Command { std: "docker" "rm" "-f" "3bddc199003e908c95593f49deda2834b6c830857b4eabc3e86600707076a244", kill_on_drop: false }`
[INFO] [stdout] 3bddc199003e908c95593f49deda2834b6c830857b4eabc3e86600707076a244
[INFO] running `Command { std: "docker" "create" "-v" "/var/lib/crater-agent-workspace/builds/worker-3-tc1/target:/opt/rustwide/target:rw,Z" "-v" "/var/lib/crater-agent-workspace/builds/worker-3-tc1/source:/opt/rustwide/workdir:ro,Z" "-v" "/var/lib/crater-agent-workspace/cargo-home:/opt/rustwide/cargo-home:ro,Z" "-v" "/var/lib/crater-agent-workspace/rustup-home:/opt/rustwide/rustup-home:ro,Z" "-e" "SOURCE_DIR=/opt/rustwide/workdir" "-e" "CARGO_TARGET_DIR=/opt/rustwide/target" "-e" "CARGO_INCREMENTAL=0" "-e" "RUST_BACKTRACE=full" "-e" "RUSTFLAGS=--cap-lints=warn" "-e" "RUSTDOCFLAGS=--cap-lints=warn" "-e" "CARGO_HOME=/opt/rustwide/cargo-home" "-e" "RUSTUP_HOME=/opt/rustwide/rustup-home" "-w" "/opt/rustwide/workdir" "-m" "1610612736" "--user" "0:0" "--network" "none" "ghcr.io/rust-lang/crates-build-env/linux@sha256:2788e3201cd34a07e3172128adcd8b3090168a8e3bcc40d7c032b9dda1df7d1c" "/opt/rustwide/cargo-home/bin/cargo" "+1.75.0" "test" "--frozen" "--no-run" "--message-format=json", kill_on_drop: false }`
[INFO] [stdout] f8e7a0e1c80d6737072ebcaa366d18f9910f8f9aa3eb1cdc723e1dd3d68f33ed
[INFO] running `Command { std: "docker" "start" "-a" "f8e7a0e1c80d6737072ebcaa366d18f9910f8f9aa3eb1cdc723e1dd3d68f33ed", kill_on_drop: false }`
[INFO] [stderr]    Compiling google-bigquerydatatransfer1 v5.0.3+20230115 (/opt/rustwide/workdir)
[INFO] [stderr]     Finished test [unoptimized + debuginfo] target(s) in 2.42s
[INFO] running `Command { std: "docker" "inspect" "f8e7a0e1c80d6737072ebcaa366d18f9910f8f9aa3eb1cdc723e1dd3d68f33ed", kill_on_drop: false }`
[INFO] running `Command { std: "docker" "rm" "-f" "f8e7a0e1c80d6737072ebcaa366d18f9910f8f9aa3eb1cdc723e1dd3d68f33ed", kill_on_drop: false }`
[INFO] [stdout] f8e7a0e1c80d6737072ebcaa366d18f9910f8f9aa3eb1cdc723e1dd3d68f33ed
[INFO] running `Command { std: "docker" "create" "-v" "/var/lib/crater-agent-workspace/builds/worker-3-tc1/target:/opt/rustwide/target:rw,Z" "-v" "/var/lib/crater-agent-workspace/builds/worker-3-tc1/source:/opt/rustwide/workdir:ro,Z" "-v" "/var/lib/crater-agent-workspace/cargo-home:/opt/rustwide/cargo-home:ro,Z" "-v" "/var/lib/crater-agent-workspace/rustup-home:/opt/rustwide/rustup-home:ro,Z" "-e" "SOURCE_DIR=/opt/rustwide/workdir" "-e" "CARGO_TARGET_DIR=/opt/rustwide/target" "-e" "CARGO_INCREMENTAL=0" "-e" "RUST_BACKTRACE=full" "-e" "RUSTFLAGS=--cap-lints=warn" "-e" "RUSTDOCFLAGS=--cap-lints=warn" "-e" "CARGO_HOME=/opt/rustwide/cargo-home" "-e" "RUSTUP_HOME=/opt/rustwide/rustup-home" "-w" "/opt/rustwide/workdir" "-m" "1610612736" "--user" "0:0" "--network" "none" "ghcr.io/rust-lang/crates-build-env/linux@sha256:2788e3201cd34a07e3172128adcd8b3090168a8e3bcc40d7c032b9dda1df7d1c" "/opt/rustwide/cargo-home/bin/cargo" "+1.75.0" "test" "--frozen", kill_on_drop: false }`
[INFO] [stdout] 2b12457ff18b5b5d3b417804234daddc5bd861039bdd7fec119bf77a03ec200a
[INFO] running `Command { std: "docker" "start" "-a" "2b12457ff18b5b5d3b417804234daddc5bd861039bdd7fec119bf77a03ec200a", kill_on_drop: false }`
[INFO] [stderr]     Finished test [unoptimized + debuginfo] target(s) in 0.10s
[INFO] [stderr]      Running unittests src/lib.rs (/opt/rustwide/target/debug/deps/google_bigquerydatatransfer1-f0e667f968c7ddb2)
[INFO] [stderr]    Doc-tests google-bigquerydatatransfer1
[INFO] [stdout] 
[INFO] [stdout] running 0 tests
[INFO] [stdout] 
[INFO] [stdout] test result: ok. 0 passed; 0 failed; 0 ignored; 0 measured; 0 filtered out; finished in 0.00s
[INFO] [stdout] 
[INFO] [stdout] 
[INFO] [stdout] running 36 tests
[INFO] [stdout] test src/api.rs - api::ProjectDataSourceGetCall (line 1899) - compile ... ok
[INFO] [stdout] test src/api.rs - api::ProjectDataSourceListCall (line 2161) - compile ... ok
[INFO] [stdout] test src/api.rs - api::ProjectEnrollDataSourceCall (line 10569) - compile ... ok
[INFO] [stdout] test src/api.rs - api::ProjectLocationDataSourceCheckValidCredCall (line 2447) - compile ... ok
[INFO] [stdout] test src/api.rs - api::ProjectLocationDataSourceListCall (line 3001) - compile ... ok
[INFO] [stdout] test src/api.rs - api::ProjectDataSourceCheckValidCredCall (line 1607) - compile ... ok
[INFO] [stdout] test src/api.rs - api::ProjectLocationDataSourceGetCall (line 2739) - compile ... ok
[INFO] [stdout] test src/api.rs - api::ProjectLocationTransferConfigCreateCall (line 4425) - compile ... ok
[INFO] [stdout] test src/api.rs - api::BigQueryDataTransfer (line 66) - compile ... FAILED
[INFO] [stdout] test src/api.rs - api::ProjectLocationGetCall (line 6794) - compile ... ok
[INFO] [stdout] test src/api.rs - api::ProjectLocationListCall (line 7056) - compile ... ok
[INFO] [stdout] test src/api.rs - api::ProjectLocationEnrollDataSourceCall (line 6502) - compile ... ok
[INFO] [stdout] test src/api.rs - api::ProjectLocationTransferConfigGetCall (line 5015) - compile ... ok
[INFO] [stdout] test src/api.rs - api::ProjectLocationTransferConfigListCall (line 5277) - compile ... ok
[INFO] [stdout] test src/api.rs - api::ProjectLocationTransferConfigDeleteCall (line 4753) - compile ... ok
[INFO] [stdout] test src/api.rs - api::ProjectLocationTransferConfigRunDeleteCall (line 3588) - compile ... ok
[INFO] [stdout] test src/api.rs - api::ProjectLocationTransferConfigScheduleRunCall (line 5918) - compile ... ok
[INFO] [stdout] test src/api.rs - api::ProjectLocationTransferConfigRunListCall (line 4112) - compile ... ok
[INFO] [stdout] test src/api.rs - api::ProjectLocationTransferConfigPatchCall (line 5578) - compile ... FAILED
[INFO] [stdout] test src/api.rs - api::ProjectLocationTransferConfigRunGetCall (line 3850) - compile ... ok
[INFO] [stdout] test src/api.rs - api::ProjectLocationTransferConfigStartManualRunCall (line 6210) - compile ... ok
[INFO] [stdout] test src/api.rs - api::ProjectLocationTransferConfigRunTransferLogListCall (line 3287) - compile ... ok
[INFO] [stdout] test src/api.rs - api::ProjectTransferConfigCreateCall (line 8492) - compile ... ok
[INFO] [stdout] test src/api.rs - api::ProjectMethods (line 949) - compile ... ok
[INFO] [stdout] test src/api.rs - api::ProjectTransferConfigDeleteCall (line 8820) - compile ... ok
[INFO] [stdout] test src/api.rs - api::ProjectTransferConfigListCall (line 9344) - compile ... ok
[INFO] [stdout] test src/api.rs - api::ProjectTransferConfigGetCall (line 9082) - compile ... ok
[INFO] [stdout] test src/lib.rs - (line 49) ... ignored
[INFO] [stdout] test src/api.rs - api::ProjectTransferConfigPatchCall (line 9645) - compile ... FAILED
[INFO] [stdout] test src/api.rs - api::ProjectTransferConfigRunDeleteCall (line 7655) - compile ... ok
[INFO] [stdout] test src/api.rs - api::ProjectTransferConfigRunGetCall (line 7917) - compile ... ok
[INFO] [stdout] test src/api.rs - api::ProjectTransferConfigRunTransferLogListCall (line 7354) - compile ... ok
[INFO] [stdout] test src/api.rs - api::ProjectTransferConfigRunListCall (line 8179) - compile ... ok
[INFO] [stdout] test src/api.rs - api::ProjectTransferConfigScheduleRunCall (line 9985) - compile ... ok
[INFO] [stdout] test src/api.rs - api::ProjectTransferConfigStartManualRunCall (line 10277) - compile ... ok
[INFO] [stderr] error: doctest failed, to rerun pass `--doc`
[INFO] [stdout] test src/lib.rs - (line 78) - compile ... FAILED
[INFO] [stdout] 
[INFO] [stdout] failures:
[INFO] [stdout] 
[INFO] [stdout] ---- src/api.rs - api::BigQueryDataTransfer (line 66) stdout ----
[INFO] [stdout] error[E0308]: mismatched types
[INFO] [stdout]     --> src/api.rs:99:27
[INFO] [stdout]      |
[INFO] [stdout] 34   |              .update_mask(&Default::default())
[INFO] [stdout]      |               ----------- ^^^^^^^^^^^^^^^^^^^ expected `FieldMask`, found `&_`
[INFO] [stdout]      |               |
[INFO] [stdout]      |               arguments to this method are incorrect
[INFO] [stdout]      |
[INFO] [stdout]      = note: expected struct `FieldMask`
[INFO] [stdout]              found reference `&_`
[INFO] [stdout] note: method defined here
[INFO] [stdout]     --> /opt/rustwide/workdir/src/api.rs:5815:12
[INFO] [stdout]      |
[INFO] [stdout] 5815 |     pub fn update_mask(mut self, new_value: client::FieldMask) -> ProjectLocationTransferConfigPatchCall<'a, S> {
[INFO] [stdout]      |            ^^^^^^^^^^^
[INFO] [stdout] help: consider removing the borrow
[INFO] [stdout]      |
[INFO] [stdout] 34   -              .update_mask(&Default::default())
[INFO] [stdout] 34   +              .update_mask(Default::default())
[INFO] [stdout]      |
[INFO] [stdout] 
[INFO] [stdout] error: aborting due to previous error
[INFO] [stdout] 
[INFO] [stdout] For more information about this error, try `rustc --explain E0308`.
[INFO] [stdout] Couldn't compile the test.
[INFO] [stdout] ---- src/api.rs - api::ProjectLocationTransferConfigPatchCall (line 5578) stdout ----
[INFO] [stdout] error[E0308]: mismatched types
[INFO] [stdout]     --> src/api.rs:5603:27
[INFO] [stdout]      |
[INFO] [stdout] 26   |              .update_mask(&Default::default())
[INFO] [stdout]      |               ----------- ^^^^^^^^^^^^^^^^^^^ expected `FieldMask`, found `&_`
[INFO] [stdout]      |               |
[INFO] [stdout]      |               arguments to this method are incorrect
[INFO] [stdout]      |
[INFO] [stdout]      = note: expected struct `FieldMask`
[INFO] [stdout]              found reference `&_`
[INFO] [stdout] note: method defined here
[INFO] [stdout]     --> /opt/rustwide/workdir/src/api.rs:5815:12
[INFO] [stdout]      |
[INFO] [stdout] 5815 |     pub fn update_mask(mut self, new_value: client::FieldMask) -> ProjectLocationTransferConfigPatchCall<'a, S> {
[INFO] [stdout]      |            ^^^^^^^^^^^
[INFO] [stdout] help: consider removing the borrow
[INFO] [stdout]      |
[INFO] [stdout] 26   -              .update_mask(&Default::default())
[INFO] [stdout] 26   +              .update_mask(Default::default())
[INFO] [stdout]      |
[INFO] [stdout] 
[INFO] [stdout] error: aborting due to previous error
[INFO] [stdout] 
[INFO] [stdout] For more information about this error, try `rustc --explain E0308`.
[INFO] [stdout] Couldn't compile the test.
[INFO] [stdout] ---- src/api.rs - api::ProjectTransferConfigPatchCall (line 9645) stdout ----
[INFO] [stdout] error[E0308]: mismatched types
[INFO] [stdout]     --> src/api.rs:9670:27
[INFO] [stdout]      |
[INFO] [stdout] 26   |              .update_mask(&Default::default())
[INFO] [stdout]      |               ----------- ^^^^^^^^^^^^^^^^^^^ expected `FieldMask`, found `&_`
[INFO] [stdout]      |               |
[INFO] [stdout]      |               arguments to this method are incorrect
[INFO] [stdout]      |
[INFO] [stdout]      = note: expected struct `FieldMask`
[INFO] [stdout]              found reference `&_`
[INFO] [stdout] note: method defined here
[INFO] [stdout]     --> /opt/rustwide/workdir/src/api.rs:9882:12
[INFO] [stdout]      |
[INFO] [stdout] 9882 |     pub fn update_mask(mut self, new_value: client::FieldMask) -> ProjectTransferConfigPatchCall<'a, S> {
[INFO] [stdout]      |            ^^^^^^^^^^^
[INFO] [stdout] help: consider removing the borrow
[INFO] [stdout]      |
[INFO] [stdout] 26   -              .update_mask(&Default::default())
[INFO] [stdout] 26   +              .update_mask(Default::default())
[INFO] [stdout]      |
[INFO] [stdout] 
[INFO] [stdout] error: aborting due to previous error
[INFO] [stdout] 
[INFO] [stdout] For more information about this error, try `rustc --explain E0308`.
[INFO] [stdout] Couldn't compile the test.
[INFO] [stdout] ---- src/lib.rs - (line 78) stdout ----
[INFO] [stdout] error[E0308]: mismatched types
[INFO] [stdout]     --> src/lib.rs:111:27
[INFO] [stdout]      |
[INFO] [stdout] 34   |              .update_mask(&Default::default())
[INFO] [stdout]      |               ----------- ^^^^^^^^^^^^^^^^^^^ expected `FieldMask`, found `&_`
[INFO] [stdout]      |               |
[INFO] [stdout]      |               arguments to this method are incorrect
[INFO] [stdout]      |
[INFO] [stdout]      = note: expected struct `FieldMask`
[INFO] [stdout]              found reference `&_`
[INFO] [stdout] note: method defined here
[INFO] [stdout]     --> /opt/rustwide/workdir/src/api.rs:5815:12
[INFO] [stdout]      |
[INFO] [stdout] 5815 |     pub fn update_mask(mut self, new_value: client::FieldMask) -> ProjectLocationTransferConfigPatchCall<'a, S> {
[INFO] [stdout]      |            ^^^^^^^^^^^
[INFO] [stdout] help: consider removing the borrow
[INFO] [stdout]      |
[INFO] [stdout] 34   -              .update_mask(&Default::default())
[INFO] [stdout] 34   +              .update_mask(Default::default())
[INFO] [stdout]      |
[INFO] [stdout] 
[INFO] [stdout] error: aborting due to previous error
[INFO] [stdout] 
[INFO] [stdout] For more information about this error, try `rustc --explain E0308`.
[INFO] [stdout] Couldn't compile the test.
[INFO] [stdout] 
[INFO] [stdout] failures:
[INFO] [stdout]     src/api.rs - api::BigQueryDataTransfer (line 66)
[INFO] [stdout]     src/api.rs - api::ProjectLocationTransferConfigPatchCall (line 5578)
[INFO] [stdout]     src/api.rs - api::ProjectTransferConfigPatchCall (line 9645)
[INFO] [stdout]     src/lib.rs - (line 78)
[INFO] [stdout] 
[INFO] [stdout] test result: FAILED. 31 passed; 4 failed; 1 ignored; 0 measured; 0 filtered out; finished in 1.44s
[INFO] [stdout] 
[INFO] running `Command { std: "docker" "inspect" "2b12457ff18b5b5d3b417804234daddc5bd861039bdd7fec119bf77a03ec200a", kill_on_drop: false }`
[INFO] running `Command { std: "docker" "rm" "-f" "2b12457ff18b5b5d3b417804234daddc5bd861039bdd7fec119bf77a03ec200a", kill_on_drop: false }`
[INFO] [stdout] 2b12457ff18b5b5d3b417804234daddc5bd861039bdd7fec119bf77a03ec200a
[INFO] testing google-bigquerydatatransfer1-5.0.3+20230115 against beta-2023-12-22 for beta-1.76-1
[INFO] extracting crate google-bigquerydatatransfer1 5.0.3+20230115 into /workspace/builds/worker-3-tc2/source
[INFO] validating manifest of crates.io crate google-bigquerydatatransfer1 5.0.3+20230115 on toolchain beta-2023-12-22
[INFO] running `Command { std: CARGO_HOME="/workspace/cargo-home" RUSTUP_HOME="/workspace/rustup-home" "/workspace/cargo-home/bin/cargo" "+beta-2023-12-22" "metadata" "--manifest-path" "Cargo.toml" "--no-deps", kill_on_drop: false }`
[INFO] started tweaking crates.io crate google-bigquerydatatransfer1 5.0.3+20230115
[INFO] finished tweaking crates.io crate google-bigquerydatatransfer1 5.0.3+20230115
[INFO] tweaked toml for crates.io crate google-bigquerydatatransfer1 5.0.3+20230115 written to /workspace/builds/worker-3-tc2/source/Cargo.toml
[INFO] running `Command { std: CARGO_HOME="/workspace/cargo-home" RUSTUP_HOME="/workspace/rustup-home" "/workspace/cargo-home/bin/cargo" "+beta-2023-12-22" "generate-lockfile" "--manifest-path" "Cargo.toml", kill_on_drop: false }`
[INFO] [stderr]     Blocking waiting for file lock on package cache
[INFO] [stderr]     Updating crates.io index
[INFO] running `Command { std: CARGO_HOME="/workspace/cargo-home" RUSTUP_HOME="/workspace/rustup-home" "/workspace/cargo-home/bin/cargo" "+beta-2023-12-22" "fetch" "--manifest-path" "Cargo.toml", kill_on_drop: false }`
[INFO] running `Command { std: "docker" "create" "-v" "/var/lib/crater-agent-workspace/builds/worker-3-tc2/target:/opt/rustwide/target:rw,Z" "-v" "/var/lib/crater-agent-workspace/builds/worker-3-tc2/source:/opt/rustwide/workdir:ro,Z" "-v" "/var/lib/crater-agent-workspace/cargo-home:/opt/rustwide/cargo-home:ro,Z" "-v" "/var/lib/crater-agent-workspace/rustup-home:/opt/rustwide/rustup-home:ro,Z" "-e" "SOURCE_DIR=/opt/rustwide/workdir" "-e" "CARGO_TARGET_DIR=/opt/rustwide/target" "-e" "CARGO_HOME=/opt/rustwide/cargo-home" "-e" "RUSTUP_HOME=/opt/rustwide/rustup-home" "-w" "/opt/rustwide/workdir" "-m" "1610612736" "--user" "0:0" "--network" "none" "ghcr.io/rust-lang/crates-build-env/linux@sha256:2788e3201cd34a07e3172128adcd8b3090168a8e3bcc40d7c032b9dda1df7d1c" "/opt/rustwide/cargo-home/bin/cargo" "+beta-2023-12-22" "metadata" "--no-deps" "--format-version=1", kill_on_drop: false }`
[INFO] [stdout] d47682039a552ed606652e2eee9975fde999a0f2bf4794c634bcca6107db8e66
[INFO] running `Command { std: "docker" "start" "-a" "d47682039a552ed606652e2eee9975fde999a0f2bf4794c634bcca6107db8e66", kill_on_drop: false }`
[INFO] running `Command { std: "docker" "inspect" "d47682039a552ed606652e2eee9975fde999a0f2bf4794c634bcca6107db8e66", kill_on_drop: false }`
[INFO] running `Command { std: "docker" "rm" "-f" "d47682039a552ed606652e2eee9975fde999a0f2bf4794c634bcca6107db8e66", kill_on_drop: false }`
[INFO] [stdout] d47682039a552ed606652e2eee9975fde999a0f2bf4794c634bcca6107db8e66
[INFO] running `Command { std: "docker" "create" "-v" "/var/lib/crater-agent-workspace/builds/worker-3-tc2/target:/opt/rustwide/target:rw,Z" "-v" "/var/lib/crater-agent-workspace/builds/worker-3-tc2/source:/opt/rustwide/workdir:ro,Z" "-v" "/var/lib/crater-agent-workspace/cargo-home:/opt/rustwide/cargo-home:ro,Z" "-v" "/var/lib/crater-agent-workspace/rustup-home:/opt/rustwide/rustup-home:ro,Z" "-e" "SOURCE_DIR=/opt/rustwide/workdir" "-e" "CARGO_TARGET_DIR=/opt/rustwide/target" "-e" "CARGO_INCREMENTAL=0" "-e" "RUST_BACKTRACE=full" "-e" "RUSTFLAGS=--cap-lints=warn" "-e" "RUSTDOCFLAGS=--cap-lints=warn" "-e" "CARGO_HOME=/opt/rustwide/cargo-home" "-e" "RUSTUP_HOME=/opt/rustwide/rustup-home" "-w" "/opt/rustwide/workdir" "-m" "1610612736" "--user" "0:0" "--network" "none" "ghcr.io/rust-lang/crates-build-env/linux@sha256:2788e3201cd34a07e3172128adcd8b3090168a8e3bcc40d7c032b9dda1df7d1c" "/opt/rustwide/cargo-home/bin/cargo" "+beta-2023-12-22" "build" "--frozen" "--message-format=json", kill_on_drop: false }`
[INFO] [stdout] 3d06179bb4fef2c094201ca8fa09493f5422401eb0e53df9f4eec5019dd25d92
[INFO] running `Command { std: "docker" "start" "-a" "3d06179bb4fef2c094201ca8fa09493f5422401eb0e53df9f4eec5019dd25d92", kill_on_drop: false }`
[INFO] [stderr]    Compiling libc v0.2.151
[INFO] [stderr]    Compiling pin-project-lite v0.2.13
[INFO] [stderr]    Compiling fnv v1.0.7
[INFO] [stderr]    Compiling spin v0.9.8
[INFO] [stderr]    Compiling slab v0.4.9
[INFO] [stderr]    Compiling futures-sink v0.3.30
[INFO] [stderr]    Compiling bytes v1.5.0
[INFO] [stderr]    Compiling syn v2.0.48
[INFO] [stderr]    Compiling untrusted v0.9.0
[INFO] [stderr]    Compiling futures-core v0.3.30
[INFO] [stderr]    Compiling serde v1.0.194
[INFO] [stderr]    Compiling futures-channel v0.3.30
[INFO] [stderr]    Compiling futures-io v0.3.30
[INFO] [stderr]    Compiling memchr v2.7.1
[INFO] [stderr]    Compiling futures-task v0.3.30
[INFO] [stderr]    Compiling once_cell v1.19.0
[INFO] [stderr]    Compiling http v0.2.11
[INFO] [stderr]    Compiling hashbrown v0.14.3
[INFO] [stderr]    Compiling equivalent v1.0.1
[INFO] [stderr]    Compiling tracing-core v0.1.32
[INFO] [stderr]    Compiling ident_case v1.0.1
[INFO] [stderr]    Compiling strsim v0.10.0
[INFO] [stderr]    Compiling httparse v1.8.0
[INFO] [stderr]    Compiling log v0.4.20
[INFO] [stderr]    Compiling tracing v0.1.40
[INFO] [stderr]    Compiling rustls v0.21.10
[INFO] [stderr]    Compiling cc v1.0.83
[INFO] [stderr]    Compiling getrandom v0.2.11
[INFO] [stderr]    Compiling mio v0.8.10
[INFO] [stderr]    Compiling socket2 v0.5.5
[INFO] [stderr]    Compiling unicode-bidi v0.3.14
[INFO] [stderr]    Compiling indexmap v2.1.0
[INFO] [stderr]    Compiling base64 v0.21.5
[INFO] [stderr]    Compiling try-lock v0.2.5
[INFO] [stderr]    Compiling want v0.3.1
[INFO] [stderr]    Compiling rustls-pemfile v1.0.4
[INFO] [stderr]    Compiling http-body v0.4.6
[INFO] [stderr]    Compiling num-traits v0.2.17
[INFO] [stderr]    Compiling openssl-probe v0.1.5
[INFO] [stderr]    Compiling async-trait v0.1.77
[INFO] [stderr]    Compiling tower-service v0.3.2
[INFO] [stderr]    Compiling powerfmt v0.2.0
[INFO] [stderr]    Compiling httpdate v1.0.3
[INFO] [stderr]    Compiling rustls-pki-types v1.1.0
[INFO] [stderr]    Compiling either v1.9.0
[INFO] [stderr]    Compiling anyhow v1.0.79
[INFO] [stderr]    Compiling rustls v0.22.1
[INFO] [stderr]    Compiling percent-encoding v2.3.1
[INFO] [stderr]    Compiling rustls-native-certs v0.6.3
[INFO] [stderr]    Compiling form_urlencoded v1.2.1
[INFO] [stderr]    Compiling idna v0.5.0
[INFO] [stderr]    Compiling time-core v0.1.2
[INFO] [stderr]    Compiling ring v0.17.7
[INFO] [stderr]    Compiling num_threads v0.1.6
[INFO] [stderr]    Compiling zeroize v1.7.0
[INFO] [stderr]    Compiling matches v0.1.10
[INFO] [stderr]    Compiling subtle v2.5.0
[INFO] [stderr]    Compiling idna v0.1.5
[INFO] [stderr]    Compiling itertools v0.12.0
[INFO] [stderr]    Compiling percent-encoding v1.0.1
[INFO] [stderr]    Compiling iana-time-zone v0.1.59
[INFO] [stderr]    Compiling url v2.5.0
[INFO] [stderr]    Compiling seahash v4.1.0
[INFO] [stderr]    Compiling url v1.7.2
[INFO] [stderr]    Compiling itertools v0.10.5
[INFO] [stderr]    Compiling base64 v0.13.1
[INFO] [stderr]    Compiling mime v0.3.17
[INFO] [stderr]    Compiling darling_core v0.20.3
[INFO] [stderr]    Compiling tokio-macros v2.2.0
[INFO] [stderr]    Compiling serde_derive v1.0.194
[INFO] [stderr]    Compiling futures-macro v0.3.30
[INFO] [stderr]    Compiling tokio v1.35.1
[INFO] [stderr]    Compiling darling_macro v0.20.3
[INFO] [stderr]    Compiling futures-util v0.3.30
[INFO] [stderr]    Compiling sct v0.7.1
[INFO] [stderr]    Compiling rustls-webpki v0.101.7
[INFO] [stderr]    Compiling rustls-webpki v0.102.1
[INFO] [stderr]    Compiling darling v0.20.3
[INFO] [stderr]    Compiling serde_with_macros v2.3.3
[INFO] [stderr]    Compiling futures-executor v0.3.30
[INFO] [stderr]    Compiling futures v0.3.30
[INFO] [stderr]    Compiling tokio-util v0.7.10
[INFO] [stderr]    Compiling tokio-rustls v0.24.1
[INFO] [stderr]    Compiling h2 v0.3.22
[INFO] [stderr]    Compiling deranged v0.3.11
[INFO] [stderr]    Compiling serde_json v1.0.111
[INFO] [stderr]    Compiling chrono v0.4.31
[INFO] [stderr]    Compiling serde_with v2.3.3
[INFO] [stderr]    Compiling hyper v0.14.28
[INFO] [stderr]    Compiling time v0.3.31
[INFO] [stderr]    Compiling hyper-rustls v0.24.2
[INFO] [stderr]    Compiling yup-oauth2 v8.3.2
[INFO] [stderr]    Compiling google-apis-common v6.0.0
[INFO] [stderr]    Compiling google-bigquerydatatransfer1 v5.0.3+20230115 (/opt/rustwide/workdir)
[INFO] [stderr]     Finished dev [unoptimized + debuginfo] target(s) in 48.24s
[INFO] running `Command { std: "docker" "inspect" "3d06179bb4fef2c094201ca8fa09493f5422401eb0e53df9f4eec5019dd25d92", kill_on_drop: false }`
[INFO] running `Command { std: "docker" "rm" "-f" "3d06179bb4fef2c094201ca8fa09493f5422401eb0e53df9f4eec5019dd25d92", kill_on_drop: false }`
[INFO] [stdout] 3d06179bb4fef2c094201ca8fa09493f5422401eb0e53df9f4eec5019dd25d92
[INFO] running `Command { std: "docker" "create" "-v" "/var/lib/crater-agent-workspace/builds/worker-3-tc2/target:/opt/rustwide/target:rw,Z" "-v" "/var/lib/crater-agent-workspace/builds/worker-3-tc2/source:/opt/rustwide/workdir:ro,Z" "-v" "/var/lib/crater-agent-workspace/cargo-home:/opt/rustwide/cargo-home:ro,Z" "-v" "/var/lib/crater-agent-workspace/rustup-home:/opt/rustwide/rustup-home:ro,Z" "-e" "SOURCE_DIR=/opt/rustwide/workdir" "-e" "CARGO_TARGET_DIR=/opt/rustwide/target" "-e" "CARGO_INCREMENTAL=0" "-e" "RUST_BACKTRACE=full" "-e" "RUSTFLAGS=--cap-lints=warn" "-e" "RUSTDOCFLAGS=--cap-lints=warn" "-e" "CARGO_HOME=/opt/rustwide/cargo-home" "-e" "RUSTUP_HOME=/opt/rustwide/rustup-home" "-w" "/opt/rustwide/workdir" "-m" "1610612736" "--user" "0:0" "--network" "none" "ghcr.io/rust-lang/crates-build-env/linux@sha256:2788e3201cd34a07e3172128adcd8b3090168a8e3bcc40d7c032b9dda1df7d1c" "/opt/rustwide/cargo-home/bin/cargo" "+beta-2023-12-22" "test" "--frozen" "--no-run" "--message-format=json", kill_on_drop: false }`
[INFO] [stdout] bb3962f66547dba0f45bd5d10acec82da2a0e9731375f4cedd5c43cd8c58bfac
[INFO] running `Command { std: "docker" "start" "-a" "bb3962f66547dba0f45bd5d10acec82da2a0e9731375f4cedd5c43cd8c58bfac", kill_on_drop: false }`
[INFO] [stderr]    Compiling google-bigquerydatatransfer1 v5.0.3+20230115 (/opt/rustwide/workdir)
[INFO] [stderr]     Finished test [unoptimized + debuginfo] target(s) in 2.15s
[INFO] running `Command { std: "docker" "inspect" "bb3962f66547dba0f45bd5d10acec82da2a0e9731375f4cedd5c43cd8c58bfac", kill_on_drop: false }`
[INFO] running `Command { std: "docker" "rm" "-f" "bb3962f66547dba0f45bd5d10acec82da2a0e9731375f4cedd5c43cd8c58bfac", kill_on_drop: false }`
[INFO] [stdout] bb3962f66547dba0f45bd5d10acec82da2a0e9731375f4cedd5c43cd8c58bfac
[INFO] running `Command { std: "docker" "create" "-v" "/var/lib/crater-agent-workspace/builds/worker-3-tc2/target:/opt/rustwide/target:rw,Z" "-v" "/var/lib/crater-agent-workspace/builds/worker-3-tc2/source:/opt/rustwide/workdir:ro,Z" "-v" "/var/lib/crater-agent-workspace/cargo-home:/opt/rustwide/cargo-home:ro,Z" "-v" "/var/lib/crater-agent-workspace/rustup-home:/opt/rustwide/rustup-home:ro,Z" "-e" "SOURCE_DIR=/opt/rustwide/workdir" "-e" "CARGO_TARGET_DIR=/opt/rustwide/target" "-e" "CARGO_INCREMENTAL=0" "-e" "RUST_BACKTRACE=full" "-e" "RUSTFLAGS=--cap-lints=warn" "-e" "RUSTDOCFLAGS=--cap-lints=warn" "-e" "CARGO_HOME=/opt/rustwide/cargo-home" "-e" "RUSTUP_HOME=/opt/rustwide/rustup-home" "-w" "/opt/rustwide/workdir" "-m" "1610612736" "--user" "0:0" "--network" "none" "ghcr.io/rust-lang/crates-build-env/linux@sha256:2788e3201cd34a07e3172128adcd8b3090168a8e3bcc40d7c032b9dda1df7d1c" "/opt/rustwide/cargo-home/bin/cargo" "+beta-2023-12-22" "test" "--frozen", kill_on_drop: false }`
[INFO] [stdout] 77fcb85aedbba3d3ef4156c0d9a94b110844043e5db7465d98ee9e730df42b37
[INFO] running `Command { std: "docker" "start" "-a" "77fcb85aedbba3d3ef4156c0d9a94b110844043e5db7465d98ee9e730df42b37", kill_on_drop: false }`
[INFO] [stderr]     Finished test [unoptimized + debuginfo] target(s) in 0.12s
[INFO] [stdout] 
[INFO] [stderr]      Running unittests src/lib.rs (/opt/rustwide/target/debug/deps/google_bigquerydatatransfer1-94c16eee7e791934)
[INFO] [stdout] running 0 tests
[INFO] [stdout] 
[INFO] [stdout] test result: ok. 0 passed; 0 failed; 0 ignored; 0 measured; 0 filtered out; finished in 0.00s
[INFO] [stdout] 
[INFO] [stderr]    Doc-tests google-bigquerydatatransfer1
[INFO] [stdout] 
[INFO] [stdout] running 36 tests
[INFO] [stdout] test src/api.rs - api::ProjectDataSourceCheckValidCredCall (line 1607) - compile ... ok
[INFO] [stdout] test src/api.rs - api::ProjectLocationDataSourceGetCall (line 2739) - compile ... ok
[INFO] [stdout] test src/api.rs - api::ProjectLocationDataSourceListCall (line 3001) - compile ... ok
[INFO] [stdout] test src/api.rs - api::ProjectDataSourceListCall (line 2161) - compile ... ok
[INFO] [stdout] test src/api.rs - api::ProjectEnrollDataSourceCall (line 10569) - compile ... ok
[INFO] [stdout] test src/api.rs - api::ProjectDataSourceGetCall (line 1899) - compile ... ok
[INFO] [stdout] test src/api.rs - api::BigQueryDataTransfer (line 66) - compile ... FAILED
[INFO] [stdout] test src/api.rs - api::ProjectLocationDataSourceCheckValidCredCall (line 2447) - compile ... ok
[INFO] [stdout] test src/api.rs - api::ProjectLocationEnrollDataSourceCall (line 6502) - compile ... ok
[INFO] [stdout] test src/api.rs - api::ProjectLocationGetCall (line 6794) - compile ... ok
[INFO] [stdout] test src/api.rs - api::ProjectLocationListCall (line 7056) - compile ... ok
[INFO] [stdout] test src/api.rs - api::ProjectLocationTransferConfigDeleteCall (line 4753) - compile ... ok
[INFO] [stdout] test src/api.rs - api::ProjectLocationTransferConfigCreateCall (line 4425) - compile ... ok
[INFO] [stdout] test src/api.rs - api::ProjectLocationTransferConfigGetCall (line 5015) - compile ... ok
[INFO] [stdout] test src/api.rs - api::ProjectLocationTransferConfigListCall (line 5277) - compile ... ok
[INFO] [stdout] test src/api.rs - api::ProjectLocationTransferConfigRunDeleteCall (line 3588) - compile ... ok
[INFO] [stdout] test src/api.rs - api::ProjectLocationTransferConfigPatchCall (line 5578) - compile ... FAILED
[INFO] [stdout] test src/api.rs - api::ProjectLocationTransferConfigScheduleRunCall (line 5918) - compile ... ok
[INFO] [stdout] test src/api.rs - api::ProjectLocationTransferConfigRunTransferLogListCall (line 3287) - compile ... ok
[INFO] [stdout] test src/api.rs - api::ProjectLocationTransferConfigRunListCall (line 4112) - compile ... ok
[INFO] [stdout] test src/api.rs - api::ProjectTransferConfigCreateCall (line 8492) - compile ... ok
[INFO] [stdout] test src/api.rs - api::ProjectLocationTransferConfigRunGetCall (line 3850) - compile ... ok
[INFO] [stdout] test src/api.rs - api::ProjectLocationTransferConfigStartManualRunCall (line 6210) - compile ... ok
[INFO] [stdout] test src/api.rs - api::ProjectTransferConfigDeleteCall (line 8820) - compile ... ok
[INFO] [stdout] test src/api.rs - api::ProjectTransferConfigListCall (line 9344) - compile ... ok
[INFO] [stdout] test src/api.rs - api::ProjectMethods (line 949) - compile ... ok
[INFO] [stdout] test src/api.rs - api::ProjectTransferConfigGetCall (line 9082) - compile ... ok
[INFO] [stdout] test src/lib.rs - (line 49) ... ignored
[INFO] [stdout] test src/api.rs - api::ProjectTransferConfigRunDeleteCall (line 7655) - compile ... ok
[INFO] [stdout] test src/api.rs - api::ProjectTransferConfigPatchCall (line 9645) - compile ... FAILED
[INFO] [stdout] test src/api.rs - api::ProjectTransferConfigRunListCall (line 8179) - compile ... ok
[INFO] [stdout] test src/api.rs - api::ProjectTransferConfigRunGetCall (line 7917) - compile ... ok
[INFO] [stdout] test src/api.rs - api::ProjectTransferConfigRunTransferLogListCall (line 7354) - compile ... ok
[INFO] [stdout] test src/api.rs - api::ProjectTransferConfigScheduleRunCall (line 9985) - compile ... ok
[INFO] [stdout] test src/api.rs - api::ProjectTransferConfigStartManualRunCall (line 10277) - compile ... ok
[INFO] [stdout] test src/lib.rs - (line 78) - compile ... FAILED
[INFO] [stdout] 
[INFO] [stdout] failures:
[INFO] [stdout] 
[INFO] [stdout] ---- src/api.rs - api::BigQueryDataTransfer (line 66) stdout ----
[INFO] [stdout] error[E0308]: mismatched types
[INFO] [stdout]     --> src/api.rs:99:27
[INFO] [stdout]      |
[INFO] [stdout] 34   |              .update_mask(&Default::default())
[INFO] [stdout]      |               ----------- ^^^^^^^^^^^^^^^^^^^ expected `FieldMask`, found `&_`
[INFO] [stdout]      |               |
[INFO] [stdout]      |               arguments to this method are incorrect
[INFO] [stdout]      |
[INFO] [stdout]      = note: expected struct `FieldMask`
[INFO] [stdout]              found reference `&_`
[INFO] [stdout] note: method defined here
[INFO] [stdout]     --> /opt/rustwide/workdir/src/api.rs:5815:12
[INFO] [stdout]      |
[INFO] [stdout] 5815 |     pub fn update_mask(mut self, new_value: client::FieldMask) -> ProjectLocationTransferConfigPatchCall<'a, S> {
[INFO] [stdout]      |            ^^^^^^^^^^^
[INFO] [stdout] help: consider removing the borrow
[INFO] [stdout]      |
[INFO] [stdout] 34   -              .update_mask(&Default::default())
[INFO] [stdout] 34   +              .update_mask(Default::default())
[INFO] [stdout]      |
[INFO] [stdout] 
[INFO] [stdout] error: aborting due to 1 previous error
[INFO] [stdout] 
[INFO] [stdout] For more information about this error, try `rustc --explain E0308`.
[INFO] [stdout] Couldn't compile the test.
[INFO] [stdout] ---- src/api.rs - api::ProjectLocationTransferConfigPatchCall (line 5578) stdout ----
[INFO] [stdout] error[E0308]: mismatched types
[INFO] [stdout]     --> src/api.rs:5603:27
[INFO] [stdout]      |
[INFO] [stdout] 26   |              .update_mask(&Default::default())
[INFO] [stdout]      |               ----------- ^^^^^^^^^^^^^^^^^^^ expected `FieldMask`, found `&_`
[INFO] [stdout]      |               |
[INFO] [stdout]      |               arguments to this method are incorrect
[INFO] [stdout]      |
[INFO] [stdout]      = note: expected struct `FieldMask`
[INFO] [stdout]              found reference `&_`
[INFO] [stdout] note: method defined here
[INFO] [stdout]     --> /opt/rustwide/workdir/src/api.rs:5815:12
[INFO] [stdout]      |
[INFO] [stdout] 5815 |     pub fn update_mask(mut self, new_value: client::FieldMask) -> ProjectLocationTransferConfigPatchCall<'a, S> {
[INFO] [stdout]      |            ^^^^^^^^^^^
[INFO] [stdout] help: consider removing the borrow
[INFO] [stdout]      |
[INFO] [stdout] 26   -              .update_mask(&Default::default())
[INFO] [stdout] 26   +              .update_mask(Default::default())
[INFO] [stdout]      |
[INFO] [stdout] 
[INFO] [stdout] error: aborting due to 1 previous error
[INFO] [stdout] 
[INFO] [stdout] For more information about this error, try `rustc --explain E0308`.
[INFO] [stdout] Couldn't compile the test.
[INFO] [stdout] ---- src/api.rs - api::ProjectTransferConfigPatchCall (line 9645) stdout ----
[INFO] [stdout] error[E0308]: mismatched types
[INFO] [stdout]     --> src/api.rs:9670:27
[INFO] [stdout]      |
[INFO] [stdout] 26   |              .update_mask(&Default::default())
[INFO] [stdout]      |               ----------- ^^^^^^^^^^^^^^^^^^^ expected `FieldMask`, found `&_`
[INFO] [stdout]      |               |
[INFO] [stdout]      |               arguments to this method are incorrect
[INFO] [stdout]      |
[INFO] [stdout]      = note: expected struct `FieldMask`
[INFO] [stdout]              found reference `&_`
[INFO] [stdout] note: method defined here
[INFO] [stdout]     --> /opt/rustwide/workdir/src/api.rs:9882:12
[INFO] [stdout]      |
[INFO] [stdout] 9882 |     pub fn update_mask(mut self, new_value: client::FieldMask) -> ProjectTransferConfigPatchCall<'a, S> {
[INFO] [stdout]      |            ^^^^^^^^^^^
[INFO] [stdout] help: consider removing the borrow
[INFO] [stdout]      |
[INFO] [stdout] 26   -              .update_mask(&Default::default())
[INFO] [stdout] 26   +              .update_mask(Default::default())
[INFO] [stdout]      |
[INFO] [stdout] 
[INFO] [stdout] error: aborting due to 1 previous error
[INFO] [stdout] 
[INFO] [stdout] For more information about this error, try `rustc --explain E0308`.
[INFO] [stdout] Couldn't compile the test.
[INFO] [stdout] ---- src/lib.rs - (line 78) stdout ----
[INFO] [stdout] error[E0308]: mismatched types
[INFO] [stdout]     --> src/lib.rs:111:27
[INFO] [stdout]      |
[INFO] [stdout] 34   |              .update_mask(&Default::default())
[INFO] [stdout]      |               ----------- ^^^^^^^^^^^^^^^^^^^ expected `FieldMask`, found `&_`
[INFO] [stdout]      |               |
[INFO] [stdout]      |               arguments to this method are incorrect
[INFO] [stdout]      |
[INFO] [stdout]      = note: expected struct `FieldMask`
[INFO] [stdout]              found reference `&_`
[INFO] [stdout] note: method defined here
[INFO] [stdout]     --> /opt/rustwide/workdir/src/api.rs:5815:12
[INFO] [stdout]      |
[INFO] [stdout] 5815 |     pub fn update_mask(mut self, new_value: client::FieldMask) -> ProjectLocationTransferConfigPatchCall<'a, S> {
[INFO] [stdout]      |            ^^^^^^^^^^^
[INFO] [stdout] help: consider removing the borrow
[INFO] [stdout]      |
[INFO] [stdout] 34   -              .update_mask(&Default::default())
[INFO] [stdout] 34   +              .update_mask(Default::default())
[INFO] [stdout]      |
[INFO] [stdout] 
[INFO] [stdout] error: aborting due to 1 previous error
[INFO] [stdout] 
[INFO] [stdout] For more information about this error, try `rustc --explain E0308`.
[INFO] [stdout] Couldn't compile the test.
[INFO] [stdout] 
[INFO] [stdout] failures:
[INFO] [stdout]     src/api.rs - api::BigQueryDataTransfer (line 66)
[INFO] [stdout]     src/api.rs - api::ProjectLocationTransferConfigPatchCall (line 5578)
[INFO] [stdout]     src/api.rs - api::ProjectTransferConfigPatchCall (line 9645)
[INFO] [stdout]     src/lib.rs - (line 78)
[INFO] [stdout] 
[INFO] [stdout] test result: FAILED. 31 passed; 4 failed; 1 ignored; 0 measured; 0 filtered out; finished in 1.79s
[INFO] [stdout] 
[INFO] [stderr] error: doctest failed, to rerun pass `--doc`
[INFO] running `Command { std: "docker" "inspect" "77fcb85aedbba3d3ef4156c0d9a94b110844043e5db7465d98ee9e730df42b37", kill_on_drop: false }`
[INFO] running `Command { std: "docker" "rm" "-f" "77fcb85aedbba3d3ef4156c0d9a94b110844043e5db7465d98ee9e730df42b37", kill_on_drop: false }`
[INFO] [stdout] 77fcb85aedbba3d3ef4156c0d9a94b110844043e5db7465d98ee9e730df42b37
