[INFO] fetching crate google-bigquery2 5.0.3+20230114...
[INFO] testing google-bigquery2-5.0.3+20230114 against 1.75.0 for beta-1.76-1
[INFO] extracting crate google-bigquery2 5.0.3+20230114 into /workspace/builds/worker-3-tc1/source
[INFO] validating manifest of crates.io crate google-bigquery2 5.0.3+20230114 on toolchain 1.75.0
[INFO] running `Command { std: CARGO_HOME="/workspace/cargo-home" RUSTUP_HOME="/workspace/rustup-home" "/workspace/cargo-home/bin/cargo" "+1.75.0" "metadata" "--manifest-path" "Cargo.toml" "--no-deps", kill_on_drop: false }`
[INFO] started tweaking crates.io crate google-bigquery2 5.0.3+20230114
[INFO] finished tweaking crates.io crate google-bigquery2 5.0.3+20230114
[INFO] tweaked toml for crates.io crate google-bigquery2 5.0.3+20230114 written to /workspace/builds/worker-3-tc1/source/Cargo.toml
[INFO] running `Command { std: CARGO_HOME="/workspace/cargo-home" RUSTUP_HOME="/workspace/rustup-home" "/workspace/cargo-home/bin/cargo" "+1.75.0" "generate-lockfile" "--manifest-path" "Cargo.toml", kill_on_drop: false }`
[INFO] [stderr]     Updating crates.io index
[INFO] running `Command { std: CARGO_HOME="/workspace/cargo-home" RUSTUP_HOME="/workspace/rustup-home" "/workspace/cargo-home/bin/cargo" "+1.75.0" "fetch" "--manifest-path" "Cargo.toml", kill_on_drop: false }`
[INFO] running `Command { std: "docker" "create" "-v" "/var/lib/crater-agent-workspace/builds/worker-3-tc1/target:/opt/rustwide/target:rw,Z" "-v" "/var/lib/crater-agent-workspace/builds/worker-3-tc1/source:/opt/rustwide/workdir:ro,Z" "-v" "/var/lib/crater-agent-workspace/cargo-home:/opt/rustwide/cargo-home:ro,Z" "-v" "/var/lib/crater-agent-workspace/rustup-home:/opt/rustwide/rustup-home:ro,Z" "-e" "SOURCE_DIR=/opt/rustwide/workdir" "-e" "CARGO_TARGET_DIR=/opt/rustwide/target" "-e" "CARGO_HOME=/opt/rustwide/cargo-home" "-e" "RUSTUP_HOME=/opt/rustwide/rustup-home" "-w" "/opt/rustwide/workdir" "-m" "1610612736" "--user" "0:0" "--network" "none" "ghcr.io/rust-lang/crates-build-env/linux@sha256:2788e3201cd34a07e3172128adcd8b3090168a8e3bcc40d7c032b9dda1df7d1c" "/opt/rustwide/cargo-home/bin/cargo" "+1.75.0" "metadata" "--no-deps" "--format-version=1", kill_on_drop: false }`
[INFO] [stdout] f0021eb661e8fa2d2aa10ccdd101defb445cbe4fc8d68c919a471d0ea0076ecd
[INFO] running `Command { std: "docker" "start" "-a" "f0021eb661e8fa2d2aa10ccdd101defb445cbe4fc8d68c919a471d0ea0076ecd", kill_on_drop: false }`
[INFO] running `Command { std: "docker" "inspect" "f0021eb661e8fa2d2aa10ccdd101defb445cbe4fc8d68c919a471d0ea0076ecd", kill_on_drop: false }`
[INFO] running `Command { std: "docker" "rm" "-f" "f0021eb661e8fa2d2aa10ccdd101defb445cbe4fc8d68c919a471d0ea0076ecd", kill_on_drop: false }`
[INFO] [stdout] f0021eb661e8fa2d2aa10ccdd101defb445cbe4fc8d68c919a471d0ea0076ecd
[INFO] running `Command { std: "docker" "create" "-v" "/var/lib/crater-agent-workspace/builds/worker-3-tc1/target:/opt/rustwide/target:rw,Z" "-v" "/var/lib/crater-agent-workspace/builds/worker-3-tc1/source:/opt/rustwide/workdir:ro,Z" "-v" "/var/lib/crater-agent-workspace/cargo-home:/opt/rustwide/cargo-home:ro,Z" "-v" "/var/lib/crater-agent-workspace/rustup-home:/opt/rustwide/rustup-home:ro,Z" "-e" "SOURCE_DIR=/opt/rustwide/workdir" "-e" "CARGO_TARGET_DIR=/opt/rustwide/target" "-e" "CARGO_INCREMENTAL=0" "-e" "RUST_BACKTRACE=full" "-e" "RUSTFLAGS=--cap-lints=warn" "-e" "RUSTDOCFLAGS=--cap-lints=warn" "-e" "CARGO_HOME=/opt/rustwide/cargo-home" "-e" "RUSTUP_HOME=/opt/rustwide/rustup-home" "-w" "/opt/rustwide/workdir" "-m" "1610612736" "--user" "0:0" "--network" "none" "ghcr.io/rust-lang/crates-build-env/linux@sha256:2788e3201cd34a07e3172128adcd8b3090168a8e3bcc40d7c032b9dda1df7d1c" "/opt/rustwide/cargo-home/bin/cargo" "+1.75.0" "build" "--frozen" "--message-format=json", kill_on_drop: false }`
[INFO] [stdout] 73aea3452591312356c705b71483f6356a6e5e8848b2b13d963389bd20bd1db4
[INFO] running `Command { std: "docker" "start" "-a" "73aea3452591312356c705b71483f6356a6e5e8848b2b13d963389bd20bd1db4", kill_on_drop: false }`
[INFO] [stderr]    Compiling libc v0.2.151
[INFO] [stderr]    Compiling autocfg v1.1.0
[INFO] [stderr]    Compiling pin-project-lite v0.2.13
[INFO] [stderr]    Compiling fnv v1.0.7
[INFO] [stderr]    Compiling bytes v1.5.0
[INFO] [stderr]    Compiling futures-core v0.3.30
[INFO] [stderr]    Compiling futures-sink v0.3.30
[INFO] [stderr]    Compiling untrusted v0.9.0
[INFO] [stderr]    Compiling spin v0.9.8
[INFO] [stderr]    Compiling serde v1.0.194
[INFO] [stderr]    Compiling pin-utils v0.1.0
[INFO] [stderr]    Compiling memchr v2.7.1
[INFO] [stderr]    Compiling futures-io v0.3.30
[INFO] [stderr]    Compiling futures-task v0.3.30
[INFO] [stderr]    Compiling once_cell v1.19.0
[INFO] [stderr]    Compiling syn v2.0.48
[INFO] [stderr]    Compiling unicode-normalization v0.1.22
[INFO] [stderr]    Compiling unicode-bidi v0.3.14
[INFO] [stderr]    Compiling rustls v0.21.10
[INFO] [stderr]    Compiling equivalent v1.0.1
[INFO] [stderr]    Compiling futures-channel v0.3.30
[INFO] [stderr]    Compiling tracing-core v0.1.32
[INFO] [stderr]    Compiling httparse v1.8.0
[INFO] [stderr]    Compiling hashbrown v0.14.3
[INFO] [stderr]    Compiling strsim v0.10.0
[INFO] [stderr]    Compiling ident_case v1.0.1
[INFO] [stderr]    Compiling base64 v0.21.5
[INFO] [stderr]    Compiling try-lock v0.2.5
[INFO] [stderr]    Compiling async-trait v0.1.77
[INFO] [stderr]    Compiling openssl-probe v0.1.5
[INFO] [stderr]    Compiling want v0.3.1
[INFO] [stderr]    Compiling slab v0.4.9
[INFO] [stderr]    Compiling num-traits v0.2.17
[INFO] [stderr]    Compiling tracing v0.1.40
[INFO] [stderr]    Compiling http v0.2.11
[INFO] [stderr]    Compiling rustls-pemfile v1.0.4
[INFO] [stderr]    Compiling percent-encoding v2.3.1
[INFO] [stderr]    Compiling rustls-pki-types v1.1.0
[INFO] [stderr]    Compiling indexmap v2.1.0
[INFO] [stderr]    Compiling rustls v0.22.1
[INFO] [stderr]    Compiling either v1.9.0
[INFO] [stderr]    Compiling powerfmt v0.2.0
[INFO] [stderr]    Compiling httpdate v1.0.3
[INFO] [stderr]    Compiling tower-service v0.3.2
[INFO] [stderr]    Compiling form_urlencoded v1.2.1
[INFO] [stderr]    Compiling rustls-native-certs v0.6.3
[INFO] [stderr]    Compiling idna v0.5.0
[INFO] [stderr]    Compiling zeroize v1.7.0
[INFO] [stderr]    Compiling num_threads v0.1.6
[INFO] [stderr]    Compiling time-core v0.1.2
[INFO] [stderr]    Compiling matches v0.1.10
[INFO] [stderr]    Compiling subtle v2.5.0
[INFO] [stderr]    Compiling idna v0.1.5
[INFO] [stderr]    Compiling itertools v0.12.0
[INFO] [stderr]    Compiling percent-encoding v1.0.1
[INFO] [stderr]    Compiling seahash v4.1.0
[INFO] [stderr]    Compiling iana-time-zone v0.1.59
[INFO] [stderr]    Compiling itertools v0.10.5
[INFO] [stderr]    Compiling base64 v0.13.1
[INFO] [stderr]    Compiling mime v0.3.17
[INFO] [stderr]    Compiling url v2.5.0
[INFO] [stderr]    Compiling cc v1.0.83
[INFO] [stderr]    Compiling getrandom v0.2.11
[INFO] [stderr]    Compiling mio v0.8.10
[INFO] [stderr]    Compiling socket2 v0.5.5
[INFO] [stderr]    Compiling http-body v0.4.6
[INFO] [stderr]    Compiling url v1.7.2
[INFO] [stderr]    Compiling ring v0.17.7
[INFO] [stderr]    Compiling darling_core v0.20.3
[INFO] [stderr]    Compiling tokio-macros v2.2.0
[INFO] [stderr]    Compiling futures-macro v0.3.30
[INFO] [stderr]    Compiling serde_derive v1.0.194
[INFO] [stderr]    Compiling darling_macro v0.20.3
[INFO] [stderr]    Compiling sct v0.7.1
[INFO] [stderr]    Compiling rustls-webpki v0.101.7
[INFO] [stderr]    Compiling rustls-webpki v0.102.1
[INFO] [stderr]    Compiling tokio v1.35.1
[INFO] [stderr]    Compiling futures-util v0.3.30
[INFO] [stderr]    Compiling darling v0.20.3
[INFO] [stderr]    Compiling serde_with_macros v2.3.3
[INFO] [stderr]    Compiling futures-executor v0.3.30
[INFO] [stderr]    Compiling futures v0.3.30
[INFO] [stderr]    Compiling tokio-util v0.7.10
[INFO] [stderr]    Compiling tokio-rustls v0.24.1
[INFO] [stderr]    Compiling h2 v0.3.22
[INFO] [stderr]    Compiling deranged v0.3.11
[INFO] [stderr]    Compiling serde_json v1.0.111
[INFO] [stderr]    Compiling chrono v0.4.31
[INFO] [stderr]    Compiling serde_with v2.3.3
[INFO] [stderr]    Compiling time v0.3.31
[INFO] [stderr]    Compiling hyper v0.14.28
[INFO] [stderr]    Compiling hyper-rustls v0.24.2
[INFO] [stderr]    Compiling yup-oauth2 v8.3.2
[INFO] [stderr]    Compiling google-apis-common v6.0.0
[INFO] [stderr]    Compiling google-bigquery2 v5.0.3+20230114 (/opt/rustwide/workdir)
[INFO] [stderr]     Finished dev [unoptimized + debuginfo] target(s) in 37.49s
[INFO] running `Command { std: "docker" "inspect" "73aea3452591312356c705b71483f6356a6e5e8848b2b13d963389bd20bd1db4", kill_on_drop: false }`
[INFO] running `Command { std: "docker" "rm" "-f" "73aea3452591312356c705b71483f6356a6e5e8848b2b13d963389bd20bd1db4", kill_on_drop: false }`
[INFO] [stdout] 73aea3452591312356c705b71483f6356a6e5e8848b2b13d963389bd20bd1db4
[INFO] running `Command { std: "docker" "create" "-v" "/var/lib/crater-agent-workspace/builds/worker-3-tc1/target:/opt/rustwide/target:rw,Z" "-v" "/var/lib/crater-agent-workspace/builds/worker-3-tc1/source:/opt/rustwide/workdir:ro,Z" "-v" "/var/lib/crater-agent-workspace/cargo-home:/opt/rustwide/cargo-home:ro,Z" "-v" "/var/lib/crater-agent-workspace/rustup-home:/opt/rustwide/rustup-home:ro,Z" "-e" "SOURCE_DIR=/opt/rustwide/workdir" "-e" "CARGO_TARGET_DIR=/opt/rustwide/target" "-e" "CARGO_INCREMENTAL=0" "-e" "RUST_BACKTRACE=full" "-e" "RUSTFLAGS=--cap-lints=warn" "-e" "RUSTDOCFLAGS=--cap-lints=warn" "-e" "CARGO_HOME=/opt/rustwide/cargo-home" "-e" "RUSTUP_HOME=/opt/rustwide/rustup-home" "-w" "/opt/rustwide/workdir" "-m" "1610612736" "--user" "0:0" "--network" "none" "ghcr.io/rust-lang/crates-build-env/linux@sha256:2788e3201cd34a07e3172128adcd8b3090168a8e3bcc40d7c032b9dda1df7d1c" "/opt/rustwide/cargo-home/bin/cargo" "+1.75.0" "test" "--frozen" "--no-run" "--message-format=json", kill_on_drop: false }`
[INFO] [stdout] 0b55eb5c2140e9ec80bf66387523826b02696645490a0a24d64c2d8e64d3de4f
[INFO] running `Command { std: "docker" "start" "-a" "0b55eb5c2140e9ec80bf66387523826b02696645490a0a24d64c2d8e64d3de4f", kill_on_drop: false }`
[INFO] [stderr]    Compiling google-bigquery2 v5.0.3+20230114 (/opt/rustwide/workdir)
[INFO] [stderr]     Finished test [unoptimized + debuginfo] target(s) in 11.12s
[INFO] running `Command { std: "docker" "inspect" "0b55eb5c2140e9ec80bf66387523826b02696645490a0a24d64c2d8e64d3de4f", kill_on_drop: false }`
[INFO] running `Command { std: "docker" "rm" "-f" "0b55eb5c2140e9ec80bf66387523826b02696645490a0a24d64c2d8e64d3de4f", kill_on_drop: false }`
[INFO] [stdout] 0b55eb5c2140e9ec80bf66387523826b02696645490a0a24d64c2d8e64d3de4f
[INFO] running `Command { std: "docker" "create" "-v" "/var/lib/crater-agent-workspace/builds/worker-3-tc1/target:/opt/rustwide/target:rw,Z" "-v" "/var/lib/crater-agent-workspace/builds/worker-3-tc1/source:/opt/rustwide/workdir:ro,Z" "-v" "/var/lib/crater-agent-workspace/cargo-home:/opt/rustwide/cargo-home:ro,Z" "-v" "/var/lib/crater-agent-workspace/rustup-home:/opt/rustwide/rustup-home:ro,Z" "-e" "SOURCE_DIR=/opt/rustwide/workdir" "-e" "CARGO_TARGET_DIR=/opt/rustwide/target" "-e" "CARGO_INCREMENTAL=0" "-e" "RUST_BACKTRACE=full" "-e" "RUSTFLAGS=--cap-lints=warn" "-e" "RUSTDOCFLAGS=--cap-lints=warn" "-e" "CARGO_HOME=/opt/rustwide/cargo-home" "-e" "RUSTUP_HOME=/opt/rustwide/rustup-home" "-w" "/opt/rustwide/workdir" "-m" "1610612736" "--user" "0:0" "--network" "none" "ghcr.io/rust-lang/crates-build-env/linux@sha256:2788e3201cd34a07e3172128adcd8b3090168a8e3bcc40d7c032b9dda1df7d1c" "/opt/rustwide/cargo-home/bin/cargo" "+1.75.0" "test" "--frozen", kill_on_drop: false }`
[INFO] [stdout] f039fa9c5f0db911acbb646cc30c05cdecfd2767642811282af4652c7631874b
[INFO] running `Command { std: "docker" "start" "-a" "f039fa9c5f0db911acbb646cc30c05cdecfd2767642811282af4652c7631874b", kill_on_drop: false }`
[INFO] [stderr]     Finished test [unoptimized + debuginfo] target(s) in 0.19s
[INFO] [stderr]      Running unittests src/lib.rs (/opt/rustwide/target/debug/deps/google_bigquery2-1e01c467c4e7f8b3)
[INFO] [stderr]    Doc-tests google-bigquery2
[INFO] [stdout] 
[INFO] [stdout] running 0 tests
[INFO] [stdout] 
[INFO] [stdout] test result: ok. 0 passed; 0 failed; 0 ignored; 0 measured; 0 filtered out; finished in 0.00s
[INFO] [stdout] 
[INFO] [stdout] 
[INFO] [stdout] running 50 tests
[INFO] [stdout] test src/api.rs - api::JobGetCall (line 9202) - compile ... ok
[INFO] [stdout] test src/api.rs - api::JobMethods (line 5926) - compile ... ok
[INFO] [stdout] test src/api.rs - api::DatasetGetCall (line 7185) - compile ... ok
[INFO] [stdout] test src/api.rs - api::Bigquery (line 82) - compile ... ok
[INFO] [stdout] test src/api.rs - api::DatasetInsertCall (line 7455) - compile ... ok
[INFO] [stdout] test src/api.rs - api::DatasetPatchCall (line 8049) - compile ... ok
[INFO] [stdout] test src/api.rs - api::DatasetListCall (line 7743) - compile ... ok
[INFO] [stdout] test src/api.rs - api::DatasetDeleteCall (line 6914) - compile ... ok
[INFO] [stdout] test src/api.rs - api::JobDeleteCall (line 8931) - compile ... ok
[INFO] [stdout] test src/api.rs - api::DatasetMethods (line 5764) - compile ... ok
[INFO] [stdout] test src/api.rs - api::JobCancelCall (line 8649) - compile ... ok
[INFO] [stdout] test src/api.rs - api::JobListCall (line 10351) - compile ... ok
[INFO] [stdout] test src/api.rs - api::JobQueryCall (line 10708) - compile ... ok
[INFO] [stdout] test src/api.rs - api::JobGetQueryResultCall (line 9484) - compile ... ok
[INFO] [stdout] test src/api.rs - api::JobInsertCall (line 9814) - compile ... ok
[INFO] [stdout] test src/api.rs - api::DatasetUpdateCall (line 8349) - compile ... ok
[INFO] [stdout] test src/api.rs - api::ProjectListCall (line 12413) - compile ... ok
[INFO] [stdout] test src/api.rs - api::ModelDeleteCall (line 10996) - compile ... ok
[INFO] [stdout] test src/api.rs - api::ModelGetCall (line 11267) - compile ... ok
[INFO] [stdout] test src/api.rs - api::ProjectMethods (line 6241) - compile ... ok
[INFO] [stdout] test src/api.rs - api::RoutineDeleteCall (line 12676) - compile ... ok
[INFO] [stdout] test src/api.rs - api::ProjectGetServiceAccountCall (line 12155) - compile ... ok
[INFO] [stdout] test src/api.rs - api::ModelMethods (line 6114) - compile ... ok
[INFO] [stdout] test src/api.rs - api::RoutineInsertCall (line 13241) - compile ... ok
[INFO] [stdout] test src/api.rs - api::ModelListCall (line 11549) - compile ... ok
[INFO] [stdout] test src/api.rs - api::ModelPatchCall (line 11843) - compile ... ok
[INFO] [stdout] test src/api.rs - api::TableDeleteCall (line 15983) - compile ... ok
[INFO] [stdout] test src/api.rs - api::RowAccessPolicyGetIamPolicyCall (line 14171) - compile ... ok
[INFO] [stdout] test src/api.rs - api::RoutineMethods (line 6313) - compile ... ok
[INFO] [stdout] test src/api.rs - api::RowAccessPolicyListCall (line 14459) - compile ... ok
[INFO] [stdout] test src/api.rs - api::RowAccessPolicySetIamPolicyCall (line 14765) - compile ... ok
[INFO] [stdout] test src/api.rs - api::RoutineUpdateCall (line 13859) - compile ... ok
[INFO] [stdout] test src/api.rs - api::RowAccessPolicyTestIamPermissionCall (line 15053) - compile ... ok
[INFO] [stdout] test src/lib.rs - (line 67) ... ignored
[INFO] [stdout] test src/api.rs - api::TableInsertCall (line 16848) - compile ... ok
[INFO] [stdout] test src/api.rs - api::TableGetCall (line 16254) - compile ... ok
[INFO] [stdout] test src/api.rs - api::RowAccessPolicyMethods (line 6464) - compile ... ok
[INFO] [stdout] test src/api.rs - api::TableGetIamPolicyCall (line 16560) - compile ... ok
[INFO] [stdout] test src/api.rs - api::RoutineGetCall (line 12947) - compile ... FAILED
[INFO] [stdout] test src/api.rs - api::RoutineListCall (line 13541) - compile ... FAILED
[INFO] [stdout] test src/api.rs - api::TableSetIamPolicyCall (line 17766) - compile ... ok
[INFO] [stdout] test src/api.rs - api::TableMethods (line 6674) - compile ... ok
[INFO] [stdout] test src/api.rs - api::TableTestIamPermissionCall (line 18054) - compile ... ok
[INFO] [stdout] test src/api.rs - api::TablePatchCall (line 17442) - compile ... ok
[INFO] [stdout] test src/api.rs - api::TabledataMethods (line 6585) - compile ... ok
[INFO] [stdout] test src/api.rs - api::TableListCall (line 17148) - compile ... ok
[INFO] [stdout] test src/api.rs - api::TabledataInsertAllCall (line 15341) - compile ... ok
[INFO] [stdout] test src/lib.rs - (line 99) - compile ... ok
[INFO] [stdout] test src/api.rs - api::TableUpdateCall (line 18342) - compile ... ok
[INFO] [stderr] error: doctest failed, to rerun pass `--doc`
[INFO] [stdout] test src/api.rs - api::TabledataListCall (line 15653) - compile ... ok
[INFO] [stdout] 
[INFO] [stdout] failures:
[INFO] [stdout] 
[INFO] [stdout] ---- src/api.rs - api::RoutineGetCall (line 12947) stdout ----
[INFO] [stdout] error[E0308]: mismatched types
[INFO] [stdout]      --> src/api.rs:12965:25
[INFO] [stdout]       |
[INFO] [stdout] 19    |              .read_mask(&Default::default())
[INFO] [stdout]       |               --------- ^^^^^^^^^^^^^^^^^^^ expected `FieldMask`, found `&_`
[INFO] [stdout]       |               |
[INFO] [stdout]       |               arguments to this method are incorrect
[INFO] [stdout]       |
[INFO] [stdout]       = note: expected struct `FieldMask`
[INFO] [stdout]               found reference `&_`
[INFO] [stdout] note: method defined here
[INFO] [stdout]      --> /opt/rustwide/workdir/src/api.rs:13156:12
[INFO] [stdout]       |
[INFO] [stdout] 13156 |     pub fn read_mask(mut self, new_value: client::FieldMask) -> RoutineGetCall<'a, S> {
[INFO] [stdout]       |            ^^^^^^^^^
[INFO] [stdout] help: consider removing the borrow
[INFO] [stdout]       |
[INFO] [stdout] 19    -              .read_mask(&Default::default())
[INFO] [stdout] 19    +              .read_mask(Default::default())
[INFO] [stdout]       |
[INFO] [stdout] 
[INFO] [stdout] error: aborting due to previous error
[INFO] [stdout] 
[INFO] [stdout] For more information about this error, try `rustc --explain E0308`.
[INFO] [stdout] Couldn't compile the test.
[INFO] [stdout] ---- src/api.rs - api::RoutineListCall (line 13541) stdout ----
[INFO] [stdout] error[E0308]: mismatched types
[INFO] [stdout]      --> src/api.rs:13559:25
[INFO] [stdout]       |
[INFO] [stdout] 19    |              .read_mask(&Default::default())
[INFO] [stdout]       |               --------- ^^^^^^^^^^^^^^^^^^^ expected `FieldMask`, found `&_`
[INFO] [stdout]       |               |
[INFO] [stdout]       |               arguments to this method are incorrect
[INFO] [stdout]       |
[INFO] [stdout]       = note: expected struct `FieldMask`
[INFO] [stdout]               found reference `&_`
[INFO] [stdout] note: method defined here
[INFO] [stdout]      --> /opt/rustwide/workdir/src/api.rs:13753:12
[INFO] [stdout]       |
[INFO] [stdout] 13753 |     pub fn read_mask(mut self, new_value: client::FieldMask) -> RoutineListCall<'a, S> {
[INFO] [stdout]       |            ^^^^^^^^^
[INFO] [stdout] help: consider removing the borrow
[INFO] [stdout]       |
[INFO] [stdout] 19    -              .read_mask(&Default::default())
[INFO] [stdout] 19    +              .read_mask(Default::default())
[INFO] [stdout]       |
[INFO] [stdout] 
[INFO] [stdout] error: aborting due to previous error
[INFO] [stdout] 
[INFO] [stdout] For more information about this error, try `rustc --explain E0308`.
[INFO] [stdout] Couldn't compile the test.
[INFO] [stdout] 
[INFO] [stdout] failures:
[INFO] [stdout]     src/api.rs - api::RoutineGetCall (line 12947)
[INFO] [stdout]     src/api.rs - api::RoutineListCall (line 13541)
[INFO] [stdout] 
[INFO] [stdout] test result: FAILED. 47 passed; 2 failed; 1 ignored; 0 measured; 0 filtered out; finished in 2.24s
[INFO] [stdout] 
[INFO] running `Command { std: "docker" "inspect" "f039fa9c5f0db911acbb646cc30c05cdecfd2767642811282af4652c7631874b", kill_on_drop: false }`
[INFO] running `Command { std: "docker" "rm" "-f" "f039fa9c5f0db911acbb646cc30c05cdecfd2767642811282af4652c7631874b", kill_on_drop: false }`
[INFO] [stdout] f039fa9c5f0db911acbb646cc30c05cdecfd2767642811282af4652c7631874b
[INFO] testing google-bigquery2-5.0.3+20230114 against beta-2023-12-22 for beta-1.76-1
[INFO] extracting crate google-bigquery2 5.0.3+20230114 into /workspace/builds/worker-3-tc2/source
[INFO] validating manifest of crates.io crate google-bigquery2 5.0.3+20230114 on toolchain beta-2023-12-22
[INFO] running `Command { std: CARGO_HOME="/workspace/cargo-home" RUSTUP_HOME="/workspace/rustup-home" "/workspace/cargo-home/bin/cargo" "+beta-2023-12-22" "metadata" "--manifest-path" "Cargo.toml" "--no-deps", kill_on_drop: false }`
[INFO] started tweaking crates.io crate google-bigquery2 5.0.3+20230114
[INFO] finished tweaking crates.io crate google-bigquery2 5.0.3+20230114
[INFO] tweaked toml for crates.io crate google-bigquery2 5.0.3+20230114 written to /workspace/builds/worker-3-tc2/source/Cargo.toml
[INFO] running `Command { std: CARGO_HOME="/workspace/cargo-home" RUSTUP_HOME="/workspace/rustup-home" "/workspace/cargo-home/bin/cargo" "+beta-2023-12-22" "generate-lockfile" "--manifest-path" "Cargo.toml", kill_on_drop: false }`
[INFO] [stderr]     Updating crates.io index
[INFO] running `Command { std: CARGO_HOME="/workspace/cargo-home" RUSTUP_HOME="/workspace/rustup-home" "/workspace/cargo-home/bin/cargo" "+beta-2023-12-22" "fetch" "--manifest-path" "Cargo.toml", kill_on_drop: false }`
[INFO] running `Command { std: "docker" "create" "-v" "/var/lib/crater-agent-workspace/builds/worker-3-tc2/target:/opt/rustwide/target:rw,Z" "-v" "/var/lib/crater-agent-workspace/builds/worker-3-tc2/source:/opt/rustwide/workdir:ro,Z" "-v" "/var/lib/crater-agent-workspace/cargo-home:/opt/rustwide/cargo-home:ro,Z" "-v" "/var/lib/crater-agent-workspace/rustup-home:/opt/rustwide/rustup-home:ro,Z" "-e" "SOURCE_DIR=/opt/rustwide/workdir" "-e" "CARGO_TARGET_DIR=/opt/rustwide/target" "-e" "CARGO_HOME=/opt/rustwide/cargo-home" "-e" "RUSTUP_HOME=/opt/rustwide/rustup-home" "-w" "/opt/rustwide/workdir" "-m" "1610612736" "--user" "0:0" "--network" "none" "ghcr.io/rust-lang/crates-build-env/linux@sha256:2788e3201cd34a07e3172128adcd8b3090168a8e3bcc40d7c032b9dda1df7d1c" "/opt/rustwide/cargo-home/bin/cargo" "+beta-2023-12-22" "metadata" "--no-deps" "--format-version=1", kill_on_drop: false }`
[INFO] [stdout] a8a14f53f9e7e1138ca80d68db3c512a784e0ea815e3aa022129d54acb83b2e0
[INFO] running `Command { std: "docker" "start" "-a" "a8a14f53f9e7e1138ca80d68db3c512a784e0ea815e3aa022129d54acb83b2e0", kill_on_drop: false }`
[INFO] running `Command { std: "docker" "inspect" "a8a14f53f9e7e1138ca80d68db3c512a784e0ea815e3aa022129d54acb83b2e0", kill_on_drop: false }`
[INFO] running `Command { std: "docker" "rm" "-f" "a8a14f53f9e7e1138ca80d68db3c512a784e0ea815e3aa022129d54acb83b2e0", kill_on_drop: false }`
[INFO] [stdout] a8a14f53f9e7e1138ca80d68db3c512a784e0ea815e3aa022129d54acb83b2e0
[INFO] running `Command { std: "docker" "create" "-v" "/var/lib/crater-agent-workspace/builds/worker-3-tc2/target:/opt/rustwide/target:rw,Z" "-v" "/var/lib/crater-agent-workspace/builds/worker-3-tc2/source:/opt/rustwide/workdir:ro,Z" "-v" "/var/lib/crater-agent-workspace/cargo-home:/opt/rustwide/cargo-home:ro,Z" "-v" "/var/lib/crater-agent-workspace/rustup-home:/opt/rustwide/rustup-home:ro,Z" "-e" "SOURCE_DIR=/opt/rustwide/workdir" "-e" "CARGO_TARGET_DIR=/opt/rustwide/target" "-e" "CARGO_INCREMENTAL=0" "-e" "RUST_BACKTRACE=full" "-e" "RUSTFLAGS=--cap-lints=warn" "-e" "RUSTDOCFLAGS=--cap-lints=warn" "-e" "CARGO_HOME=/opt/rustwide/cargo-home" "-e" "RUSTUP_HOME=/opt/rustwide/rustup-home" "-w" "/opt/rustwide/workdir" "-m" "1610612736" "--user" "0:0" "--network" "none" "ghcr.io/rust-lang/crates-build-env/linux@sha256:2788e3201cd34a07e3172128adcd8b3090168a8e3bcc40d7c032b9dda1df7d1c" "/opt/rustwide/cargo-home/bin/cargo" "+beta-2023-12-22" "build" "--frozen" "--message-format=json", kill_on_drop: false }`
[INFO] [stdout] fc09aba05f98cc26f1b7f09961d6d9fa06ca14b41f98a6aa3cf721d4ab92be53
[INFO] running `Command { std: "docker" "start" "-a" "fc09aba05f98cc26f1b7f09961d6d9fa06ca14b41f98a6aa3cf721d4ab92be53", kill_on_drop: false }`
[INFO] [stderr]    Compiling libc v0.2.151
[INFO] [stderr]    Compiling autocfg v1.1.0
[INFO] [stderr]    Compiling pin-project-lite v0.2.13
[INFO] [stderr]    Compiling fnv v1.0.7
[INFO] [stderr]    Compiling untrusted v0.9.0
[INFO] [stderr]    Compiling futures-sink v0.3.30
[INFO] [stderr]    Compiling futures-core v0.3.30
[INFO] [stderr]    Compiling bytes v1.5.0
[INFO] [stderr]    Compiling spin v0.9.8
[INFO] [stderr]    Compiling serde v1.0.194
[INFO] [stderr]    Compiling pin-utils v0.1.0
[INFO] [stderr]    Compiling memchr v2.7.1
[INFO] [stderr]    Compiling futures-io v0.3.30
[INFO] [stderr]    Compiling futures-task v0.3.30
[INFO] [stderr]    Compiling once_cell v1.19.0
[INFO] [stderr]    Compiling syn v2.0.48
[INFO] [stderr]    Compiling unicode-normalization v0.1.22
[INFO] [stderr]    Compiling unicode-bidi v0.3.14
[INFO] [stderr]    Compiling ident_case v1.0.1
[INFO] [stderr]    Compiling httparse v1.8.0
[INFO] [stderr]    Compiling futures-channel v0.3.30
[INFO] [stderr]    Compiling strsim v0.10.0
[INFO] [stderr]    Compiling hashbrown v0.14.3
[INFO] [stderr]    Compiling rustls v0.21.10
[INFO] [stderr]    Compiling equivalent v1.0.1
[INFO] [stderr]    Compiling try-lock v0.2.5
[INFO] [stderr]    Compiling tracing-core v0.1.32
[INFO] [stderr]    Compiling base64 v0.21.5
[INFO] [stderr]    Compiling want v0.3.1
[INFO] [stderr]    Compiling either v1.9.0
[INFO] [stderr]    Compiling async-trait v0.1.77
[INFO] [stderr]    Compiling powerfmt v0.2.0
[INFO] [stderr]    Compiling slab v0.4.9
[INFO] [stderr]    Compiling num-traits v0.2.17
[INFO] [stderr]    Compiling rustls v0.22.1
[INFO] [stderr]    Compiling httpdate v1.0.3
[INFO] [stderr]    Compiling http v0.2.11
[INFO] [stderr]    Compiling rustls-pemfile v1.0.4
[INFO] [stderr]    Compiling percent-encoding v2.3.1
[INFO] [stderr]    Compiling openssl-probe v0.1.5
[INFO] [stderr]    Compiling tower-service v0.3.2
[INFO] [stderr]    Compiling rustls-pki-types v1.1.0
[INFO] [stderr]    Compiling rustls-native-certs v0.6.3
[INFO] [stderr]    Compiling form_urlencoded v1.2.1
[INFO] [stderr]    Compiling tracing v0.1.40
[INFO] [stderr]    Compiling idna v0.5.0
[INFO] [stderr]    Compiling subtle v2.5.0
[INFO] [stderr]    Compiling zeroize v1.7.0
[INFO] [stderr]    Compiling time-core v0.1.2
[INFO] [stderr]    Compiling matches v0.1.10
[INFO] [stderr]    Compiling num_threads v0.1.6
[INFO] [stderr]    Compiling indexmap v2.1.0
[INFO] [stderr]    Compiling idna v0.1.5
[INFO] [stderr]    Compiling itertools v0.12.0
[INFO] [stderr]    Compiling iana-time-zone v0.1.59
[INFO] [stderr]    Compiling seahash v4.1.0
[INFO] [stderr]    Compiling percent-encoding v1.0.1
[INFO] [stderr]    Compiling itertools v0.10.5
[INFO] [stderr]    Compiling base64 v0.13.1
[INFO] [stderr]    Compiling mime v0.3.17
[INFO] [stderr]    Compiling http-body v0.4.6
[INFO] [stderr]    Compiling cc v1.0.83
[INFO] [stderr]    Compiling getrandom v0.2.11
[INFO] [stderr]    Compiling mio v0.8.10
[INFO] [stderr]    Compiling socket2 v0.5.5
[INFO] [stderr]    Compiling url v2.5.0
[INFO] [stderr]    Compiling url v1.7.2
[INFO] [stderr]    Compiling ring v0.17.7
[INFO] [stderr]    Compiling darling_core v0.20.3
[INFO] [stderr]    Compiling serde_derive v1.0.194
[INFO] [stderr]    Compiling tokio-macros v2.2.0
[INFO] [stderr]    Compiling futures-macro v0.3.30
[INFO] [stderr]    Compiling tokio v1.35.1
[INFO] [stderr]    Compiling darling_macro v0.20.3
[INFO] [stderr]    Compiling futures-util v0.3.30
[INFO] [stderr]    Compiling rustls-webpki v0.101.7
[INFO] [stderr]    Compiling sct v0.7.1
[INFO] [stderr]    Compiling rustls-webpki v0.102.1
[INFO] [stderr]    Compiling darling v0.20.3
[INFO] [stderr]    Compiling serde_with_macros v2.3.3
[INFO] [stderr]    Compiling futures-executor v0.3.30
[INFO] [stderr]    Compiling futures v0.3.30
[INFO] [stderr]    Compiling tokio-util v0.7.10
[INFO] [stderr]    Compiling tokio-rustls v0.24.1
[INFO] [stderr]    Compiling h2 v0.3.22
[INFO] [stderr]    Compiling deranged v0.3.11
[INFO] [stderr]    Compiling serde_json v1.0.111
[INFO] [stderr]    Compiling chrono v0.4.31
[INFO] [stderr]    Compiling serde_with v2.3.3
[INFO] [stderr]    Compiling time v0.3.31
[INFO] [stderr]    Compiling hyper v0.14.28
[INFO] [stderr]    Compiling hyper-rustls v0.24.2
[INFO] [stderr]    Compiling yup-oauth2 v8.3.2
[INFO] [stderr]    Compiling google-apis-common v6.0.0
[INFO] [stderr]    Compiling google-bigquery2 v5.0.3+20230114 (/opt/rustwide/workdir)
[INFO] [stderr]     Finished dev [unoptimized + debuginfo] target(s) in 50.47s
[INFO] running `Command { std: "docker" "inspect" "fc09aba05f98cc26f1b7f09961d6d9fa06ca14b41f98a6aa3cf721d4ab92be53", kill_on_drop: false }`
[INFO] running `Command { std: "docker" "rm" "-f" "fc09aba05f98cc26f1b7f09961d6d9fa06ca14b41f98a6aa3cf721d4ab92be53", kill_on_drop: false }`
[INFO] [stdout] fc09aba05f98cc26f1b7f09961d6d9fa06ca14b41f98a6aa3cf721d4ab92be53
[INFO] running `Command { std: "docker" "create" "-v" "/var/lib/crater-agent-workspace/builds/worker-3-tc2/target:/opt/rustwide/target:rw,Z" "-v" "/var/lib/crater-agent-workspace/builds/worker-3-tc2/source:/opt/rustwide/workdir:ro,Z" "-v" "/var/lib/crater-agent-workspace/cargo-home:/opt/rustwide/cargo-home:ro,Z" "-v" "/var/lib/crater-agent-workspace/rustup-home:/opt/rustwide/rustup-home:ro,Z" "-e" "SOURCE_DIR=/opt/rustwide/workdir" "-e" "CARGO_TARGET_DIR=/opt/rustwide/target" "-e" "CARGO_INCREMENTAL=0" "-e" "RUST_BACKTRACE=full" "-e" "RUSTFLAGS=--cap-lints=warn" "-e" "RUSTDOCFLAGS=--cap-lints=warn" "-e" "CARGO_HOME=/opt/rustwide/cargo-home" "-e" "RUSTUP_HOME=/opt/rustwide/rustup-home" "-w" "/opt/rustwide/workdir" "-m" "1610612736" "--user" "0:0" "--network" "none" "ghcr.io/rust-lang/crates-build-env/linux@sha256:2788e3201cd34a07e3172128adcd8b3090168a8e3bcc40d7c032b9dda1df7d1c" "/opt/rustwide/cargo-home/bin/cargo" "+beta-2023-12-22" "test" "--frozen" "--no-run" "--message-format=json", kill_on_drop: false }`
[INFO] [stdout] f795ee73844840ed0a076338ee69f60a3c3e557b764c51dfa2205d402d605d7d
[INFO] running `Command { std: "docker" "start" "-a" "f795ee73844840ed0a076338ee69f60a3c3e557b764c51dfa2205d402d605d7d", kill_on_drop: false }`
[INFO] [stderr]    Compiling google-bigquery2 v5.0.3+20230114 (/opt/rustwide/workdir)
[INFO] [stderr]     Finished test [unoptimized + debuginfo] target(s) in 9.43s
[INFO] running `Command { std: "docker" "inspect" "f795ee73844840ed0a076338ee69f60a3c3e557b764c51dfa2205d402d605d7d", kill_on_drop: false }`
[INFO] running `Command { std: "docker" "rm" "-f" "f795ee73844840ed0a076338ee69f60a3c3e557b764c51dfa2205d402d605d7d", kill_on_drop: false }`
[INFO] [stdout] f795ee73844840ed0a076338ee69f60a3c3e557b764c51dfa2205d402d605d7d
[INFO] running `Command { std: "docker" "create" "-v" "/var/lib/crater-agent-workspace/builds/worker-3-tc2/target:/opt/rustwide/target:rw,Z" "-v" "/var/lib/crater-agent-workspace/builds/worker-3-tc2/source:/opt/rustwide/workdir:ro,Z" "-v" "/var/lib/crater-agent-workspace/cargo-home:/opt/rustwide/cargo-home:ro,Z" "-v" "/var/lib/crater-agent-workspace/rustup-home:/opt/rustwide/rustup-home:ro,Z" "-e" "SOURCE_DIR=/opt/rustwide/workdir" "-e" "CARGO_TARGET_DIR=/opt/rustwide/target" "-e" "CARGO_INCREMENTAL=0" "-e" "RUST_BACKTRACE=full" "-e" "RUSTFLAGS=--cap-lints=warn" "-e" "RUSTDOCFLAGS=--cap-lints=warn" "-e" "CARGO_HOME=/opt/rustwide/cargo-home" "-e" "RUSTUP_HOME=/opt/rustwide/rustup-home" "-w" "/opt/rustwide/workdir" "-m" "1610612736" "--user" "0:0" "--network" "none" "ghcr.io/rust-lang/crates-build-env/linux@sha256:2788e3201cd34a07e3172128adcd8b3090168a8e3bcc40d7c032b9dda1df7d1c" "/opt/rustwide/cargo-home/bin/cargo" "+beta-2023-12-22" "test" "--frozen", kill_on_drop: false }`
[INFO] [stdout] 846952b9e1f0740777773edc73b4b8019a2d460c6f71ef01c4e39b2d0ad063b5
[INFO] running `Command { std: "docker" "start" "-a" "846952b9e1f0740777773edc73b4b8019a2d460c6f71ef01c4e39b2d0ad063b5", kill_on_drop: false }`
[INFO] [stderr]     Finished test [unoptimized + debuginfo] target(s) in 0.09s
[INFO] [stderr]      Running unittests src/lib.rs (/opt/rustwide/target/debug/deps/google_bigquery2-14f6c19e2bfaeaae)
[INFO] [stdout] 
[INFO] [stdout] running 0 tests
[INFO] [stdout] 
[INFO] [stderr]    Doc-tests google-bigquery2
[INFO] [stdout] test result: ok. 0 passed; 0 failed; 0 ignored; 0 measured; 0 filtered out; finished in 0.00s
[INFO] [stdout] 
[INFO] [stdout] 
[INFO] [stdout] running 50 tests
[INFO] [stdout] test src/api.rs - api::Bigquery (line 82) - compile ... ok
[INFO] [stdout] test src/api.rs - api::DatasetDeleteCall (line 6914) - compile ... ok
[INFO] [stdout] test src/api.rs - api::DatasetMethods (line 5764) - compile ... ok
[INFO] [stdout] test src/api.rs - api::DatasetPatchCall (line 8049) - compile ... ok
[INFO] [stdout] test src/api.rs - api::JobQueryCall (line 10708) - compile ... ok
[INFO] [stdout] test src/api.rs - api::DatasetInsertCall (line 7455) - compile ... ok
[INFO] [stdout] test src/api.rs - api::DatasetListCall (line 7743) - compile ... ok
[INFO] [stdout] test src/api.rs - api::JobGetCall (line 9202) - compile ... ok
[INFO] [stdout] test src/api.rs - api::DatasetGetCall (line 7185) - compile ... ok
[INFO] [stdout] test src/api.rs - api::JobMethods (line 5926) - compile ... ok
[INFO] [stdout] test src/api.rs - api::JobGetQueryResultCall (line 9484) - compile ... ok
[INFO] [stdout] test src/api.rs - api::JobCancelCall (line 8649) - compile ... ok
[INFO] [stdout] test src/api.rs - api::ModelGetCall (line 11267) - compile ... ok
[INFO] [stdout] test src/api.rs - api::JobListCall (line 10351) - compile ... ok
[INFO] [stdout] test src/api.rs - api::ProjectMethods (line 6241) - compile ... ok
[INFO] [stdout] test src/api.rs - api::JobInsertCall (line 9814) - compile ... ok
[INFO] [stdout] test src/api.rs - api::RoutineDeleteCall (line 12676) - compile ... ok
[INFO] [stdout] test src/api.rs - api::JobDeleteCall (line 8931) - compile ... ok
[INFO] [stdout] test src/api.rs - api::RoutineUpdateCall (line 13859) - compile ... ok
[INFO] [stdout] test src/api.rs - api::ModelListCall (line 11549) - compile ... ok
[INFO] [stdout] test src/api.rs - api::ModelMethods (line 6114) - compile ... ok
[INFO] [stdout] test src/api.rs - api::DatasetUpdateCall (line 8349) - compile ... ok
[INFO] [stdout] test src/api.rs - api::ModelDeleteCall (line 10996) - compile ... ok
[INFO] [stdout] test src/api.rs - api::RoutineInsertCall (line 13241) - compile ... ok
[INFO] [stdout] test src/api.rs - api::ProjectGetServiceAccountCall (line 12155) - compile ... ok
[INFO] [stdout] test src/api.rs - api::RoutineListCall (line 13541) - compile ... FAILED
[INFO] [stdout] test src/api.rs - api::RoutineGetCall (line 12947) - compile ... FAILED
[INFO] [stdout] test src/api.rs - api::RoutineMethods (line 6313) - compile ... ok
[INFO] [stdout] test src/api.rs - api::ProjectListCall (line 12413) - compile ... ok
[INFO] [stdout] test src/api.rs - api::ModelPatchCall (line 11843) - compile ... ok
[INFO] [stdout] test src/api.rs - api::TableSetIamPolicyCall (line 17766) - compile ... ok
[INFO] [stdout] test src/api.rs - api::TableGetCall (line 16254) - compile ... ok
[INFO] [stdout] test src/api.rs - api::RowAccessPolicyMethods (line 6464) - compile ... ok
[INFO] [stdout] test src/lib.rs - (line 67) ... ignored
[INFO] [stdout] test src/api.rs - api::RowAccessPolicyGetIamPolicyCall (line 14171) - compile ... ok
[INFO] [stdout] test src/api.rs - api::TableInsertCall (line 16848) - compile ... ok
[INFO] [stdout] test src/api.rs - api::RowAccessPolicyTestIamPermissionCall (line 15053) - compile ... ok
[INFO] [stdout] test src/api.rs - api::TableUpdateCall (line 18342) - compile ... ok
[INFO] [stdout] test src/api.rs - api::TableTestIamPermissionCall (line 18054) - compile ... ok
[INFO] [stdout] test src/api.rs - api::RowAccessPolicySetIamPolicyCall (line 14765) - compile ... ok
[INFO] [stdout] test src/api.rs - api::RowAccessPolicyListCall (line 14459) - compile ... ok
[INFO] [stdout] test src/api.rs - api::TablePatchCall (line 17442) - compile ... ok
[INFO] [stdout] test src/api.rs - api::TableDeleteCall (line 15983) - compile ... ok
[INFO] [stdout] test src/api.rs - api::TableGetIamPolicyCall (line 16560) - compile ... ok
[INFO] [stdout] test src/api.rs - api::TableListCall (line 17148) - compile ... ok
[INFO] [stdout] test src/api.rs - api::TableMethods (line 6674) - compile ... ok
[INFO] [stdout] test src/lib.rs - (line 99) - compile ... ok
[INFO] [stdout] test src/api.rs - api::TabledataListCall (line 15653) - compile ... ok
[INFO] [stdout] test src/api.rs - api::TabledataInsertAllCall (line 15341) - compile ... ok
[INFO] [stderr] error: doctest failed, to rerun pass `--doc`
[INFO] [stdout] test src/api.rs - api::TabledataMethods (line 6585) - compile ... ok
[INFO] [stdout] 
[INFO] [stdout] failures:
[INFO] [stdout] 
[INFO] [stdout] ---- src/api.rs - api::RoutineListCall (line 13541) stdout ----
[INFO] [stdout] error[E0308]: mismatched types
[INFO] [stdout]      --> src/api.rs:13559:25
[INFO] [stdout]       |
[INFO] [stdout] 19    |              .read_mask(&Default::default())
[INFO] [stdout]       |               --------- ^^^^^^^^^^^^^^^^^^^ expected `FieldMask`, found `&_`
[INFO] [stdout]       |               |
[INFO] [stdout]       |               arguments to this method are incorrect
[INFO] [stdout]       |
[INFO] [stdout]       = note: expected struct `FieldMask`
[INFO] [stdout]               found reference `&_`
[INFO] [stdout] note: method defined here
[INFO] [stdout]      --> /opt/rustwide/workdir/src/api.rs:13753:12
[INFO] [stdout]       |
[INFO] [stdout] 13753 |     pub fn read_mask(mut self, new_value: client::FieldMask) -> RoutineListCall<'a, S> {
[INFO] [stdout]       |            ^^^^^^^^^
[INFO] [stdout] help: consider removing the borrow
[INFO] [stdout]       |
[INFO] [stdout] 19    -              .read_mask(&Default::default())
[INFO] [stdout] 19    +              .read_mask(Default::default())
[INFO] [stdout]       |
[INFO] [stdout] 
[INFO] [stdout] error: aborting due to 1 previous error
[INFO] [stdout] 
[INFO] [stdout] For more information about this error, try `rustc --explain E0308`.
[INFO] [stdout] Couldn't compile the test.
[INFO] [stdout] ---- src/api.rs - api::RoutineGetCall (line 12947) stdout ----
[INFO] [stdout] error[E0308]: mismatched types
[INFO] [stdout]      --> src/api.rs:12965:25
[INFO] [stdout]       |
[INFO] [stdout] 19    |              .read_mask(&Default::default())
[INFO] [stdout]       |               --------- ^^^^^^^^^^^^^^^^^^^ expected `FieldMask`, found `&_`
[INFO] [stdout]       |               |
[INFO] [stdout]       |               arguments to this method are incorrect
[INFO] [stdout]       |
[INFO] [stdout]       = note: expected struct `FieldMask`
[INFO] [stdout]               found reference `&_`
[INFO] [stdout] note: method defined here
[INFO] [stdout]      --> /opt/rustwide/workdir/src/api.rs:13156:12
[INFO] [stdout]       |
[INFO] [stdout] 13156 |     pub fn read_mask(mut self, new_value: client::FieldMask) -> RoutineGetCall<'a, S> {
[INFO] [stdout]       |            ^^^^^^^^^
[INFO] [stdout] help: consider removing the borrow
[INFO] [stdout]       |
[INFO] [stdout] 19    -              .read_mask(&Default::default())
[INFO] [stdout] 19    +              .read_mask(Default::default())
[INFO] [stdout]       |
[INFO] [stdout] 
[INFO] [stdout] error: aborting due to 1 previous error
[INFO] [stdout] 
[INFO] [stdout] For more information about this error, try `rustc --explain E0308`.
[INFO] [stdout] Couldn't compile the test.
[INFO] [stdout] 
[INFO] [stdout] failures:
[INFO] [stdout]     src/api.rs - api::RoutineGetCall (line 12947)
[INFO] [stdout]     src/api.rs - api::RoutineListCall (line 13541)
[INFO] [stdout] 
[INFO] [stdout] test result: FAILED. 47 passed; 2 failed; 1 ignored; 0 measured; 0 filtered out; finished in 1.29s
[INFO] [stdout] 
[INFO] running `Command { std: "docker" "inspect" "846952b9e1f0740777773edc73b4b8019a2d460c6f71ef01c4e39b2d0ad063b5", kill_on_drop: false }`
[INFO] running `Command { std: "docker" "rm" "-f" "846952b9e1f0740777773edc73b4b8019a2d460c6f71ef01c4e39b2d0ad063b5", kill_on_drop: false }`
[INFO] [stdout] 846952b9e1f0740777773edc73b4b8019a2d460c6f71ef01c4e39b2d0ad063b5
