[INFO] fetching crate google-baremetalsolution2 5.0.3+20230113...
[INFO] testing google-baremetalsolution2-5.0.3+20230113 against 1.75.0 for beta-1.76-1
[INFO] extracting crate google-baremetalsolution2 5.0.3+20230113 into /workspace/builds/worker-6-tc1/source
[INFO] validating manifest of crates.io crate google-baremetalsolution2 5.0.3+20230113 on toolchain 1.75.0
[INFO] running `Command { std: CARGO_HOME="/workspace/cargo-home" RUSTUP_HOME="/workspace/rustup-home" "/workspace/cargo-home/bin/cargo" "+1.75.0" "metadata" "--manifest-path" "Cargo.toml" "--no-deps", kill_on_drop: false }`
[INFO] started tweaking crates.io crate google-baremetalsolution2 5.0.3+20230113
[INFO] finished tweaking crates.io crate google-baremetalsolution2 5.0.3+20230113
[INFO] tweaked toml for crates.io crate google-baremetalsolution2 5.0.3+20230113 written to /workspace/builds/worker-6-tc1/source/Cargo.toml
[INFO] running `Command { std: CARGO_HOME="/workspace/cargo-home" RUSTUP_HOME="/workspace/rustup-home" "/workspace/cargo-home/bin/cargo" "+1.75.0" "generate-lockfile" "--manifest-path" "Cargo.toml", kill_on_drop: false }`
[INFO] [stderr]     Updating crates.io index
[INFO] running `Command { std: CARGO_HOME="/workspace/cargo-home" RUSTUP_HOME="/workspace/rustup-home" "/workspace/cargo-home/bin/cargo" "+1.75.0" "fetch" "--manifest-path" "Cargo.toml", kill_on_drop: false }`
[INFO] [stderr]     Blocking waiting for file lock on package cache
[INFO] [stderr]     Blocking waiting for file lock on package cache
[INFO] running `Command { std: "docker" "create" "-v" "/var/lib/crater-agent-workspace/builds/worker-6-tc1/target:/opt/rustwide/target:rw,Z" "-v" "/var/lib/crater-agent-workspace/builds/worker-6-tc1/source:/opt/rustwide/workdir:ro,Z" "-v" "/var/lib/crater-agent-workspace/cargo-home:/opt/rustwide/cargo-home:ro,Z" "-v" "/var/lib/crater-agent-workspace/rustup-home:/opt/rustwide/rustup-home:ro,Z" "-e" "SOURCE_DIR=/opt/rustwide/workdir" "-e" "CARGO_TARGET_DIR=/opt/rustwide/target" "-e" "CARGO_HOME=/opt/rustwide/cargo-home" "-e" "RUSTUP_HOME=/opt/rustwide/rustup-home" "-w" "/opt/rustwide/workdir" "-m" "1610612736" "--user" "0:0" "--network" "none" "ghcr.io/rust-lang/crates-build-env/linux@sha256:2788e3201cd34a07e3172128adcd8b3090168a8e3bcc40d7c032b9dda1df7d1c" "/opt/rustwide/cargo-home/bin/cargo" "+1.75.0" "metadata" "--no-deps" "--format-version=1", kill_on_drop: false }`
[INFO] [stdout] 1ddffa7b86ce6e5b8d1368740843cf3483571ee67a64d97c37bb765621598d47
[INFO] running `Command { std: "docker" "start" "-a" "1ddffa7b86ce6e5b8d1368740843cf3483571ee67a64d97c37bb765621598d47", kill_on_drop: false }`
[INFO] running `Command { std: "docker" "inspect" "1ddffa7b86ce6e5b8d1368740843cf3483571ee67a64d97c37bb765621598d47", kill_on_drop: false }`
[INFO] running `Command { std: "docker" "rm" "-f" "1ddffa7b86ce6e5b8d1368740843cf3483571ee67a64d97c37bb765621598d47", kill_on_drop: false }`
[INFO] [stdout] 1ddffa7b86ce6e5b8d1368740843cf3483571ee67a64d97c37bb765621598d47
[INFO] running `Command { std: "docker" "create" "-v" "/var/lib/crater-agent-workspace/builds/worker-6-tc1/target:/opt/rustwide/target:rw,Z" "-v" "/var/lib/crater-agent-workspace/builds/worker-6-tc1/source:/opt/rustwide/workdir:ro,Z" "-v" "/var/lib/crater-agent-workspace/cargo-home:/opt/rustwide/cargo-home:ro,Z" "-v" "/var/lib/crater-agent-workspace/rustup-home:/opt/rustwide/rustup-home:ro,Z" "-e" "SOURCE_DIR=/opt/rustwide/workdir" "-e" "CARGO_TARGET_DIR=/opt/rustwide/target" "-e" "CARGO_INCREMENTAL=0" "-e" "RUST_BACKTRACE=full" "-e" "RUSTFLAGS=--cap-lints=warn" "-e" "RUSTDOCFLAGS=--cap-lints=warn" "-e" "CARGO_HOME=/opt/rustwide/cargo-home" "-e" "RUSTUP_HOME=/opt/rustwide/rustup-home" "-w" "/opt/rustwide/workdir" "-m" "1610612736" "--user" "0:0" "--network" "none" "ghcr.io/rust-lang/crates-build-env/linux@sha256:2788e3201cd34a07e3172128adcd8b3090168a8e3bcc40d7c032b9dda1df7d1c" "/opt/rustwide/cargo-home/bin/cargo" "+1.75.0" "build" "--frozen" "--message-format=json", kill_on_drop: false }`
[INFO] [stdout] 3cf64896f2f5e4c0768267501424417afe97ad3ae64d2e648bce0d357268e96b
[INFO] running `Command { std: "docker" "start" "-a" "3cf64896f2f5e4c0768267501424417afe97ad3ae64d2e648bce0d357268e96b", kill_on_drop: false }`
[INFO] [stderr]    Compiling spin v0.9.8
[INFO] [stderr]    Compiling untrusted v0.9.0
[INFO] [stderr]    Compiling futures-channel v0.3.30
[INFO] [stderr]    Compiling futures-io v0.3.30
[INFO] [stderr]    Compiling rustls v0.21.10
[INFO] [stderr]    Compiling syn v2.0.48
[INFO] [stderr]    Compiling getrandom v0.2.11
[INFO] [stderr]    Compiling mio v0.8.10
[INFO] [stderr]    Compiling socket2 v0.5.5
[INFO] [stderr]    Compiling rustls-pemfile v1.0.4
[INFO] [stderr]    Compiling ring v0.17.7
[INFO] [stderr]    Compiling num-traits v0.2.17
[INFO] [stderr]    Compiling rustls-pki-types v1.1.0
[INFO] [stderr]    Compiling rustls v0.22.1
[INFO] [stderr]    Compiling async-trait v0.1.77
[INFO] [stderr]    Compiling either v1.9.0
[INFO] [stderr]    Compiling powerfmt v0.2.0
[INFO] [stderr]    Compiling subtle v2.5.0
[INFO] [stderr]    Compiling rustls-native-certs v0.6.3
[INFO] [stderr]    Compiling zeroize v1.7.0
[INFO] [stderr]    Compiling time-core v0.1.2
[INFO] [stderr]    Compiling num_threads v0.1.6
[INFO] [stderr]    Compiling itertools v0.12.0
[INFO] [stderr]    Compiling seahash v4.1.0
[INFO] [stderr]    Compiling itertools v0.10.5
[INFO] [stderr]    Compiling darling_core v0.20.3
[INFO] [stderr]    Compiling serde_derive v1.0.194
[INFO] [stderr]    Compiling futures-macro v0.3.30
[INFO] [stderr]    Compiling tokio-macros v2.2.0
[INFO] [stderr]    Compiling rustls-webpki v0.101.7
[INFO] [stderr]    Compiling sct v0.7.1
[INFO] [stderr]    Compiling rustls-webpki v0.102.1
[INFO] [stderr]    Compiling tokio v1.35.1
[INFO] [stderr]    Compiling darling_macro v0.20.3
[INFO] [stderr]    Compiling futures-util v0.3.30
[INFO] [stderr]    Compiling darling v0.20.3
[INFO] [stderr]    Compiling serde_with_macros v2.3.3
[INFO] [stderr]    Compiling serde v1.0.194
[INFO] [stderr]    Compiling futures-executor v0.3.30
[INFO] [stderr]    Compiling futures v0.3.30
[INFO] [stderr]    Compiling tokio-util v0.7.10
[INFO] [stderr]    Compiling tokio-rustls v0.24.1
[INFO] [stderr]    Compiling h2 v0.3.22
[INFO] [stderr]    Compiling deranged v0.3.11
[INFO] [stderr]    Compiling serde_json v1.0.111
[INFO] [stderr]    Compiling serde_with v2.3.3
[INFO] [stderr]    Compiling chrono v0.4.31
[INFO] [stderr]    Compiling hyper v0.14.28
[INFO] [stderr]    Compiling time v0.3.31
[INFO] [stderr]    Compiling hyper-rustls v0.24.2
[INFO] [stderr]    Compiling yup-oauth2 v8.3.2
[INFO] [stderr]    Compiling google-apis-common v6.0.0
[INFO] [stderr]    Compiling google-baremetalsolution2 v5.0.3+20230113 (/opt/rustwide/workdir)
[INFO] [stderr]     Finished dev [unoptimized + debuginfo] target(s) in 25.99s
[INFO] running `Command { std: "docker" "inspect" "3cf64896f2f5e4c0768267501424417afe97ad3ae64d2e648bce0d357268e96b", kill_on_drop: false }`
[INFO] running `Command { std: "docker" "rm" "-f" "3cf64896f2f5e4c0768267501424417afe97ad3ae64d2e648bce0d357268e96b", kill_on_drop: false }`
[INFO] [stdout] 3cf64896f2f5e4c0768267501424417afe97ad3ae64d2e648bce0d357268e96b
[INFO] running `Command { std: "docker" "create" "-v" "/var/lib/crater-agent-workspace/builds/worker-6-tc1/target:/opt/rustwide/target:rw,Z" "-v" "/var/lib/crater-agent-workspace/builds/worker-6-tc1/source:/opt/rustwide/workdir:ro,Z" "-v" "/var/lib/crater-agent-workspace/cargo-home:/opt/rustwide/cargo-home:ro,Z" "-v" "/var/lib/crater-agent-workspace/rustup-home:/opt/rustwide/rustup-home:ro,Z" "-e" "SOURCE_DIR=/opt/rustwide/workdir" "-e" "CARGO_TARGET_DIR=/opt/rustwide/target" "-e" "CARGO_INCREMENTAL=0" "-e" "RUST_BACKTRACE=full" "-e" "RUSTFLAGS=--cap-lints=warn" "-e" "RUSTDOCFLAGS=--cap-lints=warn" "-e" "CARGO_HOME=/opt/rustwide/cargo-home" "-e" "RUSTUP_HOME=/opt/rustwide/rustup-home" "-w" "/opt/rustwide/workdir" "-m" "1610612736" "--user" "0:0" "--network" "none" "ghcr.io/rust-lang/crates-build-env/linux@sha256:2788e3201cd34a07e3172128adcd8b3090168a8e3bcc40d7c032b9dda1df7d1c" "/opt/rustwide/cargo-home/bin/cargo" "+1.75.0" "test" "--frozen" "--no-run" "--message-format=json", kill_on_drop: false }`
[INFO] [stdout] 379b4f2e9d1863a483652f3638649ac789f0dc1d3372bface506e824372a2e46
[INFO] running `Command { std: "docker" "start" "-a" "379b4f2e9d1863a483652f3638649ac789f0dc1d3372bface506e824372a2e46", kill_on_drop: false }`
[INFO] [stderr]    Compiling google-baremetalsolution2 v5.0.3+20230113 (/opt/rustwide/workdir)
[INFO] [stderr]     Finished test [unoptimized + debuginfo] target(s) in 4.20s
[INFO] running `Command { std: "docker" "inspect" "379b4f2e9d1863a483652f3638649ac789f0dc1d3372bface506e824372a2e46", kill_on_drop: false }`
[INFO] running `Command { std: "docker" "rm" "-f" "379b4f2e9d1863a483652f3638649ac789f0dc1d3372bface506e824372a2e46", kill_on_drop: false }`
[INFO] [stdout] 379b4f2e9d1863a483652f3638649ac789f0dc1d3372bface506e824372a2e46
[INFO] running `Command { std: "docker" "create" "-v" "/var/lib/crater-agent-workspace/builds/worker-6-tc1/target:/opt/rustwide/target:rw,Z" "-v" "/var/lib/crater-agent-workspace/builds/worker-6-tc1/source:/opt/rustwide/workdir:ro,Z" "-v" "/var/lib/crater-agent-workspace/cargo-home:/opt/rustwide/cargo-home:ro,Z" "-v" "/var/lib/crater-agent-workspace/rustup-home:/opt/rustwide/rustup-home:ro,Z" "-e" "SOURCE_DIR=/opt/rustwide/workdir" "-e" "CARGO_TARGET_DIR=/opt/rustwide/target" "-e" "CARGO_INCREMENTAL=0" "-e" "RUST_BACKTRACE=full" "-e" "RUSTFLAGS=--cap-lints=warn" "-e" "RUSTDOCFLAGS=--cap-lints=warn" "-e" "CARGO_HOME=/opt/rustwide/cargo-home" "-e" "RUSTUP_HOME=/opt/rustwide/rustup-home" "-w" "/opt/rustwide/workdir" "-m" "1610612736" "--user" "0:0" "--network" "none" "ghcr.io/rust-lang/crates-build-env/linux@sha256:2788e3201cd34a07e3172128adcd8b3090168a8e3bcc40d7c032b9dda1df7d1c" "/opt/rustwide/cargo-home/bin/cargo" "+1.75.0" "test" "--frozen", kill_on_drop: false }`
[INFO] [stdout] 4421f45db1110e43a1ac068678e896cf0f5e30b9bd28ab1ac554bcdd2d927878
[INFO] running `Command { std: "docker" "start" "-a" "4421f45db1110e43a1ac068678e896cf0f5e30b9bd28ab1ac554bcdd2d927878", kill_on_drop: false }`
[INFO] [stderr]     Finished test [unoptimized + debuginfo] target(s) in 0.11s
[INFO] [stderr]      Running unittests src/lib.rs (/opt/rustwide/target/debug/deps/google_baremetalsolution2-db8a75c406683008)
[INFO] [stdout] 
[INFO] [stdout] running 0 tests
[INFO] [stdout] 
[INFO] [stdout] test result: ok. 0 passed; 0 failed; 0 ignored; 0 measured; 0 filtered out; finished in 0.00s
[INFO] [stdout] 
[INFO] [stderr]    Doc-tests google-baremetalsolution2
[INFO] [stdout] 
[INFO] [stdout] running 46 tests
[INFO] [stdout] test src/api.rs - api::ProjectLocationInstanceListCall (line 4460) - compile ... ok
[INFO] [stdout] test src/api.rs - api::ProjectLocationNetworkGetCall (line 5938) - compile ... ok
[INFO] [stdout] test src/api.rs - api::ProjectLocationInstanceGetCall (line 4198) - compile ... ok
[INFO] [stdout] test src/api.rs - api::ProjectLocationGetCall (line 14154) - compile ... ok
[INFO] [stdout] test src/api.rs - api::ProjectLocationInstanceDisableInteractiveSerialConsoleCall (line 3614) - compile ... ok
[INFO] [stdout] test src/api.rs - api::ProjectLocationInstanceDetachLunCall (line 3322) - compile ... ok
[INFO] [stdout] test src/api.rs - api::ProjectLocationInstanceEnableInteractiveSerialConsoleCall (line 3906) - compile ... ok
[INFO] [stdout] test src/api.rs - api::ProjectLocationInstanceStopCall (line 5646) - compile ... ok
[INFO] [stdout] test src/api.rs - api::ProjectLocationInstanceCreateCall (line 3030) - compile ... ok
[INFO] [stdout] test src/api.rs - api::ProjectLocationInstanceStartCall (line 5354) - compile ... ok
[INFO] [stdout] test src/api.rs - api::ProjectLocationListCall (line 14416) - compile ... ok
[INFO] [stdout] test src/api.rs - api::ProjectLocationInstanceResetCall (line 5062) - compile ... ok
[INFO] [stdout] test src/api.rs - api::Baremetalsolution (line 58) - compile ... FAILED
[INFO] [stdout] test src/api.rs - api::ProjectLocationNetworkListCall (line 6200) - compile ... ok
[INFO] [stdout] test src/api.rs - api::ProjectLocationInstanceProvisioningSettingFetchCall (line 2768) - compile ... ok
[INFO] [stdout] test src/api.rs - api::ProjectLocationInstancePatchCall (line 4758) - compile ... FAILED
[INFO] [stdout] test src/api.rs - api::ProjectLocationNfsShareCreateCall (line 7064) - compile ... ok
[INFO] [stdout] test src/api.rs - api::ProjectLocationNetworkListNetworkUsageCall (line 6498) - compile ... ok
[INFO] [stdout] test src/api.rs - api::ProjectLocationNfsShareDeleteCall (line 7356) - compile ... ok
[INFO] [stdout] test src/api.rs - api::ProjectLocationNfsShareListCall (line 7880) - compile ... ok
[INFO] [stdout] test src/api.rs - api::ProjectLocationNfsShareGetCall (line 7618) - compile ... ok
[INFO] [stdout] test src/api.rs - api::ProjectLocationNfsSharePatchCall (line 8178) - compile ... FAILED
[INFO] [stdout] test src/api.rs - api::ProjectLocationProvisioningConfigSubmitCall (line 9626) - compile ... ok
[INFO] [stdout] test src/api.rs - api::ProjectLocationNetworkPatchCall (line 6760) - compile ... FAILED
[INFO] [stdout] test src/api.rs - api::ProjectLocationProvisioningConfigPatchCall (line 9310) - compile ... FAILED
[INFO] [stdout] test src/api.rs - api::ProjectLocationProvisioningConfigCreateCall (line 8744) - compile ... ok
[INFO] [stdout] test src/api.rs - api::ProjectLocationOperationGetCall (line 8482) - compile ... ok
[INFO] [stdout] test src/api.rs - api::ProjectLocationVolumeLunGetCall (line 11056) - compile ... ok
[INFO] [stdout] test src/api.rs - api::ProjectLocationProvisioningQuotaListCall (line 9918) - compile ... ok
[INFO] [stdout] test src/lib.rs - (line 49) ... ignored
[INFO] [stdout] test src/api.rs - api::ProjectLocationSshKeyListCall (line 10770) - compile ... ok
[INFO] [stdout] test src/api.rs - api::ProjectLocationProvisioningConfigGetCall (line 9048) - compile ... ok
[INFO] [stdout] test src/api.rs - api::ProjectLocationVolumeLunListCall (line 11318) - compile ... ok
[INFO] [stdout] test src/api.rs - api::ProjectLocationVolumeListCall (line 13260) - compile ... ok
[INFO] [stdout] test src/api.rs - api::ProjectLocationVolumeSnapshotListCall (line 12420) - compile ... ok
[INFO] [stdout] test src/api.rs - api::ProjectLocationSshKeyCreateCall (line 10204) - compile ... ok
[INFO] [stdout] test src/api.rs - api::ProjectLocationVolumePatchCall (line 13558) - compile ... FAILED
[INFO] [stdout] test src/api.rs - api::ProjectLocationSshKeyDeleteCall (line 10508) - compile ... ok
[INFO] [stdout] test src/api.rs - api::ProjectLocationVolumeSnapshotGetCall (line 12158) - compile ... ok
[INFO] [stdout] test src/api.rs - api::ProjectLocationVolumeSnapshotCreateCall (line 11604) - compile ... ok
[INFO] [stdout] test src/api.rs - api::ProjectLocationVolumeSnapshotRestoreVolumeSnapshotCall (line 12706) - compile ... ok
[INFO] [stdout] test src/api.rs - api::ProjectMethods (line 1936) - compile ... ok
[INFO] [stdout] test src/api.rs - api::ProjectLocationVolumeSnapshotDeleteCall (line 11896) - compile ... ok
[INFO] [stdout] test src/api.rs - api::ProjectLocationVolumeGetCall (line 12998) - compile ... ok
[INFO] [stdout] test src/lib.rs - (line 88) - compile ... FAILED
[INFO] [stdout] test src/api.rs - api::ProjectLocationVolumeResizeCall (line 13862) - compile ... ok
[INFO] [stdout] 
[INFO] [stdout] failures:
[INFO] [stdout] 
[INFO] [stdout] ---- src/api.rs - api::Baremetalsolution (line 58) stdout ----
[INFO] [stdout] error[E0308]: mismatched types
[INFO] [stdout]     --> src/api.rs:90:27
[INFO] [stdout]      |
[INFO] [stdout] 33   |              .update_mask(&Default::default())
[INFO] [stdout]      |               ----------- ^^^^^^^^^^^^^^^^^^^ expected `FieldMask`, found `&_`
[INFO] [stdout]      |               |
[INFO] [stdout]      |               arguments to this method are incorrect
[INFO] [stdout]      |
[INFO] [stdout]      = note: expected struct `FieldMask`
[INFO] [stdout]              found reference `&_`
[INFO] [stdout] note: method defined here
[INFO] [stdout]     --> /opt/rustwide/workdir/src/api.rs:4973:12
[INFO] [stdout]      |
[INFO] [stdout] 4973 |     pub fn update_mask(mut self, new_value: client::FieldMask) -> ProjectLocationInstancePatchCall<'a, S> {
[INFO] [stdout]      |            ^^^^^^^^^^^
[INFO] [stdout] help: consider removing the borrow
[INFO] [stdout]      |
[INFO] [stdout] 33   -              .update_mask(&Default::default())
[INFO] [stdout] 33   +              .update_mask(Default::default())
[INFO] [stdout]      |
[INFO] [stdout] 
[INFO] [stdout] error: aborting due to previous error
[INFO] [stdout] 
[INFO] [stdout] For more information about this error, try `rustc --explain E0308`.
[INFO] [stdout] Couldn't compile the test.
[INFO] [stdout] ---- src/api.rs - api::ProjectLocationInstancePatchCall (line 4758) stdout ----
[INFO] [stdout] error[E0308]: mismatched types
[INFO] [stdout]     --> src/api.rs:4782:27
[INFO] [stdout]      |
[INFO] [stdout] 25   |              .update_mask(&Default::default())
[INFO] [stdout]      |               ----------- ^^^^^^^^^^^^^^^^^^^ expected `FieldMask`, found `&_`
[INFO] [stdout]      |               |
[INFO] [stdout]      |               arguments to this method are incorrect
[INFO] [stdout]      |
[INFO] [stdout]      = note: expected struct `FieldMask`
[INFO] [stdout]              found reference `&_`
[INFO] [stdout] note: method defined here
[INFO] [stdout]     --> /opt/rustwide/workdir/src/api.rs:4973:12
[INFO] [stdout]      |
[INFO] [stdout] 4973 |     pub fn update_mask(mut self, new_value: client::FieldMask) -> ProjectLocationInstancePatchCall<'a, S> {
[INFO] [stdout]      |            ^^^^^^^^^^^
[INFO] [stdout] help: consider removing the borrow
[INFO] [stdout]      |
[INFO] [stdout] 25   -              .update_mask(&Default::default())
[INFO] [stdout] 25   +              .update_mask(Default::default())
[INFO] [stdout]      |
[INFO] [stdout] 
[INFO] [stdout] error: aborting due to previous error
[INFO] [stdout] 
[INFO] [stdout] For more information about this error, try `rustc --explain E0308`.
[INFO] [stdout] Couldn't compile the test.
[INFO] [stdout] ---- src/api.rs - api::ProjectLocationNfsSharePatchCall (line 8178) stdout ----
[INFO] [stdout] error[E0308]: mismatched types
[INFO] [stdout]     --> src/api.rs:8202:27
[INFO] [stdout]      |
[INFO] [stdout] 25   |              .update_mask(&Default::default())
[INFO] [stdout]      |               ----------- ^^^^^^^^^^^^^^^^^^^ expected `FieldMask`, found `&_`
[INFO] [stdout]      |               |
[INFO] [stdout]      |               arguments to this method are incorrect
[INFO] [stdout]      |
[INFO] [stdout]      = note: expected struct `FieldMask`
[INFO] [stdout]              found reference `&_`
[INFO] [stdout] note: method defined here
[INFO] [stdout]     --> /opt/rustwide/workdir/src/api.rs:8393:12
[INFO] [stdout]      |
[INFO] [stdout] 8393 |     pub fn update_mask(mut self, new_value: client::FieldMask) -> ProjectLocationNfsSharePatchCall<'a, S> {
[INFO] [stdout]      |            ^^^^^^^^^^^
[INFO] [stdout] help: consider removing the borrow
[INFO] [stdout]      |
[INFO] [stdout] 25   -              .update_mask(&Default::default())
[INFO] [stdout] 25   +              .update_mask(Default::default())
[INFO] [stdout]      |
[INFO] [stdout] 
[INFO] [stdout] error: aborting due to previous error
[INFO] [stdout] 
[INFO] [stdout] For more information about this error, try `rustc --explain E0308`.
[INFO] [stdout] Couldn't compile the test.
[INFO] [stdout] ---- src/api.rs - api::ProjectLocationNetworkPatchCall (line 6760) stdout ----
[INFO] [stdout] error[E0308]: mismatched types
[INFO] [stdout]     --> src/api.rs:6784:27
[INFO] [stdout]      |
[INFO] [stdout] 25   |              .update_mask(&Default::default())
[INFO] [stdout]      |               ----------- ^^^^^^^^^^^^^^^^^^^ expected `FieldMask`, found `&_`
[INFO] [stdout]      |               |
[INFO] [stdout]      |               arguments to this method are incorrect
[INFO] [stdout]      |
[INFO] [stdout]      = note: expected struct `FieldMask`
[INFO] [stdout]              found reference `&_`
[INFO] [stdout] note: method defined here
[INFO] [stdout]     --> /opt/rustwide/workdir/src/api.rs:6975:12
[INFO] [stdout]      |
[INFO] [stdout] 6975 |     pub fn update_mask(mut self, new_value: client::FieldMask) -> ProjectLocationNetworkPatchCall<'a, S> {
[INFO] [stdout]      |            ^^^^^^^^^^^
[INFO] [stdout] help: consider removing the borrow
[INFO] [stdout]      |
[INFO] [stdout] 25   -              .update_mask(&Default::default())
[INFO] [stdout] 25   +              .update_mask(Default::default())
[INFO] [stdout]      |
[INFO] [stdout] 
[INFO] [stdout] error: aborting due to previous error
[INFO] [stdout] 
[INFO] [stdout] For more information about this error, try `rustc --explain E0308`.
[INFO] [stdout] Couldn't compile the test.
[INFO] [stdout] ---- src/api.rs - api::ProjectLocationProvisioningConfigPatchCall (line 9310) stdout ----
[INFO] [stdout] error[E0308]: mismatched types
[INFO] [stdout]     --> src/api.rs:9334:27
[INFO] [stdout]      |
[INFO] [stdout] 25   |              .update_mask(&Default::default())
[INFO] [stdout]      |               ----------- ^^^^^^^^^^^^^^^^^^^ expected `FieldMask`, found `&_`
[INFO] [stdout]      |               |
[INFO] [stdout]      |               arguments to this method are incorrect
[INFO] [stdout]      |
[INFO] [stdout]      = note: expected struct `FieldMask`
[INFO] [stdout]              found reference `&_`
[INFO] [stdout] note: method defined here
[INFO] [stdout]     --> /opt/rustwide/workdir/src/api.rs:9530:12
[INFO] [stdout]      |
[INFO] [stdout] 9530 |     pub fn update_mask(mut self, new_value: client::FieldMask) -> ProjectLocationProvisioningConfigPatchCall<'a, S> {
[INFO] [stdout]      |            ^^^^^^^^^^^
[INFO] [stdout] help: consider removing the borrow
[INFO] [stdout]      |
[INFO] [stdout] 25   -              .update_mask(&Default::default())
[INFO] [stdout] 25   +              .update_mask(Default::default())
[INFO] [stdout]      |
[INFO] [stdout] 
[INFO] [stdout] error: aborting due to previous error
[INFO] [stdout] 
[INFO] [stdout] For more information about this error, try `rustc --explain E0308`.
[INFO] [stdout] Couldn't compile the test.
[INFO] [stdout] ---- src/api.rs - api::ProjectLocationVolumePatchCall (line 13558) stdout ----
[INFO] [stdout] error[E0308]: mismatched types
[INFO] [stdout]      --> src/api.rs:13582:27
[INFO] [stdout]       |
[INFO] [stdout] 25    |              .update_mask(&Default::default())
[INFO] [stdout]       |               ----------- ^^^^^^^^^^^^^^^^^^^ expected `FieldMask`, found `&_`
[INFO] [stdout]       |               |
[INFO] [stdout]       |               arguments to this method are incorrect
[INFO] [stdout]       |
[INFO] [stdout]       = note: expected struct `FieldMask`
[INFO] [stdout]               found reference `&_`
[INFO] [stdout] note: method defined here
[INFO] [stdout]      --> /opt/rustwide/workdir/src/api.rs:13773:12
[INFO] [stdout]       |
[INFO] [stdout] 13773 |     pub fn update_mask(mut self, new_value: client::FieldMask) -> ProjectLocationVolumePatchCall<'a, S> {
[INFO] [stdout]       |            ^^^^^^^^^^^
[INFO] [stdout] help: consider removing the borrow
[INFO] [stdout]       |
[INFO] [stdout] 25    -              .update_mask(&Default::default())
[INFO] [stdout] 25    +              .update_mask(Default::default())
[INFO] [stdout]       |
[INFO] [stdout] 
[INFO] [stdout] error: aborting due to previous error
[INFO] [stdout] 
[INFO] [stdout] For more information about this error, try `rustc --explain E0308`.
[INFO] [stdout] Couldn't compile the test.
[INFO] [stdout] ---- src/lib.rs - (line 88) stdout ----
[INFO] [stdout] error[E0308]: mismatched types
[INFO] [stdout]     --> src/lib.rs:120:27
[INFO] [stdout]      |
[INFO] [stdout] 33   |              .update_mask(&Default::default())
[INFO] [stdout]      |               ----------- ^^^^^^^^^^^^^^^^^^^ expected `FieldMask`, found `&_`
[INFO] [stdout]      |               |
[INFO] [stdout]      |               arguments to this method are incorrect
[INFO] [stdout]      |
[INFO] [stdout]      = note: expected struct `FieldMask`
[INFO] [stdout]              found reference `&_`
[INFO] [stdout] note: method defined here
[INFO] [stdout]     --> /opt/rustwide/workdir/src/api.rs:4973:12
[INFO] [stdout]      |
[INFO] [stdout] 4973 |     pub fn update_mask(mut self, new_value: client::FieldMask) -> ProjectLocationInstancePatchCall<'a, S> {
[INFO] [stdout]      |            ^^^^^^^^^^^
[INFO] [stdout] help: consider removing the borrow
[INFO] [stdout]      |
[INFO] [stdout] 33   -              .update_mask(&Default::default())
[INFO] [stdout] 33   +              .update_mask(Default::default())
[INFO] [stdout]      |
[INFO] [stdout] 
[INFO] [stdout] error: aborting due to previous error
[INFO] [stdout] 
[INFO] [stdout] For more information about this error, try `rustc --explain E0308`.
[INFO] [stdout] Couldn't compile the test.
[INFO] [stdout] 
[INFO] [stdout] failures:
[INFO] [stdout]     src/api.rs - api::Baremetalsolution (line 58)
[INFO] [stdout]     src/api.rs - api::ProjectLocationInstancePatchCall (line 4758)
[INFO] [stdout]     src/api.rs - api::ProjectLocationNetworkPatchCall (line 6760)
[INFO] [stdout]     src/api.rs - api::ProjectLocationNfsSharePatchCall (line 8178)
[INFO] [stdout]     src/api.rs - api::ProjectLocationProvisioningConfigPatchCall (line 9310)
[INFO] [stdout]     src/api.rs - api::ProjectLocationVolumePatchCall (line 13558)
[INFO] [stdout]     src/lib.rs - (line 88)
[INFO] [stdout] 
[INFO] [stdout] test result: FAILED. 38 passed; 7 failed; 1 ignored; 0 measured; 0 filtered out; finished in 1.20s
[INFO] [stdout] 
[INFO] [stderr] error: doctest failed, to rerun pass `--doc`
[INFO] running `Command { std: "docker" "inspect" "4421f45db1110e43a1ac068678e896cf0f5e30b9bd28ab1ac554bcdd2d927878", kill_on_drop: false }`
[INFO] running `Command { std: "docker" "rm" "-f" "4421f45db1110e43a1ac068678e896cf0f5e30b9bd28ab1ac554bcdd2d927878", kill_on_drop: false }`
[INFO] [stdout] 4421f45db1110e43a1ac068678e896cf0f5e30b9bd28ab1ac554bcdd2d927878
[INFO] testing google-baremetalsolution2-5.0.3+20230113 against beta-2023-12-22 for beta-1.76-1
[INFO] extracting crate google-baremetalsolution2 5.0.3+20230113 into /workspace/builds/worker-6-tc2/source
[INFO] validating manifest of crates.io crate google-baremetalsolution2 5.0.3+20230113 on toolchain beta-2023-12-22
[INFO] running `Command { std: CARGO_HOME="/workspace/cargo-home" RUSTUP_HOME="/workspace/rustup-home" "/workspace/cargo-home/bin/cargo" "+beta-2023-12-22" "metadata" "--manifest-path" "Cargo.toml" "--no-deps", kill_on_drop: false }`
[INFO] started tweaking crates.io crate google-baremetalsolution2 5.0.3+20230113
[INFO] finished tweaking crates.io crate google-baremetalsolution2 5.0.3+20230113
[INFO] tweaked toml for crates.io crate google-baremetalsolution2 5.0.3+20230113 written to /workspace/builds/worker-6-tc2/source/Cargo.toml
[INFO] running `Command { std: CARGO_HOME="/workspace/cargo-home" RUSTUP_HOME="/workspace/rustup-home" "/workspace/cargo-home/bin/cargo" "+beta-2023-12-22" "generate-lockfile" "--manifest-path" "Cargo.toml", kill_on_drop: false }`
[INFO] [stderr]     Updating crates.io index
[INFO] running `Command { std: CARGO_HOME="/workspace/cargo-home" RUSTUP_HOME="/workspace/rustup-home" "/workspace/cargo-home/bin/cargo" "+beta-2023-12-22" "fetch" "--manifest-path" "Cargo.toml", kill_on_drop: false }`
[INFO] running `Command { std: "docker" "create" "-v" "/var/lib/crater-agent-workspace/builds/worker-6-tc2/target:/opt/rustwide/target:rw,Z" "-v" "/var/lib/crater-agent-workspace/builds/worker-6-tc2/source:/opt/rustwide/workdir:ro,Z" "-v" "/var/lib/crater-agent-workspace/cargo-home:/opt/rustwide/cargo-home:ro,Z" "-v" "/var/lib/crater-agent-workspace/rustup-home:/opt/rustwide/rustup-home:ro,Z" "-e" "SOURCE_DIR=/opt/rustwide/workdir" "-e" "CARGO_TARGET_DIR=/opt/rustwide/target" "-e" "CARGO_HOME=/opt/rustwide/cargo-home" "-e" "RUSTUP_HOME=/opt/rustwide/rustup-home" "-w" "/opt/rustwide/workdir" "-m" "1610612736" "--user" "0:0" "--network" "none" "ghcr.io/rust-lang/crates-build-env/linux@sha256:2788e3201cd34a07e3172128adcd8b3090168a8e3bcc40d7c032b9dda1df7d1c" "/opt/rustwide/cargo-home/bin/cargo" "+beta-2023-12-22" "metadata" "--no-deps" "--format-version=1", kill_on_drop: false }`
[INFO] [stdout] 5360523b35a5735f55790edb8cd07a8db5882b97dd372c507fdbe75ea032cfb6
[INFO] running `Command { std: "docker" "start" "-a" "5360523b35a5735f55790edb8cd07a8db5882b97dd372c507fdbe75ea032cfb6", kill_on_drop: false }`
[INFO] running `Command { std: "docker" "inspect" "5360523b35a5735f55790edb8cd07a8db5882b97dd372c507fdbe75ea032cfb6", kill_on_drop: false }`
[INFO] running `Command { std: "docker" "rm" "-f" "5360523b35a5735f55790edb8cd07a8db5882b97dd372c507fdbe75ea032cfb6", kill_on_drop: false }`
[INFO] [stdout] 5360523b35a5735f55790edb8cd07a8db5882b97dd372c507fdbe75ea032cfb6
[INFO] running `Command { std: "docker" "create" "-v" "/var/lib/crater-agent-workspace/builds/worker-6-tc2/target:/opt/rustwide/target:rw,Z" "-v" "/var/lib/crater-agent-workspace/builds/worker-6-tc2/source:/opt/rustwide/workdir:ro,Z" "-v" "/var/lib/crater-agent-workspace/cargo-home:/opt/rustwide/cargo-home:ro,Z" "-v" "/var/lib/crater-agent-workspace/rustup-home:/opt/rustwide/rustup-home:ro,Z" "-e" "SOURCE_DIR=/opt/rustwide/workdir" "-e" "CARGO_TARGET_DIR=/opt/rustwide/target" "-e" "CARGO_INCREMENTAL=0" "-e" "RUST_BACKTRACE=full" "-e" "RUSTFLAGS=--cap-lints=warn" "-e" "RUSTDOCFLAGS=--cap-lints=warn" "-e" "CARGO_HOME=/opt/rustwide/cargo-home" "-e" "RUSTUP_HOME=/opt/rustwide/rustup-home" "-w" "/opt/rustwide/workdir" "-m" "1610612736" "--user" "0:0" "--network" "none" "ghcr.io/rust-lang/crates-build-env/linux@sha256:2788e3201cd34a07e3172128adcd8b3090168a8e3bcc40d7c032b9dda1df7d1c" "/opt/rustwide/cargo-home/bin/cargo" "+beta-2023-12-22" "build" "--frozen" "--message-format=json", kill_on_drop: false }`
[INFO] [stdout] b8f1d36d709c91cbe3a7d00c28e6b8655e88a3ad4bf641bb8ea044135c45d6c7
[INFO] running `Command { std: "docker" "start" "-a" "b8f1d36d709c91cbe3a7d00c28e6b8655e88a3ad4bf641bb8ea044135c45d6c7", kill_on_drop: false }`
[INFO] [stderr]    Compiling untrusted v0.9.0
[INFO] [stderr]    Compiling spin v0.9.8
[INFO] [stderr]    Compiling futures-channel v0.3.30
[INFO] [stderr]    Compiling futures-io v0.3.30
[INFO] [stderr]    Compiling rustls v0.21.10
[INFO] [stderr]    Compiling syn v2.0.48
[INFO] [stderr]    Compiling getrandom v0.2.11
[INFO] [stderr]    Compiling socket2 v0.5.5
[INFO] [stderr]    Compiling mio v0.8.10
[INFO] [stderr]    Compiling ring v0.17.7
[INFO] [stderr]    Compiling rustls-pemfile v1.0.4
[INFO] [stderr]    Compiling num-traits v0.2.17
[INFO] [stderr]    Compiling async-trait v0.1.77
[INFO] [stderr]    Compiling either v1.9.0
[INFO] [stderr]    Compiling rustls-pki-types v1.1.0
[INFO] [stderr]    Compiling rustls v0.22.1
[INFO] [stderr]    Compiling powerfmt v0.2.0
[INFO] [stderr]    Compiling rustls-native-certs v0.6.3
[INFO] [stderr]    Compiling zeroize v1.7.0
[INFO] [stderr]    Compiling time-core v0.1.2
[INFO] [stderr]    Compiling num_threads v0.1.6
[INFO] [stderr]    Compiling subtle v2.5.0
[INFO] [stderr]    Compiling itertools v0.12.0
[INFO] [stderr]    Compiling seahash v4.1.0
[INFO] [stderr]    Compiling itertools v0.10.5
[INFO] [stderr]    Compiling darling_core v0.20.3
[INFO] [stderr]    Compiling sct v0.7.1
[INFO] [stderr]    Compiling rustls-webpki v0.101.7
[INFO] [stderr]    Compiling rustls-webpki v0.102.1
[INFO] [stderr]    Compiling tokio-macros v2.2.0
[INFO] [stderr]    Compiling serde_derive v1.0.194
[INFO] [stderr]    Compiling futures-macro v0.3.30
[INFO] [stderr]    Compiling tokio v1.35.1
[INFO] [stderr]    Compiling darling_macro v0.20.3
[INFO] [stderr]    Compiling futures-util v0.3.30
[INFO] [stderr]    Compiling darling v0.20.3
[INFO] [stderr]    Compiling serde_with_macros v2.3.3
[INFO] [stderr]    Compiling serde v1.0.194
[INFO] [stderr]    Compiling futures-executor v0.3.30
[INFO] [stderr]    Compiling tokio-util v0.7.10
[INFO] [stderr]    Compiling tokio-rustls v0.24.1
[INFO] [stderr]    Compiling futures v0.3.30
[INFO] [stderr]    Compiling h2 v0.3.22
[INFO] [stderr]    Compiling deranged v0.3.11
[INFO] [stderr]    Compiling serde_json v1.0.111
[INFO] [stderr]    Compiling serde_with v2.3.3
[INFO] [stderr]    Compiling chrono v0.4.31
[INFO] [stderr]    Compiling time v0.3.31
[INFO] [stderr]    Compiling hyper v0.14.28
[INFO] [stderr]    Compiling hyper-rustls v0.24.2
[INFO] [stderr]    Compiling yup-oauth2 v8.3.2
[INFO] [stderr]    Compiling google-apis-common v6.0.0
[INFO] [stderr]    Compiling google-baremetalsolution2 v5.0.3+20230113 (/opt/rustwide/workdir)
[INFO] [stderr]     Finished dev [unoptimized + debuginfo] target(s) in 30.14s
[INFO] running `Command { std: "docker" "inspect" "b8f1d36d709c91cbe3a7d00c28e6b8655e88a3ad4bf641bb8ea044135c45d6c7", kill_on_drop: false }`
[INFO] running `Command { std: "docker" "rm" "-f" "b8f1d36d709c91cbe3a7d00c28e6b8655e88a3ad4bf641bb8ea044135c45d6c7", kill_on_drop: false }`
[INFO] [stdout] b8f1d36d709c91cbe3a7d00c28e6b8655e88a3ad4bf641bb8ea044135c45d6c7
[INFO] running `Command { std: "docker" "create" "-v" "/var/lib/crater-agent-workspace/builds/worker-6-tc2/target:/opt/rustwide/target:rw,Z" "-v" "/var/lib/crater-agent-workspace/builds/worker-6-tc2/source:/opt/rustwide/workdir:ro,Z" "-v" "/var/lib/crater-agent-workspace/cargo-home:/opt/rustwide/cargo-home:ro,Z" "-v" "/var/lib/crater-agent-workspace/rustup-home:/opt/rustwide/rustup-home:ro,Z" "-e" "SOURCE_DIR=/opt/rustwide/workdir" "-e" "CARGO_TARGET_DIR=/opt/rustwide/target" "-e" "CARGO_INCREMENTAL=0" "-e" "RUST_BACKTRACE=full" "-e" "RUSTFLAGS=--cap-lints=warn" "-e" "RUSTDOCFLAGS=--cap-lints=warn" "-e" "CARGO_HOME=/opt/rustwide/cargo-home" "-e" "RUSTUP_HOME=/opt/rustwide/rustup-home" "-w" "/opt/rustwide/workdir" "-m" "1610612736" "--user" "0:0" "--network" "none" "ghcr.io/rust-lang/crates-build-env/linux@sha256:2788e3201cd34a07e3172128adcd8b3090168a8e3bcc40d7c032b9dda1df7d1c" "/opt/rustwide/cargo-home/bin/cargo" "+beta-2023-12-22" "test" "--frozen" "--no-run" "--message-format=json", kill_on_drop: false }`
[INFO] [stdout] d3d6714e56615a5e923f314c6632cb91ba178c6f5adbfb9d5c159a869eacaf64
[INFO] running `Command { std: "docker" "start" "-a" "d3d6714e56615a5e923f314c6632cb91ba178c6f5adbfb9d5c159a869eacaf64", kill_on_drop: false }`
[INFO] [stderr]    Compiling google-baremetalsolution2 v5.0.3+20230113 (/opt/rustwide/workdir)
[INFO] [stderr]     Finished test [unoptimized + debuginfo] target(s) in 4.26s
[INFO] running `Command { std: "docker" "inspect" "d3d6714e56615a5e923f314c6632cb91ba178c6f5adbfb9d5c159a869eacaf64", kill_on_drop: false }`
[INFO] running `Command { std: "docker" "rm" "-f" "d3d6714e56615a5e923f314c6632cb91ba178c6f5adbfb9d5c159a869eacaf64", kill_on_drop: false }`
[INFO] [stdout] d3d6714e56615a5e923f314c6632cb91ba178c6f5adbfb9d5c159a869eacaf64
[INFO] running `Command { std: "docker" "create" "-v" "/var/lib/crater-agent-workspace/builds/worker-6-tc2/target:/opt/rustwide/target:rw,Z" "-v" "/var/lib/crater-agent-workspace/builds/worker-6-tc2/source:/opt/rustwide/workdir:ro,Z" "-v" "/var/lib/crater-agent-workspace/cargo-home:/opt/rustwide/cargo-home:ro,Z" "-v" "/var/lib/crater-agent-workspace/rustup-home:/opt/rustwide/rustup-home:ro,Z" "-e" "SOURCE_DIR=/opt/rustwide/workdir" "-e" "CARGO_TARGET_DIR=/opt/rustwide/target" "-e" "CARGO_INCREMENTAL=0" "-e" "RUST_BACKTRACE=full" "-e" "RUSTFLAGS=--cap-lints=warn" "-e" "RUSTDOCFLAGS=--cap-lints=warn" "-e" "CARGO_HOME=/opt/rustwide/cargo-home" "-e" "RUSTUP_HOME=/opt/rustwide/rustup-home" "-w" "/opt/rustwide/workdir" "-m" "1610612736" "--user" "0:0" "--network" "none" "ghcr.io/rust-lang/crates-build-env/linux@sha256:2788e3201cd34a07e3172128adcd8b3090168a8e3bcc40d7c032b9dda1df7d1c" "/opt/rustwide/cargo-home/bin/cargo" "+beta-2023-12-22" "test" "--frozen", kill_on_drop: false }`
[INFO] [stdout] 6e325f2d99ce2f8dd6f6540c3399436a25e80a7cb2a20b69b5afacb52bec8680
[INFO] running `Command { std: "docker" "start" "-a" "6e325f2d99ce2f8dd6f6540c3399436a25e80a7cb2a20b69b5afacb52bec8680", kill_on_drop: false }`
[INFO] [stderr]     Finished test [unoptimized + debuginfo] target(s) in 0.13s
[INFO] [stderr]      Running unittests src/lib.rs (/opt/rustwide/target/debug/deps/google_baremetalsolution2-4f3b43c2b6673036)
[INFO] [stdout] 
[INFO] [stdout] running 0 tests
[INFO] [stdout] 
[INFO] [stdout] test result: ok. 0 passed; 0 failed; 0 ignored; 0 measured; 0 filtered out; finished in 0.00s
[INFO] [stdout] 
[INFO] [stderr]    Doc-tests google-baremetalsolution2
[INFO] [stdout] 
[INFO] [stdout] running 46 tests
[INFO] [stdout] test src/api.rs - api::ProjectLocationInstanceGetCall (line 4198) - compile ... ok
[INFO] [stdout] test src/api.rs - api::ProjectLocationInstanceResetCall (line 5062) - compile ... ok
[INFO] [stdout] test src/api.rs - api::ProjectLocationInstanceProvisioningSettingFetchCall (line 2768) - compile ... ok
[INFO] [stdout] test src/api.rs - api::ProjectLocationNetworkGetCall (line 5938) - compile ... ok
[INFO] [stdout] test src/api.rs - api::ProjectLocationInstanceEnableInteractiveSerialConsoleCall (line 3906) - compile ... ok
[INFO] [stdout] test src/api.rs - api::ProjectLocationGetCall (line 14154) - compile ... ok
[INFO] [stdout] test src/api.rs - api::ProjectLocationInstanceCreateCall (line 3030) - compile ... ok
[INFO] [stdout] test src/api.rs - api::ProjectLocationInstanceDisableInteractiveSerialConsoleCall (line 3614) - compile ... ok
[INFO] [stdout] test src/api.rs - api::ProjectLocationInstanceListCall (line 4460) - compile ... ok
[INFO] [stdout] test src/api.rs - api::ProjectLocationListCall (line 14416) - compile ... ok
[INFO] [stdout] test src/api.rs - api::ProjectLocationInstanceStartCall (line 5354) - compile ... ok
[INFO] [stdout] test src/api.rs - api::ProjectLocationInstancePatchCall (line 4758) - compile ... FAILED
[INFO] [stdout] test src/api.rs - api::ProjectLocationInstanceDetachLunCall (line 3322) - compile ... ok
[INFO] [stdout] test src/api.rs - api::ProjectLocationNetworkListCall (line 6200) - compile ... ok
[INFO] [stdout] test src/api.rs - api::ProjectLocationInstanceStopCall (line 5646) - compile ... ok
[INFO] [stdout] test src/api.rs - api::Baremetalsolution (line 58) - compile ... FAILED
[INFO] [stdout] test src/api.rs - api::ProjectLocationNfsShareDeleteCall (line 7356) - compile ... ok
[INFO] [stdout] test src/api.rs - api::ProjectLocationNetworkListNetworkUsageCall (line 6498) - compile ... ok
[INFO] [stdout] test src/api.rs - api::ProjectLocationNetworkPatchCall (line 6760) - compile ... FAILED
[INFO] [stdout] test src/api.rs - api::ProjectLocationNfsShareListCall (line 7880) - compile ... ok
[INFO] [stdout] test src/api.rs - api::ProjectLocationProvisioningConfigCreateCall (line 8744) - compile ... ok
[INFO] [stdout] test src/api.rs - api::ProjectLocationNfsShareGetCall (line 7618) - compile ... ok
[INFO] [stdout] test src/api.rs - api::ProjectLocationNfsShareCreateCall (line 7064) - compile ... ok
[INFO] [stdout] test src/api.rs - api::ProjectLocationOperationGetCall (line 8482) - compile ... ok
[INFO] [stdout] test src/api.rs - api::ProjectLocationVolumeGetCall (line 12998) - compile ... ok
[INFO] [stdout] test src/api.rs - api::ProjectLocationProvisioningConfigGetCall (line 9048) - compile ... ok
[INFO] [stdout] test src/api.rs - api::ProjectLocationSshKeyDeleteCall (line 10508) - compile ... ok
[INFO] [stdout] test src/api.rs - api::ProjectLocationProvisioningConfigSubmitCall (line 9626) - compile ... ok
[INFO] [stdout] test src/api.rs - api::ProjectLocationSshKeyCreateCall (line 10204) - compile ... ok
[INFO] [stdout] test src/lib.rs - (line 49) ... ignored
[INFO] [stdout] test src/api.rs - api::ProjectLocationNfsSharePatchCall (line 8178) - compile ... FAILED
[INFO] [stdout] test src/api.rs - api::ProjectLocationProvisioningQuotaListCall (line 9918) - compile ... ok
[INFO] [stdout] test src/api.rs - api::ProjectLocationSshKeyListCall (line 10770) - compile ... ok
[INFO] [stdout] test src/api.rs - api::ProjectLocationVolumeListCall (line 13260) - compile ... ok
[INFO] [stdout] test src/api.rs - api::ProjectLocationProvisioningConfigPatchCall (line 9310) - compile ... FAILED
[INFO] [stdout] test src/api.rs - api::ProjectLocationVolumeLunGetCall (line 11056) - compile ... ok
[INFO] [stdout] test src/api.rs - api::ProjectLocationVolumePatchCall (line 13558) - compile ... FAILED
[INFO] [stdout] test src/api.rs - api::ProjectLocationVolumeSnapshotListCall (line 12420) - compile ... ok
[INFO] [stdout] test src/api.rs - api::ProjectLocationVolumeResizeCall (line 13862) - compile ... ok
[INFO] [stdout] test src/api.rs - api::ProjectLocationVolumeSnapshotCreateCall (line 11604) - compile ... ok
[INFO] [stdout] test src/api.rs - api::ProjectLocationVolumeLunListCall (line 11318) - compile ... ok
[INFO] [stdout] test src/api.rs - api::ProjectLocationVolumeSnapshotRestoreVolumeSnapshotCall (line 12706) - compile ... ok
[INFO] [stdout] test src/api.rs - api::ProjectLocationVolumeSnapshotGetCall (line 12158) - compile ... ok
[INFO] [stdout] test src/api.rs - api::ProjectLocationVolumeSnapshotDeleteCall (line 11896) - compile ... ok
[INFO] [stdout] test src/api.rs - api::ProjectMethods (line 1936) - compile ... ok
[INFO] [stdout] test src/lib.rs - (line 88) - compile ... FAILED
[INFO] [stdout] 
[INFO] [stdout] failures:
[INFO] [stderr] error: doctest failed, to rerun pass `--doc`
[INFO] [stdout] 
[INFO] [stdout] ---- src/api.rs - api::ProjectLocationInstancePatchCall (line 4758) stdout ----
[INFO] [stdout] error[E0308]: mismatched types
[INFO] [stdout]     --> src/api.rs:4782:27
[INFO] [stdout]      |
[INFO] [stdout] 25   |              .update_mask(&Default::default())
[INFO] [stdout]      |               ----------- ^^^^^^^^^^^^^^^^^^^ expected `FieldMask`, found `&_`
[INFO] [stdout]      |               |
[INFO] [stdout]      |               arguments to this method are incorrect
[INFO] [stdout]      |
[INFO] [stdout]      = note: expected struct `FieldMask`
[INFO] [stdout]              found reference `&_`
[INFO] [stdout] note: method defined here
[INFO] [stdout]     --> /opt/rustwide/workdir/src/api.rs:4973:12
[INFO] [stdout]      |
[INFO] [stdout] 4973 |     pub fn update_mask(mut self, new_value: client::FieldMask) -> ProjectLocationInstancePatchCall<'a, S> {
[INFO] [stdout]      |            ^^^^^^^^^^^
[INFO] [stdout] help: consider removing the borrow
[INFO] [stdout]      |
[INFO] [stdout] 25   -              .update_mask(&Default::default())
[INFO] [stdout] 25   +              .update_mask(Default::default())
[INFO] [stdout]      |
[INFO] [stdout] 
[INFO] [stdout] error: aborting due to 1 previous error
[INFO] [stdout] 
[INFO] [stdout] For more information about this error, try `rustc --explain E0308`.
[INFO] [stdout] Couldn't compile the test.
[INFO] [stdout] ---- src/api.rs - api::Baremetalsolution (line 58) stdout ----
[INFO] [stdout] error[E0308]: mismatched types
[INFO] [stdout]     --> src/api.rs:90:27
[INFO] [stdout]      |
[INFO] [stdout] 33   |              .update_mask(&Default::default())
[INFO] [stdout]      |               ----------- ^^^^^^^^^^^^^^^^^^^ expected `FieldMask`, found `&_`
[INFO] [stdout]      |               |
[INFO] [stdout]      |               arguments to this method are incorrect
[INFO] [stdout]      |
[INFO] [stdout]      = note: expected struct `FieldMask`
[INFO] [stdout]              found reference `&_`
[INFO] [stdout] note: method defined here
[INFO] [stdout]     --> /opt/rustwide/workdir/src/api.rs:4973:12
[INFO] [stdout]      |
[INFO] [stdout] 4973 |     pub fn update_mask(mut self, new_value: client::FieldMask) -> ProjectLocationInstancePatchCall<'a, S> {
[INFO] [stdout]      |            ^^^^^^^^^^^
[INFO] [stdout] help: consider removing the borrow
[INFO] [stdout]      |
[INFO] [stdout] 33   -              .update_mask(&Default::default())
[INFO] [stdout] 33   +              .update_mask(Default::default())
[INFO] [stdout]      |
[INFO] [stdout] 
[INFO] [stdout] error: aborting due to 1 previous error
[INFO] [stdout] 
[INFO] [stdout] For more information about this error, try `rustc --explain E0308`.
[INFO] [stdout] Couldn't compile the test.
[INFO] [stdout] ---- src/api.rs - api::ProjectLocationNetworkPatchCall (line 6760) stdout ----
[INFO] [stdout] error[E0308]: mismatched types
[INFO] [stdout]     --> src/api.rs:6784:27
[INFO] [stdout]      |
[INFO] [stdout] 25   |              .update_mask(&Default::default())
[INFO] [stdout]      |               ----------- ^^^^^^^^^^^^^^^^^^^ expected `FieldMask`, found `&_`
[INFO] [stdout]      |               |
[INFO] [stdout]      |               arguments to this method are incorrect
[INFO] [stdout]      |
[INFO] [stdout]      = note: expected struct `FieldMask`
[INFO] [stdout]              found reference `&_`
[INFO] [stdout] note: method defined here
[INFO] [stdout]     --> /opt/rustwide/workdir/src/api.rs:6975:12
[INFO] [stdout]      |
[INFO] [stdout] 6975 |     pub fn update_mask(mut self, new_value: client::FieldMask) -> ProjectLocationNetworkPatchCall<'a, S> {
[INFO] [stdout]      |            ^^^^^^^^^^^
[INFO] [stdout] help: consider removing the borrow
[INFO] [stdout]      |
[INFO] [stdout] 25   -              .update_mask(&Default::default())
[INFO] [stdout] 25   +              .update_mask(Default::default())
[INFO] [stdout]      |
[INFO] [stdout] 
[INFO] [stdout] error: aborting due to 1 previous error
[INFO] [stdout] 
[INFO] [stdout] For more information about this error, try `rustc --explain E0308`.
[INFO] [stdout] Couldn't compile the test.
[INFO] [stdout] ---- src/api.rs - api::ProjectLocationNfsSharePatchCall (line 8178) stdout ----
[INFO] [stdout] error[E0308]: mismatched types
[INFO] [stdout]     --> src/api.rs:8202:27
[INFO] [stdout]      |
[INFO] [stdout] 25   |              .update_mask(&Default::default())
[INFO] [stdout]      |               ----------- ^^^^^^^^^^^^^^^^^^^ expected `FieldMask`, found `&_`
[INFO] [stdout]      |               |
[INFO] [stdout]      |               arguments to this method are incorrect
[INFO] [stdout]      |
[INFO] [stdout]      = note: expected struct `FieldMask`
[INFO] [stdout]              found reference `&_`
[INFO] [stdout] note: method defined here
[INFO] [stdout]     --> /opt/rustwide/workdir/src/api.rs:8393:12
[INFO] [stdout]      |
[INFO] [stdout] 8393 |     pub fn update_mask(mut self, new_value: client::FieldMask) -> ProjectLocationNfsSharePatchCall<'a, S> {
[INFO] [stdout]      |            ^^^^^^^^^^^
[INFO] [stdout] help: consider removing the borrow
[INFO] [stdout]      |
[INFO] [stdout] 25   -              .update_mask(&Default::default())
[INFO] [stdout] 25   +              .update_mask(Default::default())
[INFO] [stdout]      |
[INFO] [stdout] 
[INFO] [stdout] error: aborting due to 1 previous error
[INFO] [stdout] 
[INFO] [stdout] For more information about this error, try `rustc --explain E0308`.
[INFO] [stdout] Couldn't compile the test.
[INFO] [stdout] ---- src/api.rs - api::ProjectLocationProvisioningConfigPatchCall (line 9310) stdout ----
[INFO] [stdout] error[E0308]: mismatched types
[INFO] [stdout]     --> src/api.rs:9334:27
[INFO] [stdout]      |
[INFO] [stdout] 25   |              .update_mask(&Default::default())
[INFO] [stdout]      |               ----------- ^^^^^^^^^^^^^^^^^^^ expected `FieldMask`, found `&_`
[INFO] [stdout]      |               |
[INFO] [stdout]      |               arguments to this method are incorrect
[INFO] [stdout]      |
[INFO] [stdout]      = note: expected struct `FieldMask`
[INFO] [stdout]              found reference `&_`
[INFO] [stdout] note: method defined here
[INFO] [stdout]     --> /opt/rustwide/workdir/src/api.rs:9530:12
[INFO] [stdout]      |
[INFO] [stdout] 9530 |     pub fn update_mask(mut self, new_value: client::FieldMask) -> ProjectLocationProvisioningConfigPatchCall<'a, S> {
[INFO] [stdout]      |            ^^^^^^^^^^^
[INFO] [stdout] help: consider removing the borrow
[INFO] [stdout]      |
[INFO] [stdout] 25   -              .update_mask(&Default::default())
[INFO] [stdout] 25   +              .update_mask(Default::default())
[INFO] [stdout]      |
[INFO] [stdout] 
[INFO] [stdout] error: aborting due to 1 previous error
[INFO] [stdout] 
[INFO] [stdout] For more information about this error, try `rustc --explain E0308`.
[INFO] [stdout] Couldn't compile the test.
[INFO] [stdout] ---- src/api.rs - api::ProjectLocationVolumePatchCall (line 13558) stdout ----
[INFO] [stdout] error[E0308]: mismatched types
[INFO] [stdout]      --> src/api.rs:13582:27
[INFO] [stdout]       |
[INFO] [stdout] 25    |              .update_mask(&Default::default())
[INFO] [stdout]       |               ----------- ^^^^^^^^^^^^^^^^^^^ expected `FieldMask`, found `&_`
[INFO] [stdout]       |               |
[INFO] [stdout]       |               arguments to this method are incorrect
[INFO] [stdout]       |
[INFO] [stdout]       = note: expected struct `FieldMask`
[INFO] [stdout]               found reference `&_`
[INFO] [stdout] note: method defined here
[INFO] [stdout]      --> /opt/rustwide/workdir/src/api.rs:13773:12
[INFO] [stdout]       |
[INFO] [stdout] 13773 |     pub fn update_mask(mut self, new_value: client::FieldMask) -> ProjectLocationVolumePatchCall<'a, S> {
[INFO] [stdout]       |            ^^^^^^^^^^^
[INFO] [stdout] help: consider removing the borrow
[INFO] [stdout]       |
[INFO] [stdout] 25    -              .update_mask(&Default::default())
[INFO] [stdout] 25    +              .update_mask(Default::default())
[INFO] [stdout]       |
[INFO] [stdout] 
[INFO] [stdout] error: aborting due to 1 previous error
[INFO] [stdout] 
[INFO] [stdout] For more information about this error, try `rustc --explain E0308`.
[INFO] [stdout] Couldn't compile the test.
[INFO] [stdout] ---- src/lib.rs - (line 88) stdout ----
[INFO] [stdout] error[E0308]: mismatched types
[INFO] [stdout]     --> src/lib.rs:120:27
[INFO] [stdout]      |
[INFO] [stdout] 33   |              .update_mask(&Default::default())
[INFO] [stdout]      |               ----------- ^^^^^^^^^^^^^^^^^^^ expected `FieldMask`, found `&_`
[INFO] [stdout]      |               |
[INFO] [stdout]      |               arguments to this method are incorrect
[INFO] [stdout]      |
[INFO] [stdout]      = note: expected struct `FieldMask`
[INFO] [stdout]              found reference `&_`
[INFO] [stdout] note: method defined here
[INFO] [stdout]     --> /opt/rustwide/workdir/src/api.rs:4973:12
[INFO] [stdout]      |
[INFO] [stdout] 4973 |     pub fn update_mask(mut self, new_value: client::FieldMask) -> ProjectLocationInstancePatchCall<'a, S> {
[INFO] [stdout]      |            ^^^^^^^^^^^
[INFO] [stdout] help: consider removing the borrow
[INFO] [stdout]      |
[INFO] [stdout] 33   -              .update_mask(&Default::default())
[INFO] [stdout] 33   +              .update_mask(Default::default())
[INFO] [stdout]      |
[INFO] [stdout] 
[INFO] [stdout] error: aborting due to 1 previous error
[INFO] [stdout] 
[INFO] [stdout] For more information about this error, try `rustc --explain E0308`.
[INFO] [stdout] Couldn't compile the test.
[INFO] [stdout] 
[INFO] [stdout] failures:
[INFO] [stdout]     src/api.rs - api::Baremetalsolution (line 58)
[INFO] [stdout]     src/api.rs - api::ProjectLocationInstancePatchCall (line 4758)
[INFO] [stdout]     src/api.rs - api::ProjectLocationNetworkPatchCall (line 6760)
[INFO] [stdout]     src/api.rs - api::ProjectLocationNfsSharePatchCall (line 8178)
[INFO] [stdout]     src/api.rs - api::ProjectLocationProvisioningConfigPatchCall (line 9310)
[INFO] [stdout]     src/api.rs - api::ProjectLocationVolumePatchCall (line 13558)
[INFO] [stdout]     src/lib.rs - (line 88)
[INFO] [stdout] 
[INFO] [stdout] test result: FAILED. 38 passed; 7 failed; 1 ignored; 0 measured; 0 filtered out; finished in 2.00s
[INFO] [stdout] 
[INFO] running `Command { std: "docker" "inspect" "6e325f2d99ce2f8dd6f6540c3399436a25e80a7cb2a20b69b5afacb52bec8680", kill_on_drop: false }`
[INFO] running `Command { std: "docker" "rm" "-f" "6e325f2d99ce2f8dd6f6540c3399436a25e80a7cb2a20b69b5afacb52bec8680", kill_on_drop: false }`
[INFO] [stdout] 6e325f2d99ce2f8dd6f6540c3399436a25e80a7cb2a20b69b5afacb52bec8680
