[INFO] fetching crate google-appengine1_beta5 5.0.3+20181005...
[INFO] testing google-appengine1_beta5-5.0.3+20181005 against 1.75.0 for beta-1.76-1
[INFO] extracting crate google-appengine1_beta5 5.0.3+20181005 into /workspace/builds/worker-1-tc1/source
[INFO] validating manifest of crates.io crate google-appengine1_beta5 5.0.3+20181005 on toolchain 1.75.0
[INFO] running `Command { std: CARGO_HOME="/workspace/cargo-home" RUSTUP_HOME="/workspace/rustup-home" "/workspace/cargo-home/bin/cargo" "+1.75.0" "metadata" "--manifest-path" "Cargo.toml" "--no-deps", kill_on_drop: false }`
[INFO] started tweaking crates.io crate google-appengine1_beta5 5.0.3+20181005
[INFO] finished tweaking crates.io crate google-appengine1_beta5 5.0.3+20181005
[INFO] tweaked toml for crates.io crate google-appengine1_beta5 5.0.3+20181005 written to /workspace/builds/worker-1-tc1/source/Cargo.toml
[INFO] running `Command { std: CARGO_HOME="/workspace/cargo-home" RUSTUP_HOME="/workspace/rustup-home" "/workspace/cargo-home/bin/cargo" "+1.75.0" "generate-lockfile" "--manifest-path" "Cargo.toml", kill_on_drop: false }`
[INFO] [stderr]     Updating crates.io index
[INFO] running `Command { std: CARGO_HOME="/workspace/cargo-home" RUSTUP_HOME="/workspace/rustup-home" "/workspace/cargo-home/bin/cargo" "+1.75.0" "fetch" "--manifest-path" "Cargo.toml", kill_on_drop: false }`
[INFO] running `Command { std: "docker" "create" "-v" "/var/lib/crater-agent-workspace/builds/worker-1-tc1/target:/opt/rustwide/target:rw,Z" "-v" "/var/lib/crater-agent-workspace/builds/worker-1-tc1/source:/opt/rustwide/workdir:ro,Z" "-v" "/var/lib/crater-agent-workspace/cargo-home:/opt/rustwide/cargo-home:ro,Z" "-v" "/var/lib/crater-agent-workspace/rustup-home:/opt/rustwide/rustup-home:ro,Z" "-e" "SOURCE_DIR=/opt/rustwide/workdir" "-e" "CARGO_TARGET_DIR=/opt/rustwide/target" "-e" "CARGO_HOME=/opt/rustwide/cargo-home" "-e" "RUSTUP_HOME=/opt/rustwide/rustup-home" "-w" "/opt/rustwide/workdir" "-m" "1610612736" "--user" "0:0" "--network" "none" "ghcr.io/rust-lang/crates-build-env/linux@sha256:2788e3201cd34a07e3172128adcd8b3090168a8e3bcc40d7c032b9dda1df7d1c" "/opt/rustwide/cargo-home/bin/cargo" "+1.75.0" "metadata" "--no-deps" "--format-version=1", kill_on_drop: false }`
[INFO] [stdout] 24ef17907af5bfbb29a71720f54ad0182ae1298215cd67a0d73742e6b473733d
[INFO] running `Command { std: "docker" "start" "-a" "24ef17907af5bfbb29a71720f54ad0182ae1298215cd67a0d73742e6b473733d", kill_on_drop: false }`
[INFO] running `Command { std: "docker" "inspect" "24ef17907af5bfbb29a71720f54ad0182ae1298215cd67a0d73742e6b473733d", kill_on_drop: false }`
[INFO] running `Command { std: "docker" "rm" "-f" "24ef17907af5bfbb29a71720f54ad0182ae1298215cd67a0d73742e6b473733d", kill_on_drop: false }`
[INFO] [stdout] 24ef17907af5bfbb29a71720f54ad0182ae1298215cd67a0d73742e6b473733d
[INFO] running `Command { std: "docker" "create" "-v" "/var/lib/crater-agent-workspace/builds/worker-1-tc1/target:/opt/rustwide/target:rw,Z" "-v" "/var/lib/crater-agent-workspace/builds/worker-1-tc1/source:/opt/rustwide/workdir:ro,Z" "-v" "/var/lib/crater-agent-workspace/cargo-home:/opt/rustwide/cargo-home:ro,Z" "-v" "/var/lib/crater-agent-workspace/rustup-home:/opt/rustwide/rustup-home:ro,Z" "-e" "SOURCE_DIR=/opt/rustwide/workdir" "-e" "CARGO_TARGET_DIR=/opt/rustwide/target" "-e" "CARGO_INCREMENTAL=0" "-e" "RUST_BACKTRACE=full" "-e" "RUSTFLAGS=--cap-lints=warn" "-e" "RUSTDOCFLAGS=--cap-lints=warn" "-e" "CARGO_HOME=/opt/rustwide/cargo-home" "-e" "RUSTUP_HOME=/opt/rustwide/rustup-home" "-w" "/opt/rustwide/workdir" "-m" "1610612736" "--user" "0:0" "--network" "none" "ghcr.io/rust-lang/crates-build-env/linux@sha256:2788e3201cd34a07e3172128adcd8b3090168a8e3bcc40d7c032b9dda1df7d1c" "/opt/rustwide/cargo-home/bin/cargo" "+1.75.0" "build" "--frozen" "--message-format=json", kill_on_drop: false }`
[INFO] [stdout] 1d82b57e8cef5ec9de8ae7d6148a60fbf84201753ede9bcee238b89988657ced
[INFO] running `Command { std: "docker" "start" "-a" "1d82b57e8cef5ec9de8ae7d6148a60fbf84201753ede9bcee238b89988657ced", kill_on_drop: false }`
[INFO] [stderr]    Compiling bytes v1.5.0
[INFO] [stderr]    Compiling futures-sink v0.3.30
[INFO] [stderr]    Compiling spin v0.9.8
[INFO] [stderr]    Compiling untrusted v0.9.0
[INFO] [stderr]    Compiling tracing-core v0.1.32
[INFO] [stderr]    Compiling strsim v0.10.0
[INFO] [stderr]    Compiling hashbrown v0.14.3
[INFO] [stderr]    Compiling rustls v0.21.10
[INFO] [stderr]    Compiling unicode-bidi v0.3.14
[INFO] [stderr]    Compiling httparse v1.8.0
[INFO] [stderr]    Compiling base64 v0.21.5
[INFO] [stderr]    Compiling syn v2.0.48
[INFO] [stderr]    Compiling cc v1.0.83
[INFO] [stderr]    Compiling getrandom v0.2.11
[INFO] [stderr]    Compiling socket2 v0.5.5
[INFO] [stderr]    Compiling mio v0.8.10
[INFO] [stderr]    Compiling unicode-normalization v0.1.22
[INFO] [stderr]    Compiling futures-channel v0.3.30
[INFO] [stderr]    Compiling try-lock v0.2.5
[INFO] [stderr]    Compiling want v0.3.1
[INFO] [stderr]    Compiling num-traits v0.2.17
[INFO] [stderr]    Compiling rustls-pemfile v1.0.4
[INFO] [stderr]    Compiling httpdate v1.0.3
[INFO] [stderr]    Compiling tracing v0.1.40
[INFO] [stderr]    Compiling http v0.2.11
[INFO] [stderr]    Compiling rustls v0.22.1
[INFO] [stderr]    Compiling tower-service v0.3.2
[INFO] [stderr]    Compiling openssl-probe v0.1.5
[INFO] [stderr]    Compiling rustls-pki-types v1.1.0
[INFO] [stderr]    Compiling rustls-native-certs v0.6.3
[INFO] [stderr]    Compiling subtle v2.5.0
[INFO] [stderr]    Compiling zeroize v1.7.0
[INFO] [stderr]    Compiling matches v0.1.10
[INFO] [stderr]    Compiling itertools v0.12.0
[INFO] [stderr]    Compiling percent-encoding v1.0.1
[INFO] [stderr]    Compiling indexmap v2.1.0
[INFO] [stderr]    Compiling idna v0.5.0
[INFO] [stderr]    Compiling idna v0.1.5
[INFO] [stderr]    Compiling seahash v4.1.0
[INFO] [stderr]    Compiling mime v0.3.17
[INFO] [stderr]    Compiling base64 v0.13.1
[INFO] [stderr]    Compiling ring v0.17.7
[INFO] [stderr]    Compiling url v1.7.2
[INFO] [stderr]    Compiling url v2.5.0
[INFO] [stderr]    Compiling http-body v0.4.6
[INFO] [stderr]    Compiling darling_core v0.20.3
[INFO] [stderr]    Compiling tokio-macros v2.2.0
[INFO] [stderr]    Compiling futures-macro v0.3.30
[INFO] [stderr]    Compiling serde_derive v1.0.194
[INFO] [stderr]    Compiling async-trait v0.1.77
[INFO] [stderr]    Compiling tokio v1.35.1
[INFO] [stderr]    Compiling darling_macro v0.20.3
[INFO] [stderr]    Compiling futures-util v0.3.30
[INFO] [stderr]    Compiling darling v0.20.3
[INFO] [stderr]    Compiling serde_with_macros v2.3.3
[INFO] [stderr]    Compiling rustls-webpki v0.101.7
[INFO] [stderr]    Compiling sct v0.7.1
[INFO] [stderr]    Compiling rustls-webpki v0.102.1
[INFO] [stderr]    Compiling serde v1.0.194
[INFO] [stderr]    Compiling futures-executor v0.3.30
[INFO] [stderr]    Compiling futures v0.3.30
[INFO] [stderr]    Compiling tokio-util v0.7.10
[INFO] [stderr]    Compiling tokio-rustls v0.24.1
[INFO] [stderr]    Compiling h2 v0.3.22
[INFO] [stderr]    Compiling deranged v0.3.11
[INFO] [stderr]    Compiling serde_json v1.0.111
[INFO] [stderr]    Compiling chrono v0.4.31
[INFO] [stderr]    Compiling serde_with v2.3.3
[INFO] [stderr]    Compiling time v0.3.31
[INFO] [stderr]    Compiling hyper v0.14.28
[INFO] [stderr]    Compiling hyper-rustls v0.24.2
[INFO] [stderr]    Compiling yup-oauth2 v8.3.2
[INFO] [stderr]    Compiling google-apis-common v6.0.0
[INFO] [stderr]    Compiling google-appengine1_beta5 v5.0.3+20181005 (/opt/rustwide/workdir)
[INFO] [stderr]     Finished dev [unoptimized + debuginfo] target(s) in 20.52s
[INFO] running `Command { std: "docker" "inspect" "1d82b57e8cef5ec9de8ae7d6148a60fbf84201753ede9bcee238b89988657ced", kill_on_drop: false }`
[INFO] running `Command { std: "docker" "rm" "-f" "1d82b57e8cef5ec9de8ae7d6148a60fbf84201753ede9bcee238b89988657ced", kill_on_drop: false }`
[INFO] [stdout] 1d82b57e8cef5ec9de8ae7d6148a60fbf84201753ede9bcee238b89988657ced
[INFO] running `Command { std: "docker" "create" "-v" "/var/lib/crater-agent-workspace/builds/worker-1-tc1/target:/opt/rustwide/target:rw,Z" "-v" "/var/lib/crater-agent-workspace/builds/worker-1-tc1/source:/opt/rustwide/workdir:ro,Z" "-v" "/var/lib/crater-agent-workspace/cargo-home:/opt/rustwide/cargo-home:ro,Z" "-v" "/var/lib/crater-agent-workspace/rustup-home:/opt/rustwide/rustup-home:ro,Z" "-e" "SOURCE_DIR=/opt/rustwide/workdir" "-e" "CARGO_TARGET_DIR=/opt/rustwide/target" "-e" "CARGO_INCREMENTAL=0" "-e" "RUST_BACKTRACE=full" "-e" "RUSTFLAGS=--cap-lints=warn" "-e" "RUSTDOCFLAGS=--cap-lints=warn" "-e" "CARGO_HOME=/opt/rustwide/cargo-home" "-e" "RUSTUP_HOME=/opt/rustwide/rustup-home" "-w" "/opt/rustwide/workdir" "-m" "1610612736" "--user" "0:0" "--network" "none" "ghcr.io/rust-lang/crates-build-env/linux@sha256:2788e3201cd34a07e3172128adcd8b3090168a8e3bcc40d7c032b9dda1df7d1c" "/opt/rustwide/cargo-home/bin/cargo" "+1.75.0" "test" "--frozen" "--no-run" "--message-format=json", kill_on_drop: false }`
[INFO] [stdout] 94d3c1fae3a509988c7e8205cdfcc716025640c789687b89c4ec94e0a82193ab
[INFO] running `Command { std: "docker" "start" "-a" "94d3c1fae3a509988c7e8205cdfcc716025640c789687b89c4ec94e0a82193ab", kill_on_drop: false }`
[INFO] [stderr]    Compiling google-appengine1_beta5 v5.0.3+20181005 (/opt/rustwide/workdir)
[INFO] [stderr]     Finished test [unoptimized + debuginfo] target(s) in 2.95s
[INFO] running `Command { std: "docker" "inspect" "94d3c1fae3a509988c7e8205cdfcc716025640c789687b89c4ec94e0a82193ab", kill_on_drop: false }`
[INFO] running `Command { std: "docker" "rm" "-f" "94d3c1fae3a509988c7e8205cdfcc716025640c789687b89c4ec94e0a82193ab", kill_on_drop: false }`
[INFO] [stdout] 94d3c1fae3a509988c7e8205cdfcc716025640c789687b89c4ec94e0a82193ab
[INFO] running `Command { std: "docker" "create" "-v" "/var/lib/crater-agent-workspace/builds/worker-1-tc1/target:/opt/rustwide/target:rw,Z" "-v" "/var/lib/crater-agent-workspace/builds/worker-1-tc1/source:/opt/rustwide/workdir:ro,Z" "-v" "/var/lib/crater-agent-workspace/cargo-home:/opt/rustwide/cargo-home:ro,Z" "-v" "/var/lib/crater-agent-workspace/rustup-home:/opt/rustwide/rustup-home:ro,Z" "-e" "SOURCE_DIR=/opt/rustwide/workdir" "-e" "CARGO_TARGET_DIR=/opt/rustwide/target" "-e" "CARGO_INCREMENTAL=0" "-e" "RUST_BACKTRACE=full" "-e" "RUSTFLAGS=--cap-lints=warn" "-e" "RUSTDOCFLAGS=--cap-lints=warn" "-e" "CARGO_HOME=/opt/rustwide/cargo-home" "-e" "RUSTUP_HOME=/opt/rustwide/rustup-home" "-w" "/opt/rustwide/workdir" "-m" "1610612736" "--user" "0:0" "--network" "none" "ghcr.io/rust-lang/crates-build-env/linux@sha256:2788e3201cd34a07e3172128adcd8b3090168a8e3bcc40d7c032b9dda1df7d1c" "/opt/rustwide/cargo-home/bin/cargo" "+1.75.0" "test" "--frozen", kill_on_drop: false }`
[INFO] [stdout] ff2ffb76503dbca6ef75ed4f36806ae3360fdc817a4e10aec4de7db6f78cb56a
[INFO] running `Command { std: "docker" "start" "-a" "ff2ffb76503dbca6ef75ed4f36806ae3360fdc817a4e10aec4de7db6f78cb56a", kill_on_drop: false }`
[INFO] [stderr]     Finished test [unoptimized + debuginfo] target(s) in 0.13s
[INFO] [stderr]      Running unittests src/lib.rs (/opt/rustwide/target/debug/deps/google_appengine1_beta5-3809c3ac0773d9ae)
[INFO] [stdout] 
[INFO] [stdout] running 0 tests
[INFO] [stdout] 
[INFO] [stdout] test result: ok. 0 passed; 0 failed; 0 ignored; 0 measured; 0 filtered out; finished in 0.00s
[INFO] [stdout] 
[INFO] [stderr]    Doc-tests google-appengine1_beta5
[INFO] [stdout] 
[INFO] [stdout] running 24 tests
[INFO] [stdout] test src/api.rs - api::AppServiceDeleteCall (line 5767) - compile ... ok
[INFO] [stdout] test src/api.rs - api::AppMethods (line 1385) - compile ... ok
[INFO] [stdout] test src/api.rs - api::AppLocationListCall (line 2133) - compile ... ok
[INFO] [stdout] test src/api.rs - api::AppOperationListCall (line 2705) - compile ... ok
[INFO] [stdout] test src/api.rs - api::AppLocationGetCall (line 1859) - compile ... ok
[INFO] [stdout] test src/api.rs - api::AppServiceListCall (line 6315) - compile ... ok
[INFO] [stdout] test src/api.rs - api::AppGetCall (line 7204) - compile ... ok
[INFO] [stdout] test src/lib.rs - (line 49) ... ignored
[INFO] [stdout] test src/api.rs - api::AppServiceVersionCreateCall (line 4237) - compile ... ok
[INFO] [stdout] test src/api.rs - api::AppServiceGetCall (line 6041) - compile ... ok
[INFO] [stdout] test src/api.rs - api::AppServiceVersionGetCall (line 4827) - compile ... ok
[INFO] [stdout] test src/api.rs - api::AppCreateCall (line 6931) - compile ... ok
[INFO] [stdout] test src/api.rs - api::AppOperationGetCall (line 2431) - compile ... ok
[INFO] [stdout] test src/api.rs - api::AppServiceVersionInstanceDebugCall (line 3003) - compile ... ok
[INFO] [stdout] test src/api.rs - api::AppServiceVersionDeleteCall (line 4541) - compile ... ok
[INFO] [stdout] test src/api.rs - api::AppServiceVersionInstanceListCall (line 3927) - compile ... ok
[INFO] [stdout] test src/lib.rs - (line 82) - compile ... ok
[INFO] [stdout] test src/api.rs - api::AppServiceVersionListCall (line 5125) - compile ... ok
[INFO] [stdout] test src/api.rs - api::AppServiceVersionInstanceGetCall (line 3629) - compile ... ok
[INFO] [stdout] test src/api.rs - api::AppServiceVersionInstanceDeleteCall (line 3331) - compile ... ok
[INFO] [stdout] test src/api.rs - api::Appengine (line 66) - compile ... ok
[INFO] [stdout] test src/api.rs - api::AppServiceVersionPatchCall (line 5439) - compile ... FAILED
[INFO] [stdout] test src/api.rs - api::AppPatchCall (line 7480) - compile ... FAILED
[INFO] [stdout] test src/api.rs - api::AppServicePatchCall (line 6601) - compile ... FAILED
[INFO] [stdout] 
[INFO] [stdout] failures:
[INFO] [stdout] 
[INFO] [stdout] ---- src/api.rs - api::AppServiceVersionPatchCall (line 5439) stdout ----
[INFO] [stdout] error[E0308]: mismatched types
[INFO] [stdout]     --> src/api.rs:5463:20
[INFO] [stdout]      |
[INFO] [stdout] 25   |              .mask(&Default::default())
[INFO] [stdout]      |               ---- ^^^^^^^^^^^^^^^^^^^ expected `FieldMask`, found `&_`
[INFO] [stdout]      |               |
[INFO] [stdout]      |               arguments to this method are incorrect
[INFO] [stdout]      |
[INFO] [stdout]      = note: expected struct `FieldMask`
[INFO] [stdout]              found reference `&_`
[INFO] [stdout] note: method defined here
[INFO] [stdout]     --> /opt/rustwide/workdir/src/api.rs:5678:12
[INFO] [stdout]      |
[INFO] [stdout] 5678 |     pub fn mask(mut self, new_value: client::FieldMask) -> AppServiceVersionPatchCall<'a, S> {
[INFO] [stdout]      |            ^^^^
[INFO] [stdout] help: consider removing the borrow
[INFO] [stdout]      |
[INFO] [stdout] 25   -              .mask(&Default::default())
[INFO] [stdout] 25   +              .mask(Default::default())
[INFO] [stdout]      |
[INFO] [stdout] 
[INFO] [stdout] error: aborting due to previous error
[INFO] [stdout] 
[INFO] [stdout] For more information about this error, try `rustc --explain E0308`.
[INFO] [stdout] Couldn't compile the test.
[INFO] [stdout] ---- src/api.rs - api::AppPatchCall (line 7480) stdout ----
[INFO] [stdout] error[E0308]: mismatched types
[INFO] [stdout]     --> src/api.rs:7504:20
[INFO] [stdout]      |
[INFO] [stdout] 25   |              .mask(&Default::default())
[INFO] [stdout]      |               ---- ^^^^^^^^^^^^^^^^^^^ expected `FieldMask`, found `&_`
[INFO] [stdout]      |               |
[INFO] [stdout]      |               arguments to this method are incorrect
[INFO] [stdout]      |
[INFO] [stdout]      = note: expected struct `FieldMask`
[INFO] [stdout]              found reference `&_`
[INFO] [stdout] note: method defined here
[INFO] [stdout]     --> /opt/rustwide/workdir/src/api.rs:7695:12
[INFO] [stdout]      |
[INFO] [stdout] 7695 |     pub fn mask(mut self, new_value: client::FieldMask) -> AppPatchCall<'a, S> {
[INFO] [stdout]      |            ^^^^
[INFO] [stdout] help: consider removing the borrow
[INFO] [stdout]      |
[INFO] [stdout] 25   -              .mask(&Default::default())
[INFO] [stdout] 25   +              .mask(Default::default())
[INFO] [stdout]      |
[INFO] [stdout] 
[INFO] [stdout] error: aborting due to previous error
[INFO] [stdout] 
[INFO] [stdout] For more information about this error, try `rustc --explain E0308`.
[INFO] [stdout] Couldn't compile the test.
[INFO] [stdout] ---- src/api.rs - api::AppServicePatchCall (line 6601) stdout ----
[INFO] [stdout] error[E0308]: mismatched types
[INFO] [stdout]     --> src/api.rs:6626:20
[INFO] [stdout]      |
[INFO] [stdout] 26   |              .mask(&Default::default())
[INFO] [stdout]      |               ---- ^^^^^^^^^^^^^^^^^^^ expected `FieldMask`, found `&_`
[INFO] [stdout]      |               |
[INFO] [stdout]      |               arguments to this method are incorrect
[INFO] [stdout]      |
[INFO] [stdout]      = note: expected struct `FieldMask`
[INFO] [stdout]              found reference `&_`
[INFO] [stdout] note: method defined here
[INFO] [stdout]     --> /opt/rustwide/workdir/src/api.rs:6840:12
[INFO] [stdout]      |
[INFO] [stdout] 6840 |     pub fn mask(mut self, new_value: client::FieldMask) -> AppServicePatchCall<'a, S> {
[INFO] [stdout]      |            ^^^^
[INFO] [stdout] help: consider removing the borrow
[INFO] [stdout]      |
[INFO] [stdout] 26   -              .mask(&Default::default())
[INFO] [stdout] 26   +              .mask(Default::default())
[INFO] [stdout]      |
[INFO] [stdout] 
[INFO] [stdout] error: aborting due to previous error
[INFO] [stdout] 
[INFO] [stdout] For more information about this error, try `rustc --explain E0308`.
[INFO] [stdout] Couldn't compile the test.
[INFO] [stdout] 
[INFO] [stdout] failures:
[INFO] [stdout]     src/api.rs - api::AppPatchCall (line 7480)
[INFO] [stdout]     src/api.rs - api::AppServicePatchCall (line 6601)
[INFO] [stdout]     src/api.rs - api::AppServiceVersionPatchCall (line 5439)
[INFO] [stdout] 
[INFO] [stdout] test result: FAILED. 20 passed; 3 failed; 1 ignored; 0 measured; 0 filtered out; finished in 0.67s
[INFO] [stdout] 
[INFO] [stderr] error: doctest failed, to rerun pass `--doc`
[INFO] running `Command { std: "docker" "inspect" "ff2ffb76503dbca6ef75ed4f36806ae3360fdc817a4e10aec4de7db6f78cb56a", kill_on_drop: false }`
[INFO] running `Command { std: "docker" "rm" "-f" "ff2ffb76503dbca6ef75ed4f36806ae3360fdc817a4e10aec4de7db6f78cb56a", kill_on_drop: false }`
[INFO] [stdout] ff2ffb76503dbca6ef75ed4f36806ae3360fdc817a4e10aec4de7db6f78cb56a
[INFO] testing google-appengine1_beta5-5.0.3+20181005 against beta-2023-12-22 for beta-1.76-1
[INFO] extracting crate google-appengine1_beta5 5.0.3+20181005 into /workspace/builds/worker-1-tc2/source
[INFO] validating manifest of crates.io crate google-appengine1_beta5 5.0.3+20181005 on toolchain beta-2023-12-22
[INFO] running `Command { std: CARGO_HOME="/workspace/cargo-home" RUSTUP_HOME="/workspace/rustup-home" "/workspace/cargo-home/bin/cargo" "+beta-2023-12-22" "metadata" "--manifest-path" "Cargo.toml" "--no-deps", kill_on_drop: false }`
[INFO] started tweaking crates.io crate google-appengine1_beta5 5.0.3+20181005
[INFO] finished tweaking crates.io crate google-appengine1_beta5 5.0.3+20181005
[INFO] tweaked toml for crates.io crate google-appengine1_beta5 5.0.3+20181005 written to /workspace/builds/worker-1-tc2/source/Cargo.toml
[INFO] running `Command { std: CARGO_HOME="/workspace/cargo-home" RUSTUP_HOME="/workspace/rustup-home" "/workspace/cargo-home/bin/cargo" "+beta-2023-12-22" "generate-lockfile" "--manifest-path" "Cargo.toml", kill_on_drop: false }`
[INFO] [stderr]     Updating crates.io index
[INFO] running `Command { std: CARGO_HOME="/workspace/cargo-home" RUSTUP_HOME="/workspace/rustup-home" "/workspace/cargo-home/bin/cargo" "+beta-2023-12-22" "fetch" "--manifest-path" "Cargo.toml", kill_on_drop: false }`
[INFO] running `Command { std: "docker" "create" "-v" "/var/lib/crater-agent-workspace/builds/worker-1-tc2/target:/opt/rustwide/target:rw,Z" "-v" "/var/lib/crater-agent-workspace/builds/worker-1-tc2/source:/opt/rustwide/workdir:ro,Z" "-v" "/var/lib/crater-agent-workspace/cargo-home:/opt/rustwide/cargo-home:ro,Z" "-v" "/var/lib/crater-agent-workspace/rustup-home:/opt/rustwide/rustup-home:ro,Z" "-e" "SOURCE_DIR=/opt/rustwide/workdir" "-e" "CARGO_TARGET_DIR=/opt/rustwide/target" "-e" "CARGO_HOME=/opt/rustwide/cargo-home" "-e" "RUSTUP_HOME=/opt/rustwide/rustup-home" "-w" "/opt/rustwide/workdir" "-m" "1610612736" "--user" "0:0" "--network" "none" "ghcr.io/rust-lang/crates-build-env/linux@sha256:2788e3201cd34a07e3172128adcd8b3090168a8e3bcc40d7c032b9dda1df7d1c" "/opt/rustwide/cargo-home/bin/cargo" "+beta-2023-12-22" "metadata" "--no-deps" "--format-version=1", kill_on_drop: false }`
[INFO] [stdout] 7a75e4c2a6189864fd8c5418bbc682967b3f87e6920e0c3b574780ba832aede3
[INFO] running `Command { std: "docker" "start" "-a" "7a75e4c2a6189864fd8c5418bbc682967b3f87e6920e0c3b574780ba832aede3", kill_on_drop: false }`
[INFO] running `Command { std: "docker" "inspect" "7a75e4c2a6189864fd8c5418bbc682967b3f87e6920e0c3b574780ba832aede3", kill_on_drop: false }`
[INFO] running `Command { std: "docker" "rm" "-f" "7a75e4c2a6189864fd8c5418bbc682967b3f87e6920e0c3b574780ba832aede3", kill_on_drop: false }`
[INFO] [stdout] 7a75e4c2a6189864fd8c5418bbc682967b3f87e6920e0c3b574780ba832aede3
[INFO] running `Command { std: "docker" "create" "-v" "/var/lib/crater-agent-workspace/builds/worker-1-tc2/target:/opt/rustwide/target:rw,Z" "-v" "/var/lib/crater-agent-workspace/builds/worker-1-tc2/source:/opt/rustwide/workdir:ro,Z" "-v" "/var/lib/crater-agent-workspace/cargo-home:/opt/rustwide/cargo-home:ro,Z" "-v" "/var/lib/crater-agent-workspace/rustup-home:/opt/rustwide/rustup-home:ro,Z" "-e" "SOURCE_DIR=/opt/rustwide/workdir" "-e" "CARGO_TARGET_DIR=/opt/rustwide/target" "-e" "CARGO_INCREMENTAL=0" "-e" "RUST_BACKTRACE=full" "-e" "RUSTFLAGS=--cap-lints=warn" "-e" "RUSTDOCFLAGS=--cap-lints=warn" "-e" "CARGO_HOME=/opt/rustwide/cargo-home" "-e" "RUSTUP_HOME=/opt/rustwide/rustup-home" "-w" "/opt/rustwide/workdir" "-m" "1610612736" "--user" "0:0" "--network" "none" "ghcr.io/rust-lang/crates-build-env/linux@sha256:2788e3201cd34a07e3172128adcd8b3090168a8e3bcc40d7c032b9dda1df7d1c" "/opt/rustwide/cargo-home/bin/cargo" "+beta-2023-12-22" "build" "--frozen" "--message-format=json", kill_on_drop: false }`
[INFO] [stdout] 57098af0cc341de5fe207b723ba14d21cbe89dafa06df2d83dffbc33a829e189
[INFO] running `Command { std: "docker" "start" "-a" "57098af0cc341de5fe207b723ba14d21cbe89dafa06df2d83dffbc33a829e189", kill_on_drop: false }`
[INFO] [stderr]    Compiling spin v0.9.8
[INFO] [stderr]    Compiling futures-sink v0.3.30
[INFO] [stderr]    Compiling bytes v1.5.0
[INFO] [stderr]    Compiling untrusted v0.9.0
[INFO] [stderr]    Compiling strsim v0.10.0
[INFO] [stderr]    Compiling tracing-core v0.1.32
[INFO] [stderr]    Compiling unicode-bidi v0.3.14
[INFO] [stderr]    Compiling rustls v0.21.10
[INFO] [stderr]    Compiling httparse v1.8.0
[INFO] [stderr]    Compiling hashbrown v0.14.3
[INFO] [stderr]    Compiling try-lock v0.2.5
[INFO] [stderr]    Compiling base64 v0.21.5
[INFO] [stderr]    Compiling syn v2.0.48
[INFO] [stderr]    Compiling cc v1.0.83
[INFO] [stderr]    Compiling getrandom v0.2.11
[INFO] [stderr]    Compiling socket2 v0.5.5
[INFO] [stderr]    Compiling futures-channel v0.3.30
[INFO] [stderr]    Compiling mio v0.8.10
[INFO] [stderr]    Compiling unicode-normalization v0.1.22
[INFO] [stderr]    Compiling want v0.3.1
[INFO] [stderr]    Compiling num-traits v0.2.17
[INFO] [stderr]    Compiling rustls-pki-types v1.1.0
[INFO] [stderr]    Compiling tower-service v0.3.2
[INFO] [stderr]    Compiling openssl-probe v0.1.5
[INFO] [stderr]    Compiling rustls v0.22.1
[INFO] [stderr]    Compiling rustls-pemfile v1.0.4
[INFO] [stderr]    Compiling httpdate v1.0.3
[INFO] [stderr]    Compiling tracing v0.1.40
[INFO] [stderr]    Compiling http v0.2.11
[INFO] [stderr]    Compiling indexmap v2.1.0
[INFO] [stderr]    Compiling rustls-native-certs v0.6.3
[INFO] [stderr]    Compiling subtle v2.5.0
[INFO] [stderr]    Compiling zeroize v1.7.0
[INFO] [stderr]    Compiling matches v0.1.10
[INFO] [stderr]    Compiling itertools v0.12.0
[INFO] [stderr]    Compiling percent-encoding v1.0.1
[INFO] [stderr]    Compiling idna v0.5.0
[INFO] [stderr]    Compiling idna v0.1.5
[INFO] [stderr]    Compiling seahash v4.1.0
[INFO] [stderr]    Compiling mime v0.3.17
[INFO] [stderr]    Compiling base64 v0.13.1
[INFO] [stderr]    Compiling ring v0.17.7
[INFO] [stderr]    Compiling url v1.7.2
[INFO] [stderr]    Compiling url v2.5.0
[INFO] [stderr]    Compiling http-body v0.4.6
[INFO] [stderr]    Compiling darling_core v0.20.3
[INFO] [stderr]    Compiling serde_derive v1.0.194
[INFO] [stderr]    Compiling futures-macro v0.3.30
[INFO] [stderr]    Compiling tokio-macros v2.2.0
[INFO] [stderr]    Compiling async-trait v0.1.77
[INFO] [stderr]    Compiling sct v0.7.1
[INFO] [stderr]    Compiling rustls-webpki v0.101.7
[INFO] [stderr]    Compiling rustls-webpki v0.102.1
[INFO] [stderr]    Compiling futures-util v0.3.30
[INFO] [stderr]    Compiling tokio v1.35.1
[INFO] [stderr]    Compiling darling_macro v0.20.3
[INFO] [stderr]    Compiling darling v0.20.3
[INFO] [stderr]    Compiling serde_with_macros v2.3.3
[INFO] [stderr]    Compiling serde v1.0.194
[INFO] [stderr]    Compiling futures-executor v0.3.30
[INFO] [stderr]    Compiling futures v0.3.30
[INFO] [stderr]    Compiling tokio-util v0.7.10
[INFO] [stderr]    Compiling tokio-rustls v0.24.1
[INFO] [stderr]    Compiling h2 v0.3.22
[INFO] [stderr]    Compiling deranged v0.3.11
[INFO] [stderr]    Compiling serde_json v1.0.111
[INFO] [stderr]    Compiling serde_with v2.3.3
[INFO] [stderr]    Compiling chrono v0.4.31
[INFO] [stderr]    Compiling time v0.3.31
[INFO] [stderr]    Compiling hyper v0.14.28
[INFO] [stderr]    Compiling hyper-rustls v0.24.2
[INFO] [stderr]    Compiling yup-oauth2 v8.3.2
[INFO] [stderr]    Compiling google-apis-common v6.0.0
[INFO] [stderr]    Compiling google-appengine1_beta5 v5.0.3+20181005 (/opt/rustwide/workdir)
[INFO] [stderr]     Finished dev [unoptimized + debuginfo] target(s) in 31.49s
[INFO] running `Command { std: "docker" "inspect" "57098af0cc341de5fe207b723ba14d21cbe89dafa06df2d83dffbc33a829e189", kill_on_drop: false }`
[INFO] running `Command { std: "docker" "rm" "-f" "57098af0cc341de5fe207b723ba14d21cbe89dafa06df2d83dffbc33a829e189", kill_on_drop: false }`
[INFO] [stdout] 57098af0cc341de5fe207b723ba14d21cbe89dafa06df2d83dffbc33a829e189
[INFO] running `Command { std: "docker" "create" "-v" "/var/lib/crater-agent-workspace/builds/worker-1-tc2/target:/opt/rustwide/target:rw,Z" "-v" "/var/lib/crater-agent-workspace/builds/worker-1-tc2/source:/opt/rustwide/workdir:ro,Z" "-v" "/var/lib/crater-agent-workspace/cargo-home:/opt/rustwide/cargo-home:ro,Z" "-v" "/var/lib/crater-agent-workspace/rustup-home:/opt/rustwide/rustup-home:ro,Z" "-e" "SOURCE_DIR=/opt/rustwide/workdir" "-e" "CARGO_TARGET_DIR=/opt/rustwide/target" "-e" "CARGO_INCREMENTAL=0" "-e" "RUST_BACKTRACE=full" "-e" "RUSTFLAGS=--cap-lints=warn" "-e" "RUSTDOCFLAGS=--cap-lints=warn" "-e" "CARGO_HOME=/opt/rustwide/cargo-home" "-e" "RUSTUP_HOME=/opt/rustwide/rustup-home" "-w" "/opt/rustwide/workdir" "-m" "1610612736" "--user" "0:0" "--network" "none" "ghcr.io/rust-lang/crates-build-env/linux@sha256:2788e3201cd34a07e3172128adcd8b3090168a8e3bcc40d7c032b9dda1df7d1c" "/opt/rustwide/cargo-home/bin/cargo" "+beta-2023-12-22" "test" "--frozen" "--no-run" "--message-format=json", kill_on_drop: false }`
[INFO] [stdout] fe108e26bc51f213148c1adeb6939cd98aecd8cfdd80f893ca75662ed32db197
[INFO] running `Command { std: "docker" "start" "-a" "fe108e26bc51f213148c1adeb6939cd98aecd8cfdd80f893ca75662ed32db197", kill_on_drop: false }`
[INFO] [stderr]    Compiling google-appengine1_beta5 v5.0.3+20181005 (/opt/rustwide/workdir)
[INFO] [stderr]     Finished test [unoptimized + debuginfo] target(s) in 2.95s
[INFO] running `Command { std: "docker" "inspect" "fe108e26bc51f213148c1adeb6939cd98aecd8cfdd80f893ca75662ed32db197", kill_on_drop: false }`
[INFO] running `Command { std: "docker" "rm" "-f" "fe108e26bc51f213148c1adeb6939cd98aecd8cfdd80f893ca75662ed32db197", kill_on_drop: false }`
[INFO] [stdout] fe108e26bc51f213148c1adeb6939cd98aecd8cfdd80f893ca75662ed32db197
[INFO] running `Command { std: "docker" "create" "-v" "/var/lib/crater-agent-workspace/builds/worker-1-tc2/target:/opt/rustwide/target:rw,Z" "-v" "/var/lib/crater-agent-workspace/builds/worker-1-tc2/source:/opt/rustwide/workdir:ro,Z" "-v" "/var/lib/crater-agent-workspace/cargo-home:/opt/rustwide/cargo-home:ro,Z" "-v" "/var/lib/crater-agent-workspace/rustup-home:/opt/rustwide/rustup-home:ro,Z" "-e" "SOURCE_DIR=/opt/rustwide/workdir" "-e" "CARGO_TARGET_DIR=/opt/rustwide/target" "-e" "CARGO_INCREMENTAL=0" "-e" "RUST_BACKTRACE=full" "-e" "RUSTFLAGS=--cap-lints=warn" "-e" "RUSTDOCFLAGS=--cap-lints=warn" "-e" "CARGO_HOME=/opt/rustwide/cargo-home" "-e" "RUSTUP_HOME=/opt/rustwide/rustup-home" "-w" "/opt/rustwide/workdir" "-m" "1610612736" "--user" "0:0" "--network" "none" "ghcr.io/rust-lang/crates-build-env/linux@sha256:2788e3201cd34a07e3172128adcd8b3090168a8e3bcc40d7c032b9dda1df7d1c" "/opt/rustwide/cargo-home/bin/cargo" "+beta-2023-12-22" "test" "--frozen", kill_on_drop: false }`
[INFO] [stdout] 5cdab31a5e02688713fff98eaba5322a91fdc2c40818b03bf70023928c7ec908
[INFO] running `Command { std: "docker" "start" "-a" "5cdab31a5e02688713fff98eaba5322a91fdc2c40818b03bf70023928c7ec908", kill_on_drop: false }`
[INFO] [stderr]     Finished test [unoptimized + debuginfo] target(s) in 0.13s
[INFO] [stderr]      Running unittests src/lib.rs (/opt/rustwide/target/debug/deps/google_appengine1_beta5-cb6691ec94ac8b08)
[INFO] [stdout] 
[INFO] [stdout] running 0 tests
[INFO] [stdout] 
[INFO] [stdout] test result: ok. 0 passed; 0 failed; 0 ignored; 0 measured; 0 filtered out; finished in 0.00s
[INFO] [stdout] 
[INFO] [stderr]    Doc-tests google-appengine1_beta5
[INFO] [stdout] 
[INFO] [stdout] running 24 tests
[INFO] [stdout] test src/api.rs - api::AppMethods (line 1385) - compile ... ok
[INFO] [stdout] test src/api.rs - api::AppGetCall (line 7204) - compile ... ok
[INFO] [stdout] test src/api.rs - api::AppLocationGetCall (line 1859) - compile ... ok
[INFO] [stdout] test src/api.rs - api::AppServiceDeleteCall (line 5767) - compile ... ok
[INFO] [stdout] test src/api.rs - api::AppServiceGetCall (line 6041) - compile ... ok
[INFO] [stdout] test src/api.rs - api::AppOperationListCall (line 2705) - compile ... ok
[INFO] [stdout] test src/api.rs - api::AppServiceListCall (line 6315) - compile ... ok
[INFO] [stdout] test src/lib.rs - (line 49) ... ignored
[INFO] [stdout] test src/api.rs - api::AppLocationListCall (line 2133) - compile ... ok
[INFO] [stdout] test src/api.rs - api::AppCreateCall (line 6931) - compile ... ok
[INFO] [stdout] test src/api.rs - api::AppServiceVersionDeleteCall (line 4541) - compile ... ok
[INFO] [stdout] test src/api.rs - api::AppServiceVersionCreateCall (line 4237) - compile ... ok
[INFO] [stdout] test src/api.rs - api::AppServiceVersionGetCall (line 4827) - compile ... ok
[INFO] [stdout] test src/api.rs - api::AppServiceVersionInstanceDebugCall (line 3003) - compile ... ok
[INFO] [stdout] test src/api.rs - api::AppOperationGetCall (line 2431) - compile ... ok
[INFO] [stdout] test src/api.rs - api::AppServiceVersionInstanceDeleteCall (line 3331) - compile ... ok
[INFO] [stdout] test src/api.rs - api::AppServiceVersionInstanceListCall (line 3927) - compile ... ok
[INFO] [stdout] test src/api.rs - api::AppPatchCall (line 7480) - compile ... FAILED
[INFO] [stdout] test src/api.rs - api::AppServiceVersionInstanceGetCall (line 3629) - compile ... ok
[INFO] [stdout] test src/api.rs - api::AppServicePatchCall (line 6601) - compile ... FAILED
[INFO] [stdout] test src/api.rs - api::AppServiceVersionListCall (line 5125) - compile ... ok
[INFO] [stdout] test src/api.rs - api::Appengine (line 66) - compile ... ok
[INFO] [stdout] test src/lib.rs - (line 82) - compile ... ok
[INFO] [stdout] test src/api.rs - api::AppServiceVersionPatchCall (line 5439) - compile ... FAILED
[INFO] [stderr] error: doctest failed, to rerun pass `--doc`
[INFO] [stdout] 
[INFO] [stdout] failures:
[INFO] [stdout] 
[INFO] [stdout] ---- src/api.rs - api::AppPatchCall (line 7480) stdout ----
[INFO] [stdout] error[E0308]: mismatched types
[INFO] [stdout]     --> src/api.rs:7504:20
[INFO] [stdout]      |
[INFO] [stdout] 25   |              .mask(&Default::default())
[INFO] [stdout]      |               ---- ^^^^^^^^^^^^^^^^^^^ expected `FieldMask`, found `&_`
[INFO] [stdout]      |               |
[INFO] [stdout]      |               arguments to this method are incorrect
[INFO] [stdout]      |
[INFO] [stdout]      = note: expected struct `FieldMask`
[INFO] [stdout]              found reference `&_`
[INFO] [stdout] note: method defined here
[INFO] [stdout]     --> /opt/rustwide/workdir/src/api.rs:7695:12
[INFO] [stdout]      |
[INFO] [stdout] 7695 |     pub fn mask(mut self, new_value: client::FieldMask) -> AppPatchCall<'a, S> {
[INFO] [stdout]      |            ^^^^
[INFO] [stdout] help: consider removing the borrow
[INFO] [stdout]      |
[INFO] [stdout] 25   -              .mask(&Default::default())
[INFO] [stdout] 25   +              .mask(Default::default())
[INFO] [stdout]      |
[INFO] [stdout] 
[INFO] [stdout] error: aborting due to 1 previous error
[INFO] [stdout] 
[INFO] [stdout] For more information about this error, try `rustc --explain E0308`.
[INFO] [stdout] Couldn't compile the test.
[INFO] [stdout] ---- src/api.rs - api::AppServicePatchCall (line 6601) stdout ----
[INFO] [stdout] error[E0308]: mismatched types
[INFO] [stdout]     --> src/api.rs:6626:20
[INFO] [stdout]      |
[INFO] [stdout] 26   |              .mask(&Default::default())
[INFO] [stdout]      |               ---- ^^^^^^^^^^^^^^^^^^^ expected `FieldMask`, found `&_`
[INFO] [stdout]      |               |
[INFO] [stdout]      |               arguments to this method are incorrect
[INFO] [stdout]      |
[INFO] [stdout]      = note: expected struct `FieldMask`
[INFO] [stdout]              found reference `&_`
[INFO] [stdout] note: method defined here
[INFO] [stdout]     --> /opt/rustwide/workdir/src/api.rs:6840:12
[INFO] [stdout]      |
[INFO] [stdout] 6840 |     pub fn mask(mut self, new_value: client::FieldMask) -> AppServicePatchCall<'a, S> {
[INFO] [stdout]      |            ^^^^
[INFO] [stdout] help: consider removing the borrow
[INFO] [stdout]      |
[INFO] [stdout] 26   -              .mask(&Default::default())
[INFO] [stdout] 26   +              .mask(Default::default())
[INFO] [stdout]      |
[INFO] [stdout] 
[INFO] [stdout] error: aborting due to 1 previous error
[INFO] [stdout] 
[INFO] [stdout] For more information about this error, try `rustc --explain E0308`.
[INFO] [stdout] Couldn't compile the test.
[INFO] [stdout] ---- src/api.rs - api::AppServiceVersionPatchCall (line 5439) stdout ----
[INFO] [stdout] error[E0308]: mismatched types
[INFO] [stdout]     --> src/api.rs:5463:20
[INFO] [stdout]      |
[INFO] [stdout] 25   |              .mask(&Default::default())
[INFO] [stdout]      |               ---- ^^^^^^^^^^^^^^^^^^^ expected `FieldMask`, found `&_`
[INFO] [stdout]      |               |
[INFO] [stdout]      |               arguments to this method are incorrect
[INFO] [stdout]      |
[INFO] [stdout]      = note: expected struct `FieldMask`
[INFO] [stdout]              found reference `&_`
[INFO] [stdout] note: method defined here
[INFO] [stdout]     --> /opt/rustwide/workdir/src/api.rs:5678:12
[INFO] [stdout]      |
[INFO] [stdout] 5678 |     pub fn mask(mut self, new_value: client::FieldMask) -> AppServiceVersionPatchCall<'a, S> {
[INFO] [stdout]      |            ^^^^
[INFO] [stdout] help: consider removing the borrow
[INFO] [stdout]      |
[INFO] [stdout] 25   -              .mask(&Default::default())
[INFO] [stdout] 25   +              .mask(Default::default())
[INFO] [stdout]      |
[INFO] [stdout] 
[INFO] [stdout] error: aborting due to 1 previous error
[INFO] [stdout] 
[INFO] [stdout] For more information about this error, try `rustc --explain E0308`.
[INFO] [stdout] Couldn't compile the test.
[INFO] [stdout] 
[INFO] [stdout] failures:
[INFO] [stdout]     src/api.rs - api::AppPatchCall (line 7480)
[INFO] [stdout]     src/api.rs - api::AppServicePatchCall (line 6601)
[INFO] [stdout]     src/api.rs - api::AppServiceVersionPatchCall (line 5439)
[INFO] [stdout] 
[INFO] [stdout] test result: FAILED. 20 passed; 3 failed; 1 ignored; 0 measured; 0 filtered out; finished in 0.74s
[INFO] [stdout] 
[INFO] running `Command { std: "docker" "inspect" "5cdab31a5e02688713fff98eaba5322a91fdc2c40818b03bf70023928c7ec908", kill_on_drop: false }`
[INFO] running `Command { std: "docker" "rm" "-f" "5cdab31a5e02688713fff98eaba5322a91fdc2c40818b03bf70023928c7ec908", kill_on_drop: false }`
[INFO] [stdout] 5cdab31a5e02688713fff98eaba5322a91fdc2c40818b03bf70023928c7ec908
