[INFO] fetching crate google-admin1_directory 1.0.13+20200204...
[INFO] testing google-admin1_directory-1.0.13+20200204 against 1.75.0 for beta-1.76-1
[INFO] extracting crate google-admin1_directory 1.0.13+20200204 into /workspace/builds/worker-1-tc1/source
[INFO] validating manifest of crates.io crate google-admin1_directory 1.0.13+20200204 on toolchain 1.75.0
[INFO] running `Command { std: CARGO_HOME="/workspace/cargo-home" RUSTUP_HOME="/workspace/rustup-home" "/workspace/cargo-home/bin/cargo" "+1.75.0" "metadata" "--manifest-path" "Cargo.toml" "--no-deps", kill_on_drop: false }`
[INFO] started tweaking crates.io crate google-admin1_directory 1.0.13+20200204
[INFO] finished tweaking crates.io crate google-admin1_directory 1.0.13+20200204
[INFO] tweaked toml for crates.io crate google-admin1_directory 1.0.13+20200204 written to /workspace/builds/worker-1-tc1/source/Cargo.toml
[INFO] running `Command { std: CARGO_HOME="/workspace/cargo-home" RUSTUP_HOME="/workspace/rustup-home" "/workspace/cargo-home/bin/cargo" "+1.75.0" "generate-lockfile" "--manifest-path" "Cargo.toml", kill_on_drop: false }`
[INFO] [stderr]     Updating crates.io index
[INFO] running `Command { std: CARGO_HOME="/workspace/cargo-home" RUSTUP_HOME="/workspace/rustup-home" "/workspace/cargo-home/bin/cargo" "+1.75.0" "fetch" "--manifest-path" "Cargo.toml", kill_on_drop: false }`
[INFO] [stderr]  Downloading crates ...
[INFO] [stderr]   Downloaded antidote v1.0.0
[INFO] [stderr]   Downloaded hyper-native-tls v0.3.0
[INFO] [stderr]   Downloaded hyper-rustls v0.6.2
[INFO] [stderr]   Downloaded sct v0.4.0
[INFO] [stderr]   Downloaded webpki v0.18.1
[INFO] [stderr]   Downloaded rustls v0.13.1
[INFO] [stderr]   Downloaded rustls v0.14.0
[INFO] [stderr]   Downloaded webpki-roots v0.15.0
[INFO] [stderr]   Downloaded ring v0.13.5
[INFO] [stderr]   Downloaded yup-oauth2 v1.0.12
[INFO] running `Command { std: "docker" "create" "-v" "/var/lib/crater-agent-workspace/builds/worker-1-tc1/target:/opt/rustwide/target:rw,Z" "-v" "/var/lib/crater-agent-workspace/builds/worker-1-tc1/source:/opt/rustwide/workdir:ro,Z" "-v" "/var/lib/crater-agent-workspace/cargo-home:/opt/rustwide/cargo-home:ro,Z" "-v" "/var/lib/crater-agent-workspace/rustup-home:/opt/rustwide/rustup-home:ro,Z" "-e" "SOURCE_DIR=/opt/rustwide/workdir" "-e" "CARGO_TARGET_DIR=/opt/rustwide/target" "-e" "CARGO_HOME=/opt/rustwide/cargo-home" "-e" "RUSTUP_HOME=/opt/rustwide/rustup-home" "-w" "/opt/rustwide/workdir" "-m" "1610612736" "--user" "0:0" "--network" "none" "ghcr.io/rust-lang/crates-build-env/linux@sha256:2788e3201cd34a07e3172128adcd8b3090168a8e3bcc40d7c032b9dda1df7d1c" "/opt/rustwide/cargo-home/bin/cargo" "+1.75.0" "metadata" "--no-deps" "--format-version=1", kill_on_drop: false }`
[INFO] [stdout] 5eb2915f2705f52f1114c7f13c75cc474252c9c6a4e39973568de5b36ac5c4c7
[INFO] running `Command { std: "docker" "start" "-a" "5eb2915f2705f52f1114c7f13c75cc474252c9c6a4e39973568de5b36ac5c4c7", kill_on_drop: false }`
[INFO] running `Command { std: "docker" "inspect" "5eb2915f2705f52f1114c7f13c75cc474252c9c6a4e39973568de5b36ac5c4c7", kill_on_drop: false }`
[INFO] running `Command { std: "docker" "rm" "-f" "5eb2915f2705f52f1114c7f13c75cc474252c9c6a4e39973568de5b36ac5c4c7", kill_on_drop: false }`
[INFO] [stdout] 5eb2915f2705f52f1114c7f13c75cc474252c9c6a4e39973568de5b36ac5c4c7
[INFO] running `Command { std: "docker" "create" "-v" "/var/lib/crater-agent-workspace/builds/worker-1-tc1/target:/opt/rustwide/target:rw,Z" "-v" "/var/lib/crater-agent-workspace/builds/worker-1-tc1/source:/opt/rustwide/workdir:ro,Z" "-v" "/var/lib/crater-agent-workspace/cargo-home:/opt/rustwide/cargo-home:ro,Z" "-v" "/var/lib/crater-agent-workspace/rustup-home:/opt/rustwide/rustup-home:ro,Z" "-e" "SOURCE_DIR=/opt/rustwide/workdir" "-e" "CARGO_TARGET_DIR=/opt/rustwide/target" "-e" "CARGO_INCREMENTAL=0" "-e" "RUST_BACKTRACE=full" "-e" "RUSTFLAGS=--cap-lints=warn" "-e" "RUSTDOCFLAGS=--cap-lints=warn" "-e" "CARGO_HOME=/opt/rustwide/cargo-home" "-e" "RUSTUP_HOME=/opt/rustwide/rustup-home" "-w" "/opt/rustwide/workdir" "-m" "1610612736" "--user" "0:0" "--network" "none" "ghcr.io/rust-lang/crates-build-env/linux@sha256:2788e3201cd34a07e3172128adcd8b3090168a8e3bcc40d7c032b9dda1df7d1c" "/opt/rustwide/cargo-home/bin/cargo" "+1.75.0" "build" "--frozen" "--message-format=json", kill_on_drop: false }`
[INFO] [stdout] cebd52df183a5d4da0436f19391ba7e12f669b4930d41e31a79355e658135066
[INFO] running `Command { std: "docker" "start" "-a" "cebd52df183a5d4da0436f19391ba7e12f669b4930d41e31a79355e658135066", kill_on_drop: false }`
[INFO] [stderr]    Compiling libc v0.2.151
[INFO] [stderr]    Compiling vcpkg v0.2.15
[INFO] [stderr]    Compiling pkg-config v0.3.28
[INFO] [stderr]    Compiling version_check v0.1.5
[INFO] [stderr]    Compiling log v0.4.20
[INFO] [stderr]    Compiling foreign-types-shared v0.1.1
[INFO] [stderr]    Compiling unicode-normalization v0.1.22
[INFO] [stderr]    Compiling syn v2.0.48
[INFO] [stderr]    Compiling unicode-bidi v0.3.14
[INFO] [stderr]    Compiling matches v0.1.10
[INFO] [stderr]    Compiling openssl v0.10.62
[INFO] [stderr]    Compiling unicase v1.4.2
[INFO] [stderr]    Compiling num-traits v0.2.17
[INFO] [stderr]    Compiling idna v0.1.5
[INFO] [stderr]    Compiling log v0.3.9
[INFO] [stderr]    Compiling foreign-types v0.3.2
[INFO] [stderr]    Compiling percent-encoding v1.0.1
[INFO] [stderr]    Compiling safemem v0.3.3
[INFO] [stderr]    Compiling native-tls v0.2.11
[INFO] [stderr]    Compiling base64 v0.9.3
[INFO] [stderr]    Compiling url v1.7.2
[INFO] [stderr]    Compiling mime v0.2.6
[INFO] [stderr]    Compiling language-tags v0.2.2
[INFO] [stderr]    Compiling typeable v0.1.2
[INFO] [stderr]    Compiling antidote v1.0.0
[INFO] [stderr]    Compiling serde_json v1.0.111
[INFO] [stderr]    Compiling itertools v0.8.2
[INFO] [stderr]    Compiling base64 v0.10.1
[INFO] [stderr]    Compiling cc v1.0.83
[INFO] [stderr]    Compiling num_cpus v1.16.0
[INFO] [stderr]    Compiling time v0.1.45
[INFO] [stderr]    Compiling chrono v0.4.31
[INFO] [stderr]    Compiling hyper v0.10.16
[INFO] [stderr]    Compiling openssl-sys v0.9.98
[INFO] [stderr]    Compiling openssl-macros v0.1.1
[INFO] [stderr]    Compiling serde_derive v1.0.194
[INFO] [stderr]    Compiling hyper-native-tls v0.3.0
[INFO] [stderr]    Compiling yup-oauth2 v1.0.12
[INFO] [stderr]    Compiling google-admin1_directory v1.0.13+20200204 (/opt/rustwide/workdir)
[INFO] [stdout] warning: anonymous parameters are deprecated and will be removed in the next edition
[INFO] [stdout]    --> src/cmn.rs:142:25
[INFO] [stdout]     |
[INFO] [stdout] 142 |     fn begin(&mut self, MethodInfo) {}
[INFO] [stdout]     |                         ^^^^^^^^^^ help: try naming the parameter or explicitly ignoring it: `_: MethodInfo`
[INFO] [stdout]     |
[INFO] [stdout]     = warning: this is accepted in the current edition (Rust 2015) but is a hard error in Rust 2018!
[INFO] [stdout]     = note: for more information, see issue #41686 <https://github.com/rust-lang/rust/issues/41686>
[INFO] [stdout]     = note: `#[warn(anonymous_parameters)]` on by default
[INFO] [stdout] 
[INFO] [stdout] 
[INFO] [stdout] warning: anonymous parameters are deprecated and will be removed in the next edition
[INFO] [stdout]    --> src/cmn.rs:150:30
[INFO] [stdout]     |
[INFO] [stdout] 150 |     fn http_error(&mut self, &hyper::Error) -> Retry {
[INFO] [stdout]     |                              ^^^^^^^^^^^^^ help: try naming the parameter or explicitly ignoring it: `_: &hyper::Error`
[INFO] [stdout]     |
[INFO] [stdout]     = warning: this is accepted in the current edition (Rust 2015) but is a hard error in Rust 2018!
[INFO] [stdout]     = note: for more information, see issue #41686 <https://github.com/rust-lang/rust/issues/41686>
[INFO] [stdout] 
[INFO] [stdout] 
[INFO] [stdout] warning: anonymous parameters are deprecated and will be removed in the next edition
[INFO] [stdout]    --> src/cmn.rs:213:61
[INFO] [stdout]     |
[INFO] [stdout] 213 |     fn http_failure(&mut self, _: &hyper::client::Response, Option<JsonServerError>, _: Option<ServerError>) -> Retry {
[INFO] [stdout]     |                                                             ^^^^^^^^^^^^^^^^^^^^^^^ help: try naming the parameter or explicitly ignoring it: `_: Option<JsonServerError>`
[INFO] [stdout]     |
[INFO] [stdout]     = warning: this is accepted in the current edition (Rust 2015) but is a hard error in Rust 2018!
[INFO] [stdout]     = note: for more information, see issue #41686 <https://github.com/rust-lang/rust/issues/41686>
[INFO] [stdout] 
[INFO] [stdout] 
[INFO] [stdout] warning: use of deprecated method `std::error::Error::description`: use the Display impl or to_string()
[INFO] [stdout]    --> src/cmn.rs:336:46
[INFO] [stdout]     |
[INFO] [stdout] 336 |             Error::HttpError(ref err) => err.description(),
[INFO] [stdout]     |                                              ^^^^^^^^^^^
[INFO] [stdout]     |
[INFO] [stdout]     = note: `#[warn(deprecated)]` on by default
[INFO] [stdout] 
[INFO] [stdout] 
[INFO] [stdout] warning: use of deprecated method `std::error::Error::description`: use the Display impl or to_string()
[INFO] [stdout]    --> src/cmn.rs:337:55
[INFO] [stdout]     |
[INFO] [stdout] 337 |             Error::JsonDecodeError(_, ref err) => err.description(),
[INFO] [stdout]     |                                                       ^^^^^^^^^^^
[INFO] [stdout] 
[INFO] [stdout] 
[INFO] [stdout] warning: 5 warnings emitted
[INFO] [stdout] 
[INFO] [stdout] 
[INFO] [stderr]     Finished dev [unoptimized + debuginfo] target(s) in 22.15s
[INFO] [stderr] warning: the following packages contain code that will be rejected by a future version of Rust: traitobject v0.1.0
[INFO] [stderr] note: to see what the problems were, use the option `--future-incompat-report`, or run `cargo report future-incompatibilities --id 2`
[INFO] running `Command { std: "docker" "inspect" "cebd52df183a5d4da0436f19391ba7e12f669b4930d41e31a79355e658135066", kill_on_drop: false }`
[INFO] running `Command { std: "docker" "rm" "-f" "cebd52df183a5d4da0436f19391ba7e12f669b4930d41e31a79355e658135066", kill_on_drop: false }`
[INFO] [stdout] cebd52df183a5d4da0436f19391ba7e12f669b4930d41e31a79355e658135066
[INFO] running `Command { std: "docker" "create" "-v" "/var/lib/crater-agent-workspace/builds/worker-1-tc1/target:/opt/rustwide/target:rw,Z" "-v" "/var/lib/crater-agent-workspace/builds/worker-1-tc1/source:/opt/rustwide/workdir:ro,Z" "-v" "/var/lib/crater-agent-workspace/cargo-home:/opt/rustwide/cargo-home:ro,Z" "-v" "/var/lib/crater-agent-workspace/rustup-home:/opt/rustwide/rustup-home:ro,Z" "-e" "SOURCE_DIR=/opt/rustwide/workdir" "-e" "CARGO_TARGET_DIR=/opt/rustwide/target" "-e" "CARGO_INCREMENTAL=0" "-e" "RUST_BACKTRACE=full" "-e" "RUSTFLAGS=--cap-lints=warn" "-e" "RUSTDOCFLAGS=--cap-lints=warn" "-e" "CARGO_HOME=/opt/rustwide/cargo-home" "-e" "RUSTUP_HOME=/opt/rustwide/rustup-home" "-w" "/opt/rustwide/workdir" "-m" "1610612736" "--user" "0:0" "--network" "none" "ghcr.io/rust-lang/crates-build-env/linux@sha256:2788e3201cd34a07e3172128adcd8b3090168a8e3bcc40d7c032b9dda1df7d1c" "/opt/rustwide/cargo-home/bin/cargo" "+1.75.0" "test" "--frozen" "--no-run" "--message-format=json", kill_on_drop: false }`
[INFO] [stdout] 0901c70ff7788617979f6a060472dbd4905562fc87f72c57287e32459ac70afd
[INFO] running `Command { std: "docker" "start" "-a" "0901c70ff7788617979f6a060472dbd4905562fc87f72c57287e32459ac70afd", kill_on_drop: false }`
[INFO] [stderr]    Compiling ring v0.13.5
[INFO] [stderr]    Compiling untrusted v0.6.2
[INFO] [stdout] warning: anonymous parameters are deprecated and will be removed in the next edition
[INFO] [stdout]    --> src/cmn.rs:142:25
[INFO] [stdout]     |
[INFO] [stdout] 142 |     fn begin(&mut self, MethodInfo) {}
[INFO] [stdout]     |                         ^^^^^^^^^^ help: try naming the parameter or explicitly ignoring it: `_: MethodInfo`
[INFO] [stdout]     |
[INFO] [stdout]     = warning: this is accepted in the current edition (Rust 2015) but is a hard error in Rust 2018!
[INFO] [stdout]     = note: for more information, see issue #41686 <https://github.com/rust-lang/rust/issues/41686>
[INFO] [stdout]     = note: `#[warn(anonymous_parameters)]` on by default
[INFO] [stdout] 
[INFO] [stdout] 
[INFO] [stdout] warning: anonymous parameters are deprecated and will be removed in the next edition
[INFO] [stdout]    --> src/cmn.rs:150:30
[INFO] [stdout]     |
[INFO] [stdout] 150 |     fn http_error(&mut self, &hyper::Error) -> Retry {
[INFO] [stdout]     |                              ^^^^^^^^^^^^^ help: try naming the parameter or explicitly ignoring it: `_: &hyper::Error`
[INFO] [stdout]     |
[INFO] [stdout]     = warning: this is accepted in the current edition (Rust 2015) but is a hard error in Rust 2018!
[INFO] [stdout]     = note: for more information, see issue #41686 <https://github.com/rust-lang/rust/issues/41686>
[INFO] [stdout] 
[INFO] [stdout] 
[INFO] [stdout] warning: anonymous parameters are deprecated and will be removed in the next edition
[INFO] [stdout]    --> src/cmn.rs:213:61
[INFO] [stdout]     |
[INFO] [stdout] 213 |     fn http_failure(&mut self, _: &hyper::client::Response, Option<JsonServerError>, _: Option<ServerError>) -> Retry {
[INFO] [stdout]     |                                                             ^^^^^^^^^^^^^^^^^^^^^^^ help: try naming the parameter or explicitly ignoring it: `_: Option<JsonServerError>`
[INFO] [stdout]     |
[INFO] [stdout]     = warning: this is accepted in the current edition (Rust 2015) but is a hard error in Rust 2018!
[INFO] [stdout]     = note: for more information, see issue #41686 <https://github.com/rust-lang/rust/issues/41686>
[INFO] [stdout] 
[INFO] [stdout] 
[INFO] [stdout] warning: use of deprecated method `std::error::Error::description`: use the Display impl or to_string()
[INFO] [stdout]    --> src/cmn.rs:336:46
[INFO] [stdout]     |
[INFO] [stdout] 336 |             Error::HttpError(ref err) => err.description(),
[INFO] [stdout]     |                                              ^^^^^^^^^^^
[INFO] [stdout]     |
[INFO] [stdout]     = note: `#[warn(deprecated)]` on by default
[INFO] [stdout] 
[INFO] [stdout] 
[INFO] [stdout] warning: use of deprecated method `std::error::Error::description`: use the Display impl or to_string()
[INFO] [stdout]    --> src/cmn.rs:337:55
[INFO] [stdout]     |
[INFO] [stdout] 337 |             Error::JsonDecodeError(_, ref err) => err.description(),
[INFO] [stdout]     |                                                       ^^^^^^^^^^^
[INFO] [stdout] 
[INFO] [stdout] 
[INFO] [stdout] warning: 5 warnings emitted
[INFO] [stdout] 
[INFO] [stdout] 
[INFO] [stderr]    Compiling webpki v0.18.1
[INFO] [stderr]    Compiling sct v0.4.0
[INFO] [stderr]    Compiling rustls v0.13.1
[INFO] [stderr]    Compiling webpki-roots v0.15.0
[INFO] [stderr]    Compiling hyper-rustls v0.6.2
[INFO] [stderr]    Compiling google-admin1_directory v1.0.13+20200204 (/opt/rustwide/workdir)
[INFO] [stdout] warning: anonymous parameters are deprecated and will be removed in the next edition
[INFO] [stdout]    --> src/cmn.rs:142:25
[INFO] [stdout]     |
[INFO] [stdout] 142 |     fn begin(&mut self, MethodInfo) {}
[INFO] [stdout]     |                         ^^^^^^^^^^ help: try naming the parameter or explicitly ignoring it: `_: MethodInfo`
[INFO] [stdout]     |
[INFO] [stdout]     = warning: this is accepted in the current edition (Rust 2015) but is a hard error in Rust 2018!
[INFO] [stdout]     = note: for more information, see issue #41686 <https://github.com/rust-lang/rust/issues/41686>
[INFO] [stdout]     = note: `#[warn(anonymous_parameters)]` on by default
[INFO] [stdout] 
[INFO] [stdout] 
[INFO] [stdout] warning: anonymous parameters are deprecated and will be removed in the next edition
[INFO] [stdout]    --> src/cmn.rs:150:30
[INFO] [stdout]     |
[INFO] [stdout] 150 |     fn http_error(&mut self, &hyper::Error) -> Retry {
[INFO] [stdout]     |                              ^^^^^^^^^^^^^ help: try naming the parameter or explicitly ignoring it: `_: &hyper::Error`
[INFO] [stdout]     |
[INFO] [stdout]     = warning: this is accepted in the current edition (Rust 2015) but is a hard error in Rust 2018!
[INFO] [stdout]     = note: for more information, see issue #41686 <https://github.com/rust-lang/rust/issues/41686>
[INFO] [stdout] 
[INFO] [stdout] 
[INFO] [stdout] warning: anonymous parameters are deprecated and will be removed in the next edition
[INFO] [stdout]    --> src/cmn.rs:213:61
[INFO] [stdout]     |
[INFO] [stdout] 213 |     fn http_failure(&mut self, _: &hyper::client::Response, Option<JsonServerError>, _: Option<ServerError>) -> Retry {
[INFO] [stdout]     |                                                             ^^^^^^^^^^^^^^^^^^^^^^^ help: try naming the parameter or explicitly ignoring it: `_: Option<JsonServerError>`
[INFO] [stdout]     |
[INFO] [stdout]     = warning: this is accepted in the current edition (Rust 2015) but is a hard error in Rust 2018!
[INFO] [stdout]     = note: for more information, see issue #41686 <https://github.com/rust-lang/rust/issues/41686>
[INFO] [stdout] 
[INFO] [stdout] 
[INFO] [stdout] warning: use of deprecated method `std::error::Error::description`: use the Display impl or to_string()
[INFO] [stdout]    --> src/cmn.rs:336:46
[INFO] [stdout]     |
[INFO] [stdout] 336 |             Error::HttpError(ref err) => err.description(),
[INFO] [stdout]     |                                              ^^^^^^^^^^^
[INFO] [stdout]     |
[INFO] [stdout]     = note: `#[warn(deprecated)]` on by default
[INFO] [stdout] 
[INFO] [stdout] 
[INFO] [stdout] warning: use of deprecated method `std::error::Error::description`: use the Display impl or to_string()
[INFO] [stdout]    --> src/cmn.rs:337:55
[INFO] [stdout]     |
[INFO] [stdout] 337 |             Error::JsonDecodeError(_, ref err) => err.description(),
[INFO] [stdout]     |                                                       ^^^^^^^^^^^
[INFO] [stdout] 
[INFO] [stdout] 
[INFO] [stdout] warning: 5 warnings emitted
[INFO] [stdout] 
[INFO] [stdout] 
[INFO] [stderr]     Finished test [unoptimized + debuginfo] target(s) in 13.28s
[INFO] [stderr] warning: the following packages contain code that will be rejected by a future version of Rust: traitobject v0.1.0
[INFO] [stderr] note: to see what the problems were, use the option `--future-incompat-report`, or run `cargo report future-incompatibilities --id 2`
[INFO] running `Command { std: "docker" "inspect" "0901c70ff7788617979f6a060472dbd4905562fc87f72c57287e32459ac70afd", kill_on_drop: false }`
[INFO] running `Command { std: "docker" "rm" "-f" "0901c70ff7788617979f6a060472dbd4905562fc87f72c57287e32459ac70afd", kill_on_drop: false }`
[INFO] [stdout] 0901c70ff7788617979f6a060472dbd4905562fc87f72c57287e32459ac70afd
[INFO] running `Command { std: "docker" "create" "-v" "/var/lib/crater-agent-workspace/builds/worker-1-tc1/target:/opt/rustwide/target:rw,Z" "-v" "/var/lib/crater-agent-workspace/builds/worker-1-tc1/source:/opt/rustwide/workdir:ro,Z" "-v" "/var/lib/crater-agent-workspace/cargo-home:/opt/rustwide/cargo-home:ro,Z" "-v" "/var/lib/crater-agent-workspace/rustup-home:/opt/rustwide/rustup-home:ro,Z" "-e" "SOURCE_DIR=/opt/rustwide/workdir" "-e" "CARGO_TARGET_DIR=/opt/rustwide/target" "-e" "CARGO_INCREMENTAL=0" "-e" "RUST_BACKTRACE=full" "-e" "RUSTFLAGS=--cap-lints=warn" "-e" "RUSTDOCFLAGS=--cap-lints=warn" "-e" "CARGO_HOME=/opt/rustwide/cargo-home" "-e" "RUSTUP_HOME=/opt/rustwide/rustup-home" "-w" "/opt/rustwide/workdir" "-m" "1610612736" "--user" "0:0" "--network" "none" "ghcr.io/rust-lang/crates-build-env/linux@sha256:2788e3201cd34a07e3172128adcd8b3090168a8e3bcc40d7c032b9dda1df7d1c" "/opt/rustwide/cargo-home/bin/cargo" "+1.75.0" "test" "--frozen", kill_on_drop: false }`
[INFO] [stdout] 60ad9318a752aa9fb99995f15751d9f72ce5ea8b03fa01e91c3c26f18e06f2fb
[INFO] running `Command { std: "docker" "start" "-a" "60ad9318a752aa9fb99995f15751d9f72ce5ea8b03fa01e91c3c26f18e06f2fb", kill_on_drop: false }`
[INFO] [stderr] warning: anonymous parameters are deprecated and will be removed in the next edition
[INFO] [stderr]    --> src/cmn.rs:142:25
[INFO] [stderr]     |
[INFO] [stderr] 142 |     fn begin(&mut self, MethodInfo) {}
[INFO] [stderr]     |                         ^^^^^^^^^^ help: try naming the parameter or explicitly ignoring it: `_: MethodInfo`
[INFO] [stderr]     |
[INFO] [stderr]     = warning: this is accepted in the current edition (Rust 2015) but is a hard error in Rust 2018!
[INFO] [stderr]     = note: for more information, see issue #41686 <https://github.com/rust-lang/rust/issues/41686>
[INFO] [stderr]     = note: `#[warn(anonymous_parameters)]` on by default
[INFO] [stderr] 
[INFO] [stderr] warning: anonymous parameters are deprecated and will be removed in the next edition
[INFO] [stderr]    --> src/cmn.rs:150:30
[INFO] [stderr]     |
[INFO] [stderr] 150 |     fn http_error(&mut self, &hyper::Error) -> Retry {
[INFO] [stderr]     |                              ^^^^^^^^^^^^^ help: try naming the parameter or explicitly ignoring it: `_: &hyper::Error`
[INFO] [stderr]     |
[INFO] [stdout] 
[INFO] [stderr]     = warning: this is accepted in the current edition (Rust 2015) but is a hard error in Rust 2018!
[INFO] [stdout] running 0 tests
[INFO] [stderr]     = note: for more information, see issue #41686 <https://github.com/rust-lang/rust/issues/41686>
[INFO] [stdout] 
[INFO] [stderr] 
[INFO] [stdout] test result: ok. 0 passed; 0 failed; 0 ignored; 0 measured; 0 filtered out; finished in 0.00s
[INFO] [stderr] warning: anonymous parameters are deprecated and will be removed in the next edition
[INFO] [stdout] 
[INFO] [stderr]    --> src/cmn.rs:213:61
[INFO] [stderr]     |
[INFO] [stderr] 213 |     fn http_failure(&mut self, _: &hyper::client::Response, Option<JsonServerError>, _: Option<ServerError>) -> Retry {
[INFO] [stderr]     |                                                             ^^^^^^^^^^^^^^^^^^^^^^^ help: try naming the parameter or explicitly ignoring it: `_: Option<JsonServerError>`
[INFO] [stderr]     |
[INFO] [stderr]     = warning: this is accepted in the current edition (Rust 2015) but is a hard error in Rust 2018!
[INFO] [stderr]     = note: for more information, see issue #41686 <https://github.com/rust-lang/rust/issues/41686>
[INFO] [stderr] 
[INFO] [stderr] warning: use of deprecated method `std::error::Error::description`: use the Display impl or to_string()
[INFO] [stderr]    --> src/cmn.rs:336:46
[INFO] [stderr]     |
[INFO] [stderr] 336 |             Error::HttpError(ref err) => err.description(),
[INFO] [stderr]     |                                              ^^^^^^^^^^^
[INFO] [stderr]     |
[INFO] [stderr]     = note: `#[warn(deprecated)]` on by default
[INFO] [stderr] 
[INFO] [stderr] warning: use of deprecated method `std::error::Error::description`: use the Display impl or to_string()
[INFO] [stderr]    --> src/cmn.rs:337:55
[INFO] [stderr]     |
[INFO] [stderr] 337 |             Error::JsonDecodeError(_, ref err) => err.description(),
[INFO] [stderr]     |                                                       ^^^^^^^^^^^
[INFO] [stderr] 
[INFO] [stderr] warning: `google-admin1_directory` (lib) generated 5 warnings (run `cargo fix --lib -p google-admin1_directory` to apply 3 suggestions)
[INFO] [stderr] warning: `google-admin1_directory` (lib test) generated 5 warnings (5 duplicates)
[INFO] [stderr]     Finished test [unoptimized + debuginfo] target(s) in 0.08s
[INFO] [stderr] warning: the following packages contain code that will be rejected by a future version of Rust: traitobject v0.1.0
[INFO] [stderr] note: to see what the problems were, use the option `--future-incompat-report`, or run `cargo report future-incompatibilities --id 2`
[INFO] [stderr]      Running unittests src/lib.rs (/opt/rustwide/target/debug/deps/google_admin1_directory-a89eeb302a51647e)
[INFO] [stderr]    Doc-tests google-admin1_directory
[INFO] [stdout] 
[INFO] [stdout] running 133 tests
[INFO] [stdout] test src/lib.rs - (line 93) ... ignored
[INFO] [stdout] test src/lib.rs - ChromeosdeviceActionCall (line 18625) - compile ... ok
[INFO] [stdout] test src/lib.rs - AspListCall (line 21532) - compile ... ok
[INFO] [stdout] test src/lib.rs - ChannelStopCall (line 14346) - compile ... ok
[INFO] [stdout] test src/lib.rs - (line 139) - compile ... ok
[INFO] [stdout] test src/lib.rs - AspGetCall (line 21039) - compile ... ok
[INFO] [stdout] test src/lib.rs - AspDeleteCall (line 21291) - compile ... ok
[INFO] [stdout] test src/lib.rs - AspMethods (line 4484) - compile ... ok
[INFO] [stdout] test src/lib.rs - ChannelMethods (line 3730) - compile ... ok
[INFO] [stdout] test src/lib.rs - ChromeosdeviceGetCall (line 18361) - compile ... ok
[INFO] [stdout] test src/lib.rs - ChromeosdeviceMethods (line 4131) - compile ... ok
[INFO] [stdout] test src/lib.rs - ChromeosdeviceListCall (line 17447) - compile ... ok
[INFO] [stdout] test src/lib.rs - ChromeosdeviceUpdateCall (line 18066) - compile ... ok
[INFO] [stdout] test src/lib.rs - CustomerGetCall (line 6748) - compile ... ok
[INFO] [stdout] test src/lib.rs - ChromeosdeviceMoveDevicesToOuCall (line 18897) - compile ... ok
[INFO] [stdout] test src/lib.rs - CustomerMethods (line 2906) - compile ... ok
[INFO] [stdout] test src/lib.rs - ChromeosdevicePatchCall (line 17771) - compile ... ok
[INFO] [stdout] test src/lib.rs - Directory (line 442) - compile ... ok
[INFO] [stdout] test src/lib.rs - CustomerPatchCall (line 6477) - compile ... ok
[INFO] [stdout] test src/lib.rs - DomainGetCall (line 22012) - compile ... ok
[INFO] [stdout] test src/lib.rs - DomainAliaseDeleteCall (line 23551) - compile ... ok
[INFO] [stdout] test src/lib.rs - DomainAliaseGetCall (line 23047) - compile ... ok
[INFO] [stdout] test src/lib.rs - DomainAliaseInsertCall (line 22776) - compile ... ok
[INFO] [stdout] test src/lib.rs - DomainAliaseListCall (line 23299) - compile ... ok
[INFO] [stdout] test src/lib.rs - DomainAliaseMethods (line 4697) - compile ... ok
[INFO] [stdout] test src/lib.rs - CustomerUpdateCall (line 6988) - compile ... ok
[INFO] [stdout] test src/lib.rs - DomainDeleteCall (line 22535) - compile ... ok
[INFO] [stdout] test src/lib.rs - DomainInsertCall (line 22264) - compile ... ok
[INFO] [stdout] test src/lib.rs - GroupAliaseDeleteCall (line 10936) - compile ... ok
[INFO] [stdout] test src/lib.rs - GroupAliaseInsertCall (line 9914) - compile ... ok
[INFO] [stdout] test src/lib.rs - GroupAliaseListCall (line 10185) - compile ... ok
[INFO] [stdout] test src/lib.rs - DomainListCall (line 21772) - compile ... ok
[INFO] [stdout] test src/lib.rs - GroupDeleteCall (line 8873) - compile ... ok
[INFO] [stdout] test src/lib.rs - GroupGetCall (line 10425) - compile ... ok
[INFO] [stdout] test src/lib.rs - DomainMethods (line 4581) - compile ... ok
[INFO] [stdout] test src/lib.rs - GroupListCall (line 9102) - compile ... ok
[INFO] [stdout] test src/lib.rs - GroupInsertCall (line 9676) - compile ... ok
[INFO] [stdout] test src/lib.rs - MemberGetCall (line 20546) - compile ... ok
[INFO] [stdout] test src/lib.rs - GroupMethods (line 3163) - compile ... ok
[INFO] [stdout] test src/lib.rs - GroupUpdateCall (line 9405) - compile ... ok
[INFO] [stdout] test src/lib.rs - GroupPatchCall (line 10665) - compile ... ok
[INFO] [stdout] test src/lib.rs - MemberHasMemberCall (line 19169) - compile ... ok
[INFO] [stdout] test src/lib.rs - MemberDeleteCall (line 20798) - compile ... ok
[INFO] [stdout] test src/lib.rs - MemberListCall (line 20258) - compile ... ok
[INFO] [stdout] test src/lib.rs - MemberInsertCall (line 19421) - compile ... ok
[INFO] [stdout] test src/lib.rs - MemberMethods (line 4303) - compile ... ok
[INFO] [stdout] test src/lib.rs - MemberPatchCall (line 19692) - compile ... ok
[INFO] [stdout] test src/lib.rs - MemberUpdateCall (line 19975) - compile ... ok
[INFO] [stdout] test src/lib.rs - MobiledeviceDeleteCall (line 15149) - compile ... ok
[INFO] [stdout] test src/lib.rs - MobiledeviceActionCall (line 15390) - compile ... ok
[INFO] [stdout] test src/lib.rs - MobiledeviceGetCall (line 14573) - compile ... ok
[INFO] [stdout] test src/lib.rs - MobiledeviceMethods (line 3789) - compile ... ok
[INFO] [stdout] test src/lib.rs - NotificationMethods (line 3529) - compile ... ok
[INFO] [stdout] test src/lib.rs - NotificationListCall (line 12771) - compile ... ok
[INFO] [stdout] test src/lib.rs - NotificationGetCall (line 13571) - compile ... ok
[INFO] [stdout] test src/lib.rs - MobiledeviceListCall (line 14837) - compile ... ok
[INFO] [stdout] test src/lib.rs - NotificationDeleteCall (line 13330) - compile ... ok
[INFO] [stdout] test src/lib.rs - NotificationPatchCall (line 13823) - compile ... ok
[INFO] [stdout] test src/lib.rs - NotificationUpdateCall (line 13047) - compile ... ok
[INFO] [stdout] test src/lib.rs - OrgunitInsertCall (line 7523) - compile ... ok
[INFO] [stdout] test src/lib.rs - OrgunitListCall (line 7259) - compile ... ok
[INFO] [stdout] test src/lib.rs - OrgunitMethods (line 3003) - compile ... ok
[INFO] [stdout] test src/lib.rs - PrivilegeListCall (line 14106) - compile ... ok
[INFO] [stdout] test src/lib.rs - OrgunitDeleteCall (line 8339) - compile ... FAILED
[INFO] [stdout] test src/lib.rs - OrgunitGetCall (line 8082) - compile ... FAILED
[INFO] [stdout] test src/lib.rs - OrgunitPatchCall (line 8585) - compile ... FAILED
[INFO] [stdout] test src/lib.rs - OrgunitUpdateCall (line 7794) - compile ... FAILED
[INFO] [stdout] test src/lib.rs - PrivilegeMethods (line 3671) - compile ... ok
[INFO] [stdout] test src/lib.rs - ResourceBuildingGetCall (line 28610) - compile ... ok
[INFO] [stdout] test src/lib.rs - ResourceBuildingInsertCall (line 29386) - compile ... ok
[INFO] [stdout] test src/lib.rs - ResourceBuildingDeleteCall (line 26488) - compile ... ok
[INFO] [stdout] test src/lib.rs - ResourceBuildingListCall (line 27540) - compile ... ok
[INFO] [stdout] test src/lib.rs - ResourceCalendarDeleteCall (line 30239) - compile ... ok
[INFO] [stdout] test src/lib.rs - ResourceBuildingPatchCall (line 27245) - compile ... ok
[INFO] [stdout] test src/lib.rs - ResourceBuildingUpdateCall (line 26193) - compile ... ok
[INFO] [stdout] test src/lib.rs - ResourceCalendarGetCall (line 26993) - compile ... ok
[INFO] [stdout] test src/lib.rs - ResourceCalendarInsertCall (line 28056) - compile ... ok
[INFO] [stdout] test src/lib.rs - ResourceCalendarListCall (line 25362) - compile ... ok
[INFO] [stdout] test src/lib.rs - ResourceFeatureGetCall (line 27804) - compile ... ok
[INFO] [stdout] test src/lib.rs - ResourceCalendarPatchCall (line 29671) - compile ... ok
[INFO] [stdout] test src/lib.rs - ResourceFeatureDeleteCall (line 28862) - compile ... ok
[INFO] [stdout] test src/lib.rs - ResourceFeatureInsertCall (line 25922) - compile ... ok
[INFO] [stdout] test src/lib.rs - ResourceCalendarUpdateCall (line 29956) - compile ... ok
[INFO] [stdout] test src/lib.rs - ResourceFeatureUpdateCall (line 29103) - compile ... ok
[INFO] [stdout] test src/lib.rs - RoleAssignmentDeleteCall (line 16918) - compile ... ok
[INFO] [stdout] test src/lib.rs - ResourceFeatureListCall (line 26729) - compile ... ok
[INFO] [stdout] test src/lib.rs - ResourceFeatureRenameCall (line 25650) - compile ... ok
[INFO] [stdout] test src/lib.rs - RoleAssignmentGetCall (line 16666) - compile ... ok
[INFO] [stdout] test src/lib.rs - ResourceMethods (line 4972) - compile ... ok
[INFO] [stdout] test src/lib.rs - ResourceFeaturePatchCall (line 28327) - compile ... ok
[INFO] [stdout] test src/lib.rs - RoleAssignmentMethods (line 4011) - compile ... ok
[INFO] [stdout] test src/lib.rs - RoleAssignmentListCall (line 17159) - compile ... ok
[INFO] [stdout] test src/lib.rs - RoleDeleteCall (line 11712) - compile ... ok
[INFO] [stdout] test src/lib.rs - RoleAssignmentInsertCall (line 16395) - compile ... ok
[INFO] [stdout] test src/lib.rs - RoleInsertCall (line 12236) - compile ... ok
[INFO] [stdout] test src/lib.rs - RoleGetCall (line 11460) - compile ... ok
[INFO] [stdout] test src/lib.rs - RoleListCall (line 12507) - compile ... ok
[INFO] [stdout] test src/lib.rs - RoleUpdateCall (line 11177) - compile ... ok
[INFO] [stdout] test src/lib.rs - RoleMethods (line 3369) - compile ... ok
[INFO] [stdout] test src/lib.rs - SchemaDeleteCall (line 25121) - compile ... ok
[INFO] [stdout] test src/lib.rs - SchemaPatchCall (line 24567) - compile ... ok
[INFO] [stdout] test src/lib.rs - RolePatchCall (line 11953) - compile ... ok
[INFO] [stdout] test src/lib.rs - SchemaGetCall (line 23792) - compile ... ok
[INFO] [stdout] test src/lib.rs - SchemaInsertCall (line 24850) - compile ... ok
[INFO] [stdout] test src/lib.rs - TokenDeleteCall (line 16154) - compile ... ok
[INFO] [stdout] test src/lib.rs - SchemaListCall (line 24327) - compile ... ok
[INFO] [stdout] test src/lib.rs - SchemaMethods (line 4814) - compile ... ok
[INFO] [stdout] test src/lib.rs - SchemaUpdateCall (line 24044) - compile ... ok
[INFO] [stdout] test src/lib.rs - TokenMethods (line 3914) - compile ... ok
[INFO] [stdout] test src/lib.rs - TokenGetCall (line 15662) - compile ... ok
[INFO] [stdout] test src/lib.rs - TokenListCall (line 15914) - compile ... ok
[INFO] [stdout] test src/lib.rs - UserAliaseWatchCall (line 31478) - compile ... ok
[INFO] [stdout] test src/lib.rs - UserAliaseInsertCall (line 33552) - compile ... ok
[INFO] [stdout] test src/lib.rs - UserGetCall (line 33276) - compile ... ok
[INFO] [stdout] test src/lib.rs - UserAliaseDeleteCall (line 34606) - compile ... ok
[INFO] [stdout] test src/lib.rs - UserAliaseListCall (line 33823) - compile ... ok
[INFO] [stdout] test src/lib.rs - UserDeleteCall (line 34847) - compile ... ok
[INFO] [stdout] test src/lib.rs - UserPatchCall (line 34335) - compile ... ok
[INFO] [stdout] test src/lib.rs - UserMakeAdminCall (line 34075) - compile ... ok
[INFO] [stdout] test src/lib.rs - UserListCall (line 32925) - compile ... ok
[INFO] [stdout] test src/lib.rs - UserInsertCall (line 31240) - compile ... ok
[INFO] [stdout] test src/lib.rs - UserMethods (line 5398) - compile ... ok
[INFO] [stdout] test src/lib.rs - UserPhotoDeleteCall (line 30740) - compile ... ok
[INFO] [stdout] test src/lib.rs - UserPhotoUpdateCall (line 31761) - compile ... ok
[INFO] [stdout] test src/lib.rs - UserPhotoGetCall (line 32685) - compile ... ok
[INFO] [stdout] test src/lib.rs - VerificationCodeInvalidateCall (line 6008) - compile ... ok
[INFO] [stdout] test src/lib.rs - VerificationCodeGenerateCall (line 5779) - compile ... ok
[INFO] [stdout] test src/lib.rs - UserPhotoPatchCall (line 30969) - compile ... ok
[INFO] [stdout] test src/lib.rs - UserWatchCall (line 32032) - compile ... ok
[INFO] [stdout] test src/lib.rs - UserUndeleteCall (line 30480) - compile ... ok
[INFO] [stdout] test src/lib.rs - UserUpdateCall (line 32414) - compile ... ok
[INFO] [stdout] test src/lib.rs - VerificationCodeListCall (line 6237) - compile ... ok
[INFO] [stdout] test src/lib.rs - VerificationCodeMethods (line 2813) - compile ... ok
[INFO] [stdout] 
[INFO] [stdout] failures:
[INFO] [stdout] 
[INFO] [stdout] ---- src/lib.rs - OrgunitDeleteCall (line 8339) stdout ----
[INFO] [stdout] error[E0308]: mismatched types
[INFO] [stdout]     --> src/lib.rs:8357:50
[INFO] [stdout]      |
[INFO] [stdout] 19   | let result = hub.orgunits().delete("customerId", "orgUnitPath")
[INFO] [stdout]      |                             ------               ^^^^^^^^^^^^^ expected `&Vec<String>`, found `&str`
[INFO] [stdout]      |                             |
[INFO] [stdout]      |                             arguments to this method are incorrect
[INFO] [stdout]      |
[INFO] [stdout]      = note: expected reference `&Vec<String>`
[INFO] [stdout]                 found reference `&'static str`
[INFO] [stdout] note: method defined here
[INFO] [stdout]     --> /opt/rustwide/workdir/src/lib.rs:3121:12
[INFO] [stdout]      |
[INFO] [stdout] 3121 |     pub fn delete(&self, customer_id: &str, org_unit_path: &Vec<String>) -> OrgunitDeleteCall<'a, C, A> {
[INFO] [stdout]      |            ^^^^^^
[INFO] [stdout] 
[INFO] [stdout] error: aborting due to previous error
[INFO] [stdout] 
[INFO] [stdout] For more information about this error, try `rustc --explain E0308`.
[INFO] [stdout] Couldn't compile the test.
[INFO] [stdout] ---- src/lib.rs - OrgunitGetCall (line 8082) stdout ----
[INFO] [stdout] error[E0308]: mismatched types
[INFO] [stdout]     --> src/lib.rs:8100:47
[INFO] [stdout]      |
[INFO] [stdout] 19   | let result = hub.orgunits().get("customerId", "orgUnitPath")
[INFO] [stdout]      |                             ---               ^^^^^^^^^^^^^ expected `&Vec<String>`, found `&str`
[INFO] [stdout]      |                             |
[INFO] [stdout]      |                             arguments to this method are incorrect
[INFO] [stdout]      |
[INFO] [stdout]      = note: expected reference `&Vec<String>`
[INFO] [stdout]                 found reference `&'static str`
[INFO] [stdout] note: method defined here
[INFO] [stdout]     --> /opt/rustwide/workdir/src/lib.rs:3102:12
[INFO] [stdout]      |
[INFO] [stdout] 3102 |     pub fn get(&self, customer_id: &str, org_unit_path: &Vec<String>) -> OrgunitGetCall<'a, C, A> {
[INFO] [stdout]      |            ^^^
[INFO] [stdout] 
[INFO] [stdout] error: aborting due to previous error
[INFO] [stdout] 
[INFO] [stdout] For more information about this error, try `rustc --explain E0308`.
[INFO] [stdout] Couldn't compile the test.
[INFO] [stdout] ---- src/lib.rs - OrgunitPatchCall (line 8585) stdout ----
[INFO] [stdout] error[E0308]: mismatched types
[INFO] [stdout]     --> src/lib.rs:8609:54
[INFO] [stdout]      |
[INFO] [stdout] 25   | let result = hub.orgunits().patch(req, "customerId", "orgUnitPath")
[INFO] [stdout]      |                             -----                    ^^^^^^^^^^^^^ expected `&Vec<String>`, found `&str`
[INFO] [stdout]      |                             |
[INFO] [stdout]      |                             arguments to this method are incorrect
[INFO] [stdout]      |
[INFO] [stdout]      = note: expected reference `&Vec<String>`
[INFO] [stdout]                 found reference `&'static str`
[INFO] [stdout] note: method defined here
[INFO] [stdout]     --> /opt/rustwide/workdir/src/lib.rs:3141:12
[INFO] [stdout]      |
[INFO] [stdout] 3141 |     pub fn patch(&self, request: OrgUnit, customer_id: &str, org_unit_path: &Vec<String>) -> OrgunitPatchCall<'a, C, A> {
[INFO] [stdout]      |            ^^^^^
[INFO] [stdout] 
[INFO] [stdout] error: aborting due to previous error
[INFO] [stdout] 
[INFO] [stdout] For more information about this error, try `rustc --explain E0308`.
[INFO] [stdout] Couldn't compile the test.
[INFO] [stdout] ---- src/lib.rs - OrgunitUpdateCall (line 7794) stdout ----
[INFO] [stdout] error[E0308]: mismatched types
[INFO] [stdout]     --> src/lib.rs:7818:55
[INFO] [stdout]      |
[INFO] [stdout] 25   | let result = hub.orgunits().update(req, "customerId", "orgUnitPath")
[INFO] [stdout]      |                             ------                    ^^^^^^^^^^^^^ expected `&Vec<String>`, found `&str`
[INFO] [stdout]      |                             |
[INFO] [stdout]      |                             arguments to this method are incorrect
[INFO] [stdout]      |
[INFO] [stdout]      = note: expected reference `&Vec<String>`
[INFO] [stdout]                 found reference `&'static str`
[INFO] [stdout] note: method defined here
[INFO] [stdout]     --> /opt/rustwide/workdir/src/lib.rs:3082:12
[INFO] [stdout]      |
[INFO] [stdout] 3082 |     pub fn update(&self, request: OrgUnit, customer_id: &str, org_unit_path: &Vec<String>) -> OrgunitUpdateCall<'a, C, A> {
[INFO] [stdout]      |            ^^^^^^
[INFO] [stdout] 
[INFO] [stdout] error: aborting due to previous error
[INFO] [stdout] 
[INFO] [stdout] For more information about this error, try `rustc --explain E0308`.
[INFO] [stdout] Couldn't compile the test.
[INFO] [stdout] 
[INFO] [stdout] failures:
[INFO] [stdout]     src/lib.rs - OrgunitDeleteCall (line 8339)
[INFO] [stdout]     src/lib.rs - OrgunitGetCall (line 8082)
[INFO] [stdout]     src/lib.rs - OrgunitPatchCall (line 8585)
[INFO] [stdout]     src/lib.rs - OrgunitUpdateCall (line 7794)
[INFO] [stdout] 
[INFO] [stdout] test result: FAILED. 128 passed; 4 failed; 1 ignored; 0 measured; 0 filtered out; finished in 5.33s
[INFO] [stdout] 
[INFO] [stderr] error: doctest failed, to rerun pass `--doc`
[INFO] running `Command { std: "docker" "inspect" "60ad9318a752aa9fb99995f15751d9f72ce5ea8b03fa01e91c3c26f18e06f2fb", kill_on_drop: false }`
[INFO] running `Command { std: "docker" "rm" "-f" "60ad9318a752aa9fb99995f15751d9f72ce5ea8b03fa01e91c3c26f18e06f2fb", kill_on_drop: false }`
[INFO] [stdout] 60ad9318a752aa9fb99995f15751d9f72ce5ea8b03fa01e91c3c26f18e06f2fb
[INFO] testing google-admin1_directory-1.0.13+20200204 against beta-2023-12-22 for beta-1.76-1
[INFO] extracting crate google-admin1_directory 1.0.13+20200204 into /workspace/builds/worker-1-tc2/source
[INFO] validating manifest of crates.io crate google-admin1_directory 1.0.13+20200204 on toolchain beta-2023-12-22
[INFO] running `Command { std: CARGO_HOME="/workspace/cargo-home" RUSTUP_HOME="/workspace/rustup-home" "/workspace/cargo-home/bin/cargo" "+beta-2023-12-22" "metadata" "--manifest-path" "Cargo.toml" "--no-deps", kill_on_drop: false }`
[INFO] started tweaking crates.io crate google-admin1_directory 1.0.13+20200204
[INFO] finished tweaking crates.io crate google-admin1_directory 1.0.13+20200204
[INFO] tweaked toml for crates.io crate google-admin1_directory 1.0.13+20200204 written to /workspace/builds/worker-1-tc2/source/Cargo.toml
[INFO] running `Command { std: CARGO_HOME="/workspace/cargo-home" RUSTUP_HOME="/workspace/rustup-home" "/workspace/cargo-home/bin/cargo" "+beta-2023-12-22" "generate-lockfile" "--manifest-path" "Cargo.toml", kill_on_drop: false }`
[INFO] [stderr]     Updating crates.io index
[INFO] running `Command { std: CARGO_HOME="/workspace/cargo-home" RUSTUP_HOME="/workspace/rustup-home" "/workspace/cargo-home/bin/cargo" "+beta-2023-12-22" "fetch" "--manifest-path" "Cargo.toml", kill_on_drop: false }`
[INFO] running `Command { std: "docker" "create" "-v" "/var/lib/crater-agent-workspace/builds/worker-1-tc2/target:/opt/rustwide/target:rw,Z" "-v" "/var/lib/crater-agent-workspace/builds/worker-1-tc2/source:/opt/rustwide/workdir:ro,Z" "-v" "/var/lib/crater-agent-workspace/cargo-home:/opt/rustwide/cargo-home:ro,Z" "-v" "/var/lib/crater-agent-workspace/rustup-home:/opt/rustwide/rustup-home:ro,Z" "-e" "SOURCE_DIR=/opt/rustwide/workdir" "-e" "CARGO_TARGET_DIR=/opt/rustwide/target" "-e" "CARGO_HOME=/opt/rustwide/cargo-home" "-e" "RUSTUP_HOME=/opt/rustwide/rustup-home" "-w" "/opt/rustwide/workdir" "-m" "1610612736" "--user" "0:0" "--network" "none" "ghcr.io/rust-lang/crates-build-env/linux@sha256:2788e3201cd34a07e3172128adcd8b3090168a8e3bcc40d7c032b9dda1df7d1c" "/opt/rustwide/cargo-home/bin/cargo" "+beta-2023-12-22" "metadata" "--no-deps" "--format-version=1", kill_on_drop: false }`
[INFO] [stdout] 1560ee557eba69c95c937adb26a88aa7fd70d2874679981e1ea4d57a0e6b79ed
[INFO] running `Command { std: "docker" "start" "-a" "1560ee557eba69c95c937adb26a88aa7fd70d2874679981e1ea4d57a0e6b79ed", kill_on_drop: false }`
[INFO] running `Command { std: "docker" "inspect" "1560ee557eba69c95c937adb26a88aa7fd70d2874679981e1ea4d57a0e6b79ed", kill_on_drop: false }`
[INFO] running `Command { std: "docker" "rm" "-f" "1560ee557eba69c95c937adb26a88aa7fd70d2874679981e1ea4d57a0e6b79ed", kill_on_drop: false }`
[INFO] [stdout] 1560ee557eba69c95c937adb26a88aa7fd70d2874679981e1ea4d57a0e6b79ed
[INFO] running `Command { std: "docker" "create" "-v" "/var/lib/crater-agent-workspace/builds/worker-1-tc2/target:/opt/rustwide/target:rw,Z" "-v" "/var/lib/crater-agent-workspace/builds/worker-1-tc2/source:/opt/rustwide/workdir:ro,Z" "-v" "/var/lib/crater-agent-workspace/cargo-home:/opt/rustwide/cargo-home:ro,Z" "-v" "/var/lib/crater-agent-workspace/rustup-home:/opt/rustwide/rustup-home:ro,Z" "-e" "SOURCE_DIR=/opt/rustwide/workdir" "-e" "CARGO_TARGET_DIR=/opt/rustwide/target" "-e" "CARGO_INCREMENTAL=0" "-e" "RUST_BACKTRACE=full" "-e" "RUSTFLAGS=--cap-lints=warn" "-e" "RUSTDOCFLAGS=--cap-lints=warn" "-e" "CARGO_HOME=/opt/rustwide/cargo-home" "-e" "RUSTUP_HOME=/opt/rustwide/rustup-home" "-w" "/opt/rustwide/workdir" "-m" "1610612736" "--user" "0:0" "--network" "none" "ghcr.io/rust-lang/crates-build-env/linux@sha256:2788e3201cd34a07e3172128adcd8b3090168a8e3bcc40d7c032b9dda1df7d1c" "/opt/rustwide/cargo-home/bin/cargo" "+beta-2023-12-22" "build" "--frozen" "--message-format=json", kill_on_drop: false }`
[INFO] [stdout] 200564234eab9ebb085db2c9f91614f7579e896651b883d595bfd48a3c9914cb
[INFO] running `Command { std: "docker" "start" "-a" "200564234eab9ebb085db2c9f91614f7579e896651b883d595bfd48a3c9914cb", kill_on_drop: false }`
[INFO] [stderr]    Compiling libc v0.2.151
[INFO] [stderr]    Compiling vcpkg v0.2.15
[INFO] [stderr]    Compiling pkg-config v0.3.28
[INFO] [stderr]    Compiling version_check v0.1.5
[INFO] [stderr]    Compiling log v0.4.20
[INFO] [stderr]    Compiling unicode-normalization v0.1.22
[INFO] [stderr]    Compiling matches v0.1.10
[INFO] [stderr]    Compiling syn v2.0.48
[INFO] [stderr]    Compiling openssl v0.10.62
[INFO] [stderr]    Compiling foreign-types-shared v0.1.1
[INFO] [stderr]    Compiling unicase v1.4.2
[INFO] [stderr]    Compiling unicode-bidi v0.3.14
[INFO] [stderr]    Compiling num-traits v0.2.17
[INFO] [stderr]    Compiling foreign-types v0.3.2
[INFO] [stderr]    Compiling log v0.3.9
[INFO] [stderr]    Compiling safemem v0.3.3
[INFO] [stderr]    Compiling percent-encoding v1.0.1
[INFO] [stderr]    Compiling native-tls v0.2.11
[INFO] [stderr]    Compiling base64 v0.9.3
[INFO] [stderr]    Compiling mime v0.2.6
[INFO] [stderr]    Compiling idna v0.1.5
[INFO] [stderr]    Compiling language-tags v0.2.2
[INFO] [stderr]    Compiling typeable v0.1.2
[INFO] [stderr]    Compiling antidote v1.0.0
[INFO] [stderr]    Compiling serde_json v1.0.111
[INFO] [stderr]    Compiling itertools v0.8.2
[INFO] [stderr]    Compiling url v1.7.2
[INFO] [stderr]    Compiling cc v1.0.83
[INFO] [stderr]    Compiling time v0.1.45
[INFO] [stderr]    Compiling num_cpus v1.16.0
[INFO] [stderr]    Compiling hyper v0.10.16
[INFO] [stderr]    Compiling chrono v0.4.31
[INFO] [stderr]    Compiling base64 v0.10.1
[INFO] [stderr]    Compiling openssl-sys v0.9.98
[INFO] [stderr]    Compiling openssl-macros v0.1.1
[INFO] [stderr]    Compiling serde_derive v1.0.194
[INFO] [stderr]    Compiling hyper-native-tls v0.3.0
[INFO] [stderr]    Compiling yup-oauth2 v1.0.12
[INFO] [stderr]    Compiling google-admin1_directory v1.0.13+20200204 (/opt/rustwide/workdir)
[INFO] [stdout] warning: anonymous parameters are deprecated and will be removed in the next edition
[INFO] [stdout]    --> src/cmn.rs:142:25
[INFO] [stdout]     |
[INFO] [stdout] 142 |     fn begin(&mut self, MethodInfo) {}
[INFO] [stdout]     |                         ^^^^^^^^^^ help: try naming the parameter or explicitly ignoring it: `_: MethodInfo`
[INFO] [stdout]     |
[INFO] [stdout]     = warning: this is accepted in the current edition (Rust 2015) but is a hard error in Rust 2018!
[INFO] [stdout]     = note: for more information, see issue #41686 <https://github.com/rust-lang/rust/issues/41686>
[INFO] [stdout]     = note: `#[warn(anonymous_parameters)]` on by default
[INFO] [stdout] 
[INFO] [stdout] 
[INFO] [stdout] warning: anonymous parameters are deprecated and will be removed in the next edition
[INFO] [stdout]    --> src/cmn.rs:150:30
[INFO] [stdout]     |
[INFO] [stdout] 150 |     fn http_error(&mut self, &hyper::Error) -> Retry {
[INFO] [stdout]     |                              ^^^^^^^^^^^^^ help: try naming the parameter or explicitly ignoring it: `_: &hyper::Error`
[INFO] [stdout]     |
[INFO] [stdout]     = warning: this is accepted in the current edition (Rust 2015) but is a hard error in Rust 2018!
[INFO] [stdout]     = note: for more information, see issue #41686 <https://github.com/rust-lang/rust/issues/41686>
[INFO] [stdout] 
[INFO] [stdout] 
[INFO] [stdout] warning: anonymous parameters are deprecated and will be removed in the next edition
[INFO] [stdout]    --> src/cmn.rs:213:61
[INFO] [stdout]     |
[INFO] [stdout] 213 |     fn http_failure(&mut self, _: &hyper::client::Response, Option<JsonServerError>, _: Option<ServerError>) -> Retry {
[INFO] [stdout]     |                                                             ^^^^^^^^^^^^^^^^^^^^^^^ help: try naming the parameter or explicitly ignoring it: `_: Option<JsonServerError>`
[INFO] [stdout]     |
[INFO] [stdout]     = warning: this is accepted in the current edition (Rust 2015) but is a hard error in Rust 2018!
[INFO] [stdout]     = note: for more information, see issue #41686 <https://github.com/rust-lang/rust/issues/41686>
[INFO] [stdout] 
[INFO] [stdout] 
[INFO] [stdout] warning: use of deprecated method `std::error::Error::description`: use the Display impl or to_string()
[INFO] [stdout]    --> src/cmn.rs:336:46
[INFO] [stdout]     |
[INFO] [stdout] 336 |             Error::HttpError(ref err) => err.description(),
[INFO] [stdout]     |                                              ^^^^^^^^^^^
[INFO] [stdout]     |
[INFO] [stdout]     = note: `#[warn(deprecated)]` on by default
[INFO] [stdout] 
[INFO] [stdout] 
[INFO] [stdout] warning: use of deprecated method `std::error::Error::description`: use the Display impl or to_string()
[INFO] [stdout]    --> src/cmn.rs:337:55
[INFO] [stdout]     |
[INFO] [stdout] 337 |             Error::JsonDecodeError(_, ref err) => err.description(),
[INFO] [stdout]     |                                                       ^^^^^^^^^^^
[INFO] [stdout] 
[INFO] [stdout] 
[INFO] [stdout] warning: 5 warnings emitted
[INFO] [stdout] 
[INFO] [stdout] 
[INFO] [stderr]     Finished dev [unoptimized + debuginfo] target(s) in 28.24s
[INFO] [stderr] warning: the following packages contain code that will be rejected by a future version of Rust: traitobject v0.1.0
[INFO] [stderr] note: to see what the problems were, use the option `--future-incompat-report`, or run `cargo report future-incompatibilities --id 2`
[INFO] running `Command { std: "docker" "inspect" "200564234eab9ebb085db2c9f91614f7579e896651b883d595bfd48a3c9914cb", kill_on_drop: false }`
[INFO] running `Command { std: "docker" "rm" "-f" "200564234eab9ebb085db2c9f91614f7579e896651b883d595bfd48a3c9914cb", kill_on_drop: false }`
[INFO] [stdout] 200564234eab9ebb085db2c9f91614f7579e896651b883d595bfd48a3c9914cb
[INFO] running `Command { std: "docker" "create" "-v" "/var/lib/crater-agent-workspace/builds/worker-1-tc2/target:/opt/rustwide/target:rw,Z" "-v" "/var/lib/crater-agent-workspace/builds/worker-1-tc2/source:/opt/rustwide/workdir:ro,Z" "-v" "/var/lib/crater-agent-workspace/cargo-home:/opt/rustwide/cargo-home:ro,Z" "-v" "/var/lib/crater-agent-workspace/rustup-home:/opt/rustwide/rustup-home:ro,Z" "-e" "SOURCE_DIR=/opt/rustwide/workdir" "-e" "CARGO_TARGET_DIR=/opt/rustwide/target" "-e" "CARGO_INCREMENTAL=0" "-e" "RUST_BACKTRACE=full" "-e" "RUSTFLAGS=--cap-lints=warn" "-e" "RUSTDOCFLAGS=--cap-lints=warn" "-e" "CARGO_HOME=/opt/rustwide/cargo-home" "-e" "RUSTUP_HOME=/opt/rustwide/rustup-home" "-w" "/opt/rustwide/workdir" "-m" "1610612736" "--user" "0:0" "--network" "none" "ghcr.io/rust-lang/crates-build-env/linux@sha256:2788e3201cd34a07e3172128adcd8b3090168a8e3bcc40d7c032b9dda1df7d1c" "/opt/rustwide/cargo-home/bin/cargo" "+beta-2023-12-22" "test" "--frozen" "--no-run" "--message-format=json", kill_on_drop: false }`
[INFO] [stdout] fa60acef59de72e3f2ce3e6d4811c5a629bfdf8b543e18e5886a1e2abeabee6e
[INFO] running `Command { std: "docker" "start" "-a" "fa60acef59de72e3f2ce3e6d4811c5a629bfdf8b543e18e5886a1e2abeabee6e", kill_on_drop: false }`
[INFO] [stderr]    Compiling ring v0.13.5
[INFO] [stderr]    Compiling untrusted v0.6.2
[INFO] [stdout] warning: anonymous parameters are deprecated and will be removed in the next edition
[INFO] [stdout]    --> src/cmn.rs:142:25
[INFO] [stdout]     |
[INFO] [stdout] 142 |     fn begin(&mut self, MethodInfo) {}
[INFO] [stdout]     |                         ^^^^^^^^^^ help: try naming the parameter or explicitly ignoring it: `_: MethodInfo`
[INFO] [stdout]     |
[INFO] [stdout]     = warning: this is accepted in the current edition (Rust 2015) but is a hard error in Rust 2018!
[INFO] [stdout]     = note: for more information, see issue #41686 <https://github.com/rust-lang/rust/issues/41686>
[INFO] [stdout]     = note: `#[warn(anonymous_parameters)]` on by default
[INFO] [stdout] 
[INFO] [stdout] 
[INFO] [stdout] warning: anonymous parameters are deprecated and will be removed in the next edition
[INFO] [stdout]    --> src/cmn.rs:150:30
[INFO] [stdout]     |
[INFO] [stdout] 150 |     fn http_error(&mut self, &hyper::Error) -> Retry {
[INFO] [stdout]     |                              ^^^^^^^^^^^^^ help: try naming the parameter or explicitly ignoring it: `_: &hyper::Error`
[INFO] [stdout]     |
[INFO] [stdout]     = warning: this is accepted in the current edition (Rust 2015) but is a hard error in Rust 2018!
[INFO] [stdout]     = note: for more information, see issue #41686 <https://github.com/rust-lang/rust/issues/41686>
[INFO] [stdout] 
[INFO] [stdout] 
[INFO] [stdout] warning: anonymous parameters are deprecated and will be removed in the next edition
[INFO] [stdout]    --> src/cmn.rs:213:61
[INFO] [stdout]     |
[INFO] [stdout] 213 |     fn http_failure(&mut self, _: &hyper::client::Response, Option<JsonServerError>, _: Option<ServerError>) -> Retry {
[INFO] [stdout]     |                                                             ^^^^^^^^^^^^^^^^^^^^^^^ help: try naming the parameter or explicitly ignoring it: `_: Option<JsonServerError>`
[INFO] [stdout]     |
[INFO] [stdout]     = warning: this is accepted in the current edition (Rust 2015) but is a hard error in Rust 2018!
[INFO] [stdout]     = note: for more information, see issue #41686 <https://github.com/rust-lang/rust/issues/41686>
[INFO] [stdout] 
[INFO] [stdout] 
[INFO] [stdout] warning: use of deprecated method `std::error::Error::description`: use the Display impl or to_string()
[INFO] [stdout]    --> src/cmn.rs:336:46
[INFO] [stdout]     |
[INFO] [stdout] 336 |             Error::HttpError(ref err) => err.description(),
[INFO] [stdout]     |                                              ^^^^^^^^^^^
[INFO] [stdout]     |
[INFO] [stdout]     = note: `#[warn(deprecated)]` on by default
[INFO] [stdout] 
[INFO] [stdout] 
[INFO] [stdout] warning: use of deprecated method `std::error::Error::description`: use the Display impl or to_string()
[INFO] [stdout]    --> src/cmn.rs:337:55
[INFO] [stdout]     |
[INFO] [stdout] 337 |             Error::JsonDecodeError(_, ref err) => err.description(),
[INFO] [stdout]     |                                                       ^^^^^^^^^^^
[INFO] [stdout] 
[INFO] [stdout] 
[INFO] [stdout] warning: 5 warnings emitted
[INFO] [stdout] 
[INFO] [stdout] 
[INFO] [stderr]    Compiling webpki v0.18.1
[INFO] [stderr]    Compiling sct v0.4.0
[INFO] [stderr]    Compiling rustls v0.13.1
[INFO] [stderr]    Compiling webpki-roots v0.15.0
[INFO] [stderr]    Compiling hyper-rustls v0.6.2
[INFO] [stderr]    Compiling google-admin1_directory v1.0.13+20200204 (/opt/rustwide/workdir)
[INFO] [stdout] warning: anonymous parameters are deprecated and will be removed in the next edition
[INFO] [stdout]    --> src/cmn.rs:142:25
[INFO] [stdout]     |
[INFO] [stdout] 142 |     fn begin(&mut self, MethodInfo) {}
[INFO] [stdout]     |                         ^^^^^^^^^^ help: try naming the parameter or explicitly ignoring it: `_: MethodInfo`
[INFO] [stdout]     |
[INFO] [stdout]     = warning: this is accepted in the current edition (Rust 2015) but is a hard error in Rust 2018!
[INFO] [stdout]     = note: for more information, see issue #41686 <https://github.com/rust-lang/rust/issues/41686>
[INFO] [stdout]     = note: `#[warn(anonymous_parameters)]` on by default
[INFO] [stdout] 
[INFO] [stdout] 
[INFO] [stdout] warning: anonymous parameters are deprecated and will be removed in the next edition
[INFO] [stdout]    --> src/cmn.rs:150:30
[INFO] [stdout]     |
[INFO] [stdout] 150 |     fn http_error(&mut self, &hyper::Error) -> Retry {
[INFO] [stdout]     |                              ^^^^^^^^^^^^^ help: try naming the parameter or explicitly ignoring it: `_: &hyper::Error`
[INFO] [stdout]     |
[INFO] [stdout]     = warning: this is accepted in the current edition (Rust 2015) but is a hard error in Rust 2018!
[INFO] [stdout]     = note: for more information, see issue #41686 <https://github.com/rust-lang/rust/issues/41686>
[INFO] [stdout] 
[INFO] [stdout] 
[INFO] [stdout] warning: anonymous parameters are deprecated and will be removed in the next edition
[INFO] [stdout]    --> src/cmn.rs:213:61
[INFO] [stdout]     |
[INFO] [stdout] 213 |     fn http_failure(&mut self, _: &hyper::client::Response, Option<JsonServerError>, _: Option<ServerError>) -> Retry {
[INFO] [stdout]     |                                                             ^^^^^^^^^^^^^^^^^^^^^^^ help: try naming the parameter or explicitly ignoring it: `_: Option<JsonServerError>`
[INFO] [stdout]     |
[INFO] [stdout]     = warning: this is accepted in the current edition (Rust 2015) but is a hard error in Rust 2018!
[INFO] [stdout]     = note: for more information, see issue #41686 <https://github.com/rust-lang/rust/issues/41686>
[INFO] [stdout] 
[INFO] [stdout] 
[INFO] [stdout] warning: use of deprecated method `std::error::Error::description`: use the Display impl or to_string()
[INFO] [stdout]    --> src/cmn.rs:336:46
[INFO] [stdout]     |
[INFO] [stdout] 336 |             Error::HttpError(ref err) => err.description(),
[INFO] [stdout]     |                                              ^^^^^^^^^^^
[INFO] [stdout]     |
[INFO] [stdout]     = note: `#[warn(deprecated)]` on by default
[INFO] [stdout] 
[INFO] [stdout] 
[INFO] [stdout] warning: use of deprecated method `std::error::Error::description`: use the Display impl or to_string()
[INFO] [stdout]    --> src/cmn.rs:337:55
[INFO] [stdout]     |
[INFO] [stdout] 337 |             Error::JsonDecodeError(_, ref err) => err.description(),
[INFO] [stdout]     |                                                       ^^^^^^^^^^^
[INFO] [stdout] 
[INFO] [stdout] 
[INFO] [stdout] warning: 5 warnings emitted
[INFO] [stdout] 
[INFO] [stdout] 
[INFO] [stderr]     Finished test [unoptimized + debuginfo] target(s) in 13.68s
[INFO] [stderr] warning: the following packages contain code that will be rejected by a future version of Rust: traitobject v0.1.0
[INFO] [stderr] note: to see what the problems were, use the option `--future-incompat-report`, or run `cargo report future-incompatibilities --id 2`
[INFO] running `Command { std: "docker" "inspect" "fa60acef59de72e3f2ce3e6d4811c5a629bfdf8b543e18e5886a1e2abeabee6e", kill_on_drop: false }`
[INFO] running `Command { std: "docker" "rm" "-f" "fa60acef59de72e3f2ce3e6d4811c5a629bfdf8b543e18e5886a1e2abeabee6e", kill_on_drop: false }`
[INFO] [stdout] fa60acef59de72e3f2ce3e6d4811c5a629bfdf8b543e18e5886a1e2abeabee6e
[INFO] running `Command { std: "docker" "create" "-v" "/var/lib/crater-agent-workspace/builds/worker-1-tc2/target:/opt/rustwide/target:rw,Z" "-v" "/var/lib/crater-agent-workspace/builds/worker-1-tc2/source:/opt/rustwide/workdir:ro,Z" "-v" "/var/lib/crater-agent-workspace/cargo-home:/opt/rustwide/cargo-home:ro,Z" "-v" "/var/lib/crater-agent-workspace/rustup-home:/opt/rustwide/rustup-home:ro,Z" "-e" "SOURCE_DIR=/opt/rustwide/workdir" "-e" "CARGO_TARGET_DIR=/opt/rustwide/target" "-e" "CARGO_INCREMENTAL=0" "-e" "RUST_BACKTRACE=full" "-e" "RUSTFLAGS=--cap-lints=warn" "-e" "RUSTDOCFLAGS=--cap-lints=warn" "-e" "CARGO_HOME=/opt/rustwide/cargo-home" "-e" "RUSTUP_HOME=/opt/rustwide/rustup-home" "-w" "/opt/rustwide/workdir" "-m" "1610612736" "--user" "0:0" "--network" "none" "ghcr.io/rust-lang/crates-build-env/linux@sha256:2788e3201cd34a07e3172128adcd8b3090168a8e3bcc40d7c032b9dda1df7d1c" "/opt/rustwide/cargo-home/bin/cargo" "+beta-2023-12-22" "test" "--frozen", kill_on_drop: false }`
[INFO] [stdout] 683760c2826cb9bc9230568714c82fbce57660e9f10314a37bfaeae799a73554
[INFO] running `Command { std: "docker" "start" "-a" "683760c2826cb9bc9230568714c82fbce57660e9f10314a37bfaeae799a73554", kill_on_drop: false }`
[INFO] [stderr] warning: anonymous parameters are deprecated and will be removed in the next edition
[INFO] [stderr]    --> src/cmn.rs:142:25
[INFO] [stderr]     |
[INFO] [stderr] 142 |     fn begin(&mut self, MethodInfo) {}
[INFO] [stderr]     |                         ^^^^^^^^^^ help: try naming the parameter or explicitly ignoring it: `_: MethodInfo`
[INFO] [stderr]     |
[INFO] [stderr]     = warning: this is accepted in the current edition (Rust 2015) but is a hard error in Rust 2018!
[INFO] [stderr]     = note: for more information, see issue #41686 <https://github.com/rust-lang/rust/issues/41686>
[INFO] [stderr]     = note: `#[warn(anonymous_parameters)]` on by default
[INFO] [stderr] 
[INFO] [stderr] warning: anonymous parameters are deprecated and will be removed in the next edition
[INFO] [stderr]    --> src/cmn.rs:150:30
[INFO] [stderr]     |
[INFO] [stderr] 150 |     fn http_error(&mut self, &hyper::Error) -> Retry {
[INFO] [stderr]     |                              ^^^^^^^^^^^^^ help: try naming the parameter or explicitly ignoring it: `_: &hyper::Error`
[INFO] [stderr]     |
[INFO] [stderr]     = warning: this is accepted in the current edition (Rust 2015) but is a hard error in Rust 2018!
[INFO] [stderr]     = note: for more information, see issue #41686 <https://github.com/rust-lang/rust/issues/41686>
[INFO] [stderr] 
[INFO] [stderr] warning: anonymous parameters are deprecated and will be removed in the next edition
[INFO] [stderr]    --> src/cmn.rs:213:61
[INFO] [stderr]     |
[INFO] [stderr] 213 |     fn http_failure(&mut self, _: &hyper::client::Response, Option<JsonServerError>, _: Option<ServerError>) -> Retry {
[INFO] [stderr]     |                                                             ^^^^^^^^^^^^^^^^^^^^^^^ help: try naming the parameter or explicitly ignoring it: `_: Option<JsonServerError>`
[INFO] [stderr]     |
[INFO] [stderr]     = warning: this is accepted in the current edition (Rust 2015) but is a hard error in Rust 2018!
[INFO] [stderr]     = note: for more information, see issue #41686 <https://github.com/rust-lang/rust/issues/41686>
[INFO] [stderr] 
[INFO] [stderr] warning: use of deprecated method `std::error::Error::description`: use the Display impl or to_string()
[INFO] [stderr]    --> src/cmn.rs:336:46
[INFO] [stderr]     |
[INFO] [stderr] 336 |             Error::HttpError(ref err) => err.description(),
[INFO] [stderr]     |                                              ^^^^^^^^^^^
[INFO] [stderr]     |
[INFO] [stderr]     = note: `#[warn(deprecated)]` on by default
[INFO] [stderr] 
[INFO] [stderr] warning: use of deprecated method `std::error::Error::description`: use the Display impl or to_string()
[INFO] [stderr]    --> src/cmn.rs:337:55
[INFO] [stderr]     |
[INFO] [stderr] 337 |             Error::JsonDecodeError(_, ref err) => err.description(),
[INFO] [stderr]     |                                                       ^^^^^^^^^^^
[INFO] [stderr] 
[INFO] [stderr] warning: `google-admin1_directory` (lib) generated 5 warnings (run `cargo fix --lib -p google-admin1_directory` to apply 3 suggestions)
[INFO] [stderr] warning: `google-admin1_directory` (lib test) generated 5 warnings (5 duplicates)
[INFO] [stderr]     Finished test [unoptimized + debuginfo] target(s) in 0.08s
[INFO] [stderr] warning: the following packages contain code that will be rejected by a future version of Rust: traitobject v0.1.0
[INFO] [stderr] note: to see what the problems were, use the option `--future-incompat-report`, or run `cargo report future-incompatibilities --id 2`
[INFO] [stderr]      Running unittests src/lib.rs (/opt/rustwide/target/debug/deps/google_admin1_directory-88e2d66337aff1e2)
[INFO] [stdout] 
[INFO] [stderr]    Doc-tests google-admin1_directory
[INFO] [stdout] running 0 tests
[INFO] [stdout] 
[INFO] [stdout] test result: ok. 0 passed; 0 failed; 0 ignored; 0 measured; 0 filtered out; finished in 0.00s
[INFO] [stdout] 
[INFO] [stdout] 
[INFO] [stdout] running 133 tests
[INFO] [stdout] test src/lib.rs - (line 93) ... ignored
[INFO] [stdout] test src/lib.rs - ChannelMethods (line 3730) - compile ... ok
[INFO] [stdout] test src/lib.rs - AspGetCall (line 21039) - compile ... ok
[INFO] [stdout] test src/lib.rs - AspListCall (line 21532) - compile ... ok
[INFO] [stdout] test src/lib.rs - ChromeosdeviceGetCall (line 18361) - compile ... ok
[INFO] [stdout] test src/lib.rs - (line 139) - compile ... ok
[INFO] [stdout] test src/lib.rs - ChromeosdeviceListCall (line 17447) - compile ... ok
[INFO] [stdout] test src/lib.rs - ChromeosdeviceActionCall (line 18625) - compile ... ok
[INFO] [stdout] test src/lib.rs - AspDeleteCall (line 21291) - compile ... ok
[INFO] [stdout] test src/lib.rs - ChannelStopCall (line 14346) - compile ... ok
[INFO] [stdout] test src/lib.rs - AspMethods (line 4484) - compile ... ok
[INFO] [stdout] test src/lib.rs - ChromeosdevicePatchCall (line 17771) - compile ... ok
[INFO] [stdout] test src/lib.rs - ChromeosdeviceMoveDevicesToOuCall (line 18897) - compile ... ok
[INFO] [stdout] test src/lib.rs - Directory (line 442) - compile ... ok
[INFO] [stdout] test src/lib.rs - ChromeosdeviceMethods (line 4131) - compile ... ok
[INFO] [stdout] test src/lib.rs - CustomerPatchCall (line 6477) - compile ... ok
[INFO] [stdout] test src/lib.rs - ChromeosdeviceUpdateCall (line 18066) - compile ... ok
[INFO] [stdout] test src/lib.rs - CustomerGetCall (line 6748) - compile ... ok
[INFO] [stdout] test src/lib.rs - CustomerMethods (line 2906) - compile ... ok
[INFO] [stdout] test src/lib.rs - CustomerUpdateCall (line 6988) - compile ... ok
[INFO] [stdout] test src/lib.rs - DomainAliaseGetCall (line 23047) - compile ... ok
[INFO] [stdout] test src/lib.rs - DomainAliaseInsertCall (line 22776) - compile ... ok
[INFO] [stdout] test src/lib.rs - DomainDeleteCall (line 22535) - compile ... ok
[INFO] [stdout] test src/lib.rs - DomainAliaseListCall (line 23299) - compile ... ok
[INFO] [stdout] test src/lib.rs - DomainAliaseDeleteCall (line 23551) - compile ... ok
[INFO] [stdout] test src/lib.rs - DomainAliaseMethods (line 4697) - compile ... ok
[INFO] [stdout] test src/lib.rs - DomainListCall (line 21772) - compile ... ok
[INFO] [stdout] test src/lib.rs - DomainGetCall (line 22012) - compile ... ok
[INFO] [stdout] test src/lib.rs - DomainInsertCall (line 22264) - compile ... ok
[INFO] [stdout] test src/lib.rs - GroupAliaseListCall (line 10185) - compile ... ok
[INFO] [stdout] test src/lib.rs - DomainMethods (line 4581) - compile ... ok
[INFO] [stdout] test src/lib.rs - GroupAliaseDeleteCall (line 10936) - compile ... ok
[INFO] [stdout] test src/lib.rs - GroupAliaseInsertCall (line 9914) - compile ... ok
[INFO] [stdout] test src/lib.rs - GroupDeleteCall (line 8873) - compile ... ok
[INFO] [stdout] test src/lib.rs - GroupListCall (line 9102) - compile ... ok
[INFO] [stdout] test src/lib.rs - GroupGetCall (line 10425) - compile ... ok
[INFO] [stdout] test src/lib.rs - GroupInsertCall (line 9676) - compile ... ok
[INFO] [stdout] test src/lib.rs - GroupUpdateCall (line 9405) - compile ... ok
[INFO] [stdout] test src/lib.rs - GroupPatchCall (line 10665) - compile ... ok
[INFO] [stdout] test src/lib.rs - GroupMethods (line 3163) - compile ... ok
[INFO] [stdout] test src/lib.rs - MemberDeleteCall (line 20798) - compile ... ok
[INFO] [stdout] test src/lib.rs - MemberGetCall (line 20546) - compile ... ok
[INFO] [stdout] test src/lib.rs - MemberListCall (line 20258) - compile ... ok
[INFO] [stdout] test src/lib.rs - MemberMethods (line 4303) - compile ... ok
[INFO] [stdout] test src/lib.rs - MemberPatchCall (line 19692) - compile ... ok
[INFO] [stdout] test src/lib.rs - MemberHasMemberCall (line 19169) - compile ... ok
[INFO] [stdout] test src/lib.rs - MemberInsertCall (line 19421) - compile ... ok
[INFO] [stdout] test src/lib.rs - MobiledeviceActionCall (line 15390) - compile ... ok
[INFO] [stdout] test src/lib.rs - MemberUpdateCall (line 19975) - compile ... ok
[INFO] [stdout] test src/lib.rs - NotificationGetCall (line 13571) - compile ... ok
[INFO] [stdout] test src/lib.rs - MobiledeviceDeleteCall (line 15149) - compile ... ok
[INFO] [stdout] test src/lib.rs - NotificationDeleteCall (line 13330) - compile ... ok
[INFO] [stdout] test src/lib.rs - MobiledeviceMethods (line 3789) - compile ... ok
[INFO] [stdout] test src/lib.rs - MobiledeviceListCall (line 14837) - compile ... ok
[INFO] [stdout] test src/lib.rs - NotificationListCall (line 12771) - compile ... ok
[INFO] [stdout] test src/lib.rs - NotificationMethods (line 3529) - compile ... ok
[INFO] [stdout] test src/lib.rs - MobiledeviceGetCall (line 14573) - compile ... ok
[INFO] [stdout] test src/lib.rs - NotificationPatchCall (line 13823) - compile ... ok
[INFO] [stdout] test src/lib.rs - NotificationUpdateCall (line 13047) - compile ... ok
[INFO] [stdout] test src/lib.rs - OrgunitInsertCall (line 7523) - compile ... ok
[INFO] [stdout] test src/lib.rs - OrgunitMethods (line 3003) - compile ... ok
[INFO] [stdout] test src/lib.rs - OrgunitListCall (line 7259) - compile ... ok
[INFO] [stdout] test src/lib.rs - OrgunitGetCall (line 8082) - compile ... FAILED
[INFO] [stdout] test src/lib.rs - OrgunitDeleteCall (line 8339) - compile ... FAILED
[INFO] [stdout] test src/lib.rs - OrgunitPatchCall (line 8585) - compile ... FAILED
[INFO] [stdout] test src/lib.rs - OrgunitUpdateCall (line 7794) - compile ... FAILED
[INFO] [stdout] test src/lib.rs - PrivilegeListCall (line 14106) - compile ... ok
[INFO] [stdout] test src/lib.rs - ResourceBuildingGetCall (line 28610) - compile ... ok
[INFO] [stdout] test src/lib.rs - PrivilegeMethods (line 3671) - compile ... ok
[INFO] [stdout] test src/lib.rs - ResourceBuildingDeleteCall (line 26488) - compile ... ok
[INFO] [stdout] test src/lib.rs - ResourceBuildingListCall (line 27540) - compile ... ok
[INFO] [stdout] test src/lib.rs - ResourceBuildingPatchCall (line 27245) - compile ... ok
[INFO] [stdout] test src/lib.rs - ResourceBuildingUpdateCall (line 26193) - compile ... ok
[INFO] [stdout] test src/lib.rs - ResourceBuildingInsertCall (line 29386) - compile ... ok
[INFO] [stdout] test src/lib.rs - ResourceCalendarGetCall (line 26993) - compile ... ok
[INFO] [stdout] test src/lib.rs - ResourceCalendarDeleteCall (line 30239) - compile ... ok
[INFO] [stdout] test src/lib.rs - ResourceCalendarListCall (line 25362) - compile ... ok
[INFO] [stdout] test src/lib.rs - ResourceCalendarInsertCall (line 28056) - compile ... ok
[INFO] [stdout] test src/lib.rs - ResourceFeatureDeleteCall (line 28862) - compile ... ok
[INFO] [stdout] test src/lib.rs - ResourceFeatureInsertCall (line 25922) - compile ... ok
[INFO] [stdout] test src/lib.rs - ResourceCalendarUpdateCall (line 29956) - compile ... ok
[INFO] [stdout] test src/lib.rs - ResourceCalendarPatchCall (line 29671) - compile ... ok
[INFO] [stdout] test src/lib.rs - ResourceFeaturePatchCall (line 28327) - compile ... ok
[INFO] [stdout] test src/lib.rs - ResourceFeatureGetCall (line 27804) - compile ... ok
[INFO] [stdout] test src/lib.rs - ResourceFeatureListCall (line 26729) - compile ... ok
[INFO] [stdout] test src/lib.rs - ResourceFeatureUpdateCall (line 29103) - compile ... ok
[INFO] [stdout] test src/lib.rs - ResourceFeatureRenameCall (line 25650) - compile ... ok
[INFO] [stdout] test src/lib.rs - RoleAssignmentDeleteCall (line 16918) - compile ... ok
[INFO] [stdout] test src/lib.rs - ResourceMethods (line 4972) - compile ... ok
[INFO] [stdout] test src/lib.rs - RoleAssignmentInsertCall (line 16395) - compile ... ok
[INFO] [stdout] test src/lib.rs - RoleDeleteCall (line 11712) - compile ... ok
[INFO] [stdout] test src/lib.rs - RoleAssignmentListCall (line 17159) - compile ... ok
[INFO] [stdout] test src/lib.rs - RoleAssignmentGetCall (line 16666) - compile ... ok
[INFO] [stdout] test src/lib.rs - RoleAssignmentMethods (line 4011) - compile ... ok
[INFO] [stdout] test src/lib.rs - RoleGetCall (line 11460) - compile ... ok
[INFO] [stdout] test src/lib.rs - RoleMethods (line 3369) - compile ... ok
[INFO] [stdout] test src/lib.rs - RoleListCall (line 12507) - compile ... ok
[INFO] [stdout] test src/lib.rs - RoleInsertCall (line 12236) - compile ... ok
[INFO] [stdout] test src/lib.rs - RolePatchCall (line 11953) - compile ... ok
[INFO] [stdout] test src/lib.rs - RoleUpdateCall (line 11177) - compile ... ok
[INFO] [stdout] test src/lib.rs - SchemaDeleteCall (line 25121) - compile ... ok
[INFO] [stdout] test src/lib.rs - SchemaGetCall (line 23792) - compile ... ok
[INFO] [stdout] test src/lib.rs - SchemaInsertCall (line 24850) - compile ... ok
[INFO] [stdout] test src/lib.rs - SchemaPatchCall (line 24567) - compile ... ok
[INFO] [stdout] test src/lib.rs - SchemaMethods (line 4814) - compile ... ok
[INFO] [stdout] test src/lib.rs - TokenDeleteCall (line 16154) - compile ... ok
[INFO] [stdout] test src/lib.rs - SchemaListCall (line 24327) - compile ... ok
[INFO] [stdout] test src/lib.rs - SchemaUpdateCall (line 24044) - compile ... ok
[INFO] [stdout] test src/lib.rs - TokenGetCall (line 15662) - compile ... ok
[INFO] [stdout] test src/lib.rs - TokenListCall (line 15914) - compile ... ok
[INFO] [stdout] test src/lib.rs - UserDeleteCall (line 34847) - compile ... ok
[INFO] [stdout] test src/lib.rs - UserAliaseDeleteCall (line 34606) - compile ... ok
[INFO] [stdout] test src/lib.rs - TokenMethods (line 3914) - compile ... ok
[INFO] [stdout] test src/lib.rs - UserAliaseWatchCall (line 31478) - compile ... ok
[INFO] [stdout] test src/lib.rs - UserAliaseListCall (line 33823) - compile ... ok
[INFO] [stdout] test src/lib.rs - UserAliaseInsertCall (line 33552) - compile ... ok
[INFO] [stdout] test src/lib.rs - UserGetCall (line 33276) - compile ... ok
[INFO] [stdout] test src/lib.rs - UserMethods (line 5398) - compile ... ok
[INFO] [stdout] test src/lib.rs - UserInsertCall (line 31240) - compile ... ok
[INFO] [stdout] test src/lib.rs - UserPhotoDeleteCall (line 30740) - compile ... ok
[INFO] [stdout] test src/lib.rs - UserListCall (line 32925) - compile ... ok
[INFO] [stdout] test src/lib.rs - UserMakeAdminCall (line 34075) - compile ... ok
[INFO] [stdout] test src/lib.rs - UserPhotoGetCall (line 32685) - compile ... ok
[INFO] [stdout] test src/lib.rs - UserPatchCall (line 34335) - compile ... ok
[INFO] [stdout] test src/lib.rs - UserUndeleteCall (line 30480) - compile ... ok
[INFO] [stdout] test src/lib.rs - UserPhotoPatchCall (line 30969) - compile ... ok
[INFO] [stdout] test src/lib.rs - UserWatchCall (line 32032) - compile ... ok
[INFO] [stdout] test src/lib.rs - UserPhotoUpdateCall (line 31761) - compile ... ok
[INFO] [stdout] test src/lib.rs - VerificationCodeGenerateCall (line 5779) - compile ... ok
[INFO] [stdout] test src/lib.rs - VerificationCodeInvalidateCall (line 6008) - compile ... ok
[INFO] [stdout] test src/lib.rs - VerificationCodeListCall (line 6237) - compile ... ok
[INFO] [stdout] test src/lib.rs - VerificationCodeMethods (line 2813) - compile ... ok
[INFO] [stdout] test src/lib.rs - UserUpdateCall (line 32414) - compile ... ok
[INFO] [stdout] 
[INFO] [stdout] failures:
[INFO] [stdout] 
[INFO] [stdout] ---- src/lib.rs - OrgunitGetCall (line 8082) stdout ----
[INFO] [stdout] error[E0308]: mismatched types
[INFO] [stdout]     --> src/lib.rs:8100:47
[INFO] [stdout]      |
[INFO] [stdout] 19   | let result = hub.orgunits().get("customerId", "orgUnitPath")
[INFO] [stdout]      |                             ---               ^^^^^^^^^^^^^ expected `&Vec<String>`, found `&str`
[INFO] [stdout]      |                             |
[INFO] [stdout]      |                             arguments to this method are incorrect
[INFO] [stdout]      |
[INFO] [stdout]      = note: expected reference `&Vec<String>`
[INFO] [stdout]                 found reference `&'static str`
[INFO] [stdout] note: method defined here
[INFO] [stdout]     --> /opt/rustwide/workdir/src/lib.rs:3102:12
[INFO] [stdout]      |
[INFO] [stdout] 3102 |     pub fn get(&self, customer_id: &str, org_unit_path: &Vec<String>) -> OrgunitGetCall<'a, C, A> {
[INFO] [stdout]      |            ^^^
[INFO] [stdout] 
[INFO] [stdout] error: aborting due to 1 previous error
[INFO] [stdout] 
[INFO] [stdout] For more information about this error, try `rustc --explain E0308`.
[INFO] [stdout] Couldn't compile the test.
[INFO] [stdout] ---- src/lib.rs - OrgunitDeleteCall (line 8339) stdout ----
[INFO] [stdout] error[E0308]: mismatched types
[INFO] [stdout]     --> src/lib.rs:8357:50
[INFO] [stdout]      |
[INFO] [stdout] 19   | let result = hub.orgunits().delete("customerId", "orgUnitPath")
[INFO] [stdout]      |                             ------               ^^^^^^^^^^^^^ expected `&Vec<String>`, found `&str`
[INFO] [stdout]      |                             |
[INFO] [stdout]      |                             arguments to this method are incorrect
[INFO] [stdout]      |
[INFO] [stdout]      = note: expected reference `&Vec<String>`
[INFO] [stdout]                 found reference `&'static str`
[INFO] [stdout] note: method defined here
[INFO] [stdout]     --> /opt/rustwide/workdir/src/lib.rs:3121:12
[INFO] [stdout]      |
[INFO] [stdout] 3121 |     pub fn delete(&self, customer_id: &str, org_unit_path: &Vec<String>) -> OrgunitDeleteCall<'a, C, A> {
[INFO] [stdout]      |            ^^^^^^
[INFO] [stdout] 
[INFO] [stdout] error: aborting due to 1 previous error
[INFO] [stdout] 
[INFO] [stdout] For more information about this error, try `rustc --explain E0308`.
[INFO] [stdout] Couldn't compile the test.
[INFO] [stdout] ---- src/lib.rs - OrgunitPatchCall (line 8585) stdout ----
[INFO] [stdout] error[E0308]: mismatched types
[INFO] [stdout]     --> src/lib.rs:8609:54
[INFO] [stdout]      |
[INFO] [stdout] 25   | let result = hub.orgunits().patch(req, "customerId", "orgUnitPath")
[INFO] [stdout]      |                             -----                    ^^^^^^^^^^^^^ expected `&Vec<String>`, found `&str`
[INFO] [stdout]      |                             |
[INFO] [stdout]      |                             arguments to this method are incorrect
[INFO] [stdout]      |
[INFO] [stdout]      = note: expected reference `&Vec<String>`
[INFO] [stdout]                 found reference `&'static str`
[INFO] [stdout] note: method defined here
[INFO] [stdout]     --> /opt/rustwide/workdir/src/lib.rs:3141:12
[INFO] [stdout]      |
[INFO] [stdout] 3141 |     pub fn patch(&self, request: OrgUnit, customer_id: &str, org_unit_path: &Vec<String>) -> OrgunitPatchCall<'a, C, A> {
[INFO] [stdout]      |            ^^^^^
[INFO] [stdout] 
[INFO] [stdout] error: aborting due to 1 previous error
[INFO] [stdout] 
[INFO] [stdout] For more information about this error, try `rustc --explain E0308`.
[INFO] [stdout] Couldn't compile the test.
[INFO] [stdout] ---- src/lib.rs - OrgunitUpdateCall (line 7794) stdout ----
[INFO] [stdout] error[E0308]: mismatched types
[INFO] [stdout]     --> src/lib.rs:7818:55
[INFO] [stdout]      |
[INFO] [stdout] 25   | let result = hub.orgunits().update(req, "customerId", "orgUnitPath")
[INFO] [stdout]      |                             ------                    ^^^^^^^^^^^^^ expected `&Vec<String>`, found `&str`
[INFO] [stdout]      |                             |
[INFO] [stdout]      |                             arguments to this method are incorrect
[INFO] [stdout]      |
[INFO] [stdout]      = note: expected reference `&Vec<String>`
[INFO] [stdout]                 found reference `&'static str`
[INFO] [stdout] note: method defined here
[INFO] [stdout]     --> /opt/rustwide/workdir/src/lib.rs:3082:12
[INFO] [stdout]      |
[INFO] [stdout] 3082 |     pub fn update(&self, request: OrgUnit, customer_id: &str, org_unit_path: &Vec<String>) -> OrgunitUpdateCall<'a, C, A> {
[INFO] [stdout]      |            ^^^^^^
[INFO] [stdout] 
[INFO] [stdout] error: aborting due to 1 previous error
[INFO] [stdout] 
[INFO] [stdout] For more information about this error, try `rustc --explain E0308`.
[INFO] [stdout] Couldn't compile the test.
[INFO] [stdout] 
[INFO] [stdout] failures:
[INFO] [stdout]     src/lib.rs - OrgunitDeleteCall (line 8339)
[INFO] [stdout]     src/lib.rs - OrgunitGetCall (line 8082)
[INFO] [stdout]     src/lib.rs - OrgunitPatchCall (line 8585)
[INFO] [stdout]     src/lib.rs - OrgunitUpdateCall (line 7794)
[INFO] [stdout] 
[INFO] [stdout] test result: FAILED. 128 passed; 4 failed; 1 ignored; 0 measured; 0 filtered out; finished in 5.92s
[INFO] [stdout] 
[INFO] [stderr] error: doctest failed, to rerun pass `--doc`
[INFO] running `Command { std: "docker" "inspect" "683760c2826cb9bc9230568714c82fbce57660e9f10314a37bfaeae799a73554", kill_on_drop: false }`
[INFO] running `Command { std: "docker" "rm" "-f" "683760c2826cb9bc9230568714c82fbce57660e9f10314a37bfaeae799a73554", kill_on_drop: false }`
[INFO] [stdout] 683760c2826cb9bc9230568714c82fbce57660e9f10314a37bfaeae799a73554
