[INFO] fetching crate google-accesscontextmanager1 5.0.3+20230123...
[INFO] testing google-accesscontextmanager1-5.0.3+20230123 against 1.75.0 for beta-1.76-1
[INFO] extracting crate google-accesscontextmanager1 5.0.3+20230123 into /workspace/builds/worker-7-tc1/source
[INFO] validating manifest of crates.io crate google-accesscontextmanager1 5.0.3+20230123 on toolchain 1.75.0
[INFO] running `Command { std: CARGO_HOME="/workspace/cargo-home" RUSTUP_HOME="/workspace/rustup-home" "/workspace/cargo-home/bin/cargo" "+1.75.0" "metadata" "--manifest-path" "Cargo.toml" "--no-deps", kill_on_drop: false }`
[INFO] started tweaking crates.io crate google-accesscontextmanager1 5.0.3+20230123
[INFO] finished tweaking crates.io crate google-accesscontextmanager1 5.0.3+20230123
[INFO] tweaked toml for crates.io crate google-accesscontextmanager1 5.0.3+20230123 written to /workspace/builds/worker-7-tc1/source/Cargo.toml
[INFO] running `Command { std: CARGO_HOME="/workspace/cargo-home" RUSTUP_HOME="/workspace/rustup-home" "/workspace/cargo-home/bin/cargo" "+1.75.0" "generate-lockfile" "--manifest-path" "Cargo.toml", kill_on_drop: false }`
[INFO] [stderr]     Updating crates.io index
[INFO] running `Command { std: CARGO_HOME="/workspace/cargo-home" RUSTUP_HOME="/workspace/rustup-home" "/workspace/cargo-home/bin/cargo" "+1.75.0" "fetch" "--manifest-path" "Cargo.toml", kill_on_drop: false }`
[INFO] [stderr]  Downloading crates ...
[INFO] [stderr]   Downloaded rustls-pki-types v1.1.0
[INFO] [stderr]   Downloaded rustls-webpki v0.102.1
[INFO] [stderr]   Downloaded rustls v0.22.1
[INFO] [stderr]   Downloaded yup-oauth2 v8.3.2
[INFO] [stderr]   Downloaded google-apis-common v6.0.0
[INFO] running `Command { std: "docker" "create" "-v" "/var/lib/crater-agent-workspace/builds/worker-7-tc1/target:/opt/rustwide/target:rw,Z" "-v" "/var/lib/crater-agent-workspace/builds/worker-7-tc1/source:/opt/rustwide/workdir:ro,Z" "-v" "/var/lib/crater-agent-workspace/cargo-home:/opt/rustwide/cargo-home:ro,Z" "-v" "/var/lib/crater-agent-workspace/rustup-home:/opt/rustwide/rustup-home:ro,Z" "-e" "SOURCE_DIR=/opt/rustwide/workdir" "-e" "CARGO_TARGET_DIR=/opt/rustwide/target" "-e" "CARGO_HOME=/opt/rustwide/cargo-home" "-e" "RUSTUP_HOME=/opt/rustwide/rustup-home" "-w" "/opt/rustwide/workdir" "-m" "1610612736" "--user" "0:0" "--network" "none" "ghcr.io/rust-lang/crates-build-env/linux@sha256:2788e3201cd34a07e3172128adcd8b3090168a8e3bcc40d7c032b9dda1df7d1c" "/opt/rustwide/cargo-home/bin/cargo" "+1.75.0" "metadata" "--no-deps" "--format-version=1", kill_on_drop: false }`
[INFO] [stdout] 929400ee8e46bca47c9d372c88c063cab043ddcf41380c53d40ca7a0edf606d6
[INFO] running `Command { std: "docker" "start" "-a" "929400ee8e46bca47c9d372c88c063cab043ddcf41380c53d40ca7a0edf606d6", kill_on_drop: false }`
[INFO] running `Command { std: "docker" "inspect" "929400ee8e46bca47c9d372c88c063cab043ddcf41380c53d40ca7a0edf606d6", kill_on_drop: false }`
[INFO] running `Command { std: "docker" "rm" "-f" "929400ee8e46bca47c9d372c88c063cab043ddcf41380c53d40ca7a0edf606d6", kill_on_drop: false }`
[INFO] [stdout] 929400ee8e46bca47c9d372c88c063cab043ddcf41380c53d40ca7a0edf606d6
[INFO] running `Command { std: "docker" "create" "-v" "/var/lib/crater-agent-workspace/builds/worker-7-tc1/target:/opt/rustwide/target:rw,Z" "-v" "/var/lib/crater-agent-workspace/builds/worker-7-tc1/source:/opt/rustwide/workdir:ro,Z" "-v" "/var/lib/crater-agent-workspace/cargo-home:/opt/rustwide/cargo-home:ro,Z" "-v" "/var/lib/crater-agent-workspace/rustup-home:/opt/rustwide/rustup-home:ro,Z" "-e" "SOURCE_DIR=/opt/rustwide/workdir" "-e" "CARGO_TARGET_DIR=/opt/rustwide/target" "-e" "CARGO_INCREMENTAL=0" "-e" "RUST_BACKTRACE=full" "-e" "RUSTFLAGS=--cap-lints=warn" "-e" "RUSTDOCFLAGS=--cap-lints=warn" "-e" "CARGO_HOME=/opt/rustwide/cargo-home" "-e" "RUSTUP_HOME=/opt/rustwide/rustup-home" "-w" "/opt/rustwide/workdir" "-m" "1610612736" "--user" "0:0" "--network" "none" "ghcr.io/rust-lang/crates-build-env/linux@sha256:2788e3201cd34a07e3172128adcd8b3090168a8e3bcc40d7c032b9dda1df7d1c" "/opt/rustwide/cargo-home/bin/cargo" "+1.75.0" "build" "--frozen" "--message-format=json", kill_on_drop: false }`
[INFO] [stdout] 912c10f3aaf5dcab14703e622238ded5e3e698754218deca161d0ba9a2cab888
[INFO] running `Command { std: "docker" "start" "-a" "912c10f3aaf5dcab14703e622238ded5e3e698754218deca161d0ba9a2cab888", kill_on_drop: false }`
[INFO] [stderr]    Compiling proc-macro2 v1.0.75
[INFO] [stderr]    Compiling unicode-ident v1.0.12
[INFO] [stderr]    Compiling libc v0.2.151
[INFO] [stderr]    Compiling autocfg v1.1.0
[INFO] [stderr]    Compiling pin-project-lite v0.2.13
[INFO] [stderr]    Compiling fnv v1.0.7
[INFO] [stderr]    Compiling cfg-if v1.0.0
[INFO] [stderr]    Compiling untrusted v0.9.0
[INFO] [stderr]    Compiling spin v0.9.8
[INFO] [stderr]    Compiling futures-sink v0.3.30
[INFO] [stderr]    Compiling futures-core v0.3.30
[INFO] [stderr]    Compiling bytes v1.5.0
[INFO] [stderr]    Compiling serde v1.0.194
[INFO] [stderr]    Compiling itoa v1.0.10
[INFO] [stderr]    Compiling futures-io v0.3.30
[INFO] [stderr]    Compiling pin-utils v0.1.0
[INFO] [stderr]    Compiling tinyvec_macros v0.1.1
[INFO] [stderr]    Compiling memchr v2.7.1
[INFO] [stderr]    Compiling once_cell v1.19.0
[INFO] [stderr]    Compiling futures-task v0.3.30
[INFO] [stderr]    Compiling tinyvec v1.6.0
[INFO] [stderr]    Compiling unicode-bidi v0.3.14
[INFO] [stderr]    Compiling futures-channel v0.3.30
[INFO] [stderr]    Compiling hashbrown v0.14.3
[INFO] [stderr]    Compiling rustls v0.21.10
[INFO] [stderr]    Compiling ident_case v1.0.1
[INFO] [stderr]    Compiling strsim v0.10.0
[INFO] [stderr]    Compiling equivalent v1.0.1
[INFO] [stderr]    Compiling httparse v1.8.0
[INFO] [stderr]    Compiling tracing-core v0.1.32
[INFO] [stderr]    Compiling log v0.4.20
[INFO] [stderr]    Compiling base64 v0.21.5
[INFO] [stderr]    Compiling try-lock v0.2.5
[INFO] [stderr]    Compiling async-trait v0.1.77
[INFO] [stderr]    Compiling want v0.3.1
[INFO] [stderr]    Compiling httpdate v1.0.3
[INFO] [stderr]    Compiling slab v0.4.9
[INFO] [stderr]    Compiling num-traits v0.2.17
[INFO] [stderr]    Compiling http v0.2.11
[INFO] [stderr]    Compiling openssl-probe v0.1.5
[INFO] [stderr]    Compiling rustls-pemfile v1.0.4
[INFO] [stderr]    Compiling tracing v0.1.40
[INFO] [stderr]    Compiling percent-encoding v2.3.1
[INFO] [stderr]    Compiling serde_json v1.0.111
[INFO] [stderr]    Compiling anyhow v1.0.79
[INFO] [stderr]    Compiling tower-service v0.3.2
[INFO] [stderr]    Compiling indexmap v2.1.0
[INFO] [stderr]    Compiling either v1.9.0
[INFO] [stderr]    Compiling quote v1.0.35
[INFO] [stderr]    Compiling rustls-pki-types v1.1.0
[INFO] [stderr]    Compiling rustls v0.22.1
[INFO] [stderr]    Compiling powerfmt v0.2.0
[INFO] [stderr]    Compiling form_urlencoded v1.2.1
[INFO] [stderr]    Compiling rustls-native-certs v0.6.3
[INFO] [stderr]    Compiling unicode-normalization v0.1.22
[INFO] [stderr]    Compiling syn v2.0.48
[INFO] [stderr]    Compiling ryu v1.0.16
[INFO] [stderr]    Compiling subtle v2.5.0
[INFO] [stderr]    Compiling time-core v0.1.2
[INFO] [stderr]    Compiling cc v1.0.83
[INFO] [stderr]    Compiling getrandom v0.2.11
[INFO] [stderr]    Compiling mio v0.8.10
[INFO] [stderr]    Compiling socket2 v0.5.5
[INFO] [stderr]    Compiling num_threads v0.1.6
[INFO] [stderr]    Compiling matches v0.1.10
[INFO] [stderr]    Compiling zeroize v1.7.0
[INFO] [stderr]    Compiling itertools v0.12.0
[INFO] [stderr]    Compiling percent-encoding v1.0.1
[INFO] [stderr]    Compiling seahash v4.1.0
[INFO] [stderr]    Compiling http-body v0.4.6
[INFO] [stderr]    Compiling iana-time-zone v0.1.59
[INFO] [stderr]    Compiling itertools v0.10.5
[INFO] [stderr]    Compiling mime v0.3.17
[INFO] [stderr]    Compiling base64 v0.13.1
[INFO] [stderr]    Compiling idna v0.5.0
[INFO] [stderr]    Compiling idna v0.1.5
[INFO] [stderr]    Compiling url v2.5.0
[INFO] [stderr]    Compiling ring v0.17.7
[INFO] [stderr]    Compiling url v1.7.2
[INFO] [stderr]    Compiling darling_core v0.20.3
[INFO] [stderr]    Compiling serde_derive v1.0.194
[INFO] [stderr]    Compiling futures-macro v0.3.30
[INFO] [stderr]    Compiling tokio-macros v2.2.0
[INFO] [stderr]    Compiling rustls-webpki v0.101.7
[INFO] [stderr]    Compiling sct v0.7.1
[INFO] [stderr]    Compiling rustls-webpki v0.102.1
[INFO] [stderr]    Compiling tokio v1.35.1
[INFO] [stderr]    Compiling darling_macro v0.20.3
[INFO] [stderr]    Compiling futures-util v0.3.30
[INFO] [stderr]    Compiling darling v0.20.3
[INFO] [stderr]    Compiling serde_with_macros v2.3.3
[INFO] [stderr]    Compiling futures-executor v0.3.30
[INFO] [stderr]    Compiling futures v0.3.30
[INFO] [stderr]    Compiling tokio-util v0.7.10
[INFO] [stderr]    Compiling tokio-rustls v0.24.1
[INFO] [stderr]    Compiling h2 v0.3.22
[INFO] [stderr]    Compiling deranged v0.3.11
[INFO] [stderr]    Compiling serde_with v2.3.3
[INFO] [stderr]    Compiling chrono v0.4.31
[INFO] [stderr]    Compiling time v0.3.31
[INFO] [stderr]    Compiling hyper v0.14.28
[INFO] [stderr]    Compiling hyper-rustls v0.24.2
[INFO] [stderr]    Compiling yup-oauth2 v8.3.2
[INFO] [stderr]    Compiling google-apis-common v6.0.0
[INFO] [stderr]    Compiling google-accesscontextmanager1 v5.0.3+20230123 (/opt/rustwide/workdir)
[INFO] [stderr]     Finished dev [unoptimized + debuginfo] target(s) in 15.40s
[INFO] running `Command { std: "docker" "inspect" "912c10f3aaf5dcab14703e622238ded5e3e698754218deca161d0ba9a2cab888", kill_on_drop: false }`
[INFO] running `Command { std: "docker" "rm" "-f" "912c10f3aaf5dcab14703e622238ded5e3e698754218deca161d0ba9a2cab888", kill_on_drop: false }`
[INFO] [stdout] 912c10f3aaf5dcab14703e622238ded5e3e698754218deca161d0ba9a2cab888
[INFO] running `Command { std: "docker" "create" "-v" "/var/lib/crater-agent-workspace/builds/worker-7-tc1/target:/opt/rustwide/target:rw,Z" "-v" "/var/lib/crater-agent-workspace/builds/worker-7-tc1/source:/opt/rustwide/workdir:ro,Z" "-v" "/var/lib/crater-agent-workspace/cargo-home:/opt/rustwide/cargo-home:ro,Z" "-v" "/var/lib/crater-agent-workspace/rustup-home:/opt/rustwide/rustup-home:ro,Z" "-e" "SOURCE_DIR=/opt/rustwide/workdir" "-e" "CARGO_TARGET_DIR=/opt/rustwide/target" "-e" "CARGO_INCREMENTAL=0" "-e" "RUST_BACKTRACE=full" "-e" "RUSTFLAGS=--cap-lints=warn" "-e" "RUSTDOCFLAGS=--cap-lints=warn" "-e" "CARGO_HOME=/opt/rustwide/cargo-home" "-e" "RUSTUP_HOME=/opt/rustwide/rustup-home" "-w" "/opt/rustwide/workdir" "-m" "1610612736" "--user" "0:0" "--network" "none" "ghcr.io/rust-lang/crates-build-env/linux@sha256:2788e3201cd34a07e3172128adcd8b3090168a8e3bcc40d7c032b9dda1df7d1c" "/opt/rustwide/cargo-home/bin/cargo" "+1.75.0" "test" "--frozen" "--no-run" "--message-format=json", kill_on_drop: false }`
[INFO] [stdout] 04935883d3092582fe41a6b90aa56dd1ae6d1d285a7629337ef749c6573b8451
[INFO] running `Command { std: "docker" "start" "-a" "04935883d3092582fe41a6b90aa56dd1ae6d1d285a7629337ef749c6573b8451", kill_on_drop: false }`
[INFO] [stderr]    Compiling google-accesscontextmanager1 v5.0.3+20230123 (/opt/rustwide/workdir)
[INFO] [stderr]     Finished test [unoptimized + debuginfo] target(s) in 2.01s
[INFO] running `Command { std: "docker" "inspect" "04935883d3092582fe41a6b90aa56dd1ae6d1d285a7629337ef749c6573b8451", kill_on_drop: false }`
[INFO] running `Command { std: "docker" "rm" "-f" "04935883d3092582fe41a6b90aa56dd1ae6d1d285a7629337ef749c6573b8451", kill_on_drop: false }`
[INFO] [stdout] 04935883d3092582fe41a6b90aa56dd1ae6d1d285a7629337ef749c6573b8451
[INFO] running `Command { std: "docker" "create" "-v" "/var/lib/crater-agent-workspace/builds/worker-7-tc1/target:/opt/rustwide/target:rw,Z" "-v" "/var/lib/crater-agent-workspace/builds/worker-7-tc1/source:/opt/rustwide/workdir:ro,Z" "-v" "/var/lib/crater-agent-workspace/cargo-home:/opt/rustwide/cargo-home:ro,Z" "-v" "/var/lib/crater-agent-workspace/rustup-home:/opt/rustwide/rustup-home:ro,Z" "-e" "SOURCE_DIR=/opt/rustwide/workdir" "-e" "CARGO_TARGET_DIR=/opt/rustwide/target" "-e" "CARGO_INCREMENTAL=0" "-e" "RUST_BACKTRACE=full" "-e" "RUSTFLAGS=--cap-lints=warn" "-e" "RUSTDOCFLAGS=--cap-lints=warn" "-e" "CARGO_HOME=/opt/rustwide/cargo-home" "-e" "RUSTUP_HOME=/opt/rustwide/rustup-home" "-w" "/opt/rustwide/workdir" "-m" "1610612736" "--user" "0:0" "--network" "none" "ghcr.io/rust-lang/crates-build-env/linux@sha256:2788e3201cd34a07e3172128adcd8b3090168a8e3bcc40d7c032b9dda1df7d1c" "/opt/rustwide/cargo-home/bin/cargo" "+1.75.0" "test" "--frozen", kill_on_drop: false }`
[INFO] [stdout] 9018ca0dabc14f9d0c2f2b04a958157a454e6ffffd2c623c59f34d5ac45d9137
[INFO] running `Command { std: "docker" "start" "-a" "9018ca0dabc14f9d0c2f2b04a958157a454e6ffffd2c623c59f34d5ac45d9137", kill_on_drop: false }`
[INFO] [stderr]     Finished test [unoptimized + debuginfo] target(s) in 0.07s
[INFO] [stderr]      Running unittests src/lib.rs (/opt/rustwide/target/debug/deps/google_accesscontextmanager1-842b92b4b5f77a94)
[INFO] [stdout] 
[INFO] [stdout] running 0 tests
[INFO] [stdout] 
[INFO] [stdout] test result: ok. 0 passed; 0 failed; 0 ignored; 0 measured; 0 filtered out; finished in 0.00s
[INFO] [stdout] 
[INFO] [stderr]    Doc-tests google-accesscontextmanager1
[INFO] [stdout] 
[INFO] [stdout] running 43 tests
[INFO] [stdout] test src/api.rs - api::AccessContextManager (line 58) - compile ... ok
[INFO] [stdout] test src/api.rs - api::AccessPolicyAccessLevelGetCall (line 2613) - compile ... ok
[INFO] [stdout] test src/api.rs - api::AccessPolicyAccessLevelReplaceAllCall (line 3489) - compile ... ok
[INFO] [stdout] test src/api.rs - api::AccessPolicyAccessLevelListCall (line 2887) - compile ... ok
[INFO] [stdout] test src/api.rs - api::AccessPolicyAuthorizedOrgsDescListCall (line 4889) - compile ... ok
[INFO] [stdout] test src/api.rs - api::AccessPolicyAuthorizedOrgsDescDeleteCall (line 4365) - compile ... ok
[INFO] [stdout] test src/api.rs - api::AccessPolicyDeleteCall (line 8034) - compile ... ok
[INFO] [stdout] test src/api.rs - api::AccessPolicyAuthorizedOrgsDescGetCall (line 4627) - compile ... ok
[INFO] [stdout] test src/api.rs - api::AccessPolicyGetCall (line 8296) - compile ... ok
[INFO] [stdout] test src/api.rs - api::AccessPolicyCreateCall (line 7761) - compile ... ok
[INFO] [stdout] test src/api.rs - api::AccessPolicyAccessLevelCreateCall (line 2059) - compile ... ok
[INFO] [stdout] test src/api.rs - api::AccessPolicyAccessLevelTestIamPermissionCall (line 3781) - compile ... ok
[INFO] [stdout] test src/api.rs - api::AccessPolicyAuthorizedOrgsDescCreateCall (line 4073) - compile ... ok
[INFO] [stdout] test src/api.rs - api::AccessPolicyAccessLevelDeleteCall (line 2351) - compile ... ok
[INFO] [stdout] test src/api.rs - api::AccessPolicyAccessLevelPatchCall (line 3185) - compile ... FAILED
[INFO] [stdout] test src/api.rs - api::AccessPolicyAuthorizedOrgsDescPatchCall (line 5175) - compile ... FAILED
[INFO] [stdout] test src/api.rs - api::AccessPolicyServicePerimeterDeleteCall (line 6063) - compile ... ok
[INFO] [stdout] test src/api.rs - api::AccessPolicyServicePerimeterCreateCall (line 5771) - compile ... ok
[INFO] [stdout] test src/api.rs - api::AccessPolicyGetIamPolicyCall (line 8558) - compile ... ok
[INFO] [stdout] test src/api.rs - api::AccessPolicyListCall (line 8850) - compile ... ok
[INFO] [stdout] test src/api.rs - api::AccessPolicyServicePerimeterTestIamPermissionCall (line 7469) - compile ... ok
[INFO] [stdout] test src/api.rs - api::AccessPolicyMethods (line 1247) - compile ... ok
[INFO] [stdout] test src/api.rs - api::AccessPolicyServicePerimeterReplaceAllCall (line 7177) - compile ... ok
[INFO] [stdout] test src/api.rs - api::AccessPolicyServicePerimeterCommitCall (line 5479) - compile ... ok
[INFO] [stdout] test src/api.rs - api::AccessPolicyServicePerimeterListCall (line 6587) - compile ... ok
[INFO] [stdout] test src/api.rs - api::AccessPolicyPatchCall (line 9129) - compile ... FAILED
[INFO] [stdout] test src/lib.rs - (line 53) ... ignored
[INFO] [stdout] test src/api.rs - api::AccessPolicyServicePerimeterGetCall (line 6325) - compile ... ok
[INFO] [stdout] test src/api.rs - api::AccessPolicyTestIamPermissionCall (line 9725) - compile ... ok
[INFO] [stdout] test src/api.rs - api::AccessPolicySetIamPolicyCall (line 9433) - compile ... ok
[INFO] [stdout] test src/api.rs - api::AccessPolicyServicePerimeterPatchCall (line 6873) - compile ... FAILED
[INFO] [stdout] test src/api.rs - api::OperationCancelCall (line 10017) - compile ... ok
[INFO] [stdout] test src/api.rs - api::OperationDeleteCall (line 10309) - compile ... ok
[INFO] [stdout] test src/api.rs - api::OperationListCall (line 10833) - compile ... ok
[INFO] [stdout] test src/api.rs - api::OrganizationGcpUserAccessBindingListCall (line 11947) - compile ... ok
[INFO] [stdout] test src/api.rs - api::OrganizationMethods (line 1918) - compile ... ok
[INFO] [stdout] test src/api.rs - api::OperationGetCall (line 10571) - compile ... ok
[INFO] [stdout] test src/api.rs - api::OrganizationGcpUserAccessBindingGetCall (line 11685) - compile ... ok
[INFO] [stdout] test src/api.rs - api::OrganizationGcpUserAccessBindingCreateCall (line 11131) - compile ... ok
[INFO] [stdout] test src/api.rs - api::OrganizationGcpUserAccessBindingDeleteCall (line 11423) - compile ... ok
[INFO] [stdout] test src/api.rs - api::OperationMethods (line 1804) - compile ... ok
[INFO] [stdout] test src/lib.rs - (line 98) - compile ... ok
[INFO] [stdout] test src/api.rs - api::OrganizationGcpUserAccessBindingPatchCall (line 12233) - compile ... FAILED
[INFO] [stdout] 
[INFO] [stdout] failures:
[INFO] [stdout] 
[INFO] [stdout] ---- src/api.rs - api::AccessPolicyAccessLevelPatchCall (line 3185) stdout ----
[INFO] [stdout] error[E0308]: mismatched types
[INFO] [stdout]     --> src/api.rs:3209:27
[INFO] [stdout]      |
[INFO] [stdout] 25   |              .update_mask(&Default::default())
[INFO] [stdout]      |               ----------- ^^^^^^^^^^^^^^^^^^^ expected `FieldMask`, found `&_`
[INFO] [stdout]      |               |
[INFO] [stdout]      |               arguments to this method are incorrect
[INFO] [stdout]      |
[INFO] [stdout]      = note: expected struct `FieldMask`
[INFO] [stdout]              found reference `&_`
[INFO] [stdout] note: method defined here
[INFO] [stdout]     --> /opt/rustwide/workdir/src/api.rs:3400:12
[INFO] [stdout]      |
[INFO] [stdout] 3400 |     pub fn update_mask(mut self, new_value: client::FieldMask) -> AccessPolicyAccessLevelPatchCall<'a, S> {
[INFO] [stdout]      |            ^^^^^^^^^^^
[INFO] [stdout] help: consider removing the borrow
[INFO] [stdout]      |
[INFO] [stdout] 25   -              .update_mask(&Default::default())
[INFO] [stdout] 25   +              .update_mask(Default::default())
[INFO] [stdout]      |
[INFO] [stdout] 
[INFO] [stdout] error: aborting due to previous error
[INFO] [stdout] 
[INFO] [stdout] For more information about this error, try `rustc --explain E0308`.
[INFO] [stdout] Couldn't compile the test.
[INFO] [stdout] ---- src/api.rs - api::AccessPolicyAuthorizedOrgsDescPatchCall (line 5175) stdout ----
[INFO] [stdout] error[E0308]: mismatched types
[INFO] [stdout]     --> src/api.rs:5199:27
[INFO] [stdout]      |
[INFO] [stdout] 25   |              .update_mask(&Default::default())
[INFO] [stdout]      |               ----------- ^^^^^^^^^^^^^^^^^^^ expected `FieldMask`, found `&_`
[INFO] [stdout]      |               |
[INFO] [stdout]      |               arguments to this method are incorrect
[INFO] [stdout]      |
[INFO] [stdout]      = note: expected struct `FieldMask`
[INFO] [stdout]              found reference `&_`
[INFO] [stdout] note: method defined here
[INFO] [stdout]     --> /opt/rustwide/workdir/src/api.rs:5390:12
[INFO] [stdout]      |
[INFO] [stdout] 5390 |     pub fn update_mask(mut self, new_value: client::FieldMask) -> AccessPolicyAuthorizedOrgsDescPatchCall<'a, S> {
[INFO] [stdout]      |            ^^^^^^^^^^^
[INFO] [stdout] help: consider removing the borrow
[INFO] [stdout]      |
[INFO] [stdout] 25   -              .update_mask(&Default::default())
[INFO] [stdout] 25   +              .update_mask(Default::default())
[INFO] [stdout]      |
[INFO] [stdout] 
[INFO] [stdout] error: aborting due to previous error
[INFO] [stdout] 
[INFO] [stdout] For more information about this error, try `rustc --explain E0308`.
[INFO] [stdout] Couldn't compile the test.
[INFO] [stdout] ---- src/api.rs - api::AccessPolicyPatchCall (line 9129) stdout ----
[INFO] [stdout] error[E0308]: mismatched types
[INFO] [stdout]     --> src/api.rs:9153:27
[INFO] [stdout]      |
[INFO] [stdout] 25   |              .update_mask(&Default::default())
[INFO] [stdout]      |               ----------- ^^^^^^^^^^^^^^^^^^^ expected `FieldMask`, found `&_`
[INFO] [stdout]      |               |
[INFO] [stdout]      |               arguments to this method are incorrect
[INFO] [stdout]      |
[INFO] [stdout]      = note: expected struct `FieldMask`
[INFO] [stdout]              found reference `&_`
[INFO] [stdout] note: method defined here
[INFO] [stdout]     --> /opt/rustwide/workdir/src/api.rs:9344:12
[INFO] [stdout]      |
[INFO] [stdout] 9344 |     pub fn update_mask(mut self, new_value: client::FieldMask) -> AccessPolicyPatchCall<'a, S> {
[INFO] [stdout]      |            ^^^^^^^^^^^
[INFO] [stdout] help: consider removing the borrow
[INFO] [stdout]      |
[INFO] [stdout] 25   -              .update_mask(&Default::default())
[INFO] [stdout] 25   +              .update_mask(Default::default())
[INFO] [stdout]      |
[INFO] [stdout] 
[INFO] [stdout] error: aborting due to previous error
[INFO] [stdout] 
[INFO] [stdout] For more information about this error, try `rustc --explain E0308`.
[INFO] [stdout] Couldn't compile the test.
[INFO] [stdout] ---- src/api.rs - api::AccessPolicyServicePerimeterPatchCall (line 6873) stdout ----
[INFO] [stdout] error[E0308]: mismatched types
[INFO] [stdout]     --> src/api.rs:6897:27
[INFO] [stdout]      |
[INFO] [stdout] 25   |              .update_mask(&Default::default())
[INFO] [stdout]      |               ----------- ^^^^^^^^^^^^^^^^^^^ expected `FieldMask`, found `&_`
[INFO] [stdout]      |               |
[INFO] [stdout]      |               arguments to this method are incorrect
[INFO] [stdout]      |
[INFO] [stdout]      = note: expected struct `FieldMask`
[INFO] [stdout]              found reference `&_`
[INFO] [stdout] note: method defined here
[INFO] [stdout]     --> /opt/rustwide/workdir/src/api.rs:7088:12
[INFO] [stdout]      |
[INFO] [stdout] 7088 |     pub fn update_mask(mut self, new_value: client::FieldMask) -> AccessPolicyServicePerimeterPatchCall<'a, S> {
[INFO] [stdout]      |            ^^^^^^^^^^^
[INFO] [stdout] help: consider removing the borrow
[INFO] [stdout]      |
[INFO] [stdout] 25   -              .update_mask(&Default::default())
[INFO] [stdout] 25   +              .update_mask(Default::default())
[INFO] [stdout]      |
[INFO] [stdout] 
[INFO] [stdout] error: aborting due to previous error
[INFO] [stdout] 
[INFO] [stdout] For more information about this error, try `rustc --explain E0308`.
[INFO] [stdout] Couldn't compile the test.
[INFO] [stdout] ---- src/api.rs - api::OrganizationGcpUserAccessBindingPatchCall (line 12233) stdout ----
[INFO] [stdout] error[E0308]: mismatched types
[INFO] [stdout]      --> src/api.rs:12257:27
[INFO] [stdout]       |
[INFO] [stdout] 25    |              .update_mask(&Default::default())
[INFO] [stdout]       |               ----------- ^^^^^^^^^^^^^^^^^^^ expected `FieldMask`, found `&_`
[INFO] [stdout]       |               |
[INFO] [stdout]       |               arguments to this method are incorrect
[INFO] [stdout]       |
[INFO] [stdout]       = note: expected struct `FieldMask`
[INFO] [stdout]               found reference `&_`
[INFO] [stdout] note: method defined here
[INFO] [stdout]      --> /opt/rustwide/workdir/src/api.rs:12448:12
[INFO] [stdout]       |
[INFO] [stdout] 12448 |     pub fn update_mask(mut self, new_value: client::FieldMask) -> OrganizationGcpUserAccessBindingPatchCall<'a, S> {
[INFO] [stdout]       |            ^^^^^^^^^^^
[INFO] [stdout] help: consider removing the borrow
[INFO] [stdout]       |
[INFO] [stdout] 25    -              .update_mask(&Default::default())
[INFO] [stdout] 25    +              .update_mask(Default::default())
[INFO] [stdout]       |
[INFO] [stdout] 
[INFO] [stdout] error: aborting due to previous error
[INFO] [stdout] 
[INFO] [stdout] For more information about this error, try `rustc --explain E0308`.
[INFO] [stdout] Couldn't compile the test.
[INFO] [stdout] 
[INFO] [stdout] failures:
[INFO] [stdout]     src/api.rs - api::AccessPolicyAccessLevelPatchCall (line 3185)
[INFO] [stdout]     src/api.rs - api::AccessPolicyAuthorizedOrgsDescPatchCall (line 5175)
[INFO] [stdout]     src/api.rs - api::AccessPolicyPatchCall (line 9129)
[INFO] [stdout]     src/api.rs - api::AccessPolicyServicePerimeterPatchCall (line 6873)
[INFO] [stdout]     src/api.rs - api::OrganizationGcpUserAccessBindingPatchCall (line 12233)
[INFO] [stdout] 
[INFO] [stdout] test result: FAILED. 37 passed; 5 failed; 1 ignored; 0 measured; 0 filtered out; finished in 0.31s
[INFO] [stdout] 
[INFO] [stderr] error: doctest failed, to rerun pass `--doc`
[INFO] running `Command { std: "docker" "inspect" "9018ca0dabc14f9d0c2f2b04a958157a454e6ffffd2c623c59f34d5ac45d9137", kill_on_drop: false }`
[INFO] running `Command { std: "docker" "rm" "-f" "9018ca0dabc14f9d0c2f2b04a958157a454e6ffffd2c623c59f34d5ac45d9137", kill_on_drop: false }`
[INFO] [stdout] 9018ca0dabc14f9d0c2f2b04a958157a454e6ffffd2c623c59f34d5ac45d9137
[INFO] testing google-accesscontextmanager1-5.0.3+20230123 against beta-2023-12-22 for beta-1.76-1
[INFO] extracting crate google-accesscontextmanager1 5.0.3+20230123 into /workspace/builds/worker-7-tc2/source
[INFO] validating manifest of crates.io crate google-accesscontextmanager1 5.0.3+20230123 on toolchain beta-2023-12-22
[INFO] running `Command { std: CARGO_HOME="/workspace/cargo-home" RUSTUP_HOME="/workspace/rustup-home" "/workspace/cargo-home/bin/cargo" "+beta-2023-12-22" "metadata" "--manifest-path" "Cargo.toml" "--no-deps", kill_on_drop: false }`
[INFO] started tweaking crates.io crate google-accesscontextmanager1 5.0.3+20230123
[INFO] finished tweaking crates.io crate google-accesscontextmanager1 5.0.3+20230123
[INFO] tweaked toml for crates.io crate google-accesscontextmanager1 5.0.3+20230123 written to /workspace/builds/worker-7-tc2/source/Cargo.toml
[INFO] running `Command { std: CARGO_HOME="/workspace/cargo-home" RUSTUP_HOME="/workspace/rustup-home" "/workspace/cargo-home/bin/cargo" "+beta-2023-12-22" "generate-lockfile" "--manifest-path" "Cargo.toml", kill_on_drop: false }`
[INFO] [stderr]     Updating crates.io index
[INFO] running `Command { std: CARGO_HOME="/workspace/cargo-home" RUSTUP_HOME="/workspace/rustup-home" "/workspace/cargo-home/bin/cargo" "+beta-2023-12-22" "fetch" "--manifest-path" "Cargo.toml", kill_on_drop: false }`
[INFO] running `Command { std: "docker" "create" "-v" "/var/lib/crater-agent-workspace/builds/worker-7-tc2/target:/opt/rustwide/target:rw,Z" "-v" "/var/lib/crater-agent-workspace/builds/worker-7-tc2/source:/opt/rustwide/workdir:ro,Z" "-v" "/var/lib/crater-agent-workspace/cargo-home:/opt/rustwide/cargo-home:ro,Z" "-v" "/var/lib/crater-agent-workspace/rustup-home:/opt/rustwide/rustup-home:ro,Z" "-e" "SOURCE_DIR=/opt/rustwide/workdir" "-e" "CARGO_TARGET_DIR=/opt/rustwide/target" "-e" "CARGO_HOME=/opt/rustwide/cargo-home" "-e" "RUSTUP_HOME=/opt/rustwide/rustup-home" "-w" "/opt/rustwide/workdir" "-m" "1610612736" "--user" "0:0" "--network" "none" "ghcr.io/rust-lang/crates-build-env/linux@sha256:2788e3201cd34a07e3172128adcd8b3090168a8e3bcc40d7c032b9dda1df7d1c" "/opt/rustwide/cargo-home/bin/cargo" "+beta-2023-12-22" "metadata" "--no-deps" "--format-version=1", kill_on_drop: false }`
[INFO] [stdout] 7a1fbcd1f5a7f36da187451802d0a62e38bcbed9644f4173cfd464418b8a9fc3
[INFO] running `Command { std: "docker" "start" "-a" "7a1fbcd1f5a7f36da187451802d0a62e38bcbed9644f4173cfd464418b8a9fc3", kill_on_drop: false }`
[INFO] running `Command { std: "docker" "inspect" "7a1fbcd1f5a7f36da187451802d0a62e38bcbed9644f4173cfd464418b8a9fc3", kill_on_drop: false }`
[INFO] running `Command { std: "docker" "rm" "-f" "7a1fbcd1f5a7f36da187451802d0a62e38bcbed9644f4173cfd464418b8a9fc3", kill_on_drop: false }`
[INFO] [stdout] 7a1fbcd1f5a7f36da187451802d0a62e38bcbed9644f4173cfd464418b8a9fc3
[INFO] running `Command { std: "docker" "create" "-v" "/var/lib/crater-agent-workspace/builds/worker-7-tc2/target:/opt/rustwide/target:rw,Z" "-v" "/var/lib/crater-agent-workspace/builds/worker-7-tc2/source:/opt/rustwide/workdir:ro,Z" "-v" "/var/lib/crater-agent-workspace/cargo-home:/opt/rustwide/cargo-home:ro,Z" "-v" "/var/lib/crater-agent-workspace/rustup-home:/opt/rustwide/rustup-home:ro,Z" "-e" "SOURCE_DIR=/opt/rustwide/workdir" "-e" "CARGO_TARGET_DIR=/opt/rustwide/target" "-e" "CARGO_INCREMENTAL=0" "-e" "RUST_BACKTRACE=full" "-e" "RUSTFLAGS=--cap-lints=warn" "-e" "RUSTDOCFLAGS=--cap-lints=warn" "-e" "CARGO_HOME=/opt/rustwide/cargo-home" "-e" "RUSTUP_HOME=/opt/rustwide/rustup-home" "-w" "/opt/rustwide/workdir" "-m" "1610612736" "--user" "0:0" "--network" "none" "ghcr.io/rust-lang/crates-build-env/linux@sha256:2788e3201cd34a07e3172128adcd8b3090168a8e3bcc40d7c032b9dda1df7d1c" "/opt/rustwide/cargo-home/bin/cargo" "+beta-2023-12-22" "build" "--frozen" "--message-format=json", kill_on_drop: false }`
[INFO] [stdout] 165d573fa88ee511e1f27a40c7385aa5212187f5192a38684229ed73c970696c
[INFO] running `Command { std: "docker" "start" "-a" "165d573fa88ee511e1f27a40c7385aa5212187f5192a38684229ed73c970696c", kill_on_drop: false }`
[INFO] [stderr]    Compiling proc-macro2 v1.0.75
[INFO] [stderr]    Compiling unicode-ident v1.0.12
[INFO] [stderr]    Compiling libc v0.2.151
[INFO] [stderr]    Compiling autocfg v1.1.0
[INFO] [stderr]    Compiling pin-project-lite v0.2.13
[INFO] [stderr]    Compiling fnv v1.0.7
[INFO] [stderr]    Compiling cfg-if v1.0.0
[INFO] [stderr]    Compiling futures-sink v0.3.30
[INFO] [stderr]    Compiling bytes v1.5.0
[INFO] [stderr]    Compiling futures-core v0.3.30
[INFO] [stderr]    Compiling untrusted v0.9.0
[INFO] [stderr]    Compiling spin v0.9.8
[INFO] [stderr]    Compiling serde v1.0.194
[INFO] [stderr]    Compiling itoa v1.0.10
[INFO] [stderr]    Compiling memchr v2.7.1
[INFO] [stderr]    Compiling once_cell v1.19.0
[INFO] [stderr]    Compiling futures-task v0.3.30
[INFO] [stderr]    Compiling tinyvec_macros v0.1.1
[INFO] [stderr]    Compiling pin-utils v0.1.0
[INFO] [stderr]    Compiling futures-io v0.3.30
[INFO] [stderr]    Compiling httparse v1.8.0
[INFO] [stderr]    Compiling log v0.4.20
[INFO] [stderr]    Compiling futures-channel v0.3.30
[INFO] [stderr]    Compiling tinyvec v1.6.0
[INFO] [stderr]    Compiling ident_case v1.0.1
[INFO] [stderr]    Compiling unicode-bidi v0.3.14
[INFO] [stderr]    Compiling tracing-core v0.1.32
[INFO] [stderr]    Compiling hashbrown v0.14.3
[INFO] [stderr]    Compiling equivalent v1.0.1
[INFO] [stderr]    Compiling rustls v0.21.10
[INFO] [stderr]    Compiling strsim v0.10.0
[INFO] [stderr]    Compiling base64 v0.21.5
[INFO] [stderr]    Compiling try-lock v0.2.5
[INFO] [stderr]    Compiling rustls v0.22.1
[INFO] [stderr]    Compiling slab v0.4.9
[INFO] [stderr]    Compiling num-traits v0.2.17
[INFO] [stderr]    Compiling want v0.3.1
[INFO] [stderr]    Compiling http v0.2.11
[INFO] [stderr]    Compiling tower-service v0.3.2
[INFO] [stderr]    Compiling tracing v0.1.40
[INFO] [stderr]    Compiling rustls-pemfile v1.0.4
[INFO] [stderr]    Compiling serde_json v1.0.111
[INFO] [stderr]    Compiling rustls-pki-types v1.1.0
[INFO] [stderr]    Compiling anyhow v1.0.79
[INFO] [stderr]    Compiling httpdate v1.0.3
[INFO] [stderr]    Compiling percent-encoding v2.3.1
[INFO] [stderr]    Compiling indexmap v2.1.0
[INFO] [stderr]    Compiling powerfmt v0.2.0
[INFO] [stderr]    Compiling quote v1.0.35
[INFO] [stderr]    Compiling openssl-probe v0.1.5
[INFO] [stderr]    Compiling async-trait v0.1.77
[INFO] [stderr]    Compiling unicode-normalization v0.1.22
[INFO] [stderr]    Compiling either v1.9.0
[INFO] [stderr]    Compiling rustls-native-certs v0.6.3
[INFO] [stderr]    Compiling syn v2.0.48
[INFO] [stderr]    Compiling form_urlencoded v1.2.1
[INFO] [stderr]    Compiling matches v0.1.10
[INFO] [stderr]    Compiling cc v1.0.83
[INFO] [stderr]    Compiling getrandom v0.2.11
[INFO] [stderr]    Compiling socket2 v0.5.5
[INFO] [stderr]    Compiling mio v0.8.10
[INFO] [stderr]    Compiling num_threads v0.1.6
[INFO] [stderr]    Compiling zeroize v1.7.0
[INFO] [stderr]    Compiling time-core v0.1.2
[INFO] [stderr]    Compiling subtle v2.5.0
[INFO] [stderr]    Compiling ryu v1.0.16
[INFO] [stderr]    Compiling itertools v0.12.0
[INFO] [stderr]    Compiling http-body v0.4.6
[INFO] [stderr]    Compiling seahash v4.1.0
[INFO] [stderr]    Compiling iana-time-zone v0.1.59
[INFO] [stderr]    Compiling percent-encoding v1.0.1
[INFO] [stderr]    Compiling itertools v0.10.5
[INFO] [stderr]    Compiling mime v0.3.17
[INFO] [stderr]    Compiling base64 v0.13.1
[INFO] [stderr]    Compiling idna v0.5.0
[INFO] [stderr]    Compiling idna v0.1.5
[INFO] [stderr]    Compiling url v1.7.2
[INFO] [stderr]    Compiling url v2.5.0
[INFO] [stderr]    Compiling ring v0.17.7
[INFO] [stderr]    Compiling darling_core v0.20.3
[INFO] [stderr]    Compiling serde_derive v1.0.194
[INFO] [stderr]    Compiling tokio-macros v2.2.0
[INFO] [stderr]    Compiling futures-macro v0.3.30
[INFO] [stderr]    Compiling sct v0.7.1
[INFO] [stderr]    Compiling rustls-webpki v0.101.7
[INFO] [stderr]    Compiling rustls-webpki v0.102.1
[INFO] [stderr]    Compiling tokio v1.35.1
[INFO] [stderr]    Compiling darling_macro v0.20.3
[INFO] [stderr]    Compiling futures-util v0.3.30
[INFO] [stderr]    Compiling darling v0.20.3
[INFO] [stderr]    Compiling serde_with_macros v2.3.3
[INFO] [stderr]    Compiling futures-executor v0.3.30
[INFO] [stderr]    Compiling futures v0.3.30
[INFO] [stderr]    Compiling tokio-util v0.7.10
[INFO] [stderr]    Compiling tokio-rustls v0.24.1
[INFO] [stderr]    Compiling h2 v0.3.22
[INFO] [stderr]    Compiling deranged v0.3.11
[INFO] [stderr]    Compiling serde_with v2.3.3
[INFO] [stderr]    Compiling chrono v0.4.31
[INFO] [stderr]    Compiling time v0.3.31
[INFO] [stderr]    Compiling hyper v0.14.28
[INFO] [stderr]    Compiling hyper-rustls v0.24.2
[INFO] [stderr]    Compiling yup-oauth2 v8.3.2
[INFO] [stderr]    Compiling google-apis-common v6.0.0
[INFO] [stderr]    Compiling google-accesscontextmanager1 v5.0.3+20230123 (/opt/rustwide/workdir)
[INFO] [stderr]     Finished dev [unoptimized + debuginfo] target(s) in 17.56s
[INFO] running `Command { std: "docker" "inspect" "165d573fa88ee511e1f27a40c7385aa5212187f5192a38684229ed73c970696c", kill_on_drop: false }`
[INFO] running `Command { std: "docker" "rm" "-f" "165d573fa88ee511e1f27a40c7385aa5212187f5192a38684229ed73c970696c", kill_on_drop: false }`
[INFO] [stdout] 165d573fa88ee511e1f27a40c7385aa5212187f5192a38684229ed73c970696c
[INFO] running `Command { std: "docker" "create" "-v" "/var/lib/crater-agent-workspace/builds/worker-7-tc2/target:/opt/rustwide/target:rw,Z" "-v" "/var/lib/crater-agent-workspace/builds/worker-7-tc2/source:/opt/rustwide/workdir:ro,Z" "-v" "/var/lib/crater-agent-workspace/cargo-home:/opt/rustwide/cargo-home:ro,Z" "-v" "/var/lib/crater-agent-workspace/rustup-home:/opt/rustwide/rustup-home:ro,Z" "-e" "SOURCE_DIR=/opt/rustwide/workdir" "-e" "CARGO_TARGET_DIR=/opt/rustwide/target" "-e" "CARGO_INCREMENTAL=0" "-e" "RUST_BACKTRACE=full" "-e" "RUSTFLAGS=--cap-lints=warn" "-e" "RUSTDOCFLAGS=--cap-lints=warn" "-e" "CARGO_HOME=/opt/rustwide/cargo-home" "-e" "RUSTUP_HOME=/opt/rustwide/rustup-home" "-w" "/opt/rustwide/workdir" "-m" "1610612736" "--user" "0:0" "--network" "none" "ghcr.io/rust-lang/crates-build-env/linux@sha256:2788e3201cd34a07e3172128adcd8b3090168a8e3bcc40d7c032b9dda1df7d1c" "/opt/rustwide/cargo-home/bin/cargo" "+beta-2023-12-22" "test" "--frozen" "--no-run" "--message-format=json", kill_on_drop: false }`
[INFO] [stdout] cfdd9848b6a0bdbb55ceee84a5bc7985a26adfd80ce5f207dba015fd8284c03d
[INFO] running `Command { std: "docker" "start" "-a" "cfdd9848b6a0bdbb55ceee84a5bc7985a26adfd80ce5f207dba015fd8284c03d", kill_on_drop: false }`
[INFO] [stderr]    Compiling google-accesscontextmanager1 v5.0.3+20230123 (/opt/rustwide/workdir)
[INFO] [stderr]     Finished test [unoptimized + debuginfo] target(s) in 1.84s
[INFO] running `Command { std: "docker" "inspect" "cfdd9848b6a0bdbb55ceee84a5bc7985a26adfd80ce5f207dba015fd8284c03d", kill_on_drop: false }`
[INFO] running `Command { std: "docker" "rm" "-f" "cfdd9848b6a0bdbb55ceee84a5bc7985a26adfd80ce5f207dba015fd8284c03d", kill_on_drop: false }`
[INFO] [stdout] cfdd9848b6a0bdbb55ceee84a5bc7985a26adfd80ce5f207dba015fd8284c03d
[INFO] running `Command { std: "docker" "create" "-v" "/var/lib/crater-agent-workspace/builds/worker-7-tc2/target:/opt/rustwide/target:rw,Z" "-v" "/var/lib/crater-agent-workspace/builds/worker-7-tc2/source:/opt/rustwide/workdir:ro,Z" "-v" "/var/lib/crater-agent-workspace/cargo-home:/opt/rustwide/cargo-home:ro,Z" "-v" "/var/lib/crater-agent-workspace/rustup-home:/opt/rustwide/rustup-home:ro,Z" "-e" "SOURCE_DIR=/opt/rustwide/workdir" "-e" "CARGO_TARGET_DIR=/opt/rustwide/target" "-e" "CARGO_INCREMENTAL=0" "-e" "RUST_BACKTRACE=full" "-e" "RUSTFLAGS=--cap-lints=warn" "-e" "RUSTDOCFLAGS=--cap-lints=warn" "-e" "CARGO_HOME=/opt/rustwide/cargo-home" "-e" "RUSTUP_HOME=/opt/rustwide/rustup-home" "-w" "/opt/rustwide/workdir" "-m" "1610612736" "--user" "0:0" "--network" "none" "ghcr.io/rust-lang/crates-build-env/linux@sha256:2788e3201cd34a07e3172128adcd8b3090168a8e3bcc40d7c032b9dda1df7d1c" "/opt/rustwide/cargo-home/bin/cargo" "+beta-2023-12-22" "test" "--frozen", kill_on_drop: false }`
[INFO] [stdout] b3eb6bcd90f331b535213697c60679b0a3e08c7163e7f91756b699360055c8ac
[INFO] running `Command { std: "docker" "start" "-a" "b3eb6bcd90f331b535213697c60679b0a3e08c7163e7f91756b699360055c8ac", kill_on_drop: false }`
[INFO] [stderr]     Finished test [unoptimized + debuginfo] target(s) in 0.07s
[INFO] [stderr]      Running unittests src/lib.rs (/opt/rustwide/target/debug/deps/google_accesscontextmanager1-ca81f8fdae3fa639)
[INFO] [stdout] 
[INFO] [stdout] running 0 tests
[INFO] [stdout] 
[INFO] [stdout] test result: ok. 0 passed; 0 failed; 0 ignored; 0 measured; 0 filtered out; finished in 0.00s
[INFO] [stdout] 
[INFO] [stderr]    Doc-tests google-accesscontextmanager1
[INFO] [stdout] 
[INFO] [stdout] running 43 tests
[INFO] [stdout] test src/api.rs - api::AccessPolicyAccessLevelReplaceAllCall (line 3489) - compile ... ok
[INFO] [stdout] test src/api.rs - api::AccessPolicyAccessLevelDeleteCall (line 2351) - compile ... ok
[INFO] [stdout] test src/api.rs - api::AccessContextManager (line 58) - compile ... ok
[INFO] [stdout] test src/api.rs - api::AccessPolicyAccessLevelListCall (line 2887) - compile ... ok
[INFO] [stdout] test src/api.rs - api::AccessPolicyAccessLevelGetCall (line 2613) - compile ... ok
[INFO] [stdout] test src/api.rs - api::AccessPolicyGetCall (line 8296) - compile ... ok
[INFO] [stdout] test src/api.rs - api::AccessPolicyAuthorizedOrgsDescDeleteCall (line 4365) - compile ... ok
[INFO] [stdout] test src/api.rs - api::AccessPolicyDeleteCall (line 8034) - compile ... ok
[INFO] [stdout] test src/api.rs - api::AccessPolicyAccessLevelCreateCall (line 2059) - compile ... ok
[INFO] [stdout] test src/api.rs - api::AccessPolicyAccessLevelTestIamPermissionCall (line 3781) - compile ... ok
[INFO] [stdout] test src/api.rs - api::AccessPolicyAuthorizedOrgsDescListCall (line 4889) - compile ... ok
[INFO] [stdout] test src/api.rs - api::AccessPolicyAuthorizedOrgsDescCreateCall (line 4073) - compile ... ok
[INFO] [stdout] test src/api.rs - api::AccessPolicyAuthorizedOrgsDescGetCall (line 4627) - compile ... ok
[INFO] [stdout] test src/api.rs - api::AccessPolicyCreateCall (line 7761) - compile ... ok
[INFO] [stdout] test src/api.rs - api::AccessPolicyAuthorizedOrgsDescPatchCall (line 5175) - compile ... FAILED
[INFO] [stdout] test src/api.rs - api::AccessPolicyAccessLevelPatchCall (line 3185) - compile ... FAILED
[INFO] [stdout] test src/api.rs - api::AccessPolicyListCall (line 8850) - compile ... ok
[INFO] [stdout] test src/api.rs - api::AccessPolicyServicePerimeterCreateCall (line 5771) - compile ... ok
[INFO] [stdout] test src/api.rs - api::AccessPolicyServicePerimeterCommitCall (line 5479) - compile ... ok
[INFO] [stdout] test src/api.rs - api::AccessPolicyServicePerimeterListCall (line 6587) - compile ... ok
[INFO] [stdout] test src/api.rs - api::AccessPolicyServicePerimeterDeleteCall (line 6063) - compile ... ok
[INFO] [stdout] test src/api.rs - api::AccessPolicyServicePerimeterGetCall (line 6325) - compile ... ok
[INFO] [stdout] test src/api.rs - api::AccessPolicyServicePerimeterTestIamPermissionCall (line 7469) - compile ... ok
[INFO] [stdout] test src/api.rs - api::AccessPolicyServicePerimeterReplaceAllCall (line 7177) - compile ... ok
[INFO] [stdout] test src/api.rs - api::AccessPolicyGetIamPolicyCall (line 8558) - compile ... ok
[INFO] [stdout] test src/api.rs - api::AccessPolicyPatchCall (line 9129) - compile ... FAILED
[INFO] [stdout] test src/lib.rs - (line 53) ... ignored
[INFO] [stdout] test src/api.rs - api::AccessPolicyMethods (line 1247) - compile ... ok
[INFO] [stdout] test src/api.rs - api::AccessPolicyTestIamPermissionCall (line 9725) - compile ... ok
[INFO] [stdout] test src/api.rs - api::AccessPolicySetIamPolicyCall (line 9433) - compile ... ok
[INFO] [stdout] test src/api.rs - api::AccessPolicyServicePerimeterPatchCall (line 6873) - compile ... FAILED
[INFO] [stdout] test src/api.rs - api::OperationDeleteCall (line 10309) - compile ... ok
[INFO] [stdout] test src/api.rs - api::OperationGetCall (line 10571) - compile ... ok
[INFO] [stdout] test src/api.rs - api::OperationMethods (line 1804) - compile ... ok
[INFO] [stdout] test src/api.rs - api::OperationCancelCall (line 10017) - compile ... ok
[INFO] [stdout] test src/api.rs - api::OperationListCall (line 10833) - compile ... ok
[INFO] [stdout] test src/api.rs - api::OrganizationGcpUserAccessBindingListCall (line 11947) - compile ... ok
[INFO] [stdout] test src/api.rs - api::OrganizationGcpUserAccessBindingGetCall (line 11685) - compile ... ok
[INFO] [stdout] test src/api.rs - api::OrganizationGcpUserAccessBindingCreateCall (line 11131) - compile ... ok
[INFO] [stdout] test src/api.rs - api::OrganizationGcpUserAccessBindingDeleteCall (line 11423) - compile ... ok
[INFO] [stdout] test src/api.rs - api::OrganizationMethods (line 1918) - compile ... ok
[INFO] [stdout] test src/lib.rs - (line 98) - compile ... ok
[INFO] [stdout] test src/api.rs - api::OrganizationGcpUserAccessBindingPatchCall (line 12233) - compile ... FAILED
[INFO] [stdout] 
[INFO] [stdout] failures:
[INFO] [stdout] 
[INFO] [stdout] ---- src/api.rs - api::AccessPolicyAuthorizedOrgsDescPatchCall (line 5175) stdout ----
[INFO] [stdout] error[E0308]: mismatched types
[INFO] [stdout]     --> src/api.rs:5199:27
[INFO] [stdout]      |
[INFO] [stdout] 25   |              .update_mask(&Default::default())
[INFO] [stdout]      |               ----------- ^^^^^^^^^^^^^^^^^^^ expected `FieldMask`, found `&_`
[INFO] [stdout]      |               |
[INFO] [stdout]      |               arguments to this method are incorrect
[INFO] [stdout]      |
[INFO] [stdout]      = note: expected struct `FieldMask`
[INFO] [stdout]              found reference `&_`
[INFO] [stdout] note: method defined here
[INFO] [stdout]     --> /opt/rustwide/workdir/src/api.rs:5390:12
[INFO] [stdout]      |
[INFO] [stdout] 5390 |     pub fn update_mask(mut self, new_value: client::FieldMask) -> AccessPolicyAuthorizedOrgsDescPatchCall<'a, S> {
[INFO] [stdout]      |            ^^^^^^^^^^^
[INFO] [stdout] help: consider removing the borrow
[INFO] [stdout]      |
[INFO] [stdout] 25   -              .update_mask(&Default::default())
[INFO] [stdout] 25   +              .update_mask(Default::default())
[INFO] [stdout]      |
[INFO] [stdout] 
[INFO] [stdout] error: aborting due to 1 previous error
[INFO] [stdout] 
[INFO] [stdout] For more information about this error, try `rustc --explain E0308`.
[INFO] [stdout] Couldn't compile the test.
[INFO] [stdout] ---- src/api.rs - api::AccessPolicyAccessLevelPatchCall (line 3185) stdout ----
[INFO] [stdout] error[E0308]: mismatched types
[INFO] [stdout]     --> src/api.rs:3209:27
[INFO] [stdout]      |
[INFO] [stdout] 25   |              .update_mask(&Default::default())
[INFO] [stdout]      |               ----------- ^^^^^^^^^^^^^^^^^^^ expected `FieldMask`, found `&_`
[INFO] [stdout]      |               |
[INFO] [stdout]      |               arguments to this method are incorrect
[INFO] [stdout]      |
[INFO] [stdout]      = note: expected struct `FieldMask`
[INFO] [stdout]              found reference `&_`
[INFO] [stdout] note: method defined here
[INFO] [stdout]     --> /opt/rustwide/workdir/src/api.rs:3400:12
[INFO] [stdout]      |
[INFO] [stdout] 3400 |     pub fn update_mask(mut self, new_value: client::FieldMask) -> AccessPolicyAccessLevelPatchCall<'a, S> {
[INFO] [stdout]      |            ^^^^^^^^^^^
[INFO] [stdout] help: consider removing the borrow
[INFO] [stdout]      |
[INFO] [stdout] 25   -              .update_mask(&Default::default())
[INFO] [stdout] 25   +              .update_mask(Default::default())
[INFO] [stdout]      |
[INFO] [stdout] 
[INFO] [stdout] error: aborting due to 1 previous error
[INFO] [stdout] 
[INFO] [stdout] For more information about this error, try `rustc --explain E0308`.
[INFO] [stdout] Couldn't compile the test.
[INFO] [stdout] ---- src/api.rs - api::AccessPolicyPatchCall (line 9129) stdout ----
[INFO] [stdout] error[E0308]: mismatched types
[INFO] [stdout]     --> src/api.rs:9153:27
[INFO] [stdout]      |
[INFO] [stdout] 25   |              .update_mask(&Default::default())
[INFO] [stdout]      |               ----------- ^^^^^^^^^^^^^^^^^^^ expected `FieldMask`, found `&_`
[INFO] [stdout]      |               |
[INFO] [stdout]      |               arguments to this method are incorrect
[INFO] [stdout]      |
[INFO] [stdout]      = note: expected struct `FieldMask`
[INFO] [stdout]              found reference `&_`
[INFO] [stdout] note: method defined here
[INFO] [stdout]     --> /opt/rustwide/workdir/src/api.rs:9344:12
[INFO] [stdout]      |
[INFO] [stdout] 9344 |     pub fn update_mask(mut self, new_value: client::FieldMask) -> AccessPolicyPatchCall<'a, S> {
[INFO] [stdout]      |            ^^^^^^^^^^^
[INFO] [stdout] help: consider removing the borrow
[INFO] [stdout]      |
[INFO] [stdout] 25   -              .update_mask(&Default::default())
[INFO] [stdout] 25   +              .update_mask(Default::default())
[INFO] [stdout]      |
[INFO] [stdout] 
[INFO] [stdout] error: aborting due to 1 previous error
[INFO] [stdout] 
[INFO] [stdout] For more information about this error, try `rustc --explain E0308`.
[INFO] [stdout] Couldn't compile the test.
[INFO] [stdout] ---- src/api.rs - api::AccessPolicyServicePerimeterPatchCall (line 6873) stdout ----
[INFO] [stdout] error[E0308]: mismatched types
[INFO] [stdout]     --> src/api.rs:6897:27
[INFO] [stdout]      |
[INFO] [stdout] 25   |              .update_mask(&Default::default())
[INFO] [stdout]      |               ----------- ^^^^^^^^^^^^^^^^^^^ expected `FieldMask`, found `&_`
[INFO] [stdout]      |               |
[INFO] [stdout]      |               arguments to this method are incorrect
[INFO] [stdout]      |
[INFO] [stdout]      = note: expected struct `FieldMask`
[INFO] [stdout]              found reference `&_`
[INFO] [stdout] note: method defined here
[INFO] [stdout]     --> /opt/rustwide/workdir/src/api.rs:7088:12
[INFO] [stdout]      |
[INFO] [stdout] 7088 |     pub fn update_mask(mut self, new_value: client::FieldMask) -> AccessPolicyServicePerimeterPatchCall<'a, S> {
[INFO] [stdout]      |            ^^^^^^^^^^^
[INFO] [stdout] help: consider removing the borrow
[INFO] [stdout]      |
[INFO] [stdout] 25   -              .update_mask(&Default::default())
[INFO] [stdout] 25   +              .update_mask(Default::default())
[INFO] [stdout]      |
[INFO] [stdout] 
[INFO] [stdout] error: aborting due to 1 previous error
[INFO] [stdout] 
[INFO] [stdout] For more information about this error, try `rustc --explain E0308`.
[INFO] [stdout] Couldn't compile the test.
[INFO] [stdout] ---- src/api.rs - api::OrganizationGcpUserAccessBindingPatchCall (line 12233) stdout ----
[INFO] [stdout] error[E0308]: mismatched types
[INFO] [stdout]      --> src/api.rs:12257:27
[INFO] [stdout]       |
[INFO] [stdout] 25    |              .update_mask(&Default::default())
[INFO] [stdout]       |               ----------- ^^^^^^^^^^^^^^^^^^^ expected `FieldMask`, found `&_`
[INFO] [stdout]       |               |
[INFO] [stdout]       |               arguments to this method are incorrect
[INFO] [stdout]       |
[INFO] [stdout]       = note: expected struct `FieldMask`
[INFO] [stdout]               found reference `&_`
[INFO] [stdout] note: method defined here
[INFO] [stdout]      --> /opt/rustwide/workdir/src/api.rs:12448:12
[INFO] [stdout]       |
[INFO] [stdout] 12448 |     pub fn update_mask(mut self, new_value: client::FieldMask) -> OrganizationGcpUserAccessBindingPatchCall<'a, S> {
[INFO] [stdout]       |            ^^^^^^^^^^^
[INFO] [stdout] help: consider removing the borrow
[INFO] [stdout]       |
[INFO] [stdout] 25    -              .update_mask(&Default::default())
[INFO] [stdout] 25    +              .update_mask(Default::default())
[INFO] [stdout]       |
[INFO] [stdout] 
[INFO] [stdout] error: aborting due to 1 previous error
[INFO] [stdout] 
[INFO] [stdout] For more information about this error, try `rustc --explain E0308`.
[INFO] [stdout] Couldn't compile the test.
[INFO] [stdout] 
[INFO] [stdout] failures:
[INFO] [stdout]     src/api.rs - api::AccessPolicyAccessLevelPatchCall (line 3185)
[INFO] [stdout]     src/api.rs - api::AccessPolicyAuthorizedOrgsDescPatchCall (line 5175)
[INFO] [stdout]     src/api.rs - api::AccessPolicyPatchCall (line 9129)
[INFO] [stdout]     src/api.rs - api::AccessPolicyServicePerimeterPatchCall (line 6873)
[INFO] [stdout]     src/api.rs - api::OrganizationGcpUserAccessBindingPatchCall (line 12233)
[INFO] [stdout] 
[INFO] [stdout] test result: FAILED. 37 passed; 5 failed; 1 ignored; 0 measured; 0 filtered out; finished in 0.29s
[INFO] [stdout] 
[INFO] [stderr] error: doctest failed, to rerun pass `--doc`
[INFO] running `Command { std: "docker" "inspect" "b3eb6bcd90f331b535213697c60679b0a3e08c7163e7f91756b699360055c8ac", kill_on_drop: false }`
[INFO] running `Command { std: "docker" "rm" "-f" "b3eb6bcd90f331b535213697c60679b0a3e08c7163e7f91756b699360055c8ac", kill_on_drop: false }`
[INFO] [stdout] b3eb6bcd90f331b535213697c60679b0a3e08c7163e7f91756b699360055c8ac
