[INFO] fetching crate google-accessapproval1_beta1 5.0.3+20200708...
[INFO] testing google-accessapproval1_beta1-5.0.3+20200708 against 1.75.0 for beta-1.76-1
[INFO] extracting crate google-accessapproval1_beta1 5.0.3+20200708 into /workspace/builds/worker-5-tc1/source
[INFO] validating manifest of crates.io crate google-accessapproval1_beta1 5.0.3+20200708 on toolchain 1.75.0
[INFO] running `Command { std: CARGO_HOME="/workspace/cargo-home" RUSTUP_HOME="/workspace/rustup-home" "/workspace/cargo-home/bin/cargo" "+1.75.0" "metadata" "--manifest-path" "Cargo.toml" "--no-deps", kill_on_drop: false }`
[INFO] started tweaking crates.io crate google-accessapproval1_beta1 5.0.3+20200708
[INFO] finished tweaking crates.io crate google-accessapproval1_beta1 5.0.3+20200708
[INFO] tweaked toml for crates.io crate google-accessapproval1_beta1 5.0.3+20200708 written to /workspace/builds/worker-5-tc1/source/Cargo.toml
[INFO] running `Command { std: CARGO_HOME="/workspace/cargo-home" RUSTUP_HOME="/workspace/rustup-home" "/workspace/cargo-home/bin/cargo" "+1.75.0" "generate-lockfile" "--manifest-path" "Cargo.toml", kill_on_drop: false }`
[INFO] [stderr]     Updating crates.io index
[INFO] running `Command { std: CARGO_HOME="/workspace/cargo-home" RUSTUP_HOME="/workspace/rustup-home" "/workspace/cargo-home/bin/cargo" "+1.75.0" "fetch" "--manifest-path" "Cargo.toml", kill_on_drop: false }`
[INFO] [stderr]  Downloading crates ...
[INFO] [stderr]   Downloaded rustls-pki-types v1.1.0
[INFO] [stderr]   Downloaded google-apis-common v6.0.0
[INFO] [stderr]   Downloaded yup-oauth2 v8.3.2
[INFO] [stderr]   Downloaded rustls-webpki v0.102.1
[INFO] [stderr]   Downloaded rustls v0.22.1
[INFO] running `Command { std: "docker" "create" "-v" "/var/lib/crater-agent-workspace/builds/worker-5-tc1/target:/opt/rustwide/target:rw,Z" "-v" "/var/lib/crater-agent-workspace/builds/worker-5-tc1/source:/opt/rustwide/workdir:ro,Z" "-v" "/var/lib/crater-agent-workspace/cargo-home:/opt/rustwide/cargo-home:ro,Z" "-v" "/var/lib/crater-agent-workspace/rustup-home:/opt/rustwide/rustup-home:ro,Z" "-e" "SOURCE_DIR=/opt/rustwide/workdir" "-e" "CARGO_TARGET_DIR=/opt/rustwide/target" "-e" "CARGO_HOME=/opt/rustwide/cargo-home" "-e" "RUSTUP_HOME=/opt/rustwide/rustup-home" "-w" "/opt/rustwide/workdir" "-m" "1610612736" "--user" "0:0" "--network" "none" "ghcr.io/rust-lang/crates-build-env/linux@sha256:2788e3201cd34a07e3172128adcd8b3090168a8e3bcc40d7c032b9dda1df7d1c" "/opt/rustwide/cargo-home/bin/cargo" "+1.75.0" "metadata" "--no-deps" "--format-version=1", kill_on_drop: false }`
[INFO] [stdout] effe3c7692808636ac66b1d8728a2c5686339b1182c0a9a51b37d6eafe05c615
[INFO] running `Command { std: "docker" "start" "-a" "effe3c7692808636ac66b1d8728a2c5686339b1182c0a9a51b37d6eafe05c615", kill_on_drop: false }`
[INFO] running `Command { std: "docker" "inspect" "effe3c7692808636ac66b1d8728a2c5686339b1182c0a9a51b37d6eafe05c615", kill_on_drop: false }`
[INFO] running `Command { std: "docker" "rm" "-f" "effe3c7692808636ac66b1d8728a2c5686339b1182c0a9a51b37d6eafe05c615", kill_on_drop: false }`
[INFO] [stdout] effe3c7692808636ac66b1d8728a2c5686339b1182c0a9a51b37d6eafe05c615
[INFO] running `Command { std: "docker" "create" "-v" "/var/lib/crater-agent-workspace/builds/worker-5-tc1/target:/opt/rustwide/target:rw,Z" "-v" "/var/lib/crater-agent-workspace/builds/worker-5-tc1/source:/opt/rustwide/workdir:ro,Z" "-v" "/var/lib/crater-agent-workspace/cargo-home:/opt/rustwide/cargo-home:ro,Z" "-v" "/var/lib/crater-agent-workspace/rustup-home:/opt/rustwide/rustup-home:ro,Z" "-e" "SOURCE_DIR=/opt/rustwide/workdir" "-e" "CARGO_TARGET_DIR=/opt/rustwide/target" "-e" "CARGO_INCREMENTAL=0" "-e" "RUST_BACKTRACE=full" "-e" "RUSTFLAGS=--cap-lints=warn" "-e" "RUSTDOCFLAGS=--cap-lints=warn" "-e" "CARGO_HOME=/opt/rustwide/cargo-home" "-e" "RUSTUP_HOME=/opt/rustwide/rustup-home" "-w" "/opt/rustwide/workdir" "-m" "1610612736" "--user" "0:0" "--network" "none" "ghcr.io/rust-lang/crates-build-env/linux@sha256:2788e3201cd34a07e3172128adcd8b3090168a8e3bcc40d7c032b9dda1df7d1c" "/opt/rustwide/cargo-home/bin/cargo" "+1.75.0" "build" "--frozen" "--message-format=json", kill_on_drop: false }`
[INFO] [stdout] a7355456b2e96e1e8cd792269b9f3e6f716044e0683faad3f3504d2c6d472135
[INFO] running `Command { std: "docker" "start" "-a" "a7355456b2e96e1e8cd792269b9f3e6f716044e0683faad3f3504d2c6d472135", kill_on_drop: false }`
[INFO] [stderr]    Compiling pin-project-lite v0.2.13
[INFO] [stderr]    Compiling untrusted v0.9.0
[INFO] [stderr]    Compiling futures-sink v0.3.30
[INFO] [stderr]    Compiling bytes v1.5.0
[INFO] [stderr]    Compiling futures-core v0.3.30
[INFO] [stderr]    Compiling spin v0.9.8
[INFO] [stderr]    Compiling serde v1.0.194
[INFO] [stderr]    Compiling tinyvec_macros v0.1.1
[INFO] [stderr]    Compiling futures-task v0.3.30
[INFO] [stderr]    Compiling slab v0.4.9
[INFO] [stderr]    Compiling futures-io v0.3.30
[INFO] [stderr]    Compiling once_cell v1.19.0
[INFO] [stderr]    Compiling hashbrown v0.14.3
[INFO] [stderr]    Compiling ident_case v1.0.1
[INFO] [stderr]    Compiling syn v2.0.48
[INFO] [stderr]    Compiling cc v1.0.83
[INFO] [stderr]    Compiling getrandom v0.2.11
[INFO] [stderr]    Compiling socket2 v0.5.5
[INFO] [stderr]    Compiling mio v0.8.10
[INFO] [stderr]    Compiling futures-channel v0.3.30
[INFO] [stderr]    Compiling tinyvec v1.6.0
[INFO] [stderr]    Compiling equivalent v1.0.1
[INFO] [stderr]    Compiling strsim v0.10.0
[INFO] [stderr]    Compiling log v0.4.20
[INFO] [stderr]    Compiling rustls v0.21.10
[INFO] [stderr]    Compiling tracing-core v0.1.32
[INFO] [stderr]    Compiling unicode-bidi v0.3.14
[INFO] [stderr]    Compiling base64 v0.21.5
[INFO] [stderr]    Compiling try-lock v0.2.5
[INFO] [stderr]    Compiling percent-encoding v2.3.1
[INFO] [stderr]    Compiling want v0.3.1
[INFO] [stderr]    Compiling powerfmt v0.2.0
[INFO] [stderr]    Compiling async-trait v0.1.77
[INFO] [stderr]    Compiling rustls-pki-types v1.1.0
[INFO] [stderr]    Compiling http v0.2.11
[INFO] [stderr]    Compiling rustls-pemfile v1.0.4
[INFO] [stderr]    Compiling httpdate v1.0.3
[INFO] [stderr]    Compiling either v1.9.0
[INFO] [stderr]    Compiling tracing v0.1.40
[INFO] [stderr]    Compiling indexmap v2.1.0
[INFO] [stderr]    Compiling anyhow v1.0.79
[INFO] [stderr]    Compiling rustls v0.22.1
[INFO] [stderr]    Compiling rustls-native-certs v0.6.3
[INFO] [stderr]    Compiling form_urlencoded v1.2.1
[INFO] [stderr]    Compiling zeroize v1.7.0
[INFO] [stderr]    Compiling time-core v0.1.2
[INFO] [stderr]    Compiling matches v0.1.10
[INFO] [stderr]    Compiling subtle v2.5.0
[INFO] [stderr]    Compiling itertools v0.12.0
[INFO] [stderr]    Compiling seahash v4.1.0
[INFO] [stderr]    Compiling percent-encoding v1.0.1
[INFO] [stderr]    Compiling itertools v0.10.5
[INFO] [stderr]    Compiling base64 v0.13.1
[INFO] [stderr]    Compiling mime v0.3.17
[INFO] [stderr]    Compiling unicode-normalization v0.1.22
[INFO] [stderr]    Compiling ring v0.17.7
[INFO] [stderr]    Compiling http-body v0.4.6
[INFO] [stderr]    Compiling idna v0.5.0
[INFO] [stderr]    Compiling idna v0.1.5
[INFO] [stderr]    Compiling url v1.7.2
[INFO] [stderr]    Compiling url v2.5.0
[INFO] [stderr]    Compiling darling_core v0.20.3
[INFO] [stderr]    Compiling futures-macro v0.3.30
[INFO] [stderr]    Compiling tokio-macros v2.2.0
[INFO] [stderr]    Compiling serde_derive v1.0.194
[INFO] [stderr]    Compiling sct v0.7.1
[INFO] [stderr]    Compiling rustls-webpki v0.101.7
[INFO] [stderr]    Compiling rustls-webpki v0.102.1
[INFO] [stderr]    Compiling tokio v1.35.1
[INFO] [stderr]    Compiling darling_macro v0.20.3
[INFO] [stderr]    Compiling futures-util v0.3.30
[INFO] [stderr]    Compiling darling v0.20.3
[INFO] [stderr]    Compiling serde_with_macros v2.3.3
[INFO] [stderr]    Compiling futures-executor v0.3.30
[INFO] [stderr]    Compiling futures v0.3.30
[INFO] [stderr]    Compiling tokio-util v0.7.10
[INFO] [stderr]    Compiling tokio-rustls v0.24.1
[INFO] [stderr]    Compiling h2 v0.3.22
[INFO] [stderr]    Compiling deranged v0.3.11
[INFO] [stderr]    Compiling serde_json v1.0.111
[INFO] [stderr]    Compiling chrono v0.4.31
[INFO] [stderr]    Compiling serde_with v2.3.3
[INFO] [stderr]    Compiling time v0.3.31
[INFO] [stderr]    Compiling hyper v0.14.28
[INFO] [stderr]    Compiling hyper-rustls v0.24.2
[INFO] [stderr]    Compiling yup-oauth2 v8.3.2
[INFO] [stderr]    Compiling google-apis-common v6.0.0
[INFO] [stderr]    Compiling google-accessapproval1_beta1 v5.0.3+20200708 (/opt/rustwide/workdir)
[INFO] [stderr]     Finished dev [unoptimized + debuginfo] target(s) in 15.94s
[INFO] running `Command { std: "docker" "inspect" "a7355456b2e96e1e8cd792269b9f3e6f716044e0683faad3f3504d2c6d472135", kill_on_drop: false }`
[INFO] running `Command { std: "docker" "rm" "-f" "a7355456b2e96e1e8cd792269b9f3e6f716044e0683faad3f3504d2c6d472135", kill_on_drop: false }`
[INFO] [stdout] a7355456b2e96e1e8cd792269b9f3e6f716044e0683faad3f3504d2c6d472135
[INFO] running `Command { std: "docker" "create" "-v" "/var/lib/crater-agent-workspace/builds/worker-5-tc1/target:/opt/rustwide/target:rw,Z" "-v" "/var/lib/crater-agent-workspace/builds/worker-5-tc1/source:/opt/rustwide/workdir:ro,Z" "-v" "/var/lib/crater-agent-workspace/cargo-home:/opt/rustwide/cargo-home:ro,Z" "-v" "/var/lib/crater-agent-workspace/rustup-home:/opt/rustwide/rustup-home:ro,Z" "-e" "SOURCE_DIR=/opt/rustwide/workdir" "-e" "CARGO_TARGET_DIR=/opt/rustwide/target" "-e" "CARGO_INCREMENTAL=0" "-e" "RUST_BACKTRACE=full" "-e" "RUSTFLAGS=--cap-lints=warn" "-e" "RUSTDOCFLAGS=--cap-lints=warn" "-e" "CARGO_HOME=/opt/rustwide/cargo-home" "-e" "RUSTUP_HOME=/opt/rustwide/rustup-home" "-w" "/opt/rustwide/workdir" "-m" "1610612736" "--user" "0:0" "--network" "none" "ghcr.io/rust-lang/crates-build-env/linux@sha256:2788e3201cd34a07e3172128adcd8b3090168a8e3bcc40d7c032b9dda1df7d1c" "/opt/rustwide/cargo-home/bin/cargo" "+1.75.0" "test" "--frozen" "--no-run" "--message-format=json", kill_on_drop: false }`
[INFO] [stdout] c0104f3d875002e99e4d41ecf5f9656e6aa7eff0612a719bee615508e2731f65
[INFO] running `Command { std: "docker" "start" "-a" "c0104f3d875002e99e4d41ecf5f9656e6aa7eff0612a719bee615508e2731f65", kill_on_drop: false }`
[INFO] [stderr]    Compiling google-accessapproval1_beta1 v5.0.3+20200708 (/opt/rustwide/workdir)
[INFO] [stderr]     Finished test [unoptimized + debuginfo] target(s) in 1.63s
[INFO] running `Command { std: "docker" "inspect" "c0104f3d875002e99e4d41ecf5f9656e6aa7eff0612a719bee615508e2731f65", kill_on_drop: false }`
[INFO] running `Command { std: "docker" "rm" "-f" "c0104f3d875002e99e4d41ecf5f9656e6aa7eff0612a719bee615508e2731f65", kill_on_drop: false }`
[INFO] [stdout] c0104f3d875002e99e4d41ecf5f9656e6aa7eff0612a719bee615508e2731f65
[INFO] running `Command { std: "docker" "create" "-v" "/var/lib/crater-agent-workspace/builds/worker-5-tc1/target:/opt/rustwide/target:rw,Z" "-v" "/var/lib/crater-agent-workspace/builds/worker-5-tc1/source:/opt/rustwide/workdir:ro,Z" "-v" "/var/lib/crater-agent-workspace/cargo-home:/opt/rustwide/cargo-home:ro,Z" "-v" "/var/lib/crater-agent-workspace/rustup-home:/opt/rustwide/rustup-home:ro,Z" "-e" "SOURCE_DIR=/opt/rustwide/workdir" "-e" "CARGO_TARGET_DIR=/opt/rustwide/target" "-e" "CARGO_INCREMENTAL=0" "-e" "RUST_BACKTRACE=full" "-e" "RUSTFLAGS=--cap-lints=warn" "-e" "RUSTDOCFLAGS=--cap-lints=warn" "-e" "CARGO_HOME=/opt/rustwide/cargo-home" "-e" "RUSTUP_HOME=/opt/rustwide/rustup-home" "-w" "/opt/rustwide/workdir" "-m" "1610612736" "--user" "0:0" "--network" "none" "ghcr.io/rust-lang/crates-build-env/linux@sha256:2788e3201cd34a07e3172128adcd8b3090168a8e3bcc40d7c032b9dda1df7d1c" "/opt/rustwide/cargo-home/bin/cargo" "+1.75.0" "test" "--frozen", kill_on_drop: false }`
[INFO] [stdout] 7ff2510289ee1c8dad005baa4ca65fdbe95598b9619e19df4503adf994b20457
[INFO] running `Command { std: "docker" "start" "-a" "7ff2510289ee1c8dad005baa4ca65fdbe95598b9619e19df4503adf994b20457", kill_on_drop: false }`
[INFO] [stderr]     Finished test [unoptimized + debuginfo] target(s) in 0.12s
[INFO] [stderr]      Running unittests src/lib.rs (/opt/rustwide/target/debug/deps/google_accessapproval1_beta1-3ba7dda62f036d84)
[INFO] [stdout] 
[INFO] [stdout] running 0 tests
[INFO] [stdout] 
[INFO] [stdout] test result: ok. 0 passed; 0 failed; 0 ignored; 0 measured; 0 filtered out; finished in 0.00s
[INFO] [stdout] 
[INFO] [stderr]    Doc-tests google-accessapproval1_beta1
[INFO] [stdout] 
[INFO] [stdout] running 27 tests
[INFO] [stdout] test src/api.rs - api::AccessApproval (line 58) - compile ... ok
[INFO] [stdout] test src/api.rs - api::FolderApprovalRequestDismisCall (line 1454) - compile ... ok
[INFO] [stdout] test src/api.rs - api::OrganizationApprovalRequestDismisCall (line 3464) - compile ... ok
[INFO] [stdout] test src/api.rs - api::OrganizationMethods (line 750) - compile ... ok
[INFO] [stdout] test src/api.rs - api::FolderMethods (line 554) - compile ... ok
[INFO] [stdout] test src/api.rs - api::FolderApprovalRequestApproveCall (line 1153) - compile ... ok
[INFO] [stdout] test src/api.rs - api::FolderApprovalRequestGetCall (line 1746) - compile ... ok
[INFO] [stdout] test src/api.rs - api::FolderApprovalRequestListCall (line 2010) - compile ... ok
[INFO] [stdout] test src/api.rs - api::OrganizationApprovalRequestListCall (line 4020) - compile ... ok
[INFO] [stdout] test src/api.rs - api::FolderGetAccessApprovalSettingCall (line 2585) - compile ... ok
[INFO] [stdout] test src/lib.rs - (line 53) ... ignored
[INFO] [stdout] test src/api.rs - api::OrganizationGetAccessApprovalSettingCall (line 4595) - compile ... ok
[INFO] [stdout] test src/api.rs - api::FolderDeleteAccessApprovalSettingCall (line 2323) - compile ... ok
[INFO] [stdout] test src/api.rs - api::OrganizationApprovalRequestGetCall (line 3756) - compile ... ok
[INFO] [stdout] test src/api.rs - api::OrganizationDeleteAccessApprovalSettingCall (line 4333) - compile ... ok
[INFO] [stdout] test src/api.rs - api::OrganizationApprovalRequestApproveCall (line 3163) - compile ... ok
[INFO] [stdout] test src/api.rs - api::ProjectApprovalRequestDismisCall (line 5474) - compile ... ok
[INFO] [stdout] test src/api.rs - api::ProjectApprovalRequestApproveCall (line 5173) - compile ... ok
[INFO] [stdout] test src/api.rs - api::ProjectGetAccessApprovalSettingCall (line 6605) - compile ... ok
[INFO] [stdout] test src/api.rs - api::ProjectApprovalRequestListCall (line 6030) - compile ... ok
[INFO] [stdout] test src/api.rs - api::ProjectApprovalRequestGetCall (line 5766) - compile ... ok
[INFO] [stdout] test src/api.rs - api::ProjectMethods (line 946) - compile ... ok
[INFO] [stdout] test src/lib.rs - (line 85) - compile ... ok
[INFO] [stdout] test src/api.rs - api::OrganizationUpdateAccessApprovalSettingCall (line 4858) - compile ... FAILED
[INFO] [stdout] test src/api.rs - api::FolderUpdateAccessApprovalSettingCall (line 2848) - compile ... FAILED
[INFO] [stdout] test src/api.rs - api::ProjectUpdateAccessApprovalSettingCall (line 6868) - compile ... FAILED
[INFO] [stdout] test src/api.rs - api::ProjectDeleteAccessApprovalSettingCall (line 6343) - compile ... ok
[INFO] [stdout] 
[INFO] [stdout] failures:
[INFO] [stdout] 
[INFO] [stdout] ---- src/api.rs - api::OrganizationUpdateAccessApprovalSettingCall (line 4858) stdout ----
[INFO] [stdout] error[E0308]: mismatched types
[INFO] [stdout]     --> src/api.rs:4882:27
[INFO] [stdout]      |
[INFO] [stdout] 25   |              .update_mask(&Default::default())
[INFO] [stdout]      |               ----------- ^^^^^^^^^^^^^^^^^^^ expected `FieldMask`, found `&_`
[INFO] [stdout]      |               |
[INFO] [stdout]      |               arguments to this method are incorrect
[INFO] [stdout]      |
[INFO] [stdout]      = note: expected struct `FieldMask`
[INFO] [stdout]              found reference `&_`
[INFO] [stdout] note: method defined here
[INFO] [stdout]     --> /opt/rustwide/workdir/src/api.rs:5081:12
[INFO] [stdout]      |
[INFO] [stdout] 5081 |     pub fn update_mask(mut self, new_value: client::FieldMask) -> OrganizationUpdateAccessApprovalSettingCall<'a, S> {
[INFO] [stdout]      |            ^^^^^^^^^^^
[INFO] [stdout] help: consider removing the borrow
[INFO] [stdout]      |
[INFO] [stdout] 25   -              .update_mask(&Default::default())
[INFO] [stdout] 25   +              .update_mask(Default::default())
[INFO] [stdout]      |
[INFO] [stdout] 
[INFO] [stdout] error: aborting due to previous error
[INFO] [stdout] 
[INFO] [stdout] For more information about this error, try `rustc --explain E0308`.
[INFO] [stdout] Couldn't compile the test.
[INFO] [stdout] ---- src/api.rs - api::FolderUpdateAccessApprovalSettingCall (line 2848) stdout ----
[INFO] [stdout] error[E0308]: mismatched types
[INFO] [stdout]     --> src/api.rs:2872:27
[INFO] [stdout]      |
[INFO] [stdout] 25   |              .update_mask(&Default::default())
[INFO] [stdout]      |               ----------- ^^^^^^^^^^^^^^^^^^^ expected `FieldMask`, found `&_`
[INFO] [stdout]      |               |
[INFO] [stdout]      |               arguments to this method are incorrect
[INFO] [stdout]      |
[INFO] [stdout]      = note: expected struct `FieldMask`
[INFO] [stdout]              found reference `&_`
[INFO] [stdout] note: method defined here
[INFO] [stdout]     --> /opt/rustwide/workdir/src/api.rs:3071:12
[INFO] [stdout]      |
[INFO] [stdout] 3071 |     pub fn update_mask(mut self, new_value: client::FieldMask) -> FolderUpdateAccessApprovalSettingCall<'a, S> {
[INFO] [stdout]      |            ^^^^^^^^^^^
[INFO] [stdout] help: consider removing the borrow
[INFO] [stdout]      |
[INFO] [stdout] 25   -              .update_mask(&Default::default())
[INFO] [stdout] 25   +              .update_mask(Default::default())
[INFO] [stdout]      |
[INFO] [stdout] 
[INFO] [stdout] error: aborting due to previous error
[INFO] [stdout] 
[INFO] [stdout] For more information about this error, try `rustc --explain E0308`.
[INFO] [stdout] Couldn't compile the test.
[INFO] [stdout] ---- src/api.rs - api::ProjectUpdateAccessApprovalSettingCall (line 6868) stdout ----
[INFO] [stdout] error[E0308]: mismatched types
[INFO] [stdout]     --> src/api.rs:6892:27
[INFO] [stdout]      |
[INFO] [stdout] 25   |              .update_mask(&Default::default())
[INFO] [stdout]      |               ----------- ^^^^^^^^^^^^^^^^^^^ expected `FieldMask`, found `&_`
[INFO] [stdout]      |               |
[INFO] [stdout]      |               arguments to this method are incorrect
[INFO] [stdout]      |
[INFO] [stdout]      = note: expected struct `FieldMask`
[INFO] [stdout]              found reference `&_`
[INFO] [stdout] note: method defined here
[INFO] [stdout]     --> /opt/rustwide/workdir/src/api.rs:7091:12
[INFO] [stdout]      |
[INFO] [stdout] 7091 |     pub fn update_mask(mut self, new_value: client::FieldMask) -> ProjectUpdateAccessApprovalSettingCall<'a, S> {
[INFO] [stdout]      |            ^^^^^^^^^^^
[INFO] [stdout] help: consider removing the borrow
[INFO] [stdout]      |
[INFO] [stdout] 25   -              .update_mask(&Default::default())
[INFO] [stdout] 25   +              .update_mask(Default::default())
[INFO] [stdout]      |
[INFO] [stdout] 
[INFO] [stdout] error: aborting due to previous error
[INFO] [stdout] 
[INFO] [stdout] For more information about this error, try `rustc --explain E0308`.
[INFO] [stdout] Couldn't compile the test.
[INFO] [stdout] 
[INFO] [stdout] failures:
[INFO] [stdout]     src/api.rs - api::FolderUpdateAccessApprovalSettingCall (line 2848)
[INFO] [stdout]     src/api.rs - api::OrganizationUpdateAccessApprovalSettingCall (line 4858)
[INFO] [stdout]     src/api.rs - api::ProjectUpdateAccessApprovalSettingCall (line 6868)
[INFO] [stdout] 
[INFO] [stdout] test result: FAILED. 23 passed; 3 failed; 1 ignored; 0 measured; 0 filtered out; finished in 0.43s
[INFO] [stdout] 
[INFO] [stderr] error: doctest failed, to rerun pass `--doc`
[INFO] running `Command { std: "docker" "inspect" "7ff2510289ee1c8dad005baa4ca65fdbe95598b9619e19df4503adf994b20457", kill_on_drop: false }`
[INFO] running `Command { std: "docker" "rm" "-f" "7ff2510289ee1c8dad005baa4ca65fdbe95598b9619e19df4503adf994b20457", kill_on_drop: false }`
[INFO] [stdout] 7ff2510289ee1c8dad005baa4ca65fdbe95598b9619e19df4503adf994b20457
