[INFO] fetching crate google-accessapproval1 5.0.3+20230120...
[INFO] testing google-accessapproval1-5.0.3+20230120 against 1.75.0 for beta-1.76-1
[INFO] extracting crate google-accessapproval1 5.0.3+20230120 into /workspace/builds/worker-0-tc1/source
[INFO] validating manifest of crates.io crate google-accessapproval1 5.0.3+20230120 on toolchain 1.75.0
[INFO] running `Command { std: CARGO_HOME="/workspace/cargo-home" RUSTUP_HOME="/workspace/rustup-home" "/workspace/cargo-home/bin/cargo" "+1.75.0" "metadata" "--manifest-path" "Cargo.toml" "--no-deps", kill_on_drop: false }`
[INFO] started tweaking crates.io crate google-accessapproval1 5.0.3+20230120
[INFO] finished tweaking crates.io crate google-accessapproval1 5.0.3+20230120
[INFO] tweaked toml for crates.io crate google-accessapproval1 5.0.3+20230120 written to /workspace/builds/worker-0-tc1/source/Cargo.toml
[INFO] running `Command { std: CARGO_HOME="/workspace/cargo-home" RUSTUP_HOME="/workspace/rustup-home" "/workspace/cargo-home/bin/cargo" "+1.75.0" "generate-lockfile" "--manifest-path" "Cargo.toml", kill_on_drop: false }`
[INFO] [stderr]     Updating crates.io index
[INFO] running `Command { std: CARGO_HOME="/workspace/cargo-home" RUSTUP_HOME="/workspace/rustup-home" "/workspace/cargo-home/bin/cargo" "+1.75.0" "fetch" "--manifest-path" "Cargo.toml", kill_on_drop: false }`
[INFO] [stderr]  Downloading crates ...
[INFO] [stderr]   Downloaded google-apis-common v6.0.0
[INFO] [stderr]   Downloaded yup-oauth2 v8.3.2
[INFO] running `Command { std: "docker" "create" "-v" "/var/lib/crater-agent-workspace/builds/worker-0-tc1/target:/opt/rustwide/target:rw,Z" "-v" "/var/lib/crater-agent-workspace/builds/worker-0-tc1/source:/opt/rustwide/workdir:ro,Z" "-v" "/var/lib/crater-agent-workspace/cargo-home:/opt/rustwide/cargo-home:ro,Z" "-v" "/var/lib/crater-agent-workspace/rustup-home:/opt/rustwide/rustup-home:ro,Z" "-e" "SOURCE_DIR=/opt/rustwide/workdir" "-e" "CARGO_TARGET_DIR=/opt/rustwide/target" "-e" "CARGO_HOME=/opt/rustwide/cargo-home" "-e" "RUSTUP_HOME=/opt/rustwide/rustup-home" "-w" "/opt/rustwide/workdir" "-m" "1610612736" "--user" "0:0" "--network" "none" "ghcr.io/rust-lang/crates-build-env/linux@sha256:2788e3201cd34a07e3172128adcd8b3090168a8e3bcc40d7c032b9dda1df7d1c" "/opt/rustwide/cargo-home/bin/cargo" "+1.75.0" "metadata" "--no-deps" "--format-version=1", kill_on_drop: false }`
[INFO] [stdout] eed529a5b5aa588dcd3b9a1ebdd484ffc7d0163b7622f72fd9d2f329af5aabc5
[INFO] running `Command { std: "docker" "start" "-a" "eed529a5b5aa588dcd3b9a1ebdd484ffc7d0163b7622f72fd9d2f329af5aabc5", kill_on_drop: false }`
[INFO] running `Command { std: "docker" "inspect" "eed529a5b5aa588dcd3b9a1ebdd484ffc7d0163b7622f72fd9d2f329af5aabc5", kill_on_drop: false }`
[INFO] running `Command { std: "docker" "rm" "-f" "eed529a5b5aa588dcd3b9a1ebdd484ffc7d0163b7622f72fd9d2f329af5aabc5", kill_on_drop: false }`
[INFO] [stdout] eed529a5b5aa588dcd3b9a1ebdd484ffc7d0163b7622f72fd9d2f329af5aabc5
[INFO] running `Command { std: "docker" "create" "-v" "/var/lib/crater-agent-workspace/builds/worker-0-tc1/target:/opt/rustwide/target:rw,Z" "-v" "/var/lib/crater-agent-workspace/builds/worker-0-tc1/source:/opt/rustwide/workdir:ro,Z" "-v" "/var/lib/crater-agent-workspace/cargo-home:/opt/rustwide/cargo-home:ro,Z" "-v" "/var/lib/crater-agent-workspace/rustup-home:/opt/rustwide/rustup-home:ro,Z" "-e" "SOURCE_DIR=/opt/rustwide/workdir" "-e" "CARGO_TARGET_DIR=/opt/rustwide/target" "-e" "CARGO_INCREMENTAL=0" "-e" "RUST_BACKTRACE=full" "-e" "RUSTFLAGS=--cap-lints=warn" "-e" "RUSTDOCFLAGS=--cap-lints=warn" "-e" "CARGO_HOME=/opt/rustwide/cargo-home" "-e" "RUSTUP_HOME=/opt/rustwide/rustup-home" "-w" "/opt/rustwide/workdir" "-m" "1610612736" "--user" "0:0" "--network" "none" "ghcr.io/rust-lang/crates-build-env/linux@sha256:2788e3201cd34a07e3172128adcd8b3090168a8e3bcc40d7c032b9dda1df7d1c" "/opt/rustwide/cargo-home/bin/cargo" "+1.75.0" "build" "--frozen" "--message-format=json", kill_on_drop: false }`
[INFO] [stdout] 6de7885eb2c0317d90e3f75ffd63f7503a90bb484e32fd51802db1b1611e2da4
[INFO] running `Command { std: "docker" "start" "-a" "6de7885eb2c0317d90e3f75ffd63f7503a90bb484e32fd51802db1b1611e2da4", kill_on_drop: false }`
[INFO] [stderr]    Compiling fnv v1.0.7
[INFO] [stderr]    Compiling untrusted v0.9.0
[INFO] [stderr]    Compiling futures-core v0.3.30
[INFO] [stderr]    Compiling bytes v1.5.0
[INFO] [stderr]    Compiling spin v0.9.8
[INFO] [stderr]    Compiling futures-sink v0.3.30
[INFO] [stderr]    Compiling syn v2.0.48
[INFO] [stderr]    Compiling cc v1.0.83
[INFO] [stderr]    Compiling getrandom v0.2.11
[INFO] [stderr]    Compiling serde v1.0.194
[INFO] [stderr]    Compiling futures-channel v0.3.30
[INFO] [stderr]    Compiling socket2 v0.5.5
[INFO] [stderr]    Compiling mio v0.8.10
[INFO] [stderr]    Compiling futures-task v0.3.30
[INFO] [stderr]    Compiling memchr v2.7.1
[INFO] [stderr]    Compiling once_cell v1.19.0
[INFO] [stderr]    Compiling pin-utils v0.1.0
[INFO] [stderr]    Compiling futures-io v0.3.30
[INFO] [stderr]    Compiling tracing-core v0.1.32
[INFO] [stderr]    Compiling http v0.2.11
[INFO] [stderr]    Compiling rustls v0.21.10
[INFO] [stderr]    Compiling hashbrown v0.14.3
[INFO] [stderr]    Compiling httparse v1.8.0
[INFO] [stderr]    Compiling tracing v0.1.40
[INFO] [stderr]    Compiling strsim v0.10.0
[INFO] [stderr]    Compiling ident_case v1.0.1
[INFO] [stderr]    Compiling base64 v0.21.5
[INFO] [stderr]    Compiling try-lock v0.2.5
[INFO] [stderr]    Compiling indexmap v2.1.0
[INFO] [stderr]    Compiling want v0.3.1
[INFO] [stderr]    Compiling http-body v0.4.6
[INFO] [stderr]    Compiling ring v0.17.7
[INFO] [stderr]    Compiling rustls-pemfile v1.0.4
[INFO] [stderr]    Compiling powerfmt v0.2.0
[INFO] [stderr]    Compiling rustls v0.22.1
[INFO] [stderr]    Compiling tower-service v0.3.2
[INFO] [stderr]    Compiling httpdate v1.0.3
[INFO] [stderr]    Compiling anyhow v1.0.79
[INFO] [stderr]    Compiling rustls-pki-types v1.1.0
[INFO] [stderr]    Compiling percent-encoding v2.3.1
[INFO] [stderr]    Compiling async-trait v0.1.77
[INFO] [stderr]    Compiling either v1.9.0
[INFO] [stderr]    Compiling openssl-probe v0.1.5
[INFO] [stderr]    Compiling form_urlencoded v1.2.1
[INFO] [stderr]    Compiling rustls-native-certs v0.6.3
[INFO] [stderr]    Compiling idna v0.5.0
[INFO] [stderr]    Compiling time-core v0.1.2
[INFO] [stderr]    Compiling num_threads v0.1.6
[INFO] [stderr]    Compiling zeroize v1.7.0
[INFO] [stderr]    Compiling subtle v2.5.0
[INFO] [stderr]    Compiling itertools v0.12.0
[INFO] [stderr]    Compiling seahash v4.1.0
[INFO] [stderr]    Compiling itertools v0.10.5
[INFO] [stderr]    Compiling base64 v0.13.1
[INFO] [stderr]    Compiling mime v0.3.17
[INFO] [stderr]    Compiling url v2.5.0
[INFO] [stderr]    Compiling darling_core v0.20.3
[INFO] [stderr]    Compiling tokio-macros v2.2.0
[INFO] [stderr]    Compiling futures-macro v0.3.30
[INFO] [stderr]    Compiling serde_derive v1.0.194
[INFO] [stderr]    Compiling tokio v1.35.1
[INFO] [stderr]    Compiling futures-util v0.3.30
[INFO] [stderr]    Compiling darling_macro v0.20.3
[INFO] [stderr]    Compiling rustls-webpki v0.101.7
[INFO] [stderr]    Compiling sct v0.7.1
[INFO] [stderr]    Compiling rustls-webpki v0.102.1
[INFO] [stderr]    Compiling darling v0.20.3
[INFO] [stderr]    Compiling serde_with_macros v2.3.3
[INFO] [stderr]    Compiling futures-executor v0.3.30
[INFO] [stderr]    Compiling futures v0.3.30
[INFO] [stderr]    Compiling tokio-util v0.7.10
[INFO] [stderr]    Compiling tokio-rustls v0.24.1
[INFO] [stderr]    Compiling h2 v0.3.22
[INFO] [stderr]    Compiling deranged v0.3.11
[INFO] [stderr]    Compiling serde_json v1.0.111
[INFO] [stderr]    Compiling chrono v0.4.31
[INFO] [stderr]    Compiling serde_with v2.3.3
[INFO] [stderr]    Compiling hyper v0.14.28
[INFO] [stderr]    Compiling time v0.3.31
[INFO] [stderr]    Compiling hyper-rustls v0.24.2
[INFO] [stderr]    Compiling yup-oauth2 v8.3.2
[INFO] [stderr]    Compiling google-apis-common v6.0.0
[INFO] [stderr]    Compiling google-accessapproval1 v5.0.3+20230120 (/opt/rustwide/workdir)
[INFO] [stderr]     Finished dev [unoptimized + debuginfo] target(s) in 27.35s
[INFO] running `Command { std: "docker" "inspect" "6de7885eb2c0317d90e3f75ffd63f7503a90bb484e32fd51802db1b1611e2da4", kill_on_drop: false }`
[INFO] running `Command { std: "docker" "rm" "-f" "6de7885eb2c0317d90e3f75ffd63f7503a90bb484e32fd51802db1b1611e2da4", kill_on_drop: false }`
[INFO] [stdout] 6de7885eb2c0317d90e3f75ffd63f7503a90bb484e32fd51802db1b1611e2da4
[INFO] running `Command { std: "docker" "create" "-v" "/var/lib/crater-agent-workspace/builds/worker-0-tc1/target:/opt/rustwide/target:rw,Z" "-v" "/var/lib/crater-agent-workspace/builds/worker-0-tc1/source:/opt/rustwide/workdir:ro,Z" "-v" "/var/lib/crater-agent-workspace/cargo-home:/opt/rustwide/cargo-home:ro,Z" "-v" "/var/lib/crater-agent-workspace/rustup-home:/opt/rustwide/rustup-home:ro,Z" "-e" "SOURCE_DIR=/opt/rustwide/workdir" "-e" "CARGO_TARGET_DIR=/opt/rustwide/target" "-e" "CARGO_INCREMENTAL=0" "-e" "RUST_BACKTRACE=full" "-e" "RUSTFLAGS=--cap-lints=warn" "-e" "RUSTDOCFLAGS=--cap-lints=warn" "-e" "CARGO_HOME=/opt/rustwide/cargo-home" "-e" "RUSTUP_HOME=/opt/rustwide/rustup-home" "-w" "/opt/rustwide/workdir" "-m" "1610612736" "--user" "0:0" "--network" "none" "ghcr.io/rust-lang/crates-build-env/linux@sha256:2788e3201cd34a07e3172128adcd8b3090168a8e3bcc40d7c032b9dda1df7d1c" "/opt/rustwide/cargo-home/bin/cargo" "+1.75.0" "test" "--frozen" "--no-run" "--message-format=json", kill_on_drop: false }`
[INFO] [stdout] e66189a3865a34a8f6ba2b31716ac731317413f1925f43a58bbf81bb87c418fe
[INFO] running `Command { std: "docker" "start" "-a" "e66189a3865a34a8f6ba2b31716ac731317413f1925f43a58bbf81bb87c418fe", kill_on_drop: false }`
[INFO] [stderr]    Compiling google-accessapproval1 v5.0.3+20230120 (/opt/rustwide/workdir)
[INFO] [stderr]     Finished test [unoptimized + debuginfo] target(s) in 1.88s
[INFO] running `Command { std: "docker" "inspect" "e66189a3865a34a8f6ba2b31716ac731317413f1925f43a58bbf81bb87c418fe", kill_on_drop: false }`
[INFO] running `Command { std: "docker" "rm" "-f" "e66189a3865a34a8f6ba2b31716ac731317413f1925f43a58bbf81bb87c418fe", kill_on_drop: false }`
[INFO] [stdout] e66189a3865a34a8f6ba2b31716ac731317413f1925f43a58bbf81bb87c418fe
[INFO] running `Command { std: "docker" "create" "-v" "/var/lib/crater-agent-workspace/builds/worker-0-tc1/target:/opt/rustwide/target:rw,Z" "-v" "/var/lib/crater-agent-workspace/builds/worker-0-tc1/source:/opt/rustwide/workdir:ro,Z" "-v" "/var/lib/crater-agent-workspace/cargo-home:/opt/rustwide/cargo-home:ro,Z" "-v" "/var/lib/crater-agent-workspace/rustup-home:/opt/rustwide/rustup-home:ro,Z" "-e" "SOURCE_DIR=/opt/rustwide/workdir" "-e" "CARGO_TARGET_DIR=/opt/rustwide/target" "-e" "CARGO_INCREMENTAL=0" "-e" "RUST_BACKTRACE=full" "-e" "RUSTFLAGS=--cap-lints=warn" "-e" "RUSTDOCFLAGS=--cap-lints=warn" "-e" "CARGO_HOME=/opt/rustwide/cargo-home" "-e" "RUSTUP_HOME=/opt/rustwide/rustup-home" "-w" "/opt/rustwide/workdir" "-m" "1610612736" "--user" "0:0" "--network" "none" "ghcr.io/rust-lang/crates-build-env/linux@sha256:2788e3201cd34a07e3172128adcd8b3090168a8e3bcc40d7c032b9dda1df7d1c" "/opt/rustwide/cargo-home/bin/cargo" "+1.75.0" "test" "--frozen", kill_on_drop: false }`
[INFO] [stdout] 2da48e87363cbd0321315e026acf89764dd5e4ad3aa99748b99a84f99e2383b4
[INFO] running `Command { std: "docker" "start" "-a" "2da48e87363cbd0321315e026acf89764dd5e4ad3aa99748b99a84f99e2383b4", kill_on_drop: false }`
[INFO] [stderr]     Finished test [unoptimized + debuginfo] target(s) in 0.11s
[INFO] [stderr]      Running unittests src/lib.rs (/opt/rustwide/target/debug/deps/google_accessapproval1-57221250eebc2a20)
[INFO] [stdout] 
[INFO] [stdout] running 0 tests
[INFO] [stdout] 
[INFO] [stderr]    Doc-tests google-accessapproval1
[INFO] [stdout] test result: ok. 0 passed; 0 failed; 0 ignored; 0 measured; 0 filtered out; finished in 0.00s
[INFO] [stdout] 
[INFO] [stdout] 
[INFO] [stdout] running 33 tests
[INFO] [stdout] test src/api.rs - api::FolderDeleteAccessApprovalSettingCall (line 2630) - compile ... ok
[INFO] [stdout] test src/api.rs - api::FolderGetAccessApprovalSettingCall (line 2892) - compile ... ok
[INFO] [stdout] test src/api.rs - api::FolderApprovalRequestGetCall (line 1778) - compile ... ok
[INFO] [stdout] test src/api.rs - api::FolderApprovalRequestInvalidateCall (line 2040) - compile ... ok
[INFO] [stdout] test src/api.rs - api::AccessApproval (line 58) - compile ... ok
[INFO] [stdout] test src/api.rs - api::FolderApprovalRequestListCall (line 2332) - compile ... ok
[INFO] [stdout] test src/api.rs - api::FolderApprovalRequestApproveCall (line 1194) - compile ... ok
[INFO] [stdout] test src/api.rs - api::FolderApprovalRequestDismisCall (line 1486) - compile ... ok
[INFO] [stdout] test src/api.rs - api::FolderGetServiceAccountCall (line 3154) - compile ... ok
[INFO] [stdout] test src/api.rs - api::FolderMethods (line 568) - compile ... ok
[INFO] [stdout] test src/api.rs - api::OrganizationApprovalRequestDismisCall (line 4012) - compile ... ok
[INFO] [stdout] test src/api.rs - api::OrganizationApprovalRequestApproveCall (line 3720) - compile ... ok
[INFO] [stdout] test src/api.rs - api::OrganizationApprovalRequestGetCall (line 4304) - compile ... ok
[INFO] [stdout] test src/api.rs - api::OrganizationApprovalRequestInvalidateCall (line 4566) - compile ... ok
[INFO] [stdout] test src/api.rs - api::FolderUpdateAccessApprovalSettingCall (line 3416) - compile ... FAILED
[INFO] [stdout] test src/api.rs - api::OrganizationApprovalRequestListCall (line 4858) - compile ... ok
[INFO] [stdout] test src/api.rs - api::OrganizationGetServiceAccountCall (line 5680) - compile ... ok
[INFO] [stdout] test src/api.rs - api::OrganizationDeleteAccessApprovalSettingCall (line 5156) - compile ... ok
[INFO] [stdout] test src/api.rs - api::OrganizationMethods (line 774) - compile ... ok
[INFO] [stdout] test src/api.rs - api::OrganizationGetAccessApprovalSettingCall (line 5418) - compile ... ok
[INFO] [stdout] test src/api.rs - api::ProjectApprovalRequestDismisCall (line 6538) - compile ... ok
[INFO] [stdout] test src/api.rs - api::OrganizationUpdateAccessApprovalSettingCall (line 5942) - compile ... FAILED
[INFO] [stdout] test src/api.rs - api::ProjectApprovalRequestApproveCall (line 6246) - compile ... ok
[INFO] [stdout] test src/api.rs - api::ProjectApprovalRequestListCall (line 7384) - compile ... ok
[INFO] [stdout] test src/lib.rs - (line 53) ... ignored
[INFO] [stdout] test src/api.rs - api::ProjectApprovalRequestGetCall (line 6830) - compile ... ok
[INFO] [stdout] test src/api.rs - api::ProjectMethods (line 980) - compile ... ok
[INFO] [stdout] test src/api.rs - api::ProjectApprovalRequestInvalidateCall (line 7092) - compile ... ok
[INFO] [stdout] test src/api.rs - api::ProjectGetServiceAccountCall (line 8206) - compile ... ok
[INFO] [stdout] test src/api.rs - api::ProjectDeleteAccessApprovalSettingCall (line 7682) - compile ... ok
[INFO] [stdout] test src/api.rs - api::ProjectGetAccessApprovalSettingCall (line 7944) - compile ... ok
[INFO] [stdout] test src/api.rs - api::ProjectUpdateAccessApprovalSettingCall (line 8468) - compile ... FAILED
[INFO] [stdout] test src/lib.rs - (line 88) - compile ... ok
[INFO] [stdout] 
[INFO] [stdout] failures:
[INFO] [stdout] 
[INFO] [stdout] ---- src/api.rs - api::FolderUpdateAccessApprovalSettingCall (line 3416) stdout ----
[INFO] [stdout] error[E0308]: mismatched types
[INFO] [stdout]     --> src/api.rs:3440:27
[INFO] [stdout]      |
[INFO] [stdout] 25   |              .update_mask(&Default::default())
[INFO] [stdout]      |               ----------- ^^^^^^^^^^^^^^^^^^^ expected `FieldMask`, found `&_`
[INFO] [stdout]      |               |
[INFO] [stdout]      |               arguments to this method are incorrect
[INFO] [stdout]      |
[INFO] [stdout]      = note: expected struct `FieldMask`
[INFO] [stdout]              found reference `&_`
[INFO] [stdout] note: method defined here
[INFO] [stdout]     --> /opt/rustwide/workdir/src/api.rs:3631:12
[INFO] [stdout]      |
[INFO] [stdout] 3631 |     pub fn update_mask(mut self, new_value: client::FieldMask) -> FolderUpdateAccessApprovalSettingCall<'a, S> {
[INFO] [stdout]      |            ^^^^^^^^^^^
[INFO] [stdout] help: consider removing the borrow
[INFO] [stdout]      |
[INFO] [stdout] 25   -              .update_mask(&Default::default())
[INFO] [stdout] 25   +              .update_mask(Default::default())
[INFO] [stdout]      |
[INFO] [stdout] 
[INFO] [stdout] error: aborting due to previous error
[INFO] [stdout] 
[INFO] [stdout] For more information about this error, try `rustc --explain E0308`.
[INFO] [stdout] Couldn't compile the test.
[INFO] [stdout] ---- src/api.rs - api::OrganizationUpdateAccessApprovalSettingCall (line 5942) stdout ----
[INFO] [stdout] error[E0308]: mismatched types
[INFO] [stdout]     --> src/api.rs:5966:27
[INFO] [stdout]      |
[INFO] [stdout] 25   |              .update_mask(&Default::default())
[INFO] [stdout]      |               ----------- ^^^^^^^^^^^^^^^^^^^ expected `FieldMask`, found `&_`
[INFO] [stdout]      |               |
[INFO] [stdout]      |               arguments to this method are incorrect
[INFO] [stdout]      |
[INFO] [stdout]      = note: expected struct `FieldMask`
[INFO] [stdout]              found reference `&_`
[INFO] [stdout] note: method defined here
[INFO] [stdout]     --> /opt/rustwide/workdir/src/api.rs:6157:12
[INFO] [stdout]      |
[INFO] [stdout] 6157 |     pub fn update_mask(mut self, new_value: client::FieldMask) -> OrganizationUpdateAccessApprovalSettingCall<'a, S> {
[INFO] [stdout]      |            ^^^^^^^^^^^
[INFO] [stdout] help: consider removing the borrow
[INFO] [stdout]      |
[INFO] [stdout] 25   -              .update_mask(&Default::default())
[INFO] [stdout] 25   +              .update_mask(Default::default())
[INFO] [stdout]      |
[INFO] [stdout] 
[INFO] [stdout] error: aborting due to previous error
[INFO] [stdout] 
[INFO] [stdout] For more information about this error, try `rustc --explain E0308`.
[INFO] [stdout] Couldn't compile the test.
[INFO] [stdout] ---- src/api.rs - api::ProjectUpdateAccessApprovalSettingCall (line 8468) stdout ----
[INFO] [stdout] error[E0308]: mismatched types
[INFO] [stdout]     --> src/api.rs:8492:27
[INFO] [stdout]      |
[INFO] [stdout] 25   |              .update_mask(&Default::default())
[INFO] [stdout]      |               ----------- ^^^^^^^^^^^^^^^^^^^ expected `FieldMask`, found `&_`
[INFO] [stdout]      |               |
[INFO] [stdout]      |               arguments to this method are incorrect
[INFO] [stdout]      |
[INFO] [stdout]      = note: expected struct `FieldMask`
[INFO] [stdout]              found reference `&_`
[INFO] [stdout] note: method defined here
[INFO] [stdout]     --> /opt/rustwide/workdir/src/api.rs:8683:12
[INFO] [stdout]      |
[INFO] [stdout] 8683 |     pub fn update_mask(mut self, new_value: client::FieldMask) -> ProjectUpdateAccessApprovalSettingCall<'a, S> {
[INFO] [stdout]      |            ^^^^^^^^^^^
[INFO] [stdout] help: consider removing the borrow
[INFO] [stdout]      |
[INFO] [stdout] 25   -              .update_mask(&Default::default())
[INFO] [stdout] 25   +              .update_mask(Default::default())
[INFO] [stdout]      |
[INFO] [stdout] 
[INFO] [stdout] error: aborting due to previous error
[INFO] [stdout] 
[INFO] [stdout] For more information about this error, try `rustc --explain E0308`.
[INFO] [stdout] Couldn't compile the test.
[INFO] [stdout] 
[INFO] [stdout] failures:
[INFO] [stdout]     src/api.rs - api::FolderUpdateAccessApprovalSettingCall (line 3416)
[INFO] [stdout]     src/api.rs - api::OrganizationUpdateAccessApprovalSettingCall (line 5942)
[INFO] [stdout]     src/api.rs - api::ProjectUpdateAccessApprovalSettingCall (line 8468)
[INFO] [stdout] 
[INFO] [stdout] test result: FAILED. 29 passed; 3 failed; 1 ignored; 0 measured; 0 filtered out; finished in 1.73s
[INFO] [stdout] 
[INFO] [stderr] error: doctest failed, to rerun pass `--doc`
[INFO] running `Command { std: "docker" "inspect" "2da48e87363cbd0321315e026acf89764dd5e4ad3aa99748b99a84f99e2383b4", kill_on_drop: false }`
[INFO] running `Command { std: "docker" "rm" "-f" "2da48e87363cbd0321315e026acf89764dd5e4ad3aa99748b99a84f99e2383b4", kill_on_drop: false }`
[INFO] [stdout] 2da48e87363cbd0321315e026acf89764dd5e4ad3aa99748b99a84f99e2383b4
[INFO] testing google-accessapproval1-5.0.3+20230120 against beta-2023-12-22 for beta-1.76-1
[INFO] extracting crate google-accessapproval1 5.0.3+20230120 into /workspace/builds/worker-0-tc2/source
[INFO] validating manifest of crates.io crate google-accessapproval1 5.0.3+20230120 on toolchain beta-2023-12-22
[INFO] running `Command { std: CARGO_HOME="/workspace/cargo-home" RUSTUP_HOME="/workspace/rustup-home" "/workspace/cargo-home/bin/cargo" "+beta-2023-12-22" "metadata" "--manifest-path" "Cargo.toml" "--no-deps", kill_on_drop: false }`
[INFO] started tweaking crates.io crate google-accessapproval1 5.0.3+20230120
[INFO] finished tweaking crates.io crate google-accessapproval1 5.0.3+20230120
[INFO] tweaked toml for crates.io crate google-accessapproval1 5.0.3+20230120 written to /workspace/builds/worker-0-tc2/source/Cargo.toml
[INFO] running `Command { std: CARGO_HOME="/workspace/cargo-home" RUSTUP_HOME="/workspace/rustup-home" "/workspace/cargo-home/bin/cargo" "+beta-2023-12-22" "generate-lockfile" "--manifest-path" "Cargo.toml", kill_on_drop: false }`
[INFO] [stderr]     Updating crates.io index
[INFO] running `Command { std: CARGO_HOME="/workspace/cargo-home" RUSTUP_HOME="/workspace/rustup-home" "/workspace/cargo-home/bin/cargo" "+beta-2023-12-22" "fetch" "--manifest-path" "Cargo.toml", kill_on_drop: false }`
[INFO] running `Command { std: "docker" "create" "-v" "/var/lib/crater-agent-workspace/builds/worker-0-tc2/target:/opt/rustwide/target:rw,Z" "-v" "/var/lib/crater-agent-workspace/builds/worker-0-tc2/source:/opt/rustwide/workdir:ro,Z" "-v" "/var/lib/crater-agent-workspace/cargo-home:/opt/rustwide/cargo-home:ro,Z" "-v" "/var/lib/crater-agent-workspace/rustup-home:/opt/rustwide/rustup-home:ro,Z" "-e" "SOURCE_DIR=/opt/rustwide/workdir" "-e" "CARGO_TARGET_DIR=/opt/rustwide/target" "-e" "CARGO_HOME=/opt/rustwide/cargo-home" "-e" "RUSTUP_HOME=/opt/rustwide/rustup-home" "-w" "/opt/rustwide/workdir" "-m" "1610612736" "--user" "0:0" "--network" "none" "ghcr.io/rust-lang/crates-build-env/linux@sha256:2788e3201cd34a07e3172128adcd8b3090168a8e3bcc40d7c032b9dda1df7d1c" "/opt/rustwide/cargo-home/bin/cargo" "+beta-2023-12-22" "metadata" "--no-deps" "--format-version=1", kill_on_drop: false }`
[INFO] [stdout] 888111caa606f7d112eff6cdbaf28a8de072200f06231cfc074eb9f11a675231
[INFO] running `Command { std: "docker" "start" "-a" "888111caa606f7d112eff6cdbaf28a8de072200f06231cfc074eb9f11a675231", kill_on_drop: false }`
[INFO] running `Command { std: "docker" "inspect" "888111caa606f7d112eff6cdbaf28a8de072200f06231cfc074eb9f11a675231", kill_on_drop: false }`
[INFO] running `Command { std: "docker" "rm" "-f" "888111caa606f7d112eff6cdbaf28a8de072200f06231cfc074eb9f11a675231", kill_on_drop: false }`
[INFO] [stdout] 888111caa606f7d112eff6cdbaf28a8de072200f06231cfc074eb9f11a675231
[INFO] running `Command { std: "docker" "create" "-v" "/var/lib/crater-agent-workspace/builds/worker-0-tc2/target:/opt/rustwide/target:rw,Z" "-v" "/var/lib/crater-agent-workspace/builds/worker-0-tc2/source:/opt/rustwide/workdir:ro,Z" "-v" "/var/lib/crater-agent-workspace/cargo-home:/opt/rustwide/cargo-home:ro,Z" "-v" "/var/lib/crater-agent-workspace/rustup-home:/opt/rustwide/rustup-home:ro,Z" "-e" "SOURCE_DIR=/opt/rustwide/workdir" "-e" "CARGO_TARGET_DIR=/opt/rustwide/target" "-e" "CARGO_INCREMENTAL=0" "-e" "RUST_BACKTRACE=full" "-e" "RUSTFLAGS=--cap-lints=warn" "-e" "RUSTDOCFLAGS=--cap-lints=warn" "-e" "CARGO_HOME=/opt/rustwide/cargo-home" "-e" "RUSTUP_HOME=/opt/rustwide/rustup-home" "-w" "/opt/rustwide/workdir" "-m" "1610612736" "--user" "0:0" "--network" "none" "ghcr.io/rust-lang/crates-build-env/linux@sha256:2788e3201cd34a07e3172128adcd8b3090168a8e3bcc40d7c032b9dda1df7d1c" "/opt/rustwide/cargo-home/bin/cargo" "+beta-2023-12-22" "build" "--frozen" "--message-format=json", kill_on_drop: false }`
[INFO] [stdout] ea1502c188addbfec2a157ae1d49cc13d75780e7a43c51a4541207a1a793e0dc
[INFO] running `Command { std: "docker" "start" "-a" "ea1502c188addbfec2a157ae1d49cc13d75780e7a43c51a4541207a1a793e0dc", kill_on_drop: false }`
[INFO] [stderr]    Compiling untrusted v0.9.0
[INFO] [stderr]    Compiling spin v0.9.8
[INFO] [stderr]    Compiling futures-sink v0.3.30
[INFO] [stderr]    Compiling bytes v1.5.0
[INFO] [stderr]    Compiling futures-core v0.3.30
[INFO] [stderr]    Compiling syn v2.0.48
[INFO] [stderr]    Compiling cc v1.0.83
[INFO] [stderr]    Compiling getrandom v0.2.11
[INFO] [stderr]    Compiling serde v1.0.194
[INFO] [stderr]    Compiling futures-channel v0.3.30
[INFO] [stderr]    Compiling socket2 v0.5.5
[INFO] [stderr]    Compiling mio v0.8.10
[INFO] [stderr]    Compiling pin-utils v0.1.0
[INFO] [stderr]    Compiling memchr v2.7.1
[INFO] [stderr]    Compiling once_cell v1.19.0
[INFO] [stderr]    Compiling futures-task v0.3.30
[INFO] [stderr]    Compiling futures-io v0.3.30
[INFO] [stderr]    Compiling tracing-core v0.1.32
[INFO] [stderr]    Compiling http v0.2.11
[INFO] [stderr]    Compiling hashbrown v0.14.3
[INFO] [stderr]    Compiling httparse v1.8.0
[INFO] [stderr]    Compiling strsim v0.10.0
[INFO] [stderr]    Compiling tracing v0.1.40
[INFO] [stderr]    Compiling rustls v0.21.10
[INFO] [stderr]    Compiling ident_case v1.0.1
[INFO] [stderr]    Compiling base64 v0.21.5
[INFO] [stderr]    Compiling try-lock v0.2.5
[INFO] [stderr]    Compiling ring v0.17.7
[INFO] [stderr]    Compiling indexmap v2.1.0
[INFO] [stderr]    Compiling want v0.3.1
[INFO] [stderr]    Compiling http-body v0.4.6
[INFO] [stderr]    Compiling openssl-probe v0.1.5
[INFO] [stderr]    Compiling powerfmt v0.2.0
[INFO] [stderr]    Compiling rustls-pemfile v1.0.4
[INFO] [stderr]    Compiling rustls v0.22.1
[INFO] [stderr]    Compiling rustls-pki-types v1.1.0
[INFO] [stderr]    Compiling anyhow v1.0.79
[INFO] [stderr]    Compiling tower-service v0.3.2
[INFO] [stderr]    Compiling async-trait v0.1.77
[INFO] [stderr]    Compiling percent-encoding v2.3.1
[INFO] [stderr]    Compiling httpdate v1.0.3
[INFO] [stderr]    Compiling form_urlencoded v1.2.1
[INFO] [stderr]    Compiling rustls-native-certs v0.6.3
[INFO] [stderr]    Compiling idna v0.5.0
[INFO] [stderr]    Compiling num_threads v0.1.6
[INFO] [stderr]    Compiling subtle v2.5.0
[INFO] [stderr]    Compiling zeroize v1.7.0
[INFO] [stderr]    Compiling time-core v0.1.2
[INFO] [stderr]    Compiling itertools v0.12.0
[INFO] [stderr]    Compiling seahash v4.1.0
[INFO] [stderr]    Compiling itertools v0.10.5
[INFO] [stderr]    Compiling mime v0.3.17
[INFO] [stderr]    Compiling url v2.5.0
[INFO] [stderr]    Compiling darling_core v0.20.3
[INFO] [stderr]    Compiling tokio-macros v2.2.0
[INFO] [stderr]    Compiling futures-macro v0.3.30
[INFO] [stderr]    Compiling serde_derive v1.0.194
[INFO] [stderr]    Compiling tokio v1.35.1
[INFO] [stderr]    Compiling futures-util v0.3.30
[INFO] [stderr]    Compiling rustls-webpki v0.101.7
[INFO] [stderr]    Compiling sct v0.7.1
[INFO] [stderr]    Compiling rustls-webpki v0.102.1
[INFO] [stderr]    Compiling darling_macro v0.20.3
[INFO] [stderr]    Compiling darling v0.20.3
[INFO] [stderr]    Compiling serde_with_macros v2.3.3
[INFO] [stderr]    Compiling futures-executor v0.3.30
[INFO] [stderr]    Compiling futures v0.3.30
[INFO] [stderr]    Compiling tokio-util v0.7.10
[INFO] [stderr]    Compiling tokio-rustls v0.24.1
[INFO] [stderr]    Compiling h2 v0.3.22
[INFO] [stderr]    Compiling deranged v0.3.11
[INFO] [stderr]    Compiling serde_json v1.0.111
[INFO] [stderr]    Compiling chrono v0.4.31
[INFO] [stderr]    Compiling serde_with v2.3.3
[INFO] [stderr]    Compiling time v0.3.31
[INFO] [stderr]    Compiling hyper v0.14.28
[INFO] [stderr]    Compiling hyper-rustls v0.24.2
[INFO] [stderr]    Compiling yup-oauth2 v8.3.2
[INFO] [stderr]    Compiling google-apis-common v6.0.0
[INFO] [stderr]    Compiling google-accessapproval1 v5.0.3+20230120 (/opt/rustwide/workdir)
[INFO] [stderr]     Finished dev [unoptimized + debuginfo] target(s) in 49.54s
[INFO] running `Command { std: "docker" "inspect" "ea1502c188addbfec2a157ae1d49cc13d75780e7a43c51a4541207a1a793e0dc", kill_on_drop: false }`
[INFO] running `Command { std: "docker" "rm" "-f" "ea1502c188addbfec2a157ae1d49cc13d75780e7a43c51a4541207a1a793e0dc", kill_on_drop: false }`
[INFO] [stdout] ea1502c188addbfec2a157ae1d49cc13d75780e7a43c51a4541207a1a793e0dc
[INFO] running `Command { std: "docker" "create" "-v" "/var/lib/crater-agent-workspace/builds/worker-0-tc2/target:/opt/rustwide/target:rw,Z" "-v" "/var/lib/crater-agent-workspace/builds/worker-0-tc2/source:/opt/rustwide/workdir:ro,Z" "-v" "/var/lib/crater-agent-workspace/cargo-home:/opt/rustwide/cargo-home:ro,Z" "-v" "/var/lib/crater-agent-workspace/rustup-home:/opt/rustwide/rustup-home:ro,Z" "-e" "SOURCE_DIR=/opt/rustwide/workdir" "-e" "CARGO_TARGET_DIR=/opt/rustwide/target" "-e" "CARGO_INCREMENTAL=0" "-e" "RUST_BACKTRACE=full" "-e" "RUSTFLAGS=--cap-lints=warn" "-e" "RUSTDOCFLAGS=--cap-lints=warn" "-e" "CARGO_HOME=/opt/rustwide/cargo-home" "-e" "RUSTUP_HOME=/opt/rustwide/rustup-home" "-w" "/opt/rustwide/workdir" "-m" "1610612736" "--user" "0:0" "--network" "none" "ghcr.io/rust-lang/crates-build-env/linux@sha256:2788e3201cd34a07e3172128adcd8b3090168a8e3bcc40d7c032b9dda1df7d1c" "/opt/rustwide/cargo-home/bin/cargo" "+beta-2023-12-22" "test" "--frozen" "--no-run" "--message-format=json", kill_on_drop: false }`
[INFO] [stdout] 3fe7bcb5320f2b02177930a1963b43565182386a3c6cbb4d398fef6bf23116de
[INFO] running `Command { std: "docker" "start" "-a" "3fe7bcb5320f2b02177930a1963b43565182386a3c6cbb4d398fef6bf23116de", kill_on_drop: false }`
[INFO] [stderr]    Compiling google-accessapproval1 v5.0.3+20230120 (/opt/rustwide/workdir)
[INFO] [stderr]     Finished test [unoptimized + debuginfo] target(s) in 1.85s
[INFO] running `Command { std: "docker" "inspect" "3fe7bcb5320f2b02177930a1963b43565182386a3c6cbb4d398fef6bf23116de", kill_on_drop: false }`
[INFO] running `Command { std: "docker" "rm" "-f" "3fe7bcb5320f2b02177930a1963b43565182386a3c6cbb4d398fef6bf23116de", kill_on_drop: false }`
[INFO] [stdout] 3fe7bcb5320f2b02177930a1963b43565182386a3c6cbb4d398fef6bf23116de
[INFO] running `Command { std: "docker" "create" "-v" "/var/lib/crater-agent-workspace/builds/worker-0-tc2/target:/opt/rustwide/target:rw,Z" "-v" "/var/lib/crater-agent-workspace/builds/worker-0-tc2/source:/opt/rustwide/workdir:ro,Z" "-v" "/var/lib/crater-agent-workspace/cargo-home:/opt/rustwide/cargo-home:ro,Z" "-v" "/var/lib/crater-agent-workspace/rustup-home:/opt/rustwide/rustup-home:ro,Z" "-e" "SOURCE_DIR=/opt/rustwide/workdir" "-e" "CARGO_TARGET_DIR=/opt/rustwide/target" "-e" "CARGO_INCREMENTAL=0" "-e" "RUST_BACKTRACE=full" "-e" "RUSTFLAGS=--cap-lints=warn" "-e" "RUSTDOCFLAGS=--cap-lints=warn" "-e" "CARGO_HOME=/opt/rustwide/cargo-home" "-e" "RUSTUP_HOME=/opt/rustwide/rustup-home" "-w" "/opt/rustwide/workdir" "-m" "1610612736" "--user" "0:0" "--network" "none" "ghcr.io/rust-lang/crates-build-env/linux@sha256:2788e3201cd34a07e3172128adcd8b3090168a8e3bcc40d7c032b9dda1df7d1c" "/opt/rustwide/cargo-home/bin/cargo" "+beta-2023-12-22" "test" "--frozen", kill_on_drop: false }`
[INFO] [stdout] 50a4fcd0ab718303b92b147fb19bf4fc48d428811a799caf114367926fb92400
[INFO] running `Command { std: "docker" "start" "-a" "50a4fcd0ab718303b92b147fb19bf4fc48d428811a799caf114367926fb92400", kill_on_drop: false }`
[INFO] [stderr]     Finished test [unoptimized + debuginfo] target(s) in 0.14s
[INFO] [stderr]      Running unittests src/lib.rs (/opt/rustwide/target/debug/deps/google_accessapproval1-b38c98e5339f9f84)
[INFO] [stderr]    Doc-tests google-accessapproval1
[INFO] [stdout] 
[INFO] [stdout] running 0 tests
[INFO] [stdout] 
[INFO] [stdout] test result: ok. 0 passed; 0 failed; 0 ignored; 0 measured; 0 filtered out; finished in 0.00s
[INFO] [stdout] 
[INFO] [stdout] 
[INFO] [stdout] running 33 tests
[INFO] [stdout] test src/api.rs - api::FolderGetAccessApprovalSettingCall (line 2892) - compile ... ok
[INFO] [stdout] test src/api.rs - api::FolderApprovalRequestGetCall (line 1778) - compile ... ok
[INFO] [stdout] test src/api.rs - api::FolderApprovalRequestApproveCall (line 1194) - compile ... ok
[INFO] [stdout] test src/api.rs - api::FolderDeleteAccessApprovalSettingCall (line 2630) - compile ... ok
[INFO] [stdout] test src/api.rs - api::FolderApprovalRequestInvalidateCall (line 2040) - compile ... ok
[INFO] [stdout] test src/api.rs - api::FolderApprovalRequestListCall (line 2332) - compile ... ok
[INFO] [stdout] test src/api.rs - api::FolderApprovalRequestDismisCall (line 1486) - compile ... ok
[INFO] [stdout] test src/api.rs - api::AccessApproval (line 58) - compile ... ok
[INFO] [stdout] test src/api.rs - api::FolderMethods (line 568) - compile ... ok
[INFO] [stdout] test src/api.rs - api::FolderGetServiceAccountCall (line 3154) - compile ... ok
[INFO] [stdout] test src/api.rs - api::OrganizationApprovalRequestApproveCall (line 3720) - compile ... ok
[INFO] [stdout] test src/api.rs - api::OrganizationDeleteAccessApprovalSettingCall (line 5156) - compile ... ok
[INFO] [stdout] test src/api.rs - api::OrganizationApprovalRequestGetCall (line 4304) - compile ... ok
[INFO] [stdout] test src/api.rs - api::OrganizationApprovalRequestListCall (line 4858) - compile ... ok
[INFO] [stdout] test src/api.rs - api::OrganizationApprovalRequestDismisCall (line 4012) - compile ... ok
[INFO] [stdout] test src/api.rs - api::FolderUpdateAccessApprovalSettingCall (line 3416) - compile ... FAILED
[INFO] [stdout] test src/api.rs - api::OrganizationApprovalRequestInvalidateCall (line 4566) - compile ... ok
[INFO] [stdout] test src/api.rs - api::OrganizationGetAccessApprovalSettingCall (line 5418) - compile ... ok
[INFO] [stdout] test src/api.rs - api::ProjectApprovalRequestApproveCall (line 6246) - compile ... ok
[INFO] [stdout] test src/api.rs - api::OrganizationGetServiceAccountCall (line 5680) - compile ... ok
[INFO] [stdout] test src/api.rs - api::OrganizationUpdateAccessApprovalSettingCall (line 5942) - compile ... FAILED
[INFO] [stdout] test src/api.rs - api::OrganizationMethods (line 774) - compile ... ok
[INFO] [stdout] test src/api.rs - api::ProjectApprovalRequestDismisCall (line 6538) - compile ... ok
[INFO] [stdout] test src/api.rs - api::ProjectApprovalRequestListCall (line 7384) - compile ... ok
[INFO] [stdout] test src/lib.rs - (line 53) ... ignored
[INFO] [stdout] test src/api.rs - api::ProjectApprovalRequestInvalidateCall (line 7092) - compile ... ok
[INFO] [stdout] test src/api.rs - api::ProjectApprovalRequestGetCall (line 6830) - compile ... ok
[INFO] [stdout] test src/api.rs - api::ProjectMethods (line 980) - compile ... ok
[INFO] [stdout] test src/api.rs - api::ProjectDeleteAccessApprovalSettingCall (line 7682) - compile ... ok
[INFO] [stdout] test src/api.rs - api::ProjectGetAccessApprovalSettingCall (line 7944) - compile ... ok
[INFO] [stdout] test src/lib.rs - (line 88) - compile ... ok
[INFO] [stdout] test src/api.rs - api::ProjectUpdateAccessApprovalSettingCall (line 8468) - compile ... FAILED
[INFO] [stdout] test src/api.rs - api::ProjectGetServiceAccountCall (line 8206) - compile ... ok
[INFO] [stdout] 
[INFO] [stdout] failures:
[INFO] [stdout] 
[INFO] [stdout] ---- src/api.rs - api::FolderUpdateAccessApprovalSettingCall (line 3416) stdout ----
[INFO] [stdout] error[E0308]: mismatched types
[INFO] [stdout]     --> src/api.rs:3440:27
[INFO] [stdout]      |
[INFO] [stdout] 25   |              .update_mask(&Default::default())
[INFO] [stdout]      |               ----------- ^^^^^^^^^^^^^^^^^^^ expected `FieldMask`, found `&_`
[INFO] [stdout]      |               |
[INFO] [stdout]      |               arguments to this method are incorrect
[INFO] [stdout]      |
[INFO] [stdout]      = note: expected struct `FieldMask`
[INFO] [stdout]              found reference `&_`
[INFO] [stdout] note: method defined here
[INFO] [stdout]     --> /opt/rustwide/workdir/src/api.rs:3631:12
[INFO] [stdout]      |
[INFO] [stdout] 3631 |     pub fn update_mask(mut self, new_value: client::FieldMask) -> FolderUpdateAccessApprovalSettingCall<'a, S> {
[INFO] [stdout]      |            ^^^^^^^^^^^
[INFO] [stdout] help: consider removing the borrow
[INFO] [stdout]      |
[INFO] [stdout] 25   -              .update_mask(&Default::default())
[INFO] [stdout] 25   +              .update_mask(Default::default())
[INFO] [stdout]      |
[INFO] [stdout] 
[INFO] [stdout] error: aborting due to 1 previous error
[INFO] [stdout] 
[INFO] [stdout] For more information about this error, try `rustc --explain E0308`.
[INFO] [stdout] Couldn't compile the test.
[INFO] [stdout] ---- src/api.rs - api::OrganizationUpdateAccessApprovalSettingCall (line 5942) stdout ----
[INFO] [stdout] error[E0308]: mismatched types
[INFO] [stdout]     --> src/api.rs:5966:27
[INFO] [stdout]      |
[INFO] [stdout] 25   |              .update_mask(&Default::default())
[INFO] [stdout]      |               ----------- ^^^^^^^^^^^^^^^^^^^ expected `FieldMask`, found `&_`
[INFO] [stdout]      |               |
[INFO] [stdout]      |               arguments to this method are incorrect
[INFO] [stdout]      |
[INFO] [stdout]      = note: expected struct `FieldMask`
[INFO] [stdout]              found reference `&_`
[INFO] [stdout] note: method defined here
[INFO] [stdout]     --> /opt/rustwide/workdir/src/api.rs:6157:12
[INFO] [stdout]      |
[INFO] [stdout] 6157 |     pub fn update_mask(mut self, new_value: client::FieldMask) -> OrganizationUpdateAccessApprovalSettingCall<'a, S> {
[INFO] [stdout]      |            ^^^^^^^^^^^
[INFO] [stdout] help: consider removing the borrow
[INFO] [stdout]      |
[INFO] [stdout] 25   -              .update_mask(&Default::default())
[INFO] [stdout] 25   +              .update_mask(Default::default())
[INFO] [stdout]      |
[INFO] [stdout] 
[INFO] [stdout] error: aborting due to 1 previous error
[INFO] [stdout] 
[INFO] [stdout] For more information about this error, try `rustc --explain E0308`.
[INFO] [stdout] Couldn't compile the test.
[INFO] [stdout] ---- src/api.rs - api::ProjectUpdateAccessApprovalSettingCall (line 8468) stdout ----
[INFO] [stdout] error[E0308]: mismatched types
[INFO] [stdout]     --> src/api.rs:8492:27
[INFO] [stdout]      |
[INFO] [stdout] 25   |              .update_mask(&Default::default())
[INFO] [stdout]      |               ----------- ^^^^^^^^^^^^^^^^^^^ expected `FieldMask`, found `&_`
[INFO] [stdout]      |               |
[INFO] [stdout]      |               arguments to this method are incorrect
[INFO] [stdout]      |
[INFO] [stdout]      = note: expected struct `FieldMask`
[INFO] [stdout]              found reference `&_`
[INFO] [stdout] note: method defined here
[INFO] [stdout]     --> /opt/rustwide/workdir/src/api.rs:8683:12
[INFO] [stdout]      |
[INFO] [stdout] 8683 |     pub fn update_mask(mut self, new_value: client::FieldMask) -> ProjectUpdateAccessApprovalSettingCall<'a, S> {
[INFO] [stdout]      |            ^^^^^^^^^^^
[INFO] [stdout] help: consider removing the borrow
[INFO] [stdout]      |
[INFO] [stdout] 25   -              .update_mask(&Default::default())
[INFO] [stdout] 25   +              .update_mask(Default::default())
[INFO] [stdout]      |
[INFO] [stdout] 
[INFO] [stdout] error: aborting due to 1 previous error
[INFO] [stdout] 
[INFO] [stdout] For more information about this error, try `rustc --explain E0308`.
[INFO] [stdout] Couldn't compile the test.
[INFO] [stdout] 
[INFO] [stdout] failures:
[INFO] [stdout]     src/api.rs - api::FolderUpdateAccessApprovalSettingCall (line 3416)
[INFO] [stdout]     src/api.rs - api::OrganizationUpdateAccessApprovalSettingCall (line 5942)
[INFO] [stdout]     src/api.rs - api::ProjectUpdateAccessApprovalSettingCall (line 8468)
[INFO] [stdout] 
[INFO] [stdout] test result: FAILED. 29 passed; 3 failed; 1 ignored; 0 measured; 0 filtered out; finished in 1.60s
[INFO] [stdout] 
[INFO] [stderr] error: doctest failed, to rerun pass `--doc`
[INFO] running `Command { std: "docker" "inspect" "50a4fcd0ab718303b92b147fb19bf4fc48d428811a799caf114367926fb92400", kill_on_drop: false }`
[INFO] running `Command { std: "docker" "rm" "-f" "50a4fcd0ab718303b92b147fb19bf4fc48d428811a799caf114367926fb92400", kill_on_drop: false }`
[INFO] [stdout] 50a4fcd0ab718303b92b147fb19bf4fc48d428811a799caf114367926fb92400
