[INFO] fetching crate goodmetrics 2.1.0...
[INFO] testing goodmetrics-2.1.0 against 1.75.0 for beta-1.76-1
[INFO] extracting crate goodmetrics 2.1.0 into /workspace/builds/worker-0-tc1/source
[INFO] validating manifest of crates.io crate goodmetrics 2.1.0 on toolchain 1.75.0
[INFO] running `Command { std: CARGO_HOME="/workspace/cargo-home" RUSTUP_HOME="/workspace/rustup-home" "/workspace/cargo-home/bin/cargo" "+1.75.0" "metadata" "--manifest-path" "Cargo.toml" "--no-deps", kill_on_drop: false }`
[INFO] started tweaking crates.io crate goodmetrics 2.1.0
[INFO] finished tweaking crates.io crate goodmetrics 2.1.0
[INFO] tweaked toml for crates.io crate goodmetrics 2.1.0 written to /workspace/builds/worker-0-tc1/source/Cargo.toml
[INFO] running `Command { std: CARGO_HOME="/workspace/cargo-home" RUSTUP_HOME="/workspace/rustup-home" "/workspace/cargo-home/bin/cargo" "+1.75.0" "generate-lockfile" "--manifest-path" "Cargo.toml", kill_on_drop: false }`
[INFO] [stderr]     Updating crates.io index
[INFO] running `Command { std: CARGO_HOME="/workspace/cargo-home" RUSTUP_HOME="/workspace/rustup-home" "/workspace/cargo-home/bin/cargo" "+1.75.0" "fetch" "--manifest-path" "Cargo.toml", kill_on_drop: false }`
[INFO] [stderr]  Downloading crates ...
[INFO] [stderr]   Downloaded futures-batch v0.6.1
[INFO] [stderr]   Downloaded tonic v0.10.2
[INFO] [stderr]   Downloaded ordered-float v4.2.0
[INFO] [stderr]   Downloaded webpki-roots v0.26.0
[INFO] [stderr]   Downloaded object-pool v0.5.4
[INFO] running `Command { std: "docker" "create" "-v" "/var/lib/crater-agent-workspace/builds/worker-0-tc1/target:/opt/rustwide/target:rw,Z" "-v" "/var/lib/crater-agent-workspace/builds/worker-0-tc1/source:/opt/rustwide/workdir:ro,Z" "-v" "/var/lib/crater-agent-workspace/cargo-home:/opt/rustwide/cargo-home:ro,Z" "-v" "/var/lib/crater-agent-workspace/rustup-home:/opt/rustwide/rustup-home:ro,Z" "-e" "SOURCE_DIR=/opt/rustwide/workdir" "-e" "CARGO_TARGET_DIR=/opt/rustwide/target" "-e" "CARGO_HOME=/opt/rustwide/cargo-home" "-e" "RUSTUP_HOME=/opt/rustwide/rustup-home" "-w" "/opt/rustwide/workdir" "-m" "1610612736" "--user" "0:0" "--network" "none" "ghcr.io/rust-lang/crates-build-env/linux@sha256:2788e3201cd34a07e3172128adcd8b3090168a8e3bcc40d7c032b9dda1df7d1c" "/opt/rustwide/cargo-home/bin/cargo" "+1.75.0" "metadata" "--no-deps" "--format-version=1", kill_on_drop: false }`
[INFO] [stdout] 0b44ebdaa52f620fd5c2b0351ee4bc9d92e0d03c6b379667c9968012afdf2fcc
[INFO] running `Command { std: "docker" "start" "-a" "0b44ebdaa52f620fd5c2b0351ee4bc9d92e0d03c6b379667c9968012afdf2fcc", kill_on_drop: false }`
[INFO] running `Command { std: "docker" "inspect" "0b44ebdaa52f620fd5c2b0351ee4bc9d92e0d03c6b379667c9968012afdf2fcc", kill_on_drop: false }`
[INFO] running `Command { std: "docker" "rm" "-f" "0b44ebdaa52f620fd5c2b0351ee4bc9d92e0d03c6b379667c9968012afdf2fcc", kill_on_drop: false }`
[INFO] [stdout] 0b44ebdaa52f620fd5c2b0351ee4bc9d92e0d03c6b379667c9968012afdf2fcc
[INFO] running `Command { std: "docker" "create" "-v" "/var/lib/crater-agent-workspace/builds/worker-0-tc1/target:/opt/rustwide/target:rw,Z" "-v" "/var/lib/crater-agent-workspace/builds/worker-0-tc1/source:/opt/rustwide/workdir:ro,Z" "-v" "/var/lib/crater-agent-workspace/cargo-home:/opt/rustwide/cargo-home:ro,Z" "-v" "/var/lib/crater-agent-workspace/rustup-home:/opt/rustwide/rustup-home:ro,Z" "-e" "SOURCE_DIR=/opt/rustwide/workdir" "-e" "CARGO_TARGET_DIR=/opt/rustwide/target" "-e" "CARGO_INCREMENTAL=0" "-e" "RUST_BACKTRACE=full" "-e" "RUSTFLAGS=--cap-lints=warn" "-e" "RUSTDOCFLAGS=--cap-lints=warn" "-e" "CARGO_HOME=/opt/rustwide/cargo-home" "-e" "RUSTUP_HOME=/opt/rustwide/rustup-home" "-w" "/opt/rustwide/workdir" "-m" "1610612736" "--user" "0:0" "--network" "none" "ghcr.io/rust-lang/crates-build-env/linux@sha256:2788e3201cd34a07e3172128adcd8b3090168a8e3bcc40d7c032b9dda1df7d1c" "/opt/rustwide/cargo-home/bin/cargo" "+1.75.0" "build" "--frozen" "--message-format=json", kill_on_drop: false }`
[INFO] [stdout] db3b4f8066a7e5c2b301a45822f788f45af5f80b03489fc593654db61078821e
[INFO] running `Command { std: "docker" "start" "-a" "db3b4f8066a7e5c2b301a45822f788f45af5f80b03489fc593654db61078821e", kill_on_drop: false }`
[INFO] [stderr]    Compiling futures-io v0.3.30
[INFO] [stderr]    Compiling spin v0.9.8
[INFO] [stderr]    Compiling indexmap v1.9.3
[INFO] [stderr]    Compiling async-trait v0.1.77
[INFO] [stderr]    Compiling anyhow v1.0.79
[INFO] [stderr]    Compiling syn v2.0.48
[INFO] [stderr]    Compiling num_cpus v1.16.0
[INFO] [stderr]    Compiling mio v0.8.10
[INFO] [stderr]    Compiling cc v1.0.83
[INFO] [stderr]    Compiling axum-core v0.3.4
[INFO] [stderr]    Compiling serde v1.0.194
[INFO] [stderr]    Compiling tower-layer v0.3.2
[INFO] [stderr]    Compiling parking_lot_core v0.8.6
[INFO] [stderr]    Compiling itertools v0.11.0
[INFO] [stderr]    Compiling rand v0.8.5
[INFO] [stderr]    Compiling axum v0.6.20
[INFO] [stderr]    Compiling instant v0.1.12
[INFO] [stderr]    Compiling sync_wrapper v0.1.2
[INFO] [stderr]    Compiling matchit v0.7.3
[INFO] [stderr]    Compiling rustls-native-certs v0.6.3
[INFO] [stderr]    Compiling futures-timer v3.0.2
[INFO] [stderr]    Compiling ordered-float v4.2.0
[INFO] [stderr]    Compiling parking_lot v0.11.2
[INFO] [stderr]    Compiling object-pool v0.5.4
[INFO] [stderr]    Compiling ring v0.17.7
[INFO] [stderr]    Compiling futures-macro v0.3.30
[INFO] [stderr]    Compiling tokio-macros v2.2.0
[INFO] [stderr]    Compiling tracing-attributes v0.1.27
[INFO] [stderr]    Compiling pin-project-internal v1.1.3
[INFO] [stderr]    Compiling serde_derive v1.0.194
[INFO] [stderr]    Compiling prost-derive v0.12.3
[INFO] [stderr]    Compiling async-stream-impl v0.3.5
[INFO] [stderr]    Compiling rustls v0.21.10
[INFO] [stderr]    Compiling async-stream v0.3.5
[INFO] [stderr]    Compiling tokio v1.35.1
[INFO] [stderr]    Compiling futures-util v0.3.30
[INFO] [stderr]    Compiling pin-project v1.1.3
[INFO] [stderr]    Compiling tracing v0.1.40
[INFO] [stderr]    Compiling prost v0.12.3
[INFO] [stderr]    Compiling sct v0.7.1
[INFO] [stderr]    Compiling rustls-webpki v0.101.7
[INFO] [stderr]    Compiling futures-executor v0.3.30
[INFO] [stderr]    Compiling futures v0.3.30
[INFO] [stderr]    Compiling futures-batch v0.6.1
[INFO] [stderr]    Compiling tokio-util v0.7.10
[INFO] [stderr]    Compiling tokio-rustls v0.24.1
[INFO] [stderr]    Compiling tokio-io-timeout v1.2.0
[INFO] [stderr]    Compiling tokio-stream v0.1.14
[INFO] [stderr]    Compiling h2 v0.3.22
[INFO] [stderr]    Compiling tower v0.4.13
[INFO] [stderr]    Compiling hyper v0.14.28
[INFO] [stderr]    Compiling hyper-timeout v0.4.1
[INFO] [stderr]    Compiling hyper-rustls v0.24.2
[INFO] [stderr]    Compiling tonic v0.10.2
[INFO] [stderr]    Compiling goodmetrics v2.1.0 (/opt/rustwide/workdir)
[INFO] [stderr]     Finished dev [unoptimized + debuginfo] target(s) in 32.16s
[INFO] running `Command { std: "docker" "inspect" "db3b4f8066a7e5c2b301a45822f788f45af5f80b03489fc593654db61078821e", kill_on_drop: false }`
[INFO] running `Command { std: "docker" "rm" "-f" "db3b4f8066a7e5c2b301a45822f788f45af5f80b03489fc593654db61078821e", kill_on_drop: false }`
[INFO] [stdout] db3b4f8066a7e5c2b301a45822f788f45af5f80b03489fc593654db61078821e
[INFO] running `Command { std: "docker" "create" "-v" "/var/lib/crater-agent-workspace/builds/worker-0-tc1/target:/opt/rustwide/target:rw,Z" "-v" "/var/lib/crater-agent-workspace/builds/worker-0-tc1/source:/opt/rustwide/workdir:ro,Z" "-v" "/var/lib/crater-agent-workspace/cargo-home:/opt/rustwide/cargo-home:ro,Z" "-v" "/var/lib/crater-agent-workspace/rustup-home:/opt/rustwide/rustup-home:ro,Z" "-e" "SOURCE_DIR=/opt/rustwide/workdir" "-e" "CARGO_TARGET_DIR=/opt/rustwide/target" "-e" "CARGO_INCREMENTAL=0" "-e" "RUST_BACKTRACE=full" "-e" "RUSTFLAGS=--cap-lints=warn" "-e" "RUSTDOCFLAGS=--cap-lints=warn" "-e" "CARGO_HOME=/opt/rustwide/cargo-home" "-e" "RUSTUP_HOME=/opt/rustwide/rustup-home" "-w" "/opt/rustwide/workdir" "-m" "1610612736" "--user" "0:0" "--network" "none" "ghcr.io/rust-lang/crates-build-env/linux@sha256:2788e3201cd34a07e3172128adcd8b3090168a8e3bcc40d7c032b9dda1df7d1c" "/opt/rustwide/cargo-home/bin/cargo" "+1.75.0" "test" "--frozen" "--no-run" "--message-format=json", kill_on_drop: false }`
[INFO] [stdout] 68ae74ba0e645b8c871147557a1c449be4058d6ef31d219f3e7db2806debb156
[INFO] running `Command { std: "docker" "start" "-a" "68ae74ba0e645b8c871147557a1c449be4058d6ef31d219f3e7db2806debb156", kill_on_drop: false }`
[INFO] [stderr]    Compiling rustix v0.38.28
[INFO] [stderr]    Compiling regex-syntax v0.8.2
[INFO] [stderr]    Compiling itertools v0.11.0
[INFO] [stderr]    Compiling plotters-backend v0.3.5
[INFO] [stderr]    Compiling half v1.8.2
[INFO] [stderr]    Compiling ciborium-io v0.2.1
[INFO] [stderr]    Compiling serde_json v1.0.111
[INFO] [stderr]    Compiling clap_builder v4.4.12
[INFO] [stderr]    Compiling itertools v0.10.5
[INFO] [stderr]    Compiling humantime v2.1.0
[INFO] [stderr]    Compiling cast v0.3.0
[INFO] [stderr]    Compiling walkdir v2.4.0
[INFO] [stderr]    Compiling test-log-macros v0.2.14
[INFO] [stderr]    Compiling rustls-pki-types v1.1.0
[INFO] [stderr]    Compiling anes v0.1.6
[INFO] [stderr]    Compiling oorandom v11.1.3
[INFO] [stderr]    Compiling tokio-test v0.4.3
[INFO] [stderr]    Compiling webpki-roots v0.26.0
[INFO] [stderr]    Compiling plotters-svg v0.3.5
[INFO] [stderr]    Compiling ciborium-ll v0.2.1
[INFO] [stderr]    Compiling plotters v0.3.5
[INFO] [stderr]    Compiling ciborium v0.2.1
[INFO] [stderr]    Compiling tinytemplate v1.2.1
[INFO] [stderr]    Compiling criterion-plot v0.5.0
[INFO] [stderr]    Compiling is-terminal v0.4.10
[INFO] [stderr]    Compiling regex-automata v0.4.3
[INFO] [stderr]    Compiling prost-derive v0.12.3
[INFO] [stderr]    Compiling clap v4.4.13
[INFO] [stderr]    Compiling prost v0.12.3
[INFO] [stderr]    Compiling tonic v0.10.2
[INFO] [stderr]    Compiling regex v1.10.2
[INFO] [stderr]    Compiling env_logger v0.10.1
[INFO] [stderr]    Compiling criterion v0.5.1
[INFO] [stderr]    Compiling test-log v0.2.14
[INFO] [stderr]    Compiling goodmetrics v2.1.0 (/opt/rustwide/workdir)
[INFO] [stderr]     Finished test [unoptimized + debuginfo] target(s) in 34.52s
[INFO] running `Command { std: "docker" "inspect" "68ae74ba0e645b8c871147557a1c449be4058d6ef31d219f3e7db2806debb156", kill_on_drop: false }`
[INFO] running `Command { std: "docker" "rm" "-f" "68ae74ba0e645b8c871147557a1c449be4058d6ef31d219f3e7db2806debb156", kill_on_drop: false }`
[INFO] [stdout] 68ae74ba0e645b8c871147557a1c449be4058d6ef31d219f3e7db2806debb156
[INFO] running `Command { std: "docker" "create" "-v" "/var/lib/crater-agent-workspace/builds/worker-0-tc1/target:/opt/rustwide/target:rw,Z" "-v" "/var/lib/crater-agent-workspace/builds/worker-0-tc1/source:/opt/rustwide/workdir:ro,Z" "-v" "/var/lib/crater-agent-workspace/cargo-home:/opt/rustwide/cargo-home:ro,Z" "-v" "/var/lib/crater-agent-workspace/rustup-home:/opt/rustwide/rustup-home:ro,Z" "-e" "SOURCE_DIR=/opt/rustwide/workdir" "-e" "CARGO_TARGET_DIR=/opt/rustwide/target" "-e" "CARGO_INCREMENTAL=0" "-e" "RUST_BACKTRACE=full" "-e" "RUSTFLAGS=--cap-lints=warn" "-e" "RUSTDOCFLAGS=--cap-lints=warn" "-e" "CARGO_HOME=/opt/rustwide/cargo-home" "-e" "RUSTUP_HOME=/opt/rustwide/rustup-home" "-w" "/opt/rustwide/workdir" "-m" "1610612736" "--user" "0:0" "--network" "none" "ghcr.io/rust-lang/crates-build-env/linux@sha256:2788e3201cd34a07e3172128adcd8b3090168a8e3bcc40d7c032b9dda1df7d1c" "/opt/rustwide/cargo-home/bin/cargo" "+1.75.0" "test" "--frozen", kill_on_drop: false }`
[INFO] [stdout] c12a03758b2566a8ca0d757771711b9ffb27fa6ad4892341da57048e1ce837ae
[INFO] running `Command { std: "docker" "start" "-a" "c12a03758b2566a8ca0d757771711b9ffb27fa6ad4892341da57048e1ce837ae", kill_on_drop: false }`
[INFO] [stderr]     Finished test [unoptimized + debuginfo] target(s) in 0.30s
[INFO] [stderr]      Running unittests src/lib.rs (/opt/rustwide/target/debug/deps/goodmetrics-0879bb99b4cb9895)
[INFO] [stdout] 
[INFO] [stdout] running 19 tests
[INFO] [stdout] test metrics_factory::test::serializing_metrics_factory ... ok
[INFO] [stdout] test metrics::test::test_timer ... ok
[INFO] [stdout] test metrics::test::metrics_are_send_and_sync ... ok
[INFO] [stdout] test metrics_factory::test::aggregating_metrics_factory ... ok
[INFO] [stdout] test pipeline::aggregation::online_tdigest::tests::directly_observable_types ... ok
[INFO] [stdout] test metrics_factory::test::logging_metrics_factory ... ok
[INFO] [stdout] test pipeline::aggregation::bucket::test::test_bucket_below ... ok
[INFO] [stdout] test pipeline::aggregation::bucket::test::test_bucket ... ok
[INFO] [stdout] test downstream::opentelemetry_downstream::test::downstream_is_runnable ... ok
[INFO] [stdout] test pipeline::aggregation::online_tdigest::tests::reset ... ok
[INFO] [stdout] test pipeline::aggregation::online_tdigest::tests::p999 ... ok
[INFO] [stdout] test pipeline::aggregation::tdigest::tests::test_centroid_addition_regression ... ok
[INFO] [stdout] test pipeline::aggregator::test::test_draining ... ok
[INFO] [stdout] test pipeline::aggregator::test::test_aggregation ... ok
[INFO] [stdout] test pipeline::aggregation::tdigest::tests::test_merge_digests ... ok
[INFO] [stdout] test pipeline::aggregation::tdigest::tests::test_merge_sorted_against_uniform_distro ... ok
[INFO] [stdout] test pipeline::aggregation::tdigest::tests::test_merge_sorted_against_skewed_distro ... ok
[INFO] [stdout] test pipeline::aggregation::tdigest::tests::test_merge_unsorted_against_skewed_distro ... ok
[INFO] [stderr]    Doc-tests goodmetrics
[INFO] [stdout] test pipeline::aggregation::tdigest::tests::test_merge_unsorted_against_uniform_distro ... ok
[INFO] [stdout] 
[INFO] [stdout] test result: ok. 19 passed; 0 failed; 0 ignored; 0 measured; 0 filtered out; finished in 0.46s
[INFO] [stdout] 
[INFO] [stdout] 
[INFO] [stdout] running 2 tests
[INFO] [stdout] test src/downstream/channel_connection.rs - downstream::channel_connection::get_channel (line 21) ... FAILED
[INFO] [stdout] test src/metrics_factory.rs - metrics_factory::MetricsFactory (line 27) ... ok
[INFO] [stdout] 
[INFO] [stdout] failures:
[INFO] [stdout] 
[INFO] [stdout] ---- src/downstream/channel_connection.rs - downstream::channel_connection::get_channel (line 21) stdout ----
[INFO] [stdout] warning: use of deprecated method `tokio_rustls::rustls::RootCertStore::add_server_trust_anchors`: Please use `add_trust_anchors` instead
[INFO] [stdout]  --> src/downstream/channel_connection.rs:24:11
[INFO] [stdout]   |
[INFO] [stdout] 5 |     store.add_server_trust_anchors(
[INFO] [stdout]   |           ^^^^^^^^^^^^^^^^^^^^^^^^
[INFO] [stdout]   |
[INFO] [stdout]   = note: `#[warn(deprecated)]` on by default
[INFO] [stdout] 
[INFO] [stdout] error[E0609]: no field `spki` on type `&rustls_pki_types::TrustAnchor<'_>`
[INFO] [stdout]  --> src/downstream/channel_connection.rs:28:30
[INFO] [stdout]   |
[INFO] [stdout] 9 |                 trust_anchor.spki,
[INFO] [stdout]   |                              ^^^^ unknown field
[INFO] [stdout]   |
[INFO] [stdout]   = note: available fields are: `subject`, `subject_public_key_info`, `name_constraints`
[INFO] [stdout] 
[INFO] [stdout] error[E0277]: the trait bound `Vec<u8>: From<rustls_pki_types::Der<'_>>` is not satisfied
[INFO] [stdout]   --> src/downstream/channel_connection.rs:27:17
[INFO] [stdout]    |
[INFO] [stdout] 7  |             tokio_rustls::rustls::OwnedTrustAnchor::from_subject_spki_name_constraints(
[INFO] [stdout]    |             -------------------------------------------------------------------------- required by a bound introduced by this call
[INFO] [stdout] 8  |                 trust_anchor.subject,
[INFO] [stdout]    |                 ^^^^^^^^^^^^^^^^^^^^ the trait `From<rustls_pki_types::Der<'_>>` is not implemented for `Vec<u8>`
[INFO] [stdout]    |
[INFO] [stdout]    = help: the following other types implement trait `From<T>`:
[INFO] [stdout]              <Vec<u8> as From<bytes::bytes::Bytes>>
[INFO] [stdout]              <Vec<u8> as From<bytes::bytes_mut::BytesMut>>
[INFO] [stdout]              <Vec<u8> as From<CString>>
[INFO] [stdout]              <Vec<u8> as From<String>>
[INFO] [stdout]              <Vec<u8> as From<&str>>
[INFO] [stdout]    = note: required for `rustls_pki_types::Der<'_>` to implement `Into<Vec<u8>>`
[INFO] [stdout] note: required by a bound in `OwnedTrustAnchor::from_subject_spki_name_constraints`
[INFO] [stdout]   --> /opt/rustwide/cargo-home/registry/src/index.crates.io-6f17d22bba15001f/rustls-0.21.10/src/anchors.rs:42:23
[INFO] [stdout]    |
[INFO] [stdout] 41 |     pub fn from_subject_spki_name_constraints(
[INFO] [stdout]    |            ---------------------------------- required by a bound in this associated function
[INFO] [stdout] 42 |         subject: impl Into<Vec<u8>>,
[INFO] [stdout]    |                       ^^^^^^^^^^^^^ required by this bound in `OwnedTrustAnchor::from_subject_spki_name_constraints`
[INFO] [stdout] 
[INFO] [stdout] error[E0277]: the trait bound `Vec<u8>: From<rustls_pki_types::Der<'_>>` is not satisfied
[INFO] [stdout]   --> src/downstream/channel_connection.rs:29:17
[INFO] [stdout]    |
[INFO] [stdout] 7  |             tokio_rustls::rustls::OwnedTrustAnchor::from_subject_spki_name_constraints(
[INFO] [stdout]    |             -------------------------------------------------------------------------- required by a bound introduced by this call
[INFO] [stdout] ...
[INFO] [stdout] 10 |                 trust_anchor.name_constraints
[INFO] [stdout]    |                 ^^^^^^^^^^^^^^^^^^^^^^^^^^^^^ the trait `From<rustls_pki_types::Der<'_>>` is not implemented for `Vec<u8>`
[INFO] [stdout]    |
[INFO] [stdout]    = help: the following other types implement trait `From<T>`:
[INFO] [stdout]              <Vec<u8> as From<bytes::bytes::Bytes>>
[INFO] [stdout]              <Vec<u8> as From<bytes::bytes_mut::BytesMut>>
[INFO] [stdout]              <Vec<u8> as From<CString>>
[INFO] [stdout]              <Vec<u8> as From<String>>
[INFO] [stdout]              <Vec<u8> as From<&str>>
[INFO] [stdout]    = note: required for `rustls_pki_types::Der<'_>` to implement `Into<Vec<u8>>`
[INFO] [stdout] note: required by a bound in `OwnedTrustAnchor::from_subject_spki_name_constraints`
[INFO] [stdout]   --> /opt/rustwide/cargo-home/registry/src/index.crates.io-6f17d22bba15001f/rustls-0.21.10/src/anchors.rs:44:39
[INFO] [stdout]    |
[INFO] [stdout] 41 |     pub fn from_subject_spki_name_constraints(
[INFO] [stdout]    |            ---------------------------------- required by a bound in this associated function
[INFO] [stdout] ...
[INFO] [stdout] 44 |         name_constraints: Option<impl Into<Vec<u8>>>,
[INFO] [stdout]    |                                       ^^^^^^^^^^^^^ required by this bound in `OwnedTrustAnchor::from_subject_spki_name_constraints`
[INFO] [stdout] 
[INFO] [stdout] error: aborting due to 3 previous errors; 1 warning emitted
[INFO] [stdout] 
[INFO] [stdout] Some errors have detailed explanations: E0277, E0609.
[INFO] [stdout] For more information about an error, try `rustc --explain E0277`.
[INFO] [stdout] Couldn't compile the test.
[INFO] [stdout] 
[INFO] [stdout] failures:
[INFO] [stdout]     src/downstream/channel_connection.rs - downstream::channel_connection::get_channel (line 21)
[INFO] [stdout] 
[INFO] [stdout] test result: FAILED. 1 passed; 1 failed; 0 ignored; 0 measured; 0 filtered out; finished in 5.23s
[INFO] [stdout] 
[INFO] [stderr] error: doctest failed, to rerun pass `--doc`
[INFO] running `Command { std: "docker" "inspect" "c12a03758b2566a8ca0d757771711b9ffb27fa6ad4892341da57048e1ce837ae", kill_on_drop: false }`
[INFO] running `Command { std: "docker" "rm" "-f" "c12a03758b2566a8ca0d757771711b9ffb27fa6ad4892341da57048e1ce837ae", kill_on_drop: false }`
[INFO] [stdout] c12a03758b2566a8ca0d757771711b9ffb27fa6ad4892341da57048e1ce837ae
[INFO] testing goodmetrics-2.1.0 against beta-2023-12-22 for beta-1.76-1
[INFO] extracting crate goodmetrics 2.1.0 into /workspace/builds/worker-0-tc2/source
[INFO] validating manifest of crates.io crate goodmetrics 2.1.0 on toolchain beta-2023-12-22
[INFO] running `Command { std: CARGO_HOME="/workspace/cargo-home" RUSTUP_HOME="/workspace/rustup-home" "/workspace/cargo-home/bin/cargo" "+beta-2023-12-22" "metadata" "--manifest-path" "Cargo.toml" "--no-deps", kill_on_drop: false }`
[INFO] started tweaking crates.io crate goodmetrics 2.1.0
[INFO] finished tweaking crates.io crate goodmetrics 2.1.0
[INFO] tweaked toml for crates.io crate goodmetrics 2.1.0 written to /workspace/builds/worker-0-tc2/source/Cargo.toml
[INFO] running `Command { std: CARGO_HOME="/workspace/cargo-home" RUSTUP_HOME="/workspace/rustup-home" "/workspace/cargo-home/bin/cargo" "+beta-2023-12-22" "generate-lockfile" "--manifest-path" "Cargo.toml", kill_on_drop: false }`
[INFO] [stderr]     Updating crates.io index
[INFO] running `Command { std: CARGO_HOME="/workspace/cargo-home" RUSTUP_HOME="/workspace/rustup-home" "/workspace/cargo-home/bin/cargo" "+beta-2023-12-22" "fetch" "--manifest-path" "Cargo.toml", kill_on_drop: false }`
[INFO] running `Command { std: "docker" "create" "-v" "/var/lib/crater-agent-workspace/builds/worker-0-tc2/target:/opt/rustwide/target:rw,Z" "-v" "/var/lib/crater-agent-workspace/builds/worker-0-tc2/source:/opt/rustwide/workdir:ro,Z" "-v" "/var/lib/crater-agent-workspace/cargo-home:/opt/rustwide/cargo-home:ro,Z" "-v" "/var/lib/crater-agent-workspace/rustup-home:/opt/rustwide/rustup-home:ro,Z" "-e" "SOURCE_DIR=/opt/rustwide/workdir" "-e" "CARGO_TARGET_DIR=/opt/rustwide/target" "-e" "CARGO_HOME=/opt/rustwide/cargo-home" "-e" "RUSTUP_HOME=/opt/rustwide/rustup-home" "-w" "/opt/rustwide/workdir" "-m" "1610612736" "--user" "0:0" "--network" "none" "ghcr.io/rust-lang/crates-build-env/linux@sha256:2788e3201cd34a07e3172128adcd8b3090168a8e3bcc40d7c032b9dda1df7d1c" "/opt/rustwide/cargo-home/bin/cargo" "+beta-2023-12-22" "metadata" "--no-deps" "--format-version=1", kill_on_drop: false }`
[INFO] [stdout] f89cd45a8cc0b087d55e10de0ca0711efd8fdbe4f53607bf57a4dd593dd780a7
[INFO] running `Command { std: "docker" "start" "-a" "f89cd45a8cc0b087d55e10de0ca0711efd8fdbe4f53607bf57a4dd593dd780a7", kill_on_drop: false }`
[INFO] running `Command { std: "docker" "inspect" "f89cd45a8cc0b087d55e10de0ca0711efd8fdbe4f53607bf57a4dd593dd780a7", kill_on_drop: false }`
[INFO] running `Command { std: "docker" "rm" "-f" "f89cd45a8cc0b087d55e10de0ca0711efd8fdbe4f53607bf57a4dd593dd780a7", kill_on_drop: false }`
[INFO] [stdout] f89cd45a8cc0b087d55e10de0ca0711efd8fdbe4f53607bf57a4dd593dd780a7
[INFO] running `Command { std: "docker" "create" "-v" "/var/lib/crater-agent-workspace/builds/worker-0-tc2/target:/opt/rustwide/target:rw,Z" "-v" "/var/lib/crater-agent-workspace/builds/worker-0-tc2/source:/opt/rustwide/workdir:ro,Z" "-v" "/var/lib/crater-agent-workspace/cargo-home:/opt/rustwide/cargo-home:ro,Z" "-v" "/var/lib/crater-agent-workspace/rustup-home:/opt/rustwide/rustup-home:ro,Z" "-e" "SOURCE_DIR=/opt/rustwide/workdir" "-e" "CARGO_TARGET_DIR=/opt/rustwide/target" "-e" "CARGO_INCREMENTAL=0" "-e" "RUST_BACKTRACE=full" "-e" "RUSTFLAGS=--cap-lints=warn" "-e" "RUSTDOCFLAGS=--cap-lints=warn" "-e" "CARGO_HOME=/opt/rustwide/cargo-home" "-e" "RUSTUP_HOME=/opt/rustwide/rustup-home" "-w" "/opt/rustwide/workdir" "-m" "1610612736" "--user" "0:0" "--network" "none" "ghcr.io/rust-lang/crates-build-env/linux@sha256:2788e3201cd34a07e3172128adcd8b3090168a8e3bcc40d7c032b9dda1df7d1c" "/opt/rustwide/cargo-home/bin/cargo" "+beta-2023-12-22" "build" "--frozen" "--message-format=json", kill_on_drop: false }`
[INFO] [stdout] 0348941ca23189a766dcb49d7ec06fb37d86b8321d25abd7c97bf2e605449fee
[INFO] running `Command { std: "docker" "start" "-a" "0348941ca23189a766dcb49d7ec06fb37d86b8321d25abd7c97bf2e605449fee", kill_on_drop: false }`
[INFO] [stderr]    Compiling futures-io v0.3.30
[INFO] [stderr]    Compiling spin v0.9.8
[INFO] [stderr]    Compiling indexmap v1.9.3
[INFO] [stderr]    Compiling async-trait v0.1.77
[INFO] [stderr]    Compiling anyhow v1.0.79
[INFO] [stderr]    Compiling syn v2.0.48
[INFO] [stderr]    Compiling num_cpus v1.16.0
[INFO] [stderr]    Compiling mio v0.8.10
[INFO] [stderr]    Compiling cc v1.0.83
[INFO] [stderr]    Compiling axum-core v0.3.4
[INFO] [stderr]    Compiling serde v1.0.194
[INFO] [stderr]    Compiling tower-layer v0.3.2
[INFO] [stderr]    Compiling parking_lot_core v0.8.6
[INFO] [stderr]    Compiling rand v0.8.5
[INFO] [stderr]    Compiling itertools v0.11.0
[INFO] [stderr]    Compiling axum v0.6.20
[INFO] [stderr]    Compiling instant v0.1.12
[INFO] [stderr]    Compiling matchit v0.7.3
[INFO] [stderr]    Compiling sync_wrapper v0.1.2
[INFO] [stderr]    Compiling rustls-native-certs v0.6.3
[INFO] [stderr]    Compiling futures-timer v3.0.2
[INFO] [stderr]    Compiling ordered-float v4.2.0
[INFO] [stderr]    Compiling parking_lot v0.11.2
[INFO] [stderr]    Compiling object-pool v0.5.4
[INFO] [stderr]    Compiling ring v0.17.7
[INFO] [stderr]    Compiling rustls v0.21.10
[INFO] [stderr]    Compiling tokio-macros v2.2.0
[INFO] [stderr]    Compiling futures-macro v0.3.30
[INFO] [stderr]    Compiling tracing-attributes v0.1.27
[INFO] [stderr]    Compiling pin-project-internal v1.1.3
[INFO] [stderr]    Compiling serde_derive v1.0.194
[INFO] [stderr]    Compiling prost-derive v0.12.3
[INFO] [stderr]    Compiling async-stream-impl v0.3.5
[INFO] [stderr]    Compiling rustls-webpki v0.101.7
[INFO] [stderr]    Compiling sct v0.7.1
[INFO] [stderr]    Compiling async-stream v0.3.5
[INFO] [stderr]    Compiling tokio v1.35.1
[INFO] [stderr]    Compiling pin-project v1.1.3
[INFO] [stderr]    Compiling futures-util v0.3.30
[INFO] [stderr]    Compiling tracing v0.1.40
[INFO] [stderr]    Compiling prost v0.12.3
[INFO] [stderr]    Compiling futures-executor v0.3.30
[INFO] [stderr]    Compiling futures v0.3.30
[INFO] [stderr]    Compiling futures-batch v0.6.1
[INFO] [stderr]    Compiling tokio-util v0.7.10
[INFO] [stderr]    Compiling tokio-rustls v0.24.1
[INFO] [stderr]    Compiling tokio-io-timeout v1.2.0
[INFO] [stderr]    Compiling tokio-stream v0.1.14
[INFO] [stderr]    Compiling h2 v0.3.22
[INFO] [stderr]    Compiling tower v0.4.13
[INFO] [stderr]    Compiling hyper v0.14.28
[INFO] [stderr]    Compiling hyper-timeout v0.4.1
[INFO] [stderr]    Compiling hyper-rustls v0.24.2
[INFO] [stderr]    Compiling tonic v0.10.2
[INFO] [stderr]    Compiling goodmetrics v2.1.0 (/opt/rustwide/workdir)
[INFO] [stderr]     Finished dev [unoptimized + debuginfo] target(s) in 44.35s
[INFO] running `Command { std: "docker" "inspect" "0348941ca23189a766dcb49d7ec06fb37d86b8321d25abd7c97bf2e605449fee", kill_on_drop: false }`
[INFO] running `Command { std: "docker" "rm" "-f" "0348941ca23189a766dcb49d7ec06fb37d86b8321d25abd7c97bf2e605449fee", kill_on_drop: false }`
[INFO] [stdout] 0348941ca23189a766dcb49d7ec06fb37d86b8321d25abd7c97bf2e605449fee
[INFO] running `Command { std: "docker" "create" "-v" "/var/lib/crater-agent-workspace/builds/worker-0-tc2/target:/opt/rustwide/target:rw,Z" "-v" "/var/lib/crater-agent-workspace/builds/worker-0-tc2/source:/opt/rustwide/workdir:ro,Z" "-v" "/var/lib/crater-agent-workspace/cargo-home:/opt/rustwide/cargo-home:ro,Z" "-v" "/var/lib/crater-agent-workspace/rustup-home:/opt/rustwide/rustup-home:ro,Z" "-e" "SOURCE_DIR=/opt/rustwide/workdir" "-e" "CARGO_TARGET_DIR=/opt/rustwide/target" "-e" "CARGO_INCREMENTAL=0" "-e" "RUST_BACKTRACE=full" "-e" "RUSTFLAGS=--cap-lints=warn" "-e" "RUSTDOCFLAGS=--cap-lints=warn" "-e" "CARGO_HOME=/opt/rustwide/cargo-home" "-e" "RUSTUP_HOME=/opt/rustwide/rustup-home" "-w" "/opt/rustwide/workdir" "-m" "1610612736" "--user" "0:0" "--network" "none" "ghcr.io/rust-lang/crates-build-env/linux@sha256:2788e3201cd34a07e3172128adcd8b3090168a8e3bcc40d7c032b9dda1df7d1c" "/opt/rustwide/cargo-home/bin/cargo" "+beta-2023-12-22" "test" "--frozen" "--no-run" "--message-format=json", kill_on_drop: false }`
[INFO] [stdout] 8e1e5ab6662983065509c5ee4c08563675ae9a3c18b26980eef50716e03f7b77
[INFO] running `Command { std: "docker" "start" "-a" "8e1e5ab6662983065509c5ee4c08563675ae9a3c18b26980eef50716e03f7b77", kill_on_drop: false }`
[INFO] [stderr]    Compiling rustix v0.38.28
[INFO] [stderr]    Compiling regex-syntax v0.8.2
[INFO] [stderr]    Compiling itertools v0.11.0
[INFO] [stderr]    Compiling ciborium-io v0.2.1
[INFO] [stderr]    Compiling half v1.8.2
[INFO] [stderr]    Compiling plotters-backend v0.3.5
[INFO] [stderr]    Compiling clap_builder v4.4.12
[INFO] [stderr]    Compiling serde_json v1.0.111
[INFO] [stderr]    Compiling itertools v0.10.5
[INFO] [stderr]    Compiling humantime v2.1.0
[INFO] [stderr]    Compiling cast v0.3.0
[INFO] [stderr]    Compiling walkdir v2.4.0
[INFO] [stderr]    Compiling test-log-macros v0.2.14
[INFO] [stderr]    Compiling rustls-pki-types v1.1.0
[INFO] [stderr]    Compiling anes v0.1.6
[INFO] [stderr]    Compiling oorandom v11.1.3
[INFO] [stderr]    Compiling tokio-test v0.4.3
[INFO] [stderr]    Compiling ciborium-ll v0.2.1
[INFO] [stderr]    Compiling plotters-svg v0.3.5
[INFO] [stderr]    Compiling webpki-roots v0.26.0
[INFO] [stderr]    Compiling plotters v0.3.5
[INFO] [stderr]    Compiling ciborium v0.2.1
[INFO] [stderr]    Compiling tinytemplate v1.2.1
[INFO] [stderr]    Compiling regex-automata v0.4.3
[INFO] [stderr]    Compiling is-terminal v0.4.10
[INFO] [stderr]    Compiling prost-derive v0.12.3
[INFO] [stderr]    Compiling criterion-plot v0.5.0
[INFO] [stderr]    Compiling clap v4.4.13
[INFO] [stderr]    Compiling prost v0.12.3
[INFO] [stderr]    Compiling regex v1.10.2
[INFO] [stderr]    Compiling tonic v0.10.2
[INFO] [stderr]    Compiling env_logger v0.10.1
[INFO] [stderr]    Compiling criterion v0.5.1
[INFO] [stderr]    Compiling test-log v0.2.14
[INFO] [stderr]    Compiling goodmetrics v2.1.0 (/opt/rustwide/workdir)
[INFO] [stderr]     Finished test [unoptimized + debuginfo] target(s) in 29.06s
[INFO] running `Command { std: "docker" "inspect" "8e1e5ab6662983065509c5ee4c08563675ae9a3c18b26980eef50716e03f7b77", kill_on_drop: false }`
[INFO] running `Command { std: "docker" "rm" "-f" "8e1e5ab6662983065509c5ee4c08563675ae9a3c18b26980eef50716e03f7b77", kill_on_drop: false }`
[INFO] [stdout] 8e1e5ab6662983065509c5ee4c08563675ae9a3c18b26980eef50716e03f7b77
[INFO] running `Command { std: "docker" "create" "-v" "/var/lib/crater-agent-workspace/builds/worker-0-tc2/target:/opt/rustwide/target:rw,Z" "-v" "/var/lib/crater-agent-workspace/builds/worker-0-tc2/source:/opt/rustwide/workdir:ro,Z" "-v" "/var/lib/crater-agent-workspace/cargo-home:/opt/rustwide/cargo-home:ro,Z" "-v" "/var/lib/crater-agent-workspace/rustup-home:/opt/rustwide/rustup-home:ro,Z" "-e" "SOURCE_DIR=/opt/rustwide/workdir" "-e" "CARGO_TARGET_DIR=/opt/rustwide/target" "-e" "CARGO_INCREMENTAL=0" "-e" "RUST_BACKTRACE=full" "-e" "RUSTFLAGS=--cap-lints=warn" "-e" "RUSTDOCFLAGS=--cap-lints=warn" "-e" "CARGO_HOME=/opt/rustwide/cargo-home" "-e" "RUSTUP_HOME=/opt/rustwide/rustup-home" "-w" "/opt/rustwide/workdir" "-m" "1610612736" "--user" "0:0" "--network" "none" "ghcr.io/rust-lang/crates-build-env/linux@sha256:2788e3201cd34a07e3172128adcd8b3090168a8e3bcc40d7c032b9dda1df7d1c" "/opt/rustwide/cargo-home/bin/cargo" "+beta-2023-12-22" "test" "--frozen", kill_on_drop: false }`
[INFO] [stdout] 7b37742961b56d9e46ab1d05dd228b9b1c32eaf7deb126ca85d59b8d6a0f0298
[INFO] running `Command { std: "docker" "start" "-a" "7b37742961b56d9e46ab1d05dd228b9b1c32eaf7deb126ca85d59b8d6a0f0298", kill_on_drop: false }`
[INFO] [stderr]     Finished test [unoptimized + debuginfo] target(s) in 1.42s
[INFO] [stderr]      Running unittests src/lib.rs (/opt/rustwide/target/debug/deps/goodmetrics-1eb2fd869552ab69)
[INFO] [stdout] 
[INFO] [stdout] running 19 tests
[INFO] [stdout] test metrics_factory::test::aggregating_metrics_factory ... ok
[INFO] [stdout] test metrics::test::metrics_are_send_and_sync ... ok
[INFO] [stdout] test metrics_factory::test::logging_metrics_factory ... ok
[INFO] [stdout] test pipeline::aggregation::tdigest::tests::test_centroid_addition_regression ... ok
[INFO] [stdout] test pipeline::aggregation::online_tdigest::tests::reset ... ok
[INFO] [stdout] test pipeline::aggregator::test::test_draining ... ok
[INFO] [stdout] test metrics::test::test_timer ... ok
[INFO] [stdout] test pipeline::aggregator::test::test_aggregation ... ok
[INFO] [stdout] test pipeline::aggregation::online_tdigest::tests::directly_observable_types ... ok
[INFO] [stdout] test metrics_factory::test::serializing_metrics_factory ... ok
[INFO] [stdout] test pipeline::aggregation::online_tdigest::tests::p999 ... ok
[INFO] [stdout] test pipeline::aggregation::tdigest::tests::test_merge_digests ... ok
[INFO] [stdout] test downstream::opentelemetry_downstream::test::downstream_is_runnable ... ok
[INFO] [stdout] test pipeline::aggregation::bucket::test::test_bucket_below ... ok
[INFO] [stdout] test pipeline::aggregation::bucket::test::test_bucket ... ok
[INFO] [stdout] test pipeline::aggregation::tdigest::tests::test_merge_sorted_against_skewed_distro ... ok
[INFO] [stdout] test pipeline::aggregation::tdigest::tests::test_merge_sorted_against_uniform_distro ... ok
[INFO] [stdout] test pipeline::aggregation::tdigest::tests::test_merge_unsorted_against_skewed_distro ... ok
[INFO] [stdout] test pipeline::aggregation::tdigest::tests::test_merge_unsorted_against_uniform_distro ... ok
[INFO] [stdout] 
[INFO] [stdout] test result: ok. 19 passed; 0 failed; 0 ignored; 0 measured; 0 filtered out; finished in 0.29s
[INFO] [stdout] 
[INFO] [stderr]    Doc-tests goodmetrics
[INFO] [stdout] 
[INFO] [stdout] running 2 tests
[INFO] [stdout] test src/downstream/channel_connection.rs - downstream::channel_connection::get_channel (line 21) ... FAILED
[INFO] [stdout] test src/metrics_factory.rs - metrics_factory::MetricsFactory (line 27) ... ok
[INFO] [stderr] error: doctest failed, to rerun pass `--doc`
[INFO] [stdout] 
[INFO] [stdout] failures:
[INFO] [stdout] 
[INFO] [stdout] ---- src/downstream/channel_connection.rs - downstream::channel_connection::get_channel (line 21) stdout ----
[INFO] [stdout] warning: use of deprecated method `tokio_rustls::rustls::RootCertStore::add_server_trust_anchors`: Please use `add_trust_anchors` instead
[INFO] [stdout]  --> src/downstream/channel_connection.rs:24:11
[INFO] [stdout]   |
[INFO] [stdout] 5 |     store.add_server_trust_anchors(
[INFO] [stdout]   |           ^^^^^^^^^^^^^^^^^^^^^^^^
[INFO] [stdout]   |
[INFO] [stdout]   = note: `#[warn(deprecated)]` on by default
[INFO] [stdout] 
[INFO] [stdout] error[E0609]: no field `spki` on type `&rustls_pki_types::TrustAnchor<'_>`
[INFO] [stdout]  --> src/downstream/channel_connection.rs:28:30
[INFO] [stdout]   |
[INFO] [stdout] 9 |                 trust_anchor.spki,
[INFO] [stdout]   |                              ^^^^ unknown field
[INFO] [stdout]   |
[INFO] [stdout]   = note: available fields are: `subject`, `subject_public_key_info`, `name_constraints`
[INFO] [stdout] 
[INFO] [stdout] error[E0277]: the trait bound `Vec<u8>: From<rustls_pki_types::Der<'_>>` is not satisfied
[INFO] [stdout]   --> src/downstream/channel_connection.rs:27:17
[INFO] [stdout]    |
[INFO] [stdout] 7  |             tokio_rustls::rustls::OwnedTrustAnchor::from_subject_spki_name_constraints(
[INFO] [stdout]    |             -------------------------------------------------------------------------- required by a bound introduced by this call
[INFO] [stdout] 8  |                 trust_anchor.subject,
[INFO] [stdout]    |                 ^^^^^^^^^^^^^^^^^^^^ the trait `From<rustls_pki_types::Der<'_>>` is not implemented for `Vec<u8>`
[INFO] [stdout]    |
[INFO] [stdout]    = help: the following other types implement trait `From<T>`:
[INFO] [stdout]              <Vec<u8> as From<bytes::bytes::Bytes>>
[INFO] [stdout]              <Vec<u8> as From<bytes::bytes_mut::BytesMut>>
[INFO] [stdout]              <Vec<u8> as From<CString>>
[INFO] [stdout]              <Vec<u8> as From<String>>
[INFO] [stdout]              <Vec<u8> as From<&str>>
[INFO] [stdout]    = note: required for `rustls_pki_types::Der<'_>` to implement `Into<Vec<u8>>`
[INFO] [stdout] note: required by a bound in `OwnedTrustAnchor::from_subject_spki_name_constraints`
[INFO] [stdout]   --> /opt/rustwide/cargo-home/registry/src/index.crates.io-6f17d22bba15001f/rustls-0.21.10/src/anchors.rs:42:23
[INFO] [stdout]    |
[INFO] [stdout] 41 |     pub fn from_subject_spki_name_constraints(
[INFO] [stdout]    |            ---------------------------------- required by a bound in this associated function
[INFO] [stdout] 42 |         subject: impl Into<Vec<u8>>,
[INFO] [stdout]    |                       ^^^^^^^^^^^^^ required by this bound in `OwnedTrustAnchor::from_subject_spki_name_constraints`
[INFO] [stdout] 
[INFO] [stdout] error[E0277]: the trait bound `Vec<u8>: From<rustls_pki_types::Der<'_>>` is not satisfied
[INFO] [stdout]   --> src/downstream/channel_connection.rs:29:17
[INFO] [stdout]    |
[INFO] [stdout] 7  |             tokio_rustls::rustls::OwnedTrustAnchor::from_subject_spki_name_constraints(
[INFO] [stdout]    |             -------------------------------------------------------------------------- required by a bound introduced by this call
[INFO] [stdout] ...
[INFO] [stdout] 10 |                 trust_anchor.name_constraints
[INFO] [stdout]    |                 ^^^^^^^^^^^^^^^^^^^^^^^^^^^^^ the trait `From<rustls_pki_types::Der<'_>>` is not implemented for `Vec<u8>`
[INFO] [stdout]    |
[INFO] [stdout]    = help: the following other types implement trait `From<T>`:
[INFO] [stdout]              <Vec<u8> as From<bytes::bytes::Bytes>>
[INFO] [stdout]              <Vec<u8> as From<bytes::bytes_mut::BytesMut>>
[INFO] [stdout]              <Vec<u8> as From<CString>>
[INFO] [stdout]              <Vec<u8> as From<String>>
[INFO] [stdout]              <Vec<u8> as From<&str>>
[INFO] [stdout]    = note: required for `rustls_pki_types::Der<'_>` to implement `Into<Vec<u8>>`
[INFO] [stdout] note: required by a bound in `OwnedTrustAnchor::from_subject_spki_name_constraints`
[INFO] [stdout]   --> /opt/rustwide/cargo-home/registry/src/index.crates.io-6f17d22bba15001f/rustls-0.21.10/src/anchors.rs:44:39
[INFO] [stdout]    |
[INFO] [stdout] 41 |     pub fn from_subject_spki_name_constraints(
[INFO] [stdout]    |            ---------------------------------- required by a bound in this associated function
[INFO] [stdout] ...
[INFO] [stdout] 44 |         name_constraints: Option<impl Into<Vec<u8>>>,
[INFO] [stdout]    |                                       ^^^^^^^^^^^^^ required by this bound in `OwnedTrustAnchor::from_subject_spki_name_constraints`
[INFO] [stdout] 
[INFO] [stdout] error: aborting due to 3 previous errors; 1 warning emitted
[INFO] [stdout] 
[INFO] [stdout] Some errors have detailed explanations: E0277, E0609.
[INFO] [stdout] For more information about an error, try `rustc --explain E0277`.
[INFO] [stdout] Couldn't compile the test.
[INFO] [stdout] 
[INFO] [stdout] failures:
[INFO] [stdout]     src/downstream/channel_connection.rs - downstream::channel_connection::get_channel (line 21)
[INFO] [stdout] 
[INFO] [stdout] test result: FAILED. 1 passed; 1 failed; 0 ignored; 0 measured; 0 filtered out; finished in 4.99s
[INFO] [stdout] 
[INFO] running `Command { std: "docker" "inspect" "7b37742961b56d9e46ab1d05dd228b9b1c32eaf7deb126ca85d59b8d6a0f0298", kill_on_drop: false }`
[INFO] running `Command { std: "docker" "rm" "-f" "7b37742961b56d9e46ab1d05dd228b9b1c32eaf7deb126ca85d59b8d6a0f0298", kill_on_drop: false }`
[INFO] [stdout] 7b37742961b56d9e46ab1d05dd228b9b1c32eaf7deb126ca85d59b8d6a0f0298
