[INFO] fetching crate goldberg 0.1.0...
[INFO] testing goldberg-0.1.0 against 1.75.0 for beta-1.76-1
[INFO] extracting crate goldberg 0.1.0 into /workspace/builds/worker-3-tc1/source
[INFO] validating manifest of crates.io crate goldberg 0.1.0 on toolchain 1.75.0
[INFO] running `Command { std: CARGO_HOME="/workspace/cargo-home" RUSTUP_HOME="/workspace/rustup-home" "/workspace/cargo-home/bin/cargo" "+1.75.0" "metadata" "--manifest-path" "Cargo.toml" "--no-deps", kill_on_drop: false }`
[INFO] started tweaking crates.io crate goldberg 0.1.0
[INFO] finished tweaking crates.io crate goldberg 0.1.0
[INFO] tweaked toml for crates.io crate goldberg 0.1.0 written to /workspace/builds/worker-3-tc1/source/Cargo.toml
[INFO] running `Command { std: CARGO_HOME="/workspace/cargo-home" RUSTUP_HOME="/workspace/rustup-home" "/workspace/cargo-home/bin/cargo" "+1.75.0" "generate-lockfile" "--manifest-path" "Cargo.toml", kill_on_drop: false }`
[INFO] [stderr]     Updating crates.io index
[INFO] running `Command { std: CARGO_HOME="/workspace/cargo-home" RUSTUP_HOME="/workspace/rustup-home" "/workspace/cargo-home/bin/cargo" "+1.75.0" "fetch" "--manifest-path" "Cargo.toml", kill_on_drop: false }`
[INFO] [stderr]  Downloading crates ...
[INFO] [stderr]   Downloaded moisture v0.1.0
[INFO] running `Command { std: "docker" "create" "-v" "/var/lib/crater-agent-workspace/builds/worker-3-tc1/target:/opt/rustwide/target:rw,Z" "-v" "/var/lib/crater-agent-workspace/builds/worker-3-tc1/source:/opt/rustwide/workdir:ro,Z" "-v" "/var/lib/crater-agent-workspace/cargo-home:/opt/rustwide/cargo-home:ro,Z" "-v" "/var/lib/crater-agent-workspace/rustup-home:/opt/rustwide/rustup-home:ro,Z" "-e" "SOURCE_DIR=/opt/rustwide/workdir" "-e" "CARGO_TARGET_DIR=/opt/rustwide/target" "-e" "CARGO_HOME=/opt/rustwide/cargo-home" "-e" "RUSTUP_HOME=/opt/rustwide/rustup-home" "-w" "/opt/rustwide/workdir" "-m" "1610612736" "--user" "0:0" "--network" "none" "ghcr.io/rust-lang/crates-build-env/linux@sha256:2788e3201cd34a07e3172128adcd8b3090168a8e3bcc40d7c032b9dda1df7d1c" "/opt/rustwide/cargo-home/bin/cargo" "+1.75.0" "metadata" "--no-deps" "--format-version=1", kill_on_drop: false }`
[INFO] [stdout] c292ad560217598ff83bb12cc3032172e588df8efd637148cad2d78c80e042b5
[INFO] running `Command { std: "docker" "start" "-a" "c292ad560217598ff83bb12cc3032172e588df8efd637148cad2d78c80e042b5", kill_on_drop: false }`
[INFO] running `Command { std: "docker" "inspect" "c292ad560217598ff83bb12cc3032172e588df8efd637148cad2d78c80e042b5", kill_on_drop: false }`
[INFO] running `Command { std: "docker" "rm" "-f" "c292ad560217598ff83bb12cc3032172e588df8efd637148cad2d78c80e042b5", kill_on_drop: false }`
[INFO] [stdout] c292ad560217598ff83bb12cc3032172e588df8efd637148cad2d78c80e042b5
[INFO] running `Command { std: "docker" "create" "-v" "/var/lib/crater-agent-workspace/builds/worker-3-tc1/target:/opt/rustwide/target:rw,Z" "-v" "/var/lib/crater-agent-workspace/builds/worker-3-tc1/source:/opt/rustwide/workdir:ro,Z" "-v" "/var/lib/crater-agent-workspace/cargo-home:/opt/rustwide/cargo-home:ro,Z" "-v" "/var/lib/crater-agent-workspace/rustup-home:/opt/rustwide/rustup-home:ro,Z" "-e" "SOURCE_DIR=/opt/rustwide/workdir" "-e" "CARGO_TARGET_DIR=/opt/rustwide/target" "-e" "CARGO_INCREMENTAL=0" "-e" "RUST_BACKTRACE=full" "-e" "RUSTFLAGS=--cap-lints=warn" "-e" "RUSTDOCFLAGS=--cap-lints=warn" "-e" "CARGO_HOME=/opt/rustwide/cargo-home" "-e" "RUSTUP_HOME=/opt/rustwide/rustup-home" "-w" "/opt/rustwide/workdir" "-m" "1610612736" "--user" "0:0" "--network" "none" "ghcr.io/rust-lang/crates-build-env/linux@sha256:2788e3201cd34a07e3172128adcd8b3090168a8e3bcc40d7c032b9dda1df7d1c" "/opt/rustwide/cargo-home/bin/cargo" "+1.75.0" "build" "--frozen" "--message-format=json", kill_on_drop: false }`
[INFO] [stdout] 72260ee94bb4be18c97354b12fdc9fedbf9019b21ead4c9b3c6ad95d82548ad1
[INFO] running `Command { std: "docker" "start" "-a" "72260ee94bb4be18c97354b12fdc9fedbf9019b21ead4c9b3c6ad95d82548ad1", kill_on_drop: false }`
[INFO] [stderr]    Compiling libc v0.2.151
[INFO] [stderr]    Compiling cfg-if v1.0.0
[INFO] [stderr]    Compiling syn v1.0.109
[INFO] [stderr]    Compiling ppv-lite86 v0.2.17
[INFO] [stderr]    Compiling getrandom v0.2.11
[INFO] [stderr]    Compiling rand_core v0.6.4
[INFO] [stderr]    Compiling rand_chacha v0.3.1
[INFO] [stderr]    Compiling rand v0.8.5
[INFO] [stderr]    Compiling moisture v0.1.0
[INFO] [stderr]    Compiling goldberg v0.1.0 (/opt/rustwide/workdir)
[INFO] [stderr]     Finished dev [unoptimized + debuginfo] target(s) in 7.13s
[INFO] running `Command { std: "docker" "inspect" "72260ee94bb4be18c97354b12fdc9fedbf9019b21ead4c9b3c6ad95d82548ad1", kill_on_drop: false }`
[INFO] running `Command { std: "docker" "rm" "-f" "72260ee94bb4be18c97354b12fdc9fedbf9019b21ead4c9b3c6ad95d82548ad1", kill_on_drop: false }`
[INFO] [stdout] 72260ee94bb4be18c97354b12fdc9fedbf9019b21ead4c9b3c6ad95d82548ad1
[INFO] running `Command { std: "docker" "create" "-v" "/var/lib/crater-agent-workspace/builds/worker-3-tc1/target:/opt/rustwide/target:rw,Z" "-v" "/var/lib/crater-agent-workspace/builds/worker-3-tc1/source:/opt/rustwide/workdir:ro,Z" "-v" "/var/lib/crater-agent-workspace/cargo-home:/opt/rustwide/cargo-home:ro,Z" "-v" "/var/lib/crater-agent-workspace/rustup-home:/opt/rustwide/rustup-home:ro,Z" "-e" "SOURCE_DIR=/opt/rustwide/workdir" "-e" "CARGO_TARGET_DIR=/opt/rustwide/target" "-e" "CARGO_INCREMENTAL=0" "-e" "RUST_BACKTRACE=full" "-e" "RUSTFLAGS=--cap-lints=warn" "-e" "RUSTDOCFLAGS=--cap-lints=warn" "-e" "CARGO_HOME=/opt/rustwide/cargo-home" "-e" "RUSTUP_HOME=/opt/rustwide/rustup-home" "-w" "/opt/rustwide/workdir" "-m" "1610612736" "--user" "0:0" "--network" "none" "ghcr.io/rust-lang/crates-build-env/linux@sha256:2788e3201cd34a07e3172128adcd8b3090168a8e3bcc40d7c032b9dda1df7d1c" "/opt/rustwide/cargo-home/bin/cargo" "+1.75.0" "test" "--frozen" "--no-run" "--message-format=json", kill_on_drop: false }`
[INFO] [stdout] 3fe22b547772543cd7d1db6f326ddf2fe058ed5e9404be7fd3ee9306156eb8d0
[INFO] running `Command { std: "docker" "start" "-a" "3fe22b547772543cd7d1db6f326ddf2fe058ed5e9404be7fd3ee9306156eb8d0", kill_on_drop: false }`
[INFO] [stderr]    Compiling libc v0.2.151
[INFO] [stderr]    Compiling unicode-ident v1.0.12
[INFO] [stderr]    Compiling ppv-lite86 v0.2.17
[INFO] [stderr]    Compiling proc-macro2 v1.0.75
[INFO] [stderr]    Compiling syn v1.0.109
[INFO] [stderr]    Compiling quote v1.0.35
[INFO] [stderr]    Compiling getrandom v0.2.11
[INFO] [stderr]    Compiling rand_core v0.6.4
[INFO] [stderr]    Compiling rand_chacha v0.3.1
[INFO] [stderr]    Compiling rand v0.8.5
[INFO] [stderr]    Compiling moisture v0.1.0
[INFO] [stderr]    Compiling goldberg v0.1.0 (/opt/rustwide/workdir)
[INFO] [stderr]     Finished test [unoptimized + debuginfo] target(s) in 9.12s
[INFO] running `Command { std: "docker" "inspect" "3fe22b547772543cd7d1db6f326ddf2fe058ed5e9404be7fd3ee9306156eb8d0", kill_on_drop: false }`
[INFO] running `Command { std: "docker" "rm" "-f" "3fe22b547772543cd7d1db6f326ddf2fe058ed5e9404be7fd3ee9306156eb8d0", kill_on_drop: false }`
[INFO] [stdout] 3fe22b547772543cd7d1db6f326ddf2fe058ed5e9404be7fd3ee9306156eb8d0
[INFO] running `Command { std: "docker" "create" "-v" "/var/lib/crater-agent-workspace/builds/worker-3-tc1/target:/opt/rustwide/target:rw,Z" "-v" "/var/lib/crater-agent-workspace/builds/worker-3-tc1/source:/opt/rustwide/workdir:ro,Z" "-v" "/var/lib/crater-agent-workspace/cargo-home:/opt/rustwide/cargo-home:ro,Z" "-v" "/var/lib/crater-agent-workspace/rustup-home:/opt/rustwide/rustup-home:ro,Z" "-e" "SOURCE_DIR=/opt/rustwide/workdir" "-e" "CARGO_TARGET_DIR=/opt/rustwide/target" "-e" "CARGO_INCREMENTAL=0" "-e" "RUST_BACKTRACE=full" "-e" "RUSTFLAGS=--cap-lints=warn" "-e" "RUSTDOCFLAGS=--cap-lints=warn" "-e" "CARGO_HOME=/opt/rustwide/cargo-home" "-e" "RUSTUP_HOME=/opt/rustwide/rustup-home" "-w" "/opt/rustwide/workdir" "-m" "1610612736" "--user" "0:0" "--network" "none" "ghcr.io/rust-lang/crates-build-env/linux@sha256:2788e3201cd34a07e3172128adcd8b3090168a8e3bcc40d7c032b9dda1df7d1c" "/opt/rustwide/cargo-home/bin/cargo" "+1.75.0" "test" "--frozen", kill_on_drop: false }`
[INFO] [stdout] 621e228df1d4830706dcb66c443453c5e83b38ace5dc672b7f004e9d31392d29
[INFO] running `Command { std: "docker" "start" "-a" "621e228df1d4830706dcb66c443453c5e83b38ace5dc672b7f004e9d31392d29", kill_on_drop: false }`
[INFO] [stderr]     Finished test [unoptimized + debuginfo] target(s) in 0.02s
[INFO] [stderr]      Running unittests src/lib.rs (/opt/rustwide/target/debug/deps/goldberg-c2076b92021558f1)
[INFO] [stdout] 
[INFO] [stdout] running 0 tests
[INFO] [stdout] 
[INFO] [stdout] test result: ok. 0 passed; 0 failed; 0 ignored; 0 measured; 0 filtered out; finished in 0.00s
[INFO] [stdout] 
[INFO] [stdout] 
[INFO] [stdout] running 4 tests
[INFO] [stderr]      Running tests/tests.rs (/opt/rustwide/target/debug/deps/tests-8b9ffbf669f7caab)
[INFO] [stdout] test test_stmts ... ok
[INFO] [stdout] test test_string ... ok
[INFO] [stdout] test test_int ... ok
[INFO] [stdout] test test_advent ... ok
[INFO] [stdout] 
[INFO] [stdout] test result: ok. 4 passed; 0 failed; 0 ignored; 0 measured; 0 filtered out; finished in 0.03s
[INFO] [stdout] 
[INFO] [stderr]    Doc-tests goldberg
[INFO] [stdout] 
[INFO] [stdout] running 2 tests
[INFO] [stdout] test src/lib.rs - (line 42) - compile ... FAILED
[INFO] [stdout] test src/lib.rs - (line 16) ... ok
[INFO] [stdout] 
[INFO] [stdout] failures:
[INFO] [stdout] 
[INFO] [stdout] ---- src/lib.rs - (line 42) stdout ----
[INFO] [stdout] error: this file contains an unclosed delimiter
[INFO] [stdout]   --> src/lib.rs:92:36
[INFO] [stdout]    |
[INFO] [stdout] 2  | fn main() { #[allow(non_snake_case)] fn _doctest_main_src_lib_rs_42_0() {
[INFO] [stdout]    |           - unclosed delimiter                                          - unclosed delimiter
[INFO] [stdout] ...
[INFO] [stdout] 23 | 'loop_obfu_jmcfjvhq: loop {
[INFO] [stdout]    |                           - unclosed delimiter
[INFO] [stdout] 24 |     match ident_gqtkhobp {
[INFO] [stdout]    |                          - unclosed delimiter
[INFO] [stdout] ...
[INFO] [stdout] 29 |         2506875858u32 => {
[INFO] [stdout]    |                          - unclosed delimiter
[INFO] [stdout] 30 |             x ^= {
[INFO] [stdout]    |                  - unclosed delimiter
[INFO] [stdout] ...
[INFO] [stdout] 38 |                     match ident_tmheadmi {
[INFO] [stdout]    |                                          - this delimiter might not be properly closed...
[INFO] [stdout] ...
[INFO] [stdout] 52 | } _doctest_main_src_lib_rs_42_0() }
[INFO] [stdout]    | -                                  ^
[INFO] [stdout]    | |
[INFO] [stdout]    | ...as it matches this but it has different indentation
[INFO] [stdout] 
[INFO] [stdout] error: aborting due to previous error
[INFO] [stdout] 
[INFO] [stdout] Couldn't compile the test.
[INFO] [stdout] 
[INFO] [stdout] failures:
[INFO] [stdout]     src/lib.rs - (line 42)
[INFO] [stdout] 
[INFO] [stdout] test result: FAILED. 1 passed; 1 failed; 0 ignored; 0 measured; 0 filtered out; finished in 0.33s
[INFO] [stdout] 
[INFO] [stderr] error: doctest failed, to rerun pass `--doc`
[INFO] running `Command { std: "docker" "inspect" "621e228df1d4830706dcb66c443453c5e83b38ace5dc672b7f004e9d31392d29", kill_on_drop: false }`
[INFO] running `Command { std: "docker" "rm" "-f" "621e228df1d4830706dcb66c443453c5e83b38ace5dc672b7f004e9d31392d29", kill_on_drop: false }`
[INFO] [stdout] 621e228df1d4830706dcb66c443453c5e83b38ace5dc672b7f004e9d31392d29
[INFO] testing goldberg-0.1.0 against beta-2023-12-22 for beta-1.76-1
[INFO] extracting crate goldberg 0.1.0 into /workspace/builds/worker-3-tc2/source
[INFO] validating manifest of crates.io crate goldberg 0.1.0 on toolchain beta-2023-12-22
[INFO] running `Command { std: CARGO_HOME="/workspace/cargo-home" RUSTUP_HOME="/workspace/rustup-home" "/workspace/cargo-home/bin/cargo" "+beta-2023-12-22" "metadata" "--manifest-path" "Cargo.toml" "--no-deps", kill_on_drop: false }`
[INFO] started tweaking crates.io crate goldberg 0.1.0
[INFO] finished tweaking crates.io crate goldberg 0.1.0
[INFO] tweaked toml for crates.io crate goldberg 0.1.0 written to /workspace/builds/worker-3-tc2/source/Cargo.toml
[INFO] running `Command { std: CARGO_HOME="/workspace/cargo-home" RUSTUP_HOME="/workspace/rustup-home" "/workspace/cargo-home/bin/cargo" "+beta-2023-12-22" "generate-lockfile" "--manifest-path" "Cargo.toml", kill_on_drop: false }`
[INFO] [stderr]     Updating crates.io index
[INFO] running `Command { std: CARGO_HOME="/workspace/cargo-home" RUSTUP_HOME="/workspace/rustup-home" "/workspace/cargo-home/bin/cargo" "+beta-2023-12-22" "fetch" "--manifest-path" "Cargo.toml", kill_on_drop: false }`
[INFO] running `Command { std: "docker" "create" "-v" "/var/lib/crater-agent-workspace/builds/worker-3-tc2/target:/opt/rustwide/target:rw,Z" "-v" "/var/lib/crater-agent-workspace/builds/worker-3-tc2/source:/opt/rustwide/workdir:ro,Z" "-v" "/var/lib/crater-agent-workspace/cargo-home:/opt/rustwide/cargo-home:ro,Z" "-v" "/var/lib/crater-agent-workspace/rustup-home:/opt/rustwide/rustup-home:ro,Z" "-e" "SOURCE_DIR=/opt/rustwide/workdir" "-e" "CARGO_TARGET_DIR=/opt/rustwide/target" "-e" "CARGO_HOME=/opt/rustwide/cargo-home" "-e" "RUSTUP_HOME=/opt/rustwide/rustup-home" "-w" "/opt/rustwide/workdir" "-m" "1610612736" "--user" "0:0" "--network" "none" "ghcr.io/rust-lang/crates-build-env/linux@sha256:2788e3201cd34a07e3172128adcd8b3090168a8e3bcc40d7c032b9dda1df7d1c" "/opt/rustwide/cargo-home/bin/cargo" "+beta-2023-12-22" "metadata" "--no-deps" "--format-version=1", kill_on_drop: false }`
[INFO] [stdout] 5418e770489f6ce66a2336cb463e47bc88e1718299dc4876cf03ee9754778947
[INFO] running `Command { std: "docker" "start" "-a" "5418e770489f6ce66a2336cb463e47bc88e1718299dc4876cf03ee9754778947", kill_on_drop: false }`
[INFO] running `Command { std: "docker" "inspect" "5418e770489f6ce66a2336cb463e47bc88e1718299dc4876cf03ee9754778947", kill_on_drop: false }`
[INFO] running `Command { std: "docker" "rm" "-f" "5418e770489f6ce66a2336cb463e47bc88e1718299dc4876cf03ee9754778947", kill_on_drop: false }`
[INFO] [stdout] 5418e770489f6ce66a2336cb463e47bc88e1718299dc4876cf03ee9754778947
[INFO] running `Command { std: "docker" "create" "-v" "/var/lib/crater-agent-workspace/builds/worker-3-tc2/target:/opt/rustwide/target:rw,Z" "-v" "/var/lib/crater-agent-workspace/builds/worker-3-tc2/source:/opt/rustwide/workdir:ro,Z" "-v" "/var/lib/crater-agent-workspace/cargo-home:/opt/rustwide/cargo-home:ro,Z" "-v" "/var/lib/crater-agent-workspace/rustup-home:/opt/rustwide/rustup-home:ro,Z" "-e" "SOURCE_DIR=/opt/rustwide/workdir" "-e" "CARGO_TARGET_DIR=/opt/rustwide/target" "-e" "CARGO_INCREMENTAL=0" "-e" "RUST_BACKTRACE=full" "-e" "RUSTFLAGS=--cap-lints=warn" "-e" "RUSTDOCFLAGS=--cap-lints=warn" "-e" "CARGO_HOME=/opt/rustwide/cargo-home" "-e" "RUSTUP_HOME=/opt/rustwide/rustup-home" "-w" "/opt/rustwide/workdir" "-m" "1610612736" "--user" "0:0" "--network" "none" "ghcr.io/rust-lang/crates-build-env/linux@sha256:2788e3201cd34a07e3172128adcd8b3090168a8e3bcc40d7c032b9dda1df7d1c" "/opt/rustwide/cargo-home/bin/cargo" "+beta-2023-12-22" "build" "--frozen" "--message-format=json", kill_on_drop: false }`
[INFO] [stdout] 1555b7cba907b9c004ffe2a66111d0f5c2526f8797885bcd64ed5c984ae37c37
[INFO] running `Command { std: "docker" "start" "-a" "1555b7cba907b9c004ffe2a66111d0f5c2526f8797885bcd64ed5c984ae37c37", kill_on_drop: false }`
[INFO] [stderr]    Compiling libc v0.2.151
[INFO] [stderr]    Compiling cfg-if v1.0.0
[INFO] [stderr]    Compiling syn v1.0.109
[INFO] [stderr]    Compiling ppv-lite86 v0.2.17
[INFO] [stderr]    Compiling getrandom v0.2.11
[INFO] [stderr]    Compiling rand_core v0.6.4
[INFO] [stderr]    Compiling rand_chacha v0.3.1
[INFO] [stderr]    Compiling rand v0.8.5
[INFO] [stderr]    Compiling moisture v0.1.0
[INFO] [stderr]    Compiling goldberg v0.1.0 (/opt/rustwide/workdir)
[INFO] [stderr]     Finished dev [unoptimized + debuginfo] target(s) in 4.43s
[INFO] running `Command { std: "docker" "inspect" "1555b7cba907b9c004ffe2a66111d0f5c2526f8797885bcd64ed5c984ae37c37", kill_on_drop: false }`
[INFO] running `Command { std: "docker" "rm" "-f" "1555b7cba907b9c004ffe2a66111d0f5c2526f8797885bcd64ed5c984ae37c37", kill_on_drop: false }`
[INFO] [stdout] 1555b7cba907b9c004ffe2a66111d0f5c2526f8797885bcd64ed5c984ae37c37
[INFO] running `Command { std: "docker" "create" "-v" "/var/lib/crater-agent-workspace/builds/worker-3-tc2/target:/opt/rustwide/target:rw,Z" "-v" "/var/lib/crater-agent-workspace/builds/worker-3-tc2/source:/opt/rustwide/workdir:ro,Z" "-v" "/var/lib/crater-agent-workspace/cargo-home:/opt/rustwide/cargo-home:ro,Z" "-v" "/var/lib/crater-agent-workspace/rustup-home:/opt/rustwide/rustup-home:ro,Z" "-e" "SOURCE_DIR=/opt/rustwide/workdir" "-e" "CARGO_TARGET_DIR=/opt/rustwide/target" "-e" "CARGO_INCREMENTAL=0" "-e" "RUST_BACKTRACE=full" "-e" "RUSTFLAGS=--cap-lints=warn" "-e" "RUSTDOCFLAGS=--cap-lints=warn" "-e" "CARGO_HOME=/opt/rustwide/cargo-home" "-e" "RUSTUP_HOME=/opt/rustwide/rustup-home" "-w" "/opt/rustwide/workdir" "-m" "1610612736" "--user" "0:0" "--network" "none" "ghcr.io/rust-lang/crates-build-env/linux@sha256:2788e3201cd34a07e3172128adcd8b3090168a8e3bcc40d7c032b9dda1df7d1c" "/opt/rustwide/cargo-home/bin/cargo" "+beta-2023-12-22" "test" "--frozen" "--no-run" "--message-format=json", kill_on_drop: false }`
[INFO] [stdout] dd0f08e1055c76587ab3967e71120f6bb7f7643b0fe83598f16e9fd78ed951dd
[INFO] running `Command { std: "docker" "start" "-a" "dd0f08e1055c76587ab3967e71120f6bb7f7643b0fe83598f16e9fd78ed951dd", kill_on_drop: false }`
[INFO] [stderr]    Compiling libc v0.2.151
[INFO] [stderr]    Compiling unicode-ident v1.0.12
[INFO] [stderr]    Compiling ppv-lite86 v0.2.17
[INFO] [stderr]    Compiling proc-macro2 v1.0.75
[INFO] [stderr]    Compiling syn v1.0.109
[INFO] [stderr]    Compiling quote v1.0.35
[INFO] [stderr]    Compiling getrandom v0.2.11
[INFO] [stderr]    Compiling rand_core v0.6.4
[INFO] [stderr]    Compiling rand_chacha v0.3.1
[INFO] [stderr]    Compiling rand v0.8.5
[INFO] [stderr]    Compiling moisture v0.1.0
[INFO] [stderr]    Compiling goldberg v0.1.0 (/opt/rustwide/workdir)
[INFO] [stderr]     Finished test [unoptimized + debuginfo] target(s) in 5.32s
[INFO] running `Command { std: "docker" "inspect" "dd0f08e1055c76587ab3967e71120f6bb7f7643b0fe83598f16e9fd78ed951dd", kill_on_drop: false }`
[INFO] running `Command { std: "docker" "rm" "-f" "dd0f08e1055c76587ab3967e71120f6bb7f7643b0fe83598f16e9fd78ed951dd", kill_on_drop: false }`
[INFO] [stdout] dd0f08e1055c76587ab3967e71120f6bb7f7643b0fe83598f16e9fd78ed951dd
[INFO] running `Command { std: "docker" "create" "-v" "/var/lib/crater-agent-workspace/builds/worker-3-tc2/target:/opt/rustwide/target:rw,Z" "-v" "/var/lib/crater-agent-workspace/builds/worker-3-tc2/source:/opt/rustwide/workdir:ro,Z" "-v" "/var/lib/crater-agent-workspace/cargo-home:/opt/rustwide/cargo-home:ro,Z" "-v" "/var/lib/crater-agent-workspace/rustup-home:/opt/rustwide/rustup-home:ro,Z" "-e" "SOURCE_DIR=/opt/rustwide/workdir" "-e" "CARGO_TARGET_DIR=/opt/rustwide/target" "-e" "CARGO_INCREMENTAL=0" "-e" "RUST_BACKTRACE=full" "-e" "RUSTFLAGS=--cap-lints=warn" "-e" "RUSTDOCFLAGS=--cap-lints=warn" "-e" "CARGO_HOME=/opt/rustwide/cargo-home" "-e" "RUSTUP_HOME=/opt/rustwide/rustup-home" "-w" "/opt/rustwide/workdir" "-m" "1610612736" "--user" "0:0" "--network" "none" "ghcr.io/rust-lang/crates-build-env/linux@sha256:2788e3201cd34a07e3172128adcd8b3090168a8e3bcc40d7c032b9dda1df7d1c" "/opt/rustwide/cargo-home/bin/cargo" "+beta-2023-12-22" "test" "--frozen", kill_on_drop: false }`
[INFO] [stdout] 2b338dd10e2b2c6965fe943c6205e0311fe3b8dac5268c3b40d1e803237d9459
[INFO] running `Command { std: "docker" "start" "-a" "2b338dd10e2b2c6965fe943c6205e0311fe3b8dac5268c3b40d1e803237d9459", kill_on_drop: false }`
[INFO] [stderr]     Finished test [unoptimized + debuginfo] target(s) in 0.01s
[INFO] [stderr]      Running unittests src/lib.rs (/opt/rustwide/target/debug/deps/goldberg-fbeb56d8b3a3733d)
[INFO] [stdout] 
[INFO] [stdout] running 0 tests
[INFO] [stdout] 
[INFO] [stdout] test result: ok. 0 passed; 0 failed; 0 ignored; 0 measured; 0 filtered out; finished in 0.00s
[INFO] [stdout] 
[INFO] [stderr]      Running tests/tests.rs (/opt/rustwide/target/debug/deps/tests-043c6e0258249511)
[INFO] [stdout] 
[INFO] [stdout] running 4 tests
[INFO] [stdout] test test_stmts ... ok
[INFO] [stdout] test test_int ... ok
[INFO] [stdout] test test_string ... ok
[INFO] [stdout] test test_advent ... ok
[INFO] [stdout] 
[INFO] [stdout] test result: ok. 4 passed; 0 failed; 0 ignored; 0 measured; 0 filtered out; finished in 0.01s
[INFO] [stdout] 
[INFO] [stderr]    Doc-tests goldberg
[INFO] [stdout] 
[INFO] [stdout] running 2 tests
[INFO] [stdout] test src/lib.rs - (line 42) - compile ... FAILED
[INFO] [stdout] test src/lib.rs - (line 16) ... ok
[INFO] [stdout] 
[INFO] [stdout] failures:
[INFO] [stdout] 
[INFO] [stdout] ---- src/lib.rs - (line 42) stdout ----
[INFO] [stdout] error: this file contains an unclosed delimiter
[INFO] [stdout]   --> src/lib.rs:92:36
[INFO] [stdout]    |
[INFO] [stdout] 2  | fn main() { #[allow(non_snake_case)] fn _doctest_main_src_lib_rs_42_0() {
[INFO] [stdout]    |           - unclosed delimiter                                          - unclosed delimiter
[INFO] [stdout] ...
[INFO] [stdout] 23 | 'loop_obfu_jmcfjvhq: loop {
[INFO] [stdout]    |                           - unclosed delimiter
[INFO] [stdout] 24 |     match ident_gqtkhobp {
[INFO] [stdout]    |                          - unclosed delimiter
[INFO] [stdout] ...
[INFO] [stdout] 29 |         2506875858u32 => {
[INFO] [stdout]    |                          - unclosed delimiter
[INFO] [stdout] 30 |             x ^= {
[INFO] [stdout]    |                  - unclosed delimiter
[INFO] [stdout] ...
[INFO] [stdout] 38 |                     match ident_tmheadmi {
[INFO] [stdout]    |                                          - this delimiter might not be properly closed...
[INFO] [stdout] ...
[INFO] [stdout] 52 | } _doctest_main_src_lib_rs_42_0() }
[INFO] [stdout]    | -                                  ^
[INFO] [stdout]    | |
[INFO] [stdout]    | ...as it matches this but it has different indentation
[INFO] [stdout] 
[INFO] [stdout] error: aborting due to 1 previous error
[INFO] [stdout] 
[INFO] [stdout] Couldn't compile the test.
[INFO] [stdout] 
[INFO] [stdout] failures:
[INFO] [stdout]     src/lib.rs - (line 42)
[INFO] [stdout] 
[INFO] [stdout] test result: FAILED. 1 passed; 1 failed; 0 ignored; 0 measured; 0 filtered out; finished in 0.19s
[INFO] [stdout] 
[INFO] [stderr] error: doctest failed, to rerun pass `--doc`
[INFO] running `Command { std: "docker" "inspect" "2b338dd10e2b2c6965fe943c6205e0311fe3b8dac5268c3b40d1e803237d9459", kill_on_drop: false }`
[INFO] running `Command { std: "docker" "rm" "-f" "2b338dd10e2b2c6965fe943c6205e0311fe3b8dac5268c3b40d1e803237d9459", kill_on_drop: false }`
[INFO] [stdout] 2b338dd10e2b2c6965fe943c6205e0311fe3b8dac5268c3b40d1e803237d9459
