[INFO] fetching crate gol-lib 0.1.3...
[INFO] testing gol-lib-0.1.3 against 1.75.0 for beta-1.76-1
[INFO] extracting crate gol-lib 0.1.3 into /workspace/builds/worker-3-tc1/source
[INFO] validating manifest of crates.io crate gol-lib 0.1.3 on toolchain 1.75.0
[INFO] running `Command { std: CARGO_HOME="/workspace/cargo-home" RUSTUP_HOME="/workspace/rustup-home" "/workspace/cargo-home/bin/cargo" "+1.75.0" "metadata" "--manifest-path" "Cargo.toml" "--no-deps", kill_on_drop: false }`
[INFO] started tweaking crates.io crate gol-lib 0.1.3
[INFO] finished tweaking crates.io crate gol-lib 0.1.3
[INFO] tweaked toml for crates.io crate gol-lib 0.1.3 written to /workspace/builds/worker-3-tc1/source/Cargo.toml
[INFO] crate crates.io crate gol-lib 0.1.3 already has a lockfile, it will not be regenerated
[INFO] running `Command { std: CARGO_HOME="/workspace/cargo-home" RUSTUP_HOME="/workspace/rustup-home" "/workspace/cargo-home/bin/cargo" "+1.75.0" "fetch" "--manifest-path" "Cargo.toml", kill_on_drop: false }`
[INFO] running `Command { std: "docker" "create" "-v" "/var/lib/crater-agent-workspace/builds/worker-3-tc1/target:/opt/rustwide/target:rw,Z" "-v" "/var/lib/crater-agent-workspace/builds/worker-3-tc1/source:/opt/rustwide/workdir:ro,Z" "-v" "/var/lib/crater-agent-workspace/cargo-home:/opt/rustwide/cargo-home:ro,Z" "-v" "/var/lib/crater-agent-workspace/rustup-home:/opt/rustwide/rustup-home:ro,Z" "-e" "SOURCE_DIR=/opt/rustwide/workdir" "-e" "CARGO_TARGET_DIR=/opt/rustwide/target" "-e" "CARGO_HOME=/opt/rustwide/cargo-home" "-e" "RUSTUP_HOME=/opt/rustwide/rustup-home" "-w" "/opt/rustwide/workdir" "-m" "1610612736" "--user" "0:0" "--network" "none" "ghcr.io/rust-lang/crates-build-env/linux@sha256:2788e3201cd34a07e3172128adcd8b3090168a8e3bcc40d7c032b9dda1df7d1c" "/opt/rustwide/cargo-home/bin/cargo" "+1.75.0" "metadata" "--no-deps" "--format-version=1", kill_on_drop: false }`
[INFO] [stdout] 792f351b752a16728b69fd350dc04c659801a4fac027f50c14e679812acd3708
[INFO] running `Command { std: "docker" "start" "-a" "792f351b752a16728b69fd350dc04c659801a4fac027f50c14e679812acd3708", kill_on_drop: false }`
[INFO] running `Command { std: "docker" "inspect" "792f351b752a16728b69fd350dc04c659801a4fac027f50c14e679812acd3708", kill_on_drop: false }`
[INFO] running `Command { std: "docker" "rm" "-f" "792f351b752a16728b69fd350dc04c659801a4fac027f50c14e679812acd3708", kill_on_drop: false }`
[INFO] [stdout] 792f351b752a16728b69fd350dc04c659801a4fac027f50c14e679812acd3708
[INFO] running `Command { std: "docker" "create" "-v" "/var/lib/crater-agent-workspace/builds/worker-3-tc1/target:/opt/rustwide/target:rw,Z" "-v" "/var/lib/crater-agent-workspace/builds/worker-3-tc1/source:/opt/rustwide/workdir:ro,Z" "-v" "/var/lib/crater-agent-workspace/cargo-home:/opt/rustwide/cargo-home:ro,Z" "-v" "/var/lib/crater-agent-workspace/rustup-home:/opt/rustwide/rustup-home:ro,Z" "-e" "SOURCE_DIR=/opt/rustwide/workdir" "-e" "CARGO_TARGET_DIR=/opt/rustwide/target" "-e" "CARGO_INCREMENTAL=0" "-e" "RUST_BACKTRACE=full" "-e" "RUSTFLAGS=--cap-lints=warn" "-e" "RUSTDOCFLAGS=--cap-lints=warn" "-e" "CARGO_HOME=/opt/rustwide/cargo-home" "-e" "RUSTUP_HOME=/opt/rustwide/rustup-home" "-w" "/opt/rustwide/workdir" "-m" "1610612736" "--user" "0:0" "--network" "none" "ghcr.io/rust-lang/crates-build-env/linux@sha256:2788e3201cd34a07e3172128adcd8b3090168a8e3bcc40d7c032b9dda1df7d1c" "/opt/rustwide/cargo-home/bin/cargo" "+1.75.0" "build" "--frozen" "--message-format=json", kill_on_drop: false }`
[INFO] [stdout] bf35f69d1b09a282ef2d012f99ffb380c5366a2380355836c353a6a3df1d653b
[INFO] running `Command { std: "docker" "start" "-a" "bf35f69d1b09a282ef2d012f99ffb380c5366a2380355836c353a6a3df1d653b", kill_on_drop: false }`
[INFO] [stderr]    Compiling gol-lib v0.1.3 (/opt/rustwide/workdir)
[INFO] [stderr]     Finished dev [unoptimized + debuginfo] target(s) in 0.13s
[INFO] running `Command { std: "docker" "inspect" "bf35f69d1b09a282ef2d012f99ffb380c5366a2380355836c353a6a3df1d653b", kill_on_drop: false }`
[INFO] running `Command { std: "docker" "rm" "-f" "bf35f69d1b09a282ef2d012f99ffb380c5366a2380355836c353a6a3df1d653b", kill_on_drop: false }`
[INFO] [stdout] bf35f69d1b09a282ef2d012f99ffb380c5366a2380355836c353a6a3df1d653b
[INFO] running `Command { std: "docker" "create" "-v" "/var/lib/crater-agent-workspace/builds/worker-3-tc1/target:/opt/rustwide/target:rw,Z" "-v" "/var/lib/crater-agent-workspace/builds/worker-3-tc1/source:/opt/rustwide/workdir:ro,Z" "-v" "/var/lib/crater-agent-workspace/cargo-home:/opt/rustwide/cargo-home:ro,Z" "-v" "/var/lib/crater-agent-workspace/rustup-home:/opt/rustwide/rustup-home:ro,Z" "-e" "SOURCE_DIR=/opt/rustwide/workdir" "-e" "CARGO_TARGET_DIR=/opt/rustwide/target" "-e" "CARGO_INCREMENTAL=0" "-e" "RUST_BACKTRACE=full" "-e" "RUSTFLAGS=--cap-lints=warn" "-e" "RUSTDOCFLAGS=--cap-lints=warn" "-e" "CARGO_HOME=/opt/rustwide/cargo-home" "-e" "RUSTUP_HOME=/opt/rustwide/rustup-home" "-w" "/opt/rustwide/workdir" "-m" "1610612736" "--user" "0:0" "--network" "none" "ghcr.io/rust-lang/crates-build-env/linux@sha256:2788e3201cd34a07e3172128adcd8b3090168a8e3bcc40d7c032b9dda1df7d1c" "/opt/rustwide/cargo-home/bin/cargo" "+1.75.0" "test" "--frozen" "--no-run" "--message-format=json", kill_on_drop: false }`
[INFO] [stdout] ab13d2677013eb4d56f46bec8a84290c6696408cae4249b56fad82dc66cb280c
[INFO] running `Command { std: "docker" "start" "-a" "ab13d2677013eb4d56f46bec8a84290c6696408cae4249b56fad82dc66cb280c", kill_on_drop: false }`
[INFO] [stderr]    Compiling gol-lib v0.1.3 (/opt/rustwide/workdir)
[INFO] [stderr]     Finished test [unoptimized + debuginfo] target(s) in 0.25s
[INFO] running `Command { std: "docker" "inspect" "ab13d2677013eb4d56f46bec8a84290c6696408cae4249b56fad82dc66cb280c", kill_on_drop: false }`
[INFO] running `Command { std: "docker" "rm" "-f" "ab13d2677013eb4d56f46bec8a84290c6696408cae4249b56fad82dc66cb280c", kill_on_drop: false }`
[INFO] [stdout] ab13d2677013eb4d56f46bec8a84290c6696408cae4249b56fad82dc66cb280c
[INFO] running `Command { std: "docker" "create" "-v" "/var/lib/crater-agent-workspace/builds/worker-3-tc1/target:/opt/rustwide/target:rw,Z" "-v" "/var/lib/crater-agent-workspace/builds/worker-3-tc1/source:/opt/rustwide/workdir:ro,Z" "-v" "/var/lib/crater-agent-workspace/cargo-home:/opt/rustwide/cargo-home:ro,Z" "-v" "/var/lib/crater-agent-workspace/rustup-home:/opt/rustwide/rustup-home:ro,Z" "-e" "SOURCE_DIR=/opt/rustwide/workdir" "-e" "CARGO_TARGET_DIR=/opt/rustwide/target" "-e" "CARGO_INCREMENTAL=0" "-e" "RUST_BACKTRACE=full" "-e" "RUSTFLAGS=--cap-lints=warn" "-e" "RUSTDOCFLAGS=--cap-lints=warn" "-e" "CARGO_HOME=/opt/rustwide/cargo-home" "-e" "RUSTUP_HOME=/opt/rustwide/rustup-home" "-w" "/opt/rustwide/workdir" "-m" "1610612736" "--user" "0:0" "--network" "none" "ghcr.io/rust-lang/crates-build-env/linux@sha256:2788e3201cd34a07e3172128adcd8b3090168a8e3bcc40d7c032b9dda1df7d1c" "/opt/rustwide/cargo-home/bin/cargo" "+1.75.0" "test" "--frozen", kill_on_drop: false }`
[INFO] [stdout] 9dd75a5c40bce6be0eb5a1381d463f7297d5867ead98305bcb82efaf547e533d
[INFO] running `Command { std: "docker" "start" "-a" "9dd75a5c40bce6be0eb5a1381d463f7297d5867ead98305bcb82efaf547e533d", kill_on_drop: false }`
[INFO] [stderr]     Finished test [unoptimized + debuginfo] target(s) in 0.00s
[INFO] [stderr]      Running unittests src/lib.rs (/opt/rustwide/target/debug/deps/gol_lib-6d741e8e6b75fd68)
[INFO] [stdout] 
[INFO] [stdout] running 0 tests
[INFO] [stdout] 
[INFO] [stdout] test result: ok. 0 passed; 0 failed; 0 ignored; 0 measured; 0 filtered out; finished in 0.00s
[INFO] [stdout] 
[INFO] [stderr]    Doc-tests gol-lib
[INFO] [stdout] 
[INFO] [stdout] running 5 tests
[INFO] [stdout] test src/lib.rs - GameOfLife::show (line 68) ... FAILED
[INFO] [stdout] test src/lib.rs - GameOfLife::update (line 87) ... FAILED
[INFO] [stdout] test src/lib.rs - GameOfLife (line 16) ... FAILED
[INFO] [stdout] test src/lib.rs - GameOfLife::set_element (line 45) ... FAILED
[INFO] [stdout] test src/lib.rs - GameOfLife::unset_element (line 57) ... FAILED
[INFO] [stdout] 
[INFO] [stdout] failures:
[INFO] [stdout] 
[INFO] [stdout] ---- src/lib.rs - GameOfLife::show (line 68) stdout ----
[INFO] [stdout] error[E0433]: failed to resolve: use of undeclared type `GameOfLife`
[INFO] [stdout]  --> src/lib.rs:70:20
[INFO] [stdout]   |
[INFO] [stdout] 3 |     let mut game = GameOfLife::new(25, 45);
[INFO] [stdout]   |                    ^^^^^^^^^^ use of undeclared type `GameOfLife`
[INFO] [stdout]   |
[INFO] [stdout] help: consider importing this struct
[INFO] [stdout]   |
[INFO] [stdout] 2 + use gol_lib::GameOfLife;
[INFO] [stdout]   |
[INFO] [stdout] 
[INFO] [stdout] error: aborting due to previous error
[INFO] [stdout] 
[INFO] [stdout] For more information about this error, try `rustc --explain E0433`.
[INFO] [stdout] Couldn't compile the test.
[INFO] [stdout] ---- src/lib.rs - GameOfLife::update (line 87) stdout ----
[INFO] [stdout] error[E0433]: failed to resolve: use of undeclared type `GameOfLife`
[INFO] [stdout]  --> src/lib.rs:89:20
[INFO] [stdout]   |
[INFO] [stdout] 3 |     let mut game = GameOfLife::new(25, 45);
[INFO] [stdout]   |                    ^^^^^^^^^^ use of undeclared type `GameOfLife`
[INFO] [stdout]   |
[INFO] [stdout] help: consider importing this struct
[INFO] [stdout]   |
[INFO] [stdout] 2 + use gol_lib::GameOfLife;
[INFO] [stdout]   |
[INFO] [stdout] 
[INFO] [stdout] error: aborting due to previous error
[INFO] [stdout] 
[INFO] [stdout] For more information about this error, try `rustc --explain E0433`.
[INFO] [stdout] Couldn't compile the test.
[INFO] [stdout] ---- src/lib.rs - GameOfLife (line 16) stdout ----
[INFO] [stdout] error[E0433]: failed to resolve: use of undeclared type `GameOfLife`
[INFO] [stdout]  --> src/lib.rs:18:20
[INFO] [stdout]   |
[INFO] [stdout] 3 |     let mut game = GameOfLife::new(25, 45);
[INFO] [stdout]   |                    ^^^^^^^^^^ use of undeclared type `GameOfLife`
[INFO] [stdout]   |
[INFO] [stdout] help: consider importing this struct
[INFO] [stdout]   |
[INFO] [stdout] 2 + use gol_lib::GameOfLife;
[INFO] [stdout]   |
[INFO] [stdout] 
[INFO] [stdout] error: aborting due to previous error
[INFO] [stdout] 
[INFO] [stdout] For more information about this error, try `rustc --explain E0433`.
[INFO] [stdout] Couldn't compile the test.
[INFO] [stdout] ---- src/lib.rs - GameOfLife::set_element (line 45) stdout ----
[INFO] [stdout] error[E0433]: failed to resolve: use of undeclared type `GameOfLife`
[INFO] [stdout]  --> src/lib.rs:47:20
[INFO] [stdout]   |
[INFO] [stdout] 3 |     let mut game = GameOfLife::new(25, 45);
[INFO] [stdout]   |                    ^^^^^^^^^^ use of undeclared type `GameOfLife`
[INFO] [stdout]   |
[INFO] [stdout] help: consider importing this struct
[INFO] [stdout]   |
[INFO] [stdout] 2 + use gol_lib::GameOfLife;
[INFO] [stdout]   |
[INFO] [stdout] 
[INFO] [stdout] error: aborting due to previous error
[INFO] [stdout] 
[INFO] [stdout] For more information about this error, try `rustc --explain E0433`.
[INFO] [stdout] Couldn't compile the test.
[INFO] [stdout] ---- src/lib.rs - GameOfLife::unset_element (line 57) stdout ----
[INFO] [stdout] error[E0433]: failed to resolve: use of undeclared type `GameOfLife`
[INFO] [stdout]  --> src/lib.rs:59:20
[INFO] [stdout]   |
[INFO] [stdout] 3 |     let mut game = GameOfLife::new(25, 45);
[INFO] [stdout]   |                    ^^^^^^^^^^ use of undeclared type `GameOfLife`
[INFO] [stdout]   |
[INFO] [stdout] help: consider importing this struct
[INFO] [stdout]   |
[INFO] [stdout] 2 + use gol_lib::GameOfLife;
[INFO] [stdout]   |
[INFO] [stdout] 
[INFO] [stdout] error: aborting due to previous error
[INFO] [stdout] 
[INFO] [stdout] For more information about this error, try `rustc --explain E0433`.
[INFO] [stdout] Couldn't compile the test.
[INFO] [stdout] 
[INFO] [stdout] failures:
[INFO] [stdout]     src/lib.rs - GameOfLife (line 16)
[INFO] [stdout]     src/lib.rs - GameOfLife::set_element (line 45)
[INFO] [stdout]     src/lib.rs - GameOfLife::show (line 68)
[INFO] [stdout]     src/lib.rs - GameOfLife::unset_element (line 57)
[INFO] [stdout]     src/lib.rs - GameOfLife::update (line 87)
[INFO] [stdout] 
[INFO] [stdout] test result: FAILED. 0 passed; 5 failed; 0 ignored; 0 measured; 0 filtered out; finished in 0.06s
[INFO] [stdout] 
[INFO] [stderr] error: doctest failed, to rerun pass `--doc`
[INFO] running `Command { std: "docker" "inspect" "9dd75a5c40bce6be0eb5a1381d463f7297d5867ead98305bcb82efaf547e533d", kill_on_drop: false }`
[INFO] running `Command { std: "docker" "rm" "-f" "9dd75a5c40bce6be0eb5a1381d463f7297d5867ead98305bcb82efaf547e533d", kill_on_drop: false }`
[INFO] [stdout] 9dd75a5c40bce6be0eb5a1381d463f7297d5867ead98305bcb82efaf547e533d
