[INFO] fetching crate gnupg-rs 0.1.0...
[INFO] testing gnupg-rs-0.1.0 against 1.75.0 for beta-1.76-1
[INFO] extracting crate gnupg-rs 0.1.0 into /workspace/builds/worker-4-tc1/source
[INFO] validating manifest of crates.io crate gnupg-rs 0.1.0 on toolchain 1.75.0
[INFO] running `Command { std: CARGO_HOME="/workspace/cargo-home" RUSTUP_HOME="/workspace/rustup-home" "/workspace/cargo-home/bin/cargo" "+1.75.0" "metadata" "--manifest-path" "Cargo.toml" "--no-deps", kill_on_drop: false }`
[INFO] started tweaking crates.io crate gnupg-rs 0.1.0
[INFO] finished tweaking crates.io crate gnupg-rs 0.1.0
[INFO] tweaked toml for crates.io crate gnupg-rs 0.1.0 written to /workspace/builds/worker-4-tc1/source/Cargo.toml
[INFO] running `Command { std: CARGO_HOME="/workspace/cargo-home" RUSTUP_HOME="/workspace/rustup-home" "/workspace/cargo-home/bin/cargo" "+1.75.0" "generate-lockfile" "--manifest-path" "Cargo.toml", kill_on_drop: false }`
[INFO] running `Command { std: CARGO_HOME="/workspace/cargo-home" RUSTUP_HOME="/workspace/rustup-home" "/workspace/cargo-home/bin/cargo" "+1.75.0" "fetch" "--manifest-path" "Cargo.toml", kill_on_drop: false }`
[INFO] running `Command { std: "docker" "create" "-v" "/var/lib/crater-agent-workspace/builds/worker-4-tc1/target:/opt/rustwide/target:rw,Z" "-v" "/var/lib/crater-agent-workspace/builds/worker-4-tc1/source:/opt/rustwide/workdir:ro,Z" "-v" "/var/lib/crater-agent-workspace/cargo-home:/opt/rustwide/cargo-home:ro,Z" "-v" "/var/lib/crater-agent-workspace/rustup-home:/opt/rustwide/rustup-home:ro,Z" "-e" "SOURCE_DIR=/opt/rustwide/workdir" "-e" "CARGO_TARGET_DIR=/opt/rustwide/target" "-e" "CARGO_HOME=/opt/rustwide/cargo-home" "-e" "RUSTUP_HOME=/opt/rustwide/rustup-home" "-w" "/opt/rustwide/workdir" "-m" "1610612736" "--user" "0:0" "--network" "none" "ghcr.io/rust-lang/crates-build-env/linux@sha256:2788e3201cd34a07e3172128adcd8b3090168a8e3bcc40d7c032b9dda1df7d1c" "/opt/rustwide/cargo-home/bin/cargo" "+1.75.0" "metadata" "--no-deps" "--format-version=1", kill_on_drop: false }`
[INFO] [stdout] f6b1b69159a326afa0ce189c514ba88940445e99c8698ec4b57e61892823391d
[INFO] running `Command { std: "docker" "start" "-a" "f6b1b69159a326afa0ce189c514ba88940445e99c8698ec4b57e61892823391d", kill_on_drop: false }`
[INFO] running `Command { std: "docker" "inspect" "f6b1b69159a326afa0ce189c514ba88940445e99c8698ec4b57e61892823391d", kill_on_drop: false }`
[INFO] running `Command { std: "docker" "rm" "-f" "f6b1b69159a326afa0ce189c514ba88940445e99c8698ec4b57e61892823391d", kill_on_drop: false }`
[INFO] [stdout] f6b1b69159a326afa0ce189c514ba88940445e99c8698ec4b57e61892823391d
[INFO] running `Command { std: "docker" "create" "-v" "/var/lib/crater-agent-workspace/builds/worker-4-tc1/target:/opt/rustwide/target:rw,Z" "-v" "/var/lib/crater-agent-workspace/builds/worker-4-tc1/source:/opt/rustwide/workdir:ro,Z" "-v" "/var/lib/crater-agent-workspace/cargo-home:/opt/rustwide/cargo-home:ro,Z" "-v" "/var/lib/crater-agent-workspace/rustup-home:/opt/rustwide/rustup-home:ro,Z" "-e" "SOURCE_DIR=/opt/rustwide/workdir" "-e" "CARGO_TARGET_DIR=/opt/rustwide/target" "-e" "CARGO_INCREMENTAL=0" "-e" "RUST_BACKTRACE=full" "-e" "RUSTFLAGS=--cap-lints=warn" "-e" "RUSTDOCFLAGS=--cap-lints=warn" "-e" "CARGO_HOME=/opt/rustwide/cargo-home" "-e" "RUSTUP_HOME=/opt/rustwide/rustup-home" "-w" "/opt/rustwide/workdir" "-m" "1610612736" "--user" "0:0" "--network" "none" "ghcr.io/rust-lang/crates-build-env/linux@sha256:2788e3201cd34a07e3172128adcd8b3090168a8e3bcc40d7c032b9dda1df7d1c" "/opt/rustwide/cargo-home/bin/cargo" "+1.75.0" "build" "--frozen" "--message-format=json", kill_on_drop: false }`
[INFO] [stdout] be6434d4c48a42a84e86c44d6bbc5228875a0d76f07f300aa41f25a2d066f5dd
[INFO] running `Command { std: "docker" "start" "-a" "be6434d4c48a42a84e86c44d6bbc5228875a0d76f07f300aa41f25a2d066f5dd", kill_on_drop: false }`
[INFO] [stderr]    Compiling gnupg-rs v0.1.0 (/opt/rustwide/workdir)
[INFO] [stderr]     Finished dev [unoptimized + debuginfo] target(s) in 0.56s
[INFO] running `Command { std: "docker" "inspect" "be6434d4c48a42a84e86c44d6bbc5228875a0d76f07f300aa41f25a2d066f5dd", kill_on_drop: false }`
[INFO] running `Command { std: "docker" "rm" "-f" "be6434d4c48a42a84e86c44d6bbc5228875a0d76f07f300aa41f25a2d066f5dd", kill_on_drop: false }`
[INFO] [stdout] be6434d4c48a42a84e86c44d6bbc5228875a0d76f07f300aa41f25a2d066f5dd
[INFO] running `Command { std: "docker" "create" "-v" "/var/lib/crater-agent-workspace/builds/worker-4-tc1/target:/opt/rustwide/target:rw,Z" "-v" "/var/lib/crater-agent-workspace/builds/worker-4-tc1/source:/opt/rustwide/workdir:ro,Z" "-v" "/var/lib/crater-agent-workspace/cargo-home:/opt/rustwide/cargo-home:ro,Z" "-v" "/var/lib/crater-agent-workspace/rustup-home:/opt/rustwide/rustup-home:ro,Z" "-e" "SOURCE_DIR=/opt/rustwide/workdir" "-e" "CARGO_TARGET_DIR=/opt/rustwide/target" "-e" "CARGO_INCREMENTAL=0" "-e" "RUST_BACKTRACE=full" "-e" "RUSTFLAGS=--cap-lints=warn" "-e" "RUSTDOCFLAGS=--cap-lints=warn" "-e" "CARGO_HOME=/opt/rustwide/cargo-home" "-e" "RUSTUP_HOME=/opt/rustwide/rustup-home" "-w" "/opt/rustwide/workdir" "-m" "1610612736" "--user" "0:0" "--network" "none" "ghcr.io/rust-lang/crates-build-env/linux@sha256:2788e3201cd34a07e3172128adcd8b3090168a8e3bcc40d7c032b9dda1df7d1c" "/opt/rustwide/cargo-home/bin/cargo" "+1.75.0" "test" "--frozen" "--no-run" "--message-format=json", kill_on_drop: false }`
[INFO] [stdout] 7c18a7442911f09ed98d1fbc0aad966035793b588cab2e498d190180e9adf2ac
[INFO] running `Command { std: "docker" "start" "-a" "7c18a7442911f09ed98d1fbc0aad966035793b588cab2e498d190180e9adf2ac", kill_on_drop: false }`
[INFO] [stderr]    Compiling gnupg-rs v0.1.0 (/opt/rustwide/workdir)
[INFO] [stderr]     Finished test [unoptimized + debuginfo] target(s) in 0.23s
[INFO] running `Command { std: "docker" "inspect" "7c18a7442911f09ed98d1fbc0aad966035793b588cab2e498d190180e9adf2ac", kill_on_drop: false }`
[INFO] running `Command { std: "docker" "rm" "-f" "7c18a7442911f09ed98d1fbc0aad966035793b588cab2e498d190180e9adf2ac", kill_on_drop: false }`
[INFO] [stdout] 7c18a7442911f09ed98d1fbc0aad966035793b588cab2e498d190180e9adf2ac
[INFO] running `Command { std: "docker" "create" "-v" "/var/lib/crater-agent-workspace/builds/worker-4-tc1/target:/opt/rustwide/target:rw,Z" "-v" "/var/lib/crater-agent-workspace/builds/worker-4-tc1/source:/opt/rustwide/workdir:ro,Z" "-v" "/var/lib/crater-agent-workspace/cargo-home:/opt/rustwide/cargo-home:ro,Z" "-v" "/var/lib/crater-agent-workspace/rustup-home:/opt/rustwide/rustup-home:ro,Z" "-e" "SOURCE_DIR=/opt/rustwide/workdir" "-e" "CARGO_TARGET_DIR=/opt/rustwide/target" "-e" "CARGO_INCREMENTAL=0" "-e" "RUST_BACKTRACE=full" "-e" "RUSTFLAGS=--cap-lints=warn" "-e" "RUSTDOCFLAGS=--cap-lints=warn" "-e" "CARGO_HOME=/opt/rustwide/cargo-home" "-e" "RUSTUP_HOME=/opt/rustwide/rustup-home" "-w" "/opt/rustwide/workdir" "-m" "1610612736" "--user" "0:0" "--network" "none" "ghcr.io/rust-lang/crates-build-env/linux@sha256:2788e3201cd34a07e3172128adcd8b3090168a8e3bcc40d7c032b9dda1df7d1c" "/opt/rustwide/cargo-home/bin/cargo" "+1.75.0" "test" "--frozen", kill_on_drop: false }`
[INFO] [stdout] ae204b9ec376d8ed5fe93521ac062b4910b71148ed8be9f8065b8742db7c2f72
[INFO] running `Command { std: "docker" "start" "-a" "ae204b9ec376d8ed5fe93521ac062b4910b71148ed8be9f8065b8742db7c2f72", kill_on_drop: false }`
[INFO] [stderr]     Finished test [unoptimized + debuginfo] target(s) in 0.01s
[INFO] [stderr]      Running unittests src/lib.rs (/opt/rustwide/target/debug/deps/gnupg_rs-4a001472e234a86c)
[INFO] [stdout] 
[INFO] [stdout] running 0 tests
[INFO] [stdout] 
[INFO] [stdout] test result: ok. 0 passed; 0 failed; 0 ignored; 0 measured; 0 filtered out; finished in 0.00s
[INFO] [stdout] 
[INFO] [stderr]    Doc-tests gnupg-rs
[INFO] [stdout] 
[INFO] [stdout] running 12 tests
[INFO] [stdout] test src/lib.rs - GnuPG::verify (line 767) ... FAILED
[INFO] [stdout] test src/lib.rs - GnuPG::decrypt (line 714) ... FAILED
[INFO] [stdout] test src/lib.rs - GnuPG::export_key (line 372) ... FAILED
[INFO] [stdout] test src/lib.rs - GnuPG::import_key (line 318) ... FAILED
[INFO] [stdout] test src/lib.rs - GnuPG::encrypt (line 595) ... FAILED
[INFO] [stdout] test src/lib.rs - GnuPG::sign (line 558) ... FAILED
[INFO] [stdout] test src/lib.rs - Key::unlock (line 110) ... FAILED
[INFO] [stdout] test src/lib.rs - GnuPG::pw_decrypt (line 678) ... FAILED
[INFO] [stdout] test src/lib.rs - GnuPG::generate_key (line 506) ... FAILED
[INFO] [stdout] test src/lib.rs - GnuPG::pw_encrypt (line 640) ... FAILED
[INFO] [stdout] test src/lib.rs - GnuPG::list_keys (line 431) ... FAILED
[INFO] [stdout] test src/lib.rs - GnuPG::export_secret_key (line 401) ... FAILED
[INFO] [stdout] 
[INFO] [stdout] failures:
[INFO] [stdout] 
[INFO] [stdout] ---- src/lib.rs - GnuPG::verify (line 767) stdout ----
[INFO] [stdout] error[E0433]: failed to resolve: use of undeclared type `GnuPG`
[INFO] [stdout]  --> src/lib.rs:768:13
[INFO] [stdout]   |
[INFO] [stdout] 3 | let gnupg = GnuPG::new().unwrap();
[INFO] [stdout]   |             ^^^^^ use of undeclared type `GnuPG`
[INFO] [stdout]   |
[INFO] [stdout] help: consider importing this struct
[INFO] [stdout]   |
[INFO] [stdout] 2 + use gnupg_rs::GnuPG;
[INFO] [stderr] error: doctest failed, to rerun pass `--doc`
[INFO] [stdout]   |
[INFO] [stdout] 
[INFO] [stdout] error: aborting due to previous error
[INFO] [stdout] 
[INFO] [stdout] For more information about this error, try `rustc --explain E0433`.
[INFO] [stdout] Couldn't compile the test.
[INFO] [stdout] ---- src/lib.rs - GnuPG::decrypt (line 714) stdout ----
[INFO] [stdout] error[E0433]: failed to resolve: use of undeclared type `GnuPG`
[INFO] [stdout]  --> src/lib.rs:715:13
[INFO] [stdout]   |
[INFO] [stdout] 3 | let gnupg = GnuPG::new().unwrap();
[INFO] [stdout]   |             ^^^^^ use of undeclared type `GnuPG`
[INFO] [stdout]   |
[INFO] [stdout] help: consider importing this struct
[INFO] [stdout]   |
[INFO] [stdout] 2 + use gnupg_rs::GnuPG;
[INFO] [stdout]   |
[INFO] [stdout] 
[INFO] [stdout] error: aborting due to previous error
[INFO] [stdout] 
[INFO] [stdout] For more information about this error, try `rustc --explain E0433`.
[INFO] [stdout] Couldn't compile the test.
[INFO] [stdout] ---- src/lib.rs - GnuPG::export_key (line 372) stdout ----
[INFO] [stdout] error[E0433]: failed to resolve: use of undeclared type `GnuPG`
[INFO] [stdout]  --> src/lib.rs:373:13
[INFO] [stdout]   |
[INFO] [stdout] 3 | let gnupg = GnuPG::new().unwrap();
[INFO] [stdout]   |             ^^^^^ use of undeclared type `GnuPG`
[INFO] [stdout]   |
[INFO] [stdout] help: consider importing this struct
[INFO] [stdout]   |
[INFO] [stdout] 2 + use gnupg_rs::GnuPG;
[INFO] [stdout]   |
[INFO] [stdout] 
[INFO] [stdout] error: aborting due to previous error
[INFO] [stdout] 
[INFO] [stdout] For more information about this error, try `rustc --explain E0433`.
[INFO] [stdout] Couldn't compile the test.
[INFO] [stdout] ---- src/lib.rs - GnuPG::import_key (line 318) stdout ----
[INFO] [stdout] error[E0432]: unresolved import `gnupg`
[INFO] [stdout]  --> src/lib.rs:319:5
[INFO] [stdout]   |
[INFO] [stdout] 3 | use gnupg::GnuPG;
[INFO] [stdout]   |     ^^^^^ use of undeclared crate or module `gnupg`
[INFO] [stdout] 
[INFO] [stdout] error: aborting due to previous error
[INFO] [stdout] 
[INFO] [stdout] For more information about this error, try `rustc --explain E0432`.
[INFO] [stdout] Couldn't compile the test.
[INFO] [stdout] ---- src/lib.rs - GnuPG::encrypt (line 595) stdout ----
[INFO] [stdout] error[E0433]: failed to resolve: use of undeclared type `GnuPG`
[INFO] [stdout]  --> src/lib.rs:596:13
[INFO] [stdout]   |
[INFO] [stdout] 3 | let gnupg = GnuPG::new().unwrap();
[INFO] [stdout]   |             ^^^^^ use of undeclared type `GnuPG`
[INFO] [stdout]   |
[INFO] [stdout] help: consider importing this struct
[INFO] [stdout]   |
[INFO] [stdout] 2 + use gnupg_rs::GnuPG;
[INFO] [stdout]   |
[INFO] [stdout] 
[INFO] [stdout] error: aborting due to previous error
[INFO] [stdout] 
[INFO] [stdout] For more information about this error, try `rustc --explain E0433`.
[INFO] [stdout] Couldn't compile the test.
[INFO] [stdout] ---- src/lib.rs - GnuPG::sign (line 558) stdout ----
[INFO] [stdout] error[E0433]: failed to resolve: use of undeclared type `GnuPG`
[INFO] [stdout]  --> src/lib.rs:559:13
[INFO] [stdout]   |
[INFO] [stdout] 3 | let gnupg = GnuPG::new().unwrap();
[INFO] [stdout]   |             ^^^^^ use of undeclared type `GnuPG`
[INFO] [stdout]   |
[INFO] [stdout] help: consider importing this struct
[INFO] [stdout]   |
[INFO] [stdout] 2 + use gnupg_rs::GnuPG;
[INFO] [stdout]   |
[INFO] [stdout] 
[INFO] [stdout] error: aborting due to previous error
[INFO] [stdout] 
[INFO] [stdout] For more information about this error, try `rustc --explain E0433`.
[INFO] [stdout] Couldn't compile the test.
[INFO] [stdout] ---- src/lib.rs - Key::unlock (line 110) stdout ----
[INFO] [stdout] error[E0432]: unresolved import `gnupg`
[INFO] [stdout]  --> src/lib.rs:111:5
[INFO] [stdout]   |
[INFO] [stdout] 3 | use gnupg::*;
[INFO] [stdout]   |     ^^^^^ use of undeclared crate or module `gnupg`
[INFO] [stdout] 
[INFO] [stdout] error[E0433]: failed to resolve: use of undeclared type `GnuPG`
[INFO] [stdout]  --> src/lib.rs:112:13
[INFO] [stdout]   |
[INFO] [stdout] 4 | let gnupg = GnuPG::new().unwrap();
[INFO] [stdout]   |             ^^^^^ use of undeclared type `GnuPG`
[INFO] [stdout]   |
[INFO] [stdout] help: consider importing this struct
[INFO] [stdout]   |
[INFO] [stdout] 2 + use gnupg_rs::GnuPG;
[INFO] [stdout]   |
[INFO] [stdout] 
[INFO] [stdout] error[E0433]: failed to resolve: use of undeclared type `Key`
[INFO] [stdout]  --> src/lib.rs:116:11
[INFO] [stdout]   |
[INFO] [stdout] 8 | let key = Key::get_by_name("Arisu", &gnupg).unwrap();
[INFO] [stdout]   |           ^^^ use of undeclared type `Key`
[INFO] [stdout]   |
[INFO] [stdout] help: consider importing one of these items
[INFO] [stdout]   |
[INFO] [stdout] 2 + use gnupg_rs::Key;
[INFO] [stdout]   |
[INFO] [stdout] 2 + use std::thread::local_impl::Key;
[INFO] [stdout]   |
[INFO] [stdout] 
[INFO] [stdout] error: aborting due to 3 previous errors
[INFO] [stdout] 
[INFO] [stdout] Some errors have detailed explanations: E0432, E0433.
[INFO] [stdout] For more information about an error, try `rustc --explain E0432`.
[INFO] [stdout] Couldn't compile the test.
[INFO] [stdout] ---- src/lib.rs - GnuPG::pw_decrypt (line 678) stdout ----
[INFO] [stdout] error[E0433]: failed to resolve: use of undeclared type `GnuPG`
[INFO] [stdout]  --> src/lib.rs:679:13
[INFO] [stdout]   |
[INFO] [stdout] 3 | let gnupg = GnuPG::new().unwrap();
[INFO] [stdout]   |             ^^^^^ use of undeclared type `GnuPG`
[INFO] [stdout]   |
[INFO] [stdout] help: consider importing this struct
[INFO] [stdout]   |
[INFO] [stdout] 2 + use gnupg_rs::GnuPG;
[INFO] [stdout]   |
[INFO] [stdout] 
[INFO] [stdout] error: aborting due to previous error
[INFO] [stdout] 
[INFO] [stdout] For more information about this error, try `rustc --explain E0433`.
[INFO] [stdout] Couldn't compile the test.
[INFO] [stdout] ---- src/lib.rs - GnuPG::generate_key (line 506) stdout ----
[INFO] [stdout] error[E0433]: failed to resolve: use of undeclared type `GnuPG`
[INFO] [stdout]  --> src/lib.rs:507:11
[INFO] [stdout]   |
[INFO] [stdout] 3 | let gpg = GnuPG::new().unwrap();
[INFO] [stdout]   |           ^^^^^ use of undeclared type `GnuPG`
[INFO] [stdout]   |
[INFO] [stdout] help: consider importing this struct
[INFO] [stdout]   |
[INFO] [stdout] 2 + use gnupg_rs::GnuPG;
[INFO] [stdout]   |
[INFO] [stdout] 
[INFO] [stdout] error: aborting due to previous error
[INFO] [stdout] 
[INFO] [stdout] For more information about this error, try `rustc --explain E0433`.
[INFO] [stdout] Couldn't compile the test.
[INFO] [stdout] ---- src/lib.rs - GnuPG::pw_encrypt (line 640) stdout ----
[INFO] [stdout] error[E0433]: failed to resolve: use of undeclared type `GnuPG`
[INFO] [stdout]  --> src/lib.rs:641:13
[INFO] [stdout]   |
[INFO] [stdout] 3 | let gnupg = GnuPG::new().unwrap();
[INFO] [stdout]   |             ^^^^^ use of undeclared type `GnuPG`
[INFO] [stdout]   |
[INFO] [stdout] help: consider importing this struct
[INFO] [stdout]   |
[INFO] [stdout] 2 + use gnupg_rs::GnuPG;
[INFO] [stdout]   |
[INFO] [stdout] 
[INFO] [stdout] error: aborting due to previous error
[INFO] [stdout] 
[INFO] [stdout] For more information about this error, try `rustc --explain E0433`.
[INFO] [stdout] Couldn't compile the test.
[INFO] [stdout] ---- src/lib.rs - GnuPG::list_keys (line 431) stdout ----
[INFO] [stdout] error[E0433]: failed to resolve: use of undeclared type `GnuPG`
[INFO] [stdout]  --> src/lib.rs:432:13
[INFO] [stdout]   |
[INFO] [stdout] 3 | let gnupg = GnuPG::new().unwrap();
[INFO] [stdout]   |             ^^^^^ use of undeclared type `GnuPG`
[INFO] [stdout]   |
[INFO] [stdout] help: consider importing this struct
[INFO] [stdout]   |
[INFO] [stdout] 2 + use gnupg_rs::GnuPG;
[INFO] [stdout]   |
[INFO] [stdout] 
[INFO] [stdout] error: aborting due to previous error
[INFO] [stdout] 
[INFO] [stdout] For more information about this error, try `rustc --explain E0433`.
[INFO] [stdout] Couldn't compile the test.
[INFO] [stdout] ---- src/lib.rs - GnuPG::export_secret_key (line 401) stdout ----
[INFO] [stdout] error[E0433]: failed to resolve: use of undeclared type `GnuPG`
[INFO] [stdout]  --> src/lib.rs:402:13
[INFO] [stdout]   |
[INFO] [stdout] 3 | let gnupg = GnuPG::new().unwrap();
[INFO] [stdout]   |             ^^^^^ use of undeclared type `GnuPG`
[INFO] [stdout]   |
[INFO] [stdout] help: consider importing this struct
[INFO] [stdout]   |
[INFO] [stdout] 2 + use gnupg_rs::GnuPG;
[INFO] [stdout]   |
[INFO] [stdout] 
[INFO] [stdout] error: aborting due to previous error
[INFO] [stdout] 
[INFO] [stdout] For more information about this error, try `rustc --explain E0433`.
[INFO] [stdout] Couldn't compile the test.
[INFO] [stdout] 
[INFO] [stdout] failures:
[INFO] [stdout]     src/lib.rs - GnuPG::decrypt (line 714)
[INFO] [stdout]     src/lib.rs - GnuPG::encrypt (line 595)
[INFO] [stdout]     src/lib.rs - GnuPG::export_key (line 372)
[INFO] [stdout]     src/lib.rs - GnuPG::export_secret_key (line 401)
[INFO] [stdout]     src/lib.rs - GnuPG::generate_key (line 506)
[INFO] [stdout]     src/lib.rs - GnuPG::import_key (line 318)
[INFO] [stdout]     src/lib.rs - GnuPG::list_keys (line 431)
[INFO] [stdout]     src/lib.rs - GnuPG::pw_decrypt (line 678)
[INFO] [stdout]     src/lib.rs - GnuPG::pw_encrypt (line 640)
[INFO] [stdout]     src/lib.rs - GnuPG::sign (line 558)
[INFO] [stdout]     src/lib.rs - GnuPG::verify (line 767)
[INFO] [stdout]     src/lib.rs - Key::unlock (line 110)
[INFO] [stdout] 
[INFO] [stdout] test result: FAILED. 0 passed; 12 failed; 0 ignored; 0 measured; 0 filtered out; finished in 0.13s
[INFO] [stdout] 
[INFO] running `Command { std: "docker" "inspect" "ae204b9ec376d8ed5fe93521ac062b4910b71148ed8be9f8065b8742db7c2f72", kill_on_drop: false }`
[INFO] running `Command { std: "docker" "rm" "-f" "ae204b9ec376d8ed5fe93521ac062b4910b71148ed8be9f8065b8742db7c2f72", kill_on_drop: false }`
[INFO] [stdout] ae204b9ec376d8ed5fe93521ac062b4910b71148ed8be9f8065b8742db7c2f72
