[INFO] fetching crate gmt_mount-ctrl_driver 0.0.2...
[INFO] testing gmt_mount-ctrl_driver-0.0.2 against 1.75.0 for beta-1.76-1
[INFO] extracting crate gmt_mount-ctrl_driver 0.0.2 into /workspace/builds/worker-7-tc1/source
[INFO] validating manifest of crates.io crate gmt_mount-ctrl_driver 0.0.2 on toolchain 1.75.0
[INFO] running `Command { std: CARGO_HOME="/workspace/cargo-home" RUSTUP_HOME="/workspace/rustup-home" "/workspace/cargo-home/bin/cargo" "+1.75.0" "metadata" "--manifest-path" "Cargo.toml" "--no-deps", kill_on_drop: false }`
[INFO] started tweaking crates.io crate gmt_mount-ctrl_driver 0.0.2
[INFO] finished tweaking crates.io crate gmt_mount-ctrl_driver 0.0.2
[INFO] tweaked toml for crates.io crate gmt_mount-ctrl_driver 0.0.2 written to /workspace/builds/worker-7-tc1/source/Cargo.toml
[INFO] running `Command { std: CARGO_HOME="/workspace/cargo-home" RUSTUP_HOME="/workspace/rustup-home" "/workspace/cargo-home/bin/cargo" "+1.75.0" "generate-lockfile" "--manifest-path" "Cargo.toml", kill_on_drop: false }`
[INFO] [stderr]     Updating crates.io index
[INFO] running `Command { std: CARGO_HOME="/workspace/cargo-home" RUSTUP_HOME="/workspace/rustup-home" "/workspace/cargo-home/bin/cargo" "+1.75.0" "fetch" "--manifest-path" "Cargo.toml", kill_on_drop: false }`
[INFO] [stderr]  Downloading crates ...
[INFO] [stderr]   Downloaded simulink-rs v3.0.2
[INFO] [stderr]   Downloaded matio-rs_derive v0.1.0
[INFO] [stderr]   Downloaded matio-rs v1.3.1
[INFO] [stderr]   Downloaded matio-rs-sys v0.2.2
[INFO] running `Command { std: "docker" "create" "-v" "/var/lib/crater-agent-workspace/builds/worker-7-tc1/target:/opt/rustwide/target:rw,Z" "-v" "/var/lib/crater-agent-workspace/builds/worker-7-tc1/source:/opt/rustwide/workdir:ro,Z" "-v" "/var/lib/crater-agent-workspace/cargo-home:/opt/rustwide/cargo-home:ro,Z" "-v" "/var/lib/crater-agent-workspace/rustup-home:/opt/rustwide/rustup-home:ro,Z" "-e" "SOURCE_DIR=/opt/rustwide/workdir" "-e" "CARGO_TARGET_DIR=/opt/rustwide/target" "-e" "CARGO_HOME=/opt/rustwide/cargo-home" "-e" "RUSTUP_HOME=/opt/rustwide/rustup-home" "-w" "/opt/rustwide/workdir" "-m" "1610612736" "--user" "0:0" "--network" "none" "ghcr.io/rust-lang/crates-build-env/linux@sha256:2788e3201cd34a07e3172128adcd8b3090168a8e3bcc40d7c032b9dda1df7d1c" "/opt/rustwide/cargo-home/bin/cargo" "+1.75.0" "metadata" "--no-deps" "--format-version=1", kill_on_drop: false }`
[INFO] [stdout] 61659a76f29e820324973842b135d8d87e8c7f564cda5b305e41eee5ee472d73
[INFO] running `Command { std: "docker" "start" "-a" "61659a76f29e820324973842b135d8d87e8c7f564cda5b305e41eee5ee472d73", kill_on_drop: false }`
[INFO] running `Command { std: "docker" "inspect" "61659a76f29e820324973842b135d8d87e8c7f564cda5b305e41eee5ee472d73", kill_on_drop: false }`
[INFO] running `Command { std: "docker" "rm" "-f" "61659a76f29e820324973842b135d8d87e8c7f564cda5b305e41eee5ee472d73", kill_on_drop: false }`
[INFO] [stdout] 61659a76f29e820324973842b135d8d87e8c7f564cda5b305e41eee5ee472d73
[INFO] running `Command { std: "docker" "create" "-v" "/var/lib/crater-agent-workspace/builds/worker-7-tc1/target:/opt/rustwide/target:rw,Z" "-v" "/var/lib/crater-agent-workspace/builds/worker-7-tc1/source:/opt/rustwide/workdir:ro,Z" "-v" "/var/lib/crater-agent-workspace/cargo-home:/opt/rustwide/cargo-home:ro,Z" "-v" "/var/lib/crater-agent-workspace/rustup-home:/opt/rustwide/rustup-home:ro,Z" "-e" "SOURCE_DIR=/opt/rustwide/workdir" "-e" "CARGO_TARGET_DIR=/opt/rustwide/target" "-e" "CARGO_INCREMENTAL=0" "-e" "RUST_BACKTRACE=full" "-e" "RUSTFLAGS=--cap-lints=warn" "-e" "RUSTDOCFLAGS=--cap-lints=warn" "-e" "CARGO_HOME=/opt/rustwide/cargo-home" "-e" "RUSTUP_HOME=/opt/rustwide/rustup-home" "-w" "/opt/rustwide/workdir" "-m" "1610612736" "--user" "0:0" "--network" "none" "ghcr.io/rust-lang/crates-build-env/linux@sha256:2788e3201cd34a07e3172128adcd8b3090168a8e3bcc40d7c032b9dda1df7d1c" "/opt/rustwide/cargo-home/bin/cargo" "+1.75.0" "build" "--frozen" "--message-format=json", kill_on_drop: false }`
[INFO] [stdout] 682a6ed5f1e62d7f26175b20b4e1165038dbbac6115e8968cd161af9c796128b
[INFO] running `Command { std: "docker" "start" "-a" "682a6ed5f1e62d7f26175b20b4e1165038dbbac6115e8968cd161af9c796128b", kill_on_drop: false }`
[INFO] [stderr]    Compiling memchr v2.7.1
[INFO] [stderr]    Compiling glob v0.3.1
[INFO] [stderr]    Compiling libc v0.2.151
[INFO] [stderr]    Compiling rustix v0.38.28
[INFO] [stderr]    Compiling unicode-ident v1.0.12
[INFO] [stderr]    Compiling syn v1.0.109
[INFO] [stderr]    Compiling minimal-lexical v0.2.1
[INFO] [stderr]    Compiling regex-syntax v0.8.2
[INFO] [stderr]    Compiling bitflags v2.4.1
[INFO] [stderr]    Compiling linux-raw-sys v0.4.12
[INFO] [stderr]    Compiling either v1.9.0
[INFO] [stderr]    Compiling bindgen v0.64.0
[INFO] [stderr]    Compiling home v0.5.9
[INFO] [stderr]    Compiling proc-macro2 v1.0.75
[INFO] [stderr]    Compiling libloading v0.8.1
[INFO] [stderr]    Compiling shlex v1.2.0
[INFO] [stderr]    Compiling lazycell v1.3.0
[INFO] [stderr]    Compiling log v0.4.20
[INFO] [stderr]    Compiling rustc-hash v1.1.0
[INFO] [stderr]    Compiling peeking_take_while v0.1.2
[INFO] [stderr]    Compiling aho-corasick v1.1.2
[INFO] [stderr]    Compiling nom v7.1.3
[INFO] [stderr]    Compiling quote v1.0.35
[INFO] [stderr]    Compiling clang-sys v1.7.0
[INFO] [stderr]    Compiling cc v1.0.83
[INFO] [stderr]    Compiling regex-automata v0.4.3
[INFO] [stderr]    Compiling cexpr v0.6.0
[INFO] [stderr]    Compiling which v4.4.2
[INFO] [stderr]    Compiling regex v1.10.2
[INFO] [stderr]    Compiling simulink-rs v3.0.2
[INFO] [stderr]    Compiling gmt_mount-ctrl_driver v0.0.2 (/opt/rustwide/workdir)
[INFO] [stderr] warning: gmt_mount-ctrl_driver@0.0.2: /opt/rustwide/workdir/sys/Mount_Drv_FDR2023.c: In function 'Mount_Drv_FDR2023_step':
[INFO] [stderr] warning: gmt_mount-ctrl_driver@0.0.2: /opt/rustwide/workdir/sys/Mount_Drv_FDR2023.c:602:3: warning: 'Mount_Drv_FDR2_ForEachSubsystem' reading 64 bytes from a region of size 32 [-Wstringop-overread]
[INFO] [stderr] warning: gmt_mount-ctrl_driver@0.0.2:   602 |   Mount_Drv_FDR2_ForEachSubsystem(4, rtb_VectorConcatenate_m,
[INFO] [stderr] warning: gmt_mount-ctrl_driver@0.0.2:       |   ^~~~~~~~~~~~~~~~~~~~~~~~~~~~~~~~~~~~~~~~~~~~~~~~~~~~~~~~~~~
[INFO] [stderr] warning: gmt_mount-ctrl_driver@0.0.2:   603 |     rtb_ImpAsg_InsertedFor_Out1_ke3);
[INFO] [stderr] warning: gmt_mount-ctrl_driver@0.0.2:       |     ~~~~~~~~~~~~~~~~~~~~~~~~~~~~~~~~
[INFO] [stderr] warning: gmt_mount-ctrl_driver@0.0.2: /opt/rustwide/workdir/sys/Mount_Drv_FDR2023.c:602:3: note: referencing argument 2 of type 'const real_T *' {aka 'const double *'}
[INFO] [stderr] warning: gmt_mount-ctrl_driver@0.0.2: /opt/rustwide/workdir/sys/Mount_Drv_FDR2023.c:602:3: warning: 'Mount_Drv_FDR2_ForEachSubsystem' accessing 64 bytes in a region of size 32 [-Wstringop-overflow=]
[INFO] [stderr] warning: gmt_mount-ctrl_driver@0.0.2: /opt/rustwide/workdir/sys/Mount_Drv_FDR2023.c:602:3: note: referencing argument 3 of type 'real_T *' {aka 'double *'}
[INFO] [stderr] warning: gmt_mount-ctrl_driver@0.0.2: /opt/rustwide/workdir/sys/Mount_Drv_FDR2023.c:185:6: note: in a call to function 'Mount_Drv_FDR2_ForEachSubsystem'
[INFO] [stderr] warning: gmt_mount-ctrl_driver@0.0.2:   185 | void Mount_Drv_FDR2_ForEachSubsystem(int32_T NumIters, const real_T rtu_In1[8],
[INFO] [stderr] warning: gmt_mount-ctrl_driver@0.0.2:       |      ^~~~~~~~~~~~~~~~~~~~~~~~~~~~~~~
[INFO] [stderr] warning: gmt_mount-ctrl_driver@0.0.2: /opt/rustwide/workdir/sys/Mount_Drv_FDR2023.c:614:3: warning: 'Mount_Drv_FDR_ForEachSubsystem1' reading 64 bytes from a region of size 32 [-Wstringop-overread]
[INFO] [stderr] warning: gmt_mount-ctrl_driver@0.0.2:   614 |   Mount_Drv_FDR_ForEachSubsystem1(4, rtb_VectorConcatenate_m,
[INFO] [stderr] warning: gmt_mount-ctrl_driver@0.0.2:       |   ^~~~~~~~~~~~~~~~~~~~~~~~~~~~~~~~~~~~~~~~~~~~~~~~~~~~~~~~~~~
[INFO] [stderr] warning: gmt_mount-ctrl_driver@0.0.2:   615 |     rtb_ImpAsg_InsertedFor_Out1__ke);
[INFO] [stderr] warning: gmt_mount-ctrl_driver@0.0.2:       |     ~~~~~~~~~~~~~~~~~~~~~~~~~~~~~~~~
[INFO] [stderr] warning: gmt_mount-ctrl_driver@0.0.2: /opt/rustwide/workdir/sys/Mount_Drv_FDR2023.c:614:3: note: referencing argument 2 of type 'const real_T *' {aka 'const double *'}
[INFO] [stderr] warning: gmt_mount-ctrl_driver@0.0.2: /opt/rustwide/workdir/sys/Mount_Drv_FDR2023.c:614:3: warning: 'Mount_Drv_FDR_ForEachSubsystem1' accessing 64 bytes in a region of size 32 [-Wstringop-overflow=]
[INFO] [stderr] warning: gmt_mount-ctrl_driver@0.0.2: /opt/rustwide/workdir/sys/Mount_Drv_FDR2023.c:614:3: note: referencing argument 3 of type 'real_T *' {aka 'double *'}
[INFO] [stderr] warning: gmt_mount-ctrl_driver@0.0.2: /opt/rustwide/workdir/sys/Mount_Drv_FDR2023.c:222:6: note: in a call to function 'Mount_Drv_FDR_ForEachSubsystem1'
[INFO] [stderr] warning: gmt_mount-ctrl_driver@0.0.2:   222 | void Mount_Drv_FDR_ForEachSubsystem1(int32_T NumIters, const real_T rtu_In1[8],
[INFO] [stderr] warning: gmt_mount-ctrl_driver@0.0.2:       |      ^~~~~~~~~~~~~~~~~~~~~~~~~~~~~~~
[INFO] [stderr]     Finished dev [unoptimized + debuginfo] target(s) in 27.06s
[INFO] running `Command { std: "docker" "inspect" "682a6ed5f1e62d7f26175b20b4e1165038dbbac6115e8968cd161af9c796128b", kill_on_drop: false }`
[INFO] running `Command { std: "docker" "rm" "-f" "682a6ed5f1e62d7f26175b20b4e1165038dbbac6115e8968cd161af9c796128b", kill_on_drop: false }`
[INFO] [stdout] 682a6ed5f1e62d7f26175b20b4e1165038dbbac6115e8968cd161af9c796128b
[INFO] running `Command { std: "docker" "create" "-v" "/var/lib/crater-agent-workspace/builds/worker-7-tc1/target:/opt/rustwide/target:rw,Z" "-v" "/var/lib/crater-agent-workspace/builds/worker-7-tc1/source:/opt/rustwide/workdir:ro,Z" "-v" "/var/lib/crater-agent-workspace/cargo-home:/opt/rustwide/cargo-home:ro,Z" "-v" "/var/lib/crater-agent-workspace/rustup-home:/opt/rustwide/rustup-home:ro,Z" "-e" "SOURCE_DIR=/opt/rustwide/workdir" "-e" "CARGO_TARGET_DIR=/opt/rustwide/target" "-e" "CARGO_INCREMENTAL=0" "-e" "RUST_BACKTRACE=full" "-e" "RUSTFLAGS=--cap-lints=warn" "-e" "RUSTDOCFLAGS=--cap-lints=warn" "-e" "CARGO_HOME=/opt/rustwide/cargo-home" "-e" "RUSTUP_HOME=/opt/rustwide/rustup-home" "-w" "/opt/rustwide/workdir" "-m" "1610612736" "--user" "0:0" "--network" "none" "ghcr.io/rust-lang/crates-build-env/linux@sha256:2788e3201cd34a07e3172128adcd8b3090168a8e3bcc40d7c032b9dda1df7d1c" "/opt/rustwide/cargo-home/bin/cargo" "+1.75.0" "test" "--frozen" "--no-run" "--message-format=json", kill_on_drop: false }`
[INFO] [stdout] bd2030f4231071fd30d661e4e6174ed8aeef2f78233a3d8ca633b54d927f0fa7
[INFO] running `Command { std: "docker" "start" "-a" "bd2030f4231071fd30d661e4e6174ed8aeef2f78233a3d8ca633b54d927f0fa7", kill_on_drop: false }`
[INFO] [stderr]    Compiling unicode-width v0.1.11
[INFO] [stderr]    Compiling bindgen v0.59.2
[INFO] [stderr]    Compiling termcolor v1.4.0
[INFO] [stderr]    Compiling humantime v2.1.0
[INFO] [stderr]    Compiling ansi_term v0.12.1
[INFO] [stderr]    Compiling strsim v0.8.0
[INFO] [stderr]    Compiling vec_map v0.8.2
[INFO] [stderr]    Compiling paste v1.0.14
[INFO] [stderr]    Compiling thiserror v1.0.56
[INFO] [stderr]    Compiling atty v0.2.14
[INFO] [stderr]    Compiling cmake v0.1.50
[INFO] [stderr]    Compiling syn v2.0.48
[INFO] [stderr]    Compiling matio-rs_derive v0.1.0
[INFO] [stderr] warning: gmt_mount-ctrl_driver@0.0.2: /opt/rustwide/workdir/sys/Mount_Drv_FDR2023.c: In function 'Mount_Drv_FDR2023_step':
[INFO] [stderr] warning: gmt_mount-ctrl_driver@0.0.2: /opt/rustwide/workdir/sys/Mount_Drv_FDR2023.c:602:3: warning: 'Mount_Drv_FDR2_ForEachSubsystem' reading 64 bytes from a region of size 32 [-Wstringop-overread]
[INFO] [stderr] warning: gmt_mount-ctrl_driver@0.0.2:   602 |   Mount_Drv_FDR2_ForEachSubsystem(4, rtb_VectorConcatenate_m,
[INFO] [stderr] warning: gmt_mount-ctrl_driver@0.0.2:       |   ^~~~~~~~~~~~~~~~~~~~~~~~~~~~~~~~~~~~~~~~~~~~~~~~~~~~~~~~~~~
[INFO] [stderr] warning: gmt_mount-ctrl_driver@0.0.2:   603 |     rtb_ImpAsg_InsertedFor_Out1_ke3);
[INFO] [stderr] warning: gmt_mount-ctrl_driver@0.0.2:       |     ~~~~~~~~~~~~~~~~~~~~~~~~~~~~~~~~
[INFO] [stderr] warning: gmt_mount-ctrl_driver@0.0.2: /opt/rustwide/workdir/sys/Mount_Drv_FDR2023.c:602:3: note: referencing argument 2 of type 'const real_T *' {aka 'const double *'}
[INFO] [stderr] warning: gmt_mount-ctrl_driver@0.0.2: /opt/rustwide/workdir/sys/Mount_Drv_FDR2023.c:602:3: warning: 'Mount_Drv_FDR2_ForEachSubsystem' accessing 64 bytes in a region of size 32 [-Wstringop-overflow=]
[INFO] [stderr] warning: gmt_mount-ctrl_driver@0.0.2: /opt/rustwide/workdir/sys/Mount_Drv_FDR2023.c:602:3: note: referencing argument 3 of type 'real_T *' {aka 'double *'}
[INFO] [stderr] warning: gmt_mount-ctrl_driver@0.0.2: /opt/rustwide/workdir/sys/Mount_Drv_FDR2023.c:185:6: note: in a call to function 'Mount_Drv_FDR2_ForEachSubsystem'
[INFO] [stderr] warning: gmt_mount-ctrl_driver@0.0.2:   185 | void Mount_Drv_FDR2_ForEachSubsystem(int32_T NumIters, const real_T rtu_In1[8],
[INFO] [stderr] warning: gmt_mount-ctrl_driver@0.0.2:       |      ^~~~~~~~~~~~~~~~~~~~~~~~~~~~~~~
[INFO] [stderr] warning: gmt_mount-ctrl_driver@0.0.2: /opt/rustwide/workdir/sys/Mount_Drv_FDR2023.c:614:3: warning: 'Mount_Drv_FDR_ForEachSubsystem1' reading 64 bytes from a region of size 32 [-Wstringop-overread]
[INFO] [stderr] warning: gmt_mount-ctrl_driver@0.0.2:   614 |   Mount_Drv_FDR_ForEachSubsystem1(4, rtb_VectorConcatenate_m,
[INFO] [stderr] warning: gmt_mount-ctrl_driver@0.0.2:       |   ^~~~~~~~~~~~~~~~~~~~~~~~~~~~~~~~~~~~~~~~~~~~~~~~~~~~~~~~~~~
[INFO] [stderr] warning: gmt_mount-ctrl_driver@0.0.2:   615 |     rtb_ImpAsg_InsertedFor_Out1__ke);
[INFO] [stderr] warning: gmt_mount-ctrl_driver@0.0.2:       |     ~~~~~~~~~~~~~~~~~~~~~~~~~~~~~~~~
[INFO] [stderr] warning: gmt_mount-ctrl_driver@0.0.2: /opt/rustwide/workdir/sys/Mount_Drv_FDR2023.c:614:3: note: referencing argument 2 of type 'const real_T *' {aka 'const double *'}
[INFO] [stderr] warning: gmt_mount-ctrl_driver@0.0.2: /opt/rustwide/workdir/sys/Mount_Drv_FDR2023.c:614:3: warning: 'Mount_Drv_FDR_ForEachSubsystem1' accessing 64 bytes in a region of size 32 [-Wstringop-overflow=]
[INFO] [stderr] warning: gmt_mount-ctrl_driver@0.0.2: /opt/rustwide/workdir/sys/Mount_Drv_FDR2023.c:614:3: note: referencing argument 3 of type 'real_T *' {aka 'double *'}
[INFO] [stderr] warning: gmt_mount-ctrl_driver@0.0.2: /opt/rustwide/workdir/sys/Mount_Drv_FDR2023.c:222:6: note: in a call to function 'Mount_Drv_FDR_ForEachSubsystem1'
[INFO] [stderr] warning: gmt_mount-ctrl_driver@0.0.2:   222 | void Mount_Drv_FDR_ForEachSubsystem1(int32_T NumIters, const real_T rtu_In1[8],
[INFO] [stderr] warning: gmt_mount-ctrl_driver@0.0.2:       |      ^~~~~~~~~~~~~~~~~~~~~~~~~~~~~~~
[INFO] [stderr]    Compiling textwrap v0.11.0
[INFO] [stderr]    Compiling env_logger v0.9.3
[INFO] [stderr]    Compiling clap v2.34.0
[INFO] [stderr]    Compiling thiserror-impl v1.0.56
[INFO] [stderr]    Compiling matio-rs-sys v0.2.2
[INFO] [stderr]    Compiling matio-rs v1.3.1
[INFO] [stderr]    Compiling gmt_mount-ctrl_driver v0.0.2 (/opt/rustwide/workdir)
[INFO] [stderr]     Finished test [unoptimized + debuginfo] target(s) in 17.33s
[INFO] running `Command { std: "docker" "inspect" "bd2030f4231071fd30d661e4e6174ed8aeef2f78233a3d8ca633b54d927f0fa7", kill_on_drop: false }`
[INFO] running `Command { std: "docker" "rm" "-f" "bd2030f4231071fd30d661e4e6174ed8aeef2f78233a3d8ca633b54d927f0fa7", kill_on_drop: false }`
[INFO] [stdout] bd2030f4231071fd30d661e4e6174ed8aeef2f78233a3d8ca633b54d927f0fa7
[INFO] running `Command { std: "docker" "create" "-v" "/var/lib/crater-agent-workspace/builds/worker-7-tc1/target:/opt/rustwide/target:rw,Z" "-v" "/var/lib/crater-agent-workspace/builds/worker-7-tc1/source:/opt/rustwide/workdir:ro,Z" "-v" "/var/lib/crater-agent-workspace/cargo-home:/opt/rustwide/cargo-home:ro,Z" "-v" "/var/lib/crater-agent-workspace/rustup-home:/opt/rustwide/rustup-home:ro,Z" "-e" "SOURCE_DIR=/opt/rustwide/workdir" "-e" "CARGO_TARGET_DIR=/opt/rustwide/target" "-e" "CARGO_INCREMENTAL=0" "-e" "RUST_BACKTRACE=full" "-e" "RUSTFLAGS=--cap-lints=warn" "-e" "RUSTDOCFLAGS=--cap-lints=warn" "-e" "CARGO_HOME=/opt/rustwide/cargo-home" "-e" "RUSTUP_HOME=/opt/rustwide/rustup-home" "-w" "/opt/rustwide/workdir" "-m" "1610612736" "--user" "0:0" "--network" "none" "ghcr.io/rust-lang/crates-build-env/linux@sha256:2788e3201cd34a07e3172128adcd8b3090168a8e3bcc40d7c032b9dda1df7d1c" "/opt/rustwide/cargo-home/bin/cargo" "+1.75.0" "test" "--frozen", kill_on_drop: false }`
[INFO] [stdout] 3141431dff9e5c84210929f4be7921519ca80352148a228bc58014cfb0d52a15
[INFO] running `Command { std: "docker" "start" "-a" "3141431dff9e5c84210929f4be7921519ca80352148a228bc58014cfb0d52a15", kill_on_drop: false }`
[INFO] [stderr]    Compiling matio-rs-sys v0.2.2
[INFO] [stderr] warning: gmt_mount-ctrl_driver@0.0.2: /opt/rustwide/workdir/sys/Mount_Drv_FDR2023.c: In function 'Mount_Drv_FDR2023_step':
[INFO] [stderr] warning: gmt_mount-ctrl_driver@0.0.2: /opt/rustwide/workdir/sys/Mount_Drv_FDR2023.c:602:3: warning: 'Mount_Drv_FDR2_ForEachSubsystem' reading 64 bytes from a region of size 32 [-Wstringop-overread]
[INFO] [stderr] warning: gmt_mount-ctrl_driver@0.0.2:   602 |   Mount_Drv_FDR2_ForEachSubsystem(4, rtb_VectorConcatenate_m,
[INFO] [stderr] warning: gmt_mount-ctrl_driver@0.0.2:       |   ^~~~~~~~~~~~~~~~~~~~~~~~~~~~~~~~~~~~~~~~~~~~~~~~~~~~~~~~~~~
[INFO] [stderr] warning: gmt_mount-ctrl_driver@0.0.2:   603 |     rtb_ImpAsg_InsertedFor_Out1_ke3);
[INFO] [stderr] warning: gmt_mount-ctrl_driver@0.0.2:       |     ~~~~~~~~~~~~~~~~~~~~~~~~~~~~~~~~
[INFO] [stderr] warning: gmt_mount-ctrl_driver@0.0.2: /opt/rustwide/workdir/sys/Mount_Drv_FDR2023.c:602:3: note: referencing argument 2 of type 'const real_T *' {aka 'const double *'}
[INFO] [stderr] warning: gmt_mount-ctrl_driver@0.0.2: /opt/rustwide/workdir/sys/Mount_Drv_FDR2023.c:602:3: warning: 'Mount_Drv_FDR2_ForEachSubsystem' accessing 64 bytes in a region of size 32 [-Wstringop-overflow=]
[INFO] [stderr] warning: gmt_mount-ctrl_driver@0.0.2: /opt/rustwide/workdir/sys/Mount_Drv_FDR2023.c:602:3: note: referencing argument 3 of type 'real_T *' {aka 'double *'}
[INFO] [stderr] warning: gmt_mount-ctrl_driver@0.0.2: /opt/rustwide/workdir/sys/Mount_Drv_FDR2023.c:185:6: note: in a call to function 'Mount_Drv_FDR2_ForEachSubsystem'
[INFO] [stderr] warning: gmt_mount-ctrl_driver@0.0.2:   185 | void Mount_Drv_FDR2_ForEachSubsystem(int32_T NumIters, const real_T rtu_In1[8],
[INFO] [stderr] warning: gmt_mount-ctrl_driver@0.0.2:       |      ^~~~~~~~~~~~~~~~~~~~~~~~~~~~~~~
[INFO] [stderr] warning: gmt_mount-ctrl_driver@0.0.2: /opt/rustwide/workdir/sys/Mount_Drv_FDR2023.c:614:3: warning: 'Mount_Drv_FDR_ForEachSubsystem1' reading 64 bytes from a region of size 32 [-Wstringop-overread]
[INFO] [stderr] warning: gmt_mount-ctrl_driver@0.0.2:   614 |   Mount_Drv_FDR_ForEachSubsystem1(4, rtb_VectorConcatenate_m,
[INFO] [stderr] warning: gmt_mount-ctrl_driver@0.0.2:       |   ^~~~~~~~~~~~~~~~~~~~~~~~~~~~~~~~~~~~~~~~~~~~~~~~~~~~~~~~~~~
[INFO] [stderr] warning: gmt_mount-ctrl_driver@0.0.2:   615 |     rtb_ImpAsg_InsertedFor_Out1__ke);
[INFO] [stderr] warning: gmt_mount-ctrl_driver@0.0.2:       |     ~~~~~~~~~~~~~~~~~~~~~~~~~~~~~~~~
[INFO] [stderr] warning: gmt_mount-ctrl_driver@0.0.2: /opt/rustwide/workdir/sys/Mount_Drv_FDR2023.c:614:3: note: referencing argument 2 of type 'const real_T *' {aka 'const double *'}
[INFO] [stderr] warning: gmt_mount-ctrl_driver@0.0.2: /opt/rustwide/workdir/sys/Mount_Drv_FDR2023.c:614:3: warning: 'Mount_Drv_FDR_ForEachSubsystem1' accessing 64 bytes in a region of size 32 [-Wstringop-overflow=]
[INFO] [stderr] warning: gmt_mount-ctrl_driver@0.0.2: /opt/rustwide/workdir/sys/Mount_Drv_FDR2023.c:614:3: note: referencing argument 3 of type 'real_T *' {aka 'double *'}
[INFO] [stderr] warning: gmt_mount-ctrl_driver@0.0.2: /opt/rustwide/workdir/sys/Mount_Drv_FDR2023.c:222:6: note: in a call to function 'Mount_Drv_FDR_ForEachSubsystem1'
[INFO] [stderr] warning: gmt_mount-ctrl_driver@0.0.2:   222 | void Mount_Drv_FDR_ForEachSubsystem1(int32_T NumIters, const real_T rtu_In1[8],
[INFO] [stderr] warning: gmt_mount-ctrl_driver@0.0.2:       |      ^~~~~~~~~~~~~~~~~~~~~~~~~~~~~~~
[INFO] [stderr]    Compiling matio-rs v1.3.1
[INFO] [stderr]    Compiling gmt_mount-ctrl_driver v0.0.2 (/opt/rustwide/workdir)
[INFO] [stderr]     Finished test [unoptimized + debuginfo] target(s) in 2.54s
[INFO] [stderr]      Running unittests src/lib.rs (/opt/rustwide/target/debug/deps/gmt_mount_ctrl_driver-60370c0d7aafb515)
[INFO] [stdout] 
[INFO] [stdout] running 11 tests
[INFO] [stdout] test bindgen_test_layout_ConstP_Mount_Drv_FDR2023_T ... ok
[INFO] [stdout] test bindgen_test_layout_DW_AZDTLugreFrmode_Mount_Drv__T ... ok
[INFO] [stdout] test bindgen_test_layout_DW_Mount_Drv_FDR2023_T ... ok
[INFO] [stdout] test bindgen_test_layout_struct_duUQaQNHHqhv4wG70LBFjE ... ok
[INFO] [stdout] test bindgen_test_layout_ExtU_Mount_Drv_FDR2023_T ... ok
[INFO] [stdout] test bindgen_test_layout_ExtY_Mount_Drv_FDR2023_T ... ok
[INFO] [stdout] test bindgen_test_layout_struct_nCCRV1WYsk4qHftu9RVOGH ... ok
[INFO] [stdout] test bindgen_test_layout_struct_ukHSzDyaJtu8G4Ivne33HB ... ok
[INFO] [stdout] test bindgen_test_layout_struct_zMKSlyEOulYf7sVCIoXNRD ... ok
[INFO] [stdout] test bindgen_test_layout_tag_RTM_Mount_Drv_FDR2023_T ... ok
[INFO] [stdout] test tests::data_based ... FAILED
[INFO] [stdout] 
[INFO] [stdout] failures:
[INFO] [stdout] 
[INFO] [stdout] ---- tests::data_based stdout ----
[INFO] [stdout] [src/lib.rs:32] n = 2001
[INFO] [stdout] [src/lib.rs:66] e = 2.12082967611792e-14
[INFO] [stdout] thread 'tests::data_based' panicked at src/lib.rs:69:14:
[INFO] [stdout] called `Result::unwrap()` on an `Err` value: MatOpen("mount_drive_y.mat")
[INFO] [stdout] stack backtrace:
[INFO] [stdout]    0:     0x55a05b9d711c - std::backtrace_rs::backtrace::libunwind::trace::ha637c64ce894333a
[INFO] [stdout]                                at /rustc/82e1608dfa6e0b5569232559e3d385fea5a93112/library/std/src/../../backtrace/src/backtrace/libunwind.rs:104:5
[INFO] [stdout]    1:     0x55a05b9d711c - std::backtrace_rs::backtrace::trace_unsynchronized::h47f62dea28e0c88d
[INFO] [stdout]                                at /rustc/82e1608dfa6e0b5569232559e3d385fea5a93112/library/std/src/../../backtrace/src/backtrace/mod.rs:66:5
[INFO] [stdout]    2:     0x55a05b9d711c - std::sys_common::backtrace::_print_fmt::h9eef0abe20ede486
[INFO] [stdout]                                at /rustc/82e1608dfa6e0b5569232559e3d385fea5a93112/library/std/src/sys_common/backtrace.rs:67:5
[INFO] [stdout]    3:     0x55a05b9d711c - <std::sys_common::backtrace::_print::DisplayBacktrace as core::fmt::Display>::fmt::hed7f999df88cc644
[INFO] [stdout]                                at /rustc/82e1608dfa6e0b5569232559e3d385fea5a93112/library/std/src/sys_common/backtrace.rs:44:22
[INFO] [stdout]    4:     0x55a05ba01070 - core::fmt::rt::Argument::fmt::h1539a9308b8d058d
[INFO] [stdout]                                at /rustc/82e1608dfa6e0b5569232559e3d385fea5a93112/library/core/src/fmt/rt.rs:142:9
[INFO] [stdout]    5:     0x55a05ba01070 - core::fmt::write::h3a39390d8560d9c9
[INFO] [stdout]                                at /rustc/82e1608dfa6e0b5569232559e3d385fea5a93112/library/core/src/fmt/mod.rs:1120:17
[INFO] [stdout]    6:     0x55a05b9d4acf - std::io::Write::write_fmt::h040b369f3a0f9cbc
[INFO] [stdout]                                at /rustc/82e1608dfa6e0b5569232559e3d385fea5a93112/library/std/src/io/mod.rs:1762:15
[INFO] [stdout]    7:     0x55a05b9d6f04 - std::sys_common::backtrace::_print::h894006fb5c6f3d45
[INFO] [stdout]                                at /rustc/82e1608dfa6e0b5569232559e3d385fea5a93112/library/std/src/sys_common/backtrace.rs:47:5
[INFO] [stdout]    8:     0x55a05b9d6f04 - std::sys_common::backtrace::print::h23a2d212c6fff936
[INFO] [stdout]                                at /rustc/82e1608dfa6e0b5569232559e3d385fea5a93112/library/std/src/sys_common/backtrace.rs:34:9
[INFO] [stdout]    9:     0x55a05b9d8bc7 - std::panicking::default_hook::{{closure}}::h8a1d2ee00185001a
[INFO] [stdout]   10:     0x55a05b9d88b3 - std::panicking::default_hook::h6038f2eba384e475
[INFO] [stdout]                                at /rustc/82e1608dfa6e0b5569232559e3d385fea5a93112/library/std/src/panicking.rs:289:9
[INFO] [stdout]   11:     0x55a05b9a4fd7 - <alloc::boxed::Box<F,A> as core::ops::function::Fn<Args>>::call::h0ad024c9bdc6d768
[INFO] [stdout]                                at /rustc/82e1608dfa6e0b5569232559e3d385fea5a93112/library/alloc/src/boxed.rs:2021:9
[INFO] [stdout]   12:     0x55a05b9a4fd7 - test::test_main::{{closure}}::h7500b54257359db6
[INFO] [stdout]                                at /rustc/82e1608dfa6e0b5569232559e3d385fea5a93112/library/test/src/lib.rs:138:21
[INFO] [stdout]   13:     0x55a05b9d91d8 - <alloc::boxed::Box<F,A> as core::ops::function::Fn<Args>>::call::h1f8f335eaa9cfaee
[INFO] [stdout]                                at /rustc/82e1608dfa6e0b5569232559e3d385fea5a93112/library/alloc/src/boxed.rs:2021:9
[INFO] [stdout]   14:     0x55a05b9d91d8 - std::panicking::rust_panic_with_hook::h2b5517d590cab22e
[INFO] [stdout]                                at /rustc/82e1608dfa6e0b5569232559e3d385fea5a93112/library/std/src/panicking.rs:783:13
[INFO] [stdout]   15:     0x55a05b9d8f2e - std::panicking::begin_panic_handler::{{closure}}::h233112c06e0ef43e
[INFO] [stdout]                                at /rustc/82e1608dfa6e0b5569232559e3d385fea5a93112/library/std/src/panicking.rs:657:13
[INFO] [stdout]   16:     0x55a05b9d75e6 - std::sys_common::backtrace::__rust_end_short_backtrace::h6e893f24d7ebbff8
[INFO] [stdout]                                at /rustc/82e1608dfa6e0b5569232559e3d385fea5a93112/library/std/src/sys_common/backtrace.rs:170:18
[INFO] [stdout]   17:     0x55a05b9d8c92 - rust_begin_unwind
[INFO] [stdout]                                at /rustc/82e1608dfa6e0b5569232559e3d385fea5a93112/library/std/src/panicking.rs:645:5
[INFO] [stdout]   18:     0x55a05b959ed5 - core::panicking::panic_fmt::hbf0e066aabfa482c
[INFO] [stdout]                                at /rustc/82e1608dfa6e0b5569232559e3d385fea5a93112/library/core/src/panicking.rs:72:14
[INFO] [stdout]   19:     0x55a05b95a463 - core::result::unwrap_failed::hddb4fea594200c52
[INFO] [stdout]                                at /rustc/82e1608dfa6e0b5569232559e3d385fea5a93112/library/core/src/result.rs:1653:5
[INFO] [stdout]   20:     0x55a05b95c28a - core::result::Result<T,E>::unwrap::hf84c789a9d1263dc
[INFO] [stdout]                                at /rustc/82e1608dfa6e0b5569232559e3d385fea5a93112/library/core/src/result.rs:1077:23
[INFO] [stdout]   21:     0x55a05b96f008 - gmt_mount_ctrl_driver::tests::data_based::h5317a2aa8f831558
[INFO] [stdout]                                at /opt/rustwide/workdir/src/lib.rs:68:9
[INFO] [stdout]   22:     0x55a05b96e647 - gmt_mount_ctrl_driver::tests::data_based::{{closure}}::h0da86726022840cb
[INFO] [stdout]                                at /opt/rustwide/workdir/src/lib.rs:24:20
[INFO] [stdout]   23:     0x55a05b9603f6 - core::ops::function::FnOnce::call_once::he4288efedf29d056
[INFO] [stdout]                                at /rustc/82e1608dfa6e0b5569232559e3d385fea5a93112/library/core/src/ops/function.rs:250:5
[INFO] [stdout]   24:     0x55a05b9aa62f - core::ops::function::FnOnce::call_once::h2b5d431d5046312d
[INFO] [stdout]                                at /rustc/82e1608dfa6e0b5569232559e3d385fea5a93112/library/core/src/ops/function.rs:250:5
[INFO] [stdout]   25:     0x55a05b9aa62f - test::__rust_begin_short_backtrace::h7714669af176e207
[INFO] [stdout]                                at /rustc/82e1608dfa6e0b5569232559e3d385fea5a93112/library/test/src/lib.rs:628:18
[INFO] [stdout]   26:     0x55a05b9a9645 - test::run_test_in_process::{{closure}}::h85218797dcbcec12
[INFO] [stdout]                                at /rustc/82e1608dfa6e0b5569232559e3d385fea5a93112/library/test/src/lib.rs:651:60
[INFO] [stdout]   27:     0x55a05b9a9645 - <core::panic::unwind_safe::AssertUnwindSafe<F> as core::ops::function::FnOnce<()>>::call_once::h76c106ea31c14d7b
[INFO] [stdout]                                at /rustc/82e1608dfa6e0b5569232559e3d385fea5a93112/library/core/src/panic/unwind_safe.rs:272:9
[INFO] [stdout]   28:     0x55a05b9a9645 - std::panicking::try::do_call::h3bd5d0f6620ee946
[INFO] [stdout]                                at /rustc/82e1608dfa6e0b5569232559e3d385fea5a93112/library/std/src/panicking.rs:552:40
[INFO] [stdout]   29:     0x55a05b9a9645 - std::panicking::try::h232e535e4744fe31
[INFO] [stdout]                                at /rustc/82e1608dfa6e0b5569232559e3d385fea5a93112/library/std/src/panicking.rs:516:19
[INFO] [stdout]   30:     0x55a05b9a9645 - std::panic::catch_unwind::h3ce3bd6ca8dbac68
[INFO] [stdout]                                at /rustc/82e1608dfa6e0b5569232559e3d385fea5a93112/library/std/src/panic.rs:142:14
[INFO] [stdout]   31:     0x55a05b9a9645 - test::run_test_in_process::hc97b257c9621286a
[INFO] [stdout]                                at /rustc/82e1608dfa6e0b5569232559e3d385fea5a93112/library/test/src/lib.rs:651:27
[INFO] [stdout]   32:     0x55a05b9a9645 - test::run_test::{{closure}}::h2aa798823a438d38
[INFO] [stdout]                                at /rustc/82e1608dfa6e0b5569232559e3d385fea5a93112/library/test/src/lib.rs:574:43
[INFO] [stdout]   33:     0x55a05b971906 - test::run_test::{{closure}}::h87d231c78fb59832
[INFO] [stdout]                                at /rustc/82e1608dfa6e0b5569232559e3d385fea5a93112/library/test/src/lib.rs:602:41
[INFO] [stdout]   34:     0x55a05b971906 - std::sys_common::backtrace::__rust_begin_short_backtrace::he6df152596625789
[INFO] [stdout]                                at /rustc/82e1608dfa6e0b5569232559e3d385fea5a93112/library/std/src/sys_common/backtrace.rs:154:18
[INFO] [stdout]   35:     0x55a05b9769b7 - std::thread::Builder::spawn_unchecked_::{{closure}}::{{closure}}::ha94be15d1e0acf36
[INFO] [stdout]                                at /rustc/82e1608dfa6e0b5569232559e3d385fea5a93112/library/std/src/thread/mod.rs:529:17
[INFO] [stdout]   36:     0x55a05b9769b7 - <core::panic::unwind_safe::AssertUnwindSafe<F> as core::ops::function::FnOnce<()>>::call_once::h9dc6bd6372f16606
[INFO] [stdout]                                at /rustc/82e1608dfa6e0b5569232559e3d385fea5a93112/library/core/src/panic/unwind_safe.rs:272:9
[INFO] [stdout]   37:     0x55a05b9769b7 - std::panicking::try::do_call::h9057517f80303cd4
[INFO] [stdout]                                at /rustc/82e1608dfa6e0b5569232559e3d385fea5a93112/library/std/src/panicking.rs:552:40
[INFO] [stdout]   38:     0x55a05b9769b7 - std::panicking::try::he3a30b11ee45340c
[INFO] [stdout]                                at /rustc/82e1608dfa6e0b5569232559e3d385fea5a93112/library/std/src/panicking.rs:516:19
[INFO] [stdout]   39:     0x55a05b9769b7 - std::panic::catch_unwind::h410458cfd3528b8b
[INFO] [stdout]                                at /rustc/82e1608dfa6e0b5569232559e3d385fea5a93112/library/std/src/panic.rs:142:14
[INFO] [stdout]   40:     0x55a05b9769b7 - std::thread::Builder::spawn_unchecked_::{{closure}}::h72ac3bdb567b737b
[INFO] [stdout]                                at /rustc/82e1608dfa6e0b5569232559e3d385fea5a93112/library/std/src/thread/mod.rs:528:30
[INFO] [stdout]   41:     0x55a05b9769b7 - core::ops::function::FnOnce::call_once{{vtable.shim}}::h38f34da3654a8344
[INFO] [stdout]                                at /rustc/82e1608dfa6e0b5569232559e3d385fea5a93112/library/core/src/ops/function.rs:250:5
[INFO] [stdout]   42:     0x55a05b9ddc65 - <alloc::boxed::Box<F,A> as core::ops::function::FnOnce<Args>>::call_once::hc7eafaff61e32df9
[INFO] [stdout]                                at /rustc/82e1608dfa6e0b5569232559e3d385fea5a93112/library/alloc/src/boxed.rs:2007:9
[INFO] [stdout]   43:     0x55a05b9ddc65 - <alloc::boxed::Box<F,A> as core::ops::function::FnOnce<Args>>::call_once::h6ba4a5de48dd2304
[INFO] [stdout]                                at /rustc/82e1608dfa6e0b5569232559e3d385fea5a93112/library/alloc/src/boxed.rs:2007:9
[INFO] [stdout]   44:     0x55a05b9ddc65 - std::sys::unix::thread::Thread::new::thread_start::he469335aef763e45
[INFO] [stdout]                                at /rustc/82e1608dfa6e0b5569232559e3d385fea5a93112/library/std/src/sys/unix/thread.rs:108:17
[INFO] [stdout]   45:     0x7fb0d4158ac3 - <unknown>
[INFO] [stdout]   46:     0x7fb0d41e9bf4 - __clone
[INFO] [stdout]   47:                0x0 - <unknown>
[INFO] [stdout] 
[INFO] [stdout] 
[INFO] [stdout] failures:
[INFO] [stdout]     tests::data_based
[INFO] [stdout] 
[INFO] [stdout] test result: FAILED. 10 passed; 1 failed; 0 ignored; 0 measured; 0 filtered out; finished in 0.09s
[INFO] [stdout] 
[INFO] [stderr] error: test failed, to rerun pass `--lib`
[INFO] running `Command { std: "docker" "inspect" "3141431dff9e5c84210929f4be7921519ca80352148a228bc58014cfb0d52a15", kill_on_drop: false }`
[INFO] running `Command { std: "docker" "rm" "-f" "3141431dff9e5c84210929f4be7921519ca80352148a228bc58014cfb0d52a15", kill_on_drop: false }`
[INFO] [stdout] 3141431dff9e5c84210929f4be7921519ca80352148a228bc58014cfb0d52a15
[INFO] testing gmt_mount-ctrl_driver-0.0.2 against beta-2023-12-22 for beta-1.76-1
[INFO] extracting crate gmt_mount-ctrl_driver 0.0.2 into /workspace/builds/worker-7-tc2/source
[INFO] validating manifest of crates.io crate gmt_mount-ctrl_driver 0.0.2 on toolchain beta-2023-12-22
[INFO] running `Command { std: CARGO_HOME="/workspace/cargo-home" RUSTUP_HOME="/workspace/rustup-home" "/workspace/cargo-home/bin/cargo" "+beta-2023-12-22" "metadata" "--manifest-path" "Cargo.toml" "--no-deps", kill_on_drop: false }`
[INFO] started tweaking crates.io crate gmt_mount-ctrl_driver 0.0.2
[INFO] finished tweaking crates.io crate gmt_mount-ctrl_driver 0.0.2
[INFO] tweaked toml for crates.io crate gmt_mount-ctrl_driver 0.0.2 written to /workspace/builds/worker-7-tc2/source/Cargo.toml
[INFO] running `Command { std: CARGO_HOME="/workspace/cargo-home" RUSTUP_HOME="/workspace/rustup-home" "/workspace/cargo-home/bin/cargo" "+beta-2023-12-22" "generate-lockfile" "--manifest-path" "Cargo.toml", kill_on_drop: false }`
[INFO] [stderr]     Updating crates.io index
[INFO] running `Command { std: CARGO_HOME="/workspace/cargo-home" RUSTUP_HOME="/workspace/rustup-home" "/workspace/cargo-home/bin/cargo" "+beta-2023-12-22" "fetch" "--manifest-path" "Cargo.toml", kill_on_drop: false }`
[INFO] running `Command { std: "docker" "create" "-v" "/var/lib/crater-agent-workspace/builds/worker-7-tc2/target:/opt/rustwide/target:rw,Z" "-v" "/var/lib/crater-agent-workspace/builds/worker-7-tc2/source:/opt/rustwide/workdir:ro,Z" "-v" "/var/lib/crater-agent-workspace/cargo-home:/opt/rustwide/cargo-home:ro,Z" "-v" "/var/lib/crater-agent-workspace/rustup-home:/opt/rustwide/rustup-home:ro,Z" "-e" "SOURCE_DIR=/opt/rustwide/workdir" "-e" "CARGO_TARGET_DIR=/opt/rustwide/target" "-e" "CARGO_HOME=/opt/rustwide/cargo-home" "-e" "RUSTUP_HOME=/opt/rustwide/rustup-home" "-w" "/opt/rustwide/workdir" "-m" "1610612736" "--user" "0:0" "--network" "none" "ghcr.io/rust-lang/crates-build-env/linux@sha256:2788e3201cd34a07e3172128adcd8b3090168a8e3bcc40d7c032b9dda1df7d1c" "/opt/rustwide/cargo-home/bin/cargo" "+beta-2023-12-22" "metadata" "--no-deps" "--format-version=1", kill_on_drop: false }`
[INFO] [stdout] 0782fd112fd8ac9dc043cfb360666c46d238826fbfcd85ec13ecb1a60e6806e9
[INFO] running `Command { std: "docker" "start" "-a" "0782fd112fd8ac9dc043cfb360666c46d238826fbfcd85ec13ecb1a60e6806e9", kill_on_drop: false }`
[INFO] running `Command { std: "docker" "inspect" "0782fd112fd8ac9dc043cfb360666c46d238826fbfcd85ec13ecb1a60e6806e9", kill_on_drop: false }`
[INFO] running `Command { std: "docker" "rm" "-f" "0782fd112fd8ac9dc043cfb360666c46d238826fbfcd85ec13ecb1a60e6806e9", kill_on_drop: false }`
[INFO] [stdout] 0782fd112fd8ac9dc043cfb360666c46d238826fbfcd85ec13ecb1a60e6806e9
[INFO] running `Command { std: "docker" "create" "-v" "/var/lib/crater-agent-workspace/builds/worker-7-tc2/target:/opt/rustwide/target:rw,Z" "-v" "/var/lib/crater-agent-workspace/builds/worker-7-tc2/source:/opt/rustwide/workdir:ro,Z" "-v" "/var/lib/crater-agent-workspace/cargo-home:/opt/rustwide/cargo-home:ro,Z" "-v" "/var/lib/crater-agent-workspace/rustup-home:/opt/rustwide/rustup-home:ro,Z" "-e" "SOURCE_DIR=/opt/rustwide/workdir" "-e" "CARGO_TARGET_DIR=/opt/rustwide/target" "-e" "CARGO_INCREMENTAL=0" "-e" "RUST_BACKTRACE=full" "-e" "RUSTFLAGS=--cap-lints=warn" "-e" "RUSTDOCFLAGS=--cap-lints=warn" "-e" "CARGO_HOME=/opt/rustwide/cargo-home" "-e" "RUSTUP_HOME=/opt/rustwide/rustup-home" "-w" "/opt/rustwide/workdir" "-m" "1610612736" "--user" "0:0" "--network" "none" "ghcr.io/rust-lang/crates-build-env/linux@sha256:2788e3201cd34a07e3172128adcd8b3090168a8e3bcc40d7c032b9dda1df7d1c" "/opt/rustwide/cargo-home/bin/cargo" "+beta-2023-12-22" "build" "--frozen" "--message-format=json", kill_on_drop: false }`
[INFO] [stdout] 601b293effed75702eebeb063b196936398ac209624a4859d0c2b364a5526af6
[INFO] running `Command { std: "docker" "start" "-a" "601b293effed75702eebeb063b196936398ac209624a4859d0c2b364a5526af6", kill_on_drop: false }`
[INFO] [stderr]    Compiling memchr v2.7.1
[INFO] [stderr]    Compiling libc v0.2.151
[INFO] [stderr]    Compiling glob v0.3.1
[INFO] [stderr]    Compiling proc-macro2 v1.0.75
[INFO] [stderr]    Compiling rustix v0.38.28
[INFO] [stderr]    Compiling unicode-ident v1.0.12
[INFO] [stderr]    Compiling syn v1.0.109
[INFO] [stderr]    Compiling minimal-lexical v0.2.1
[INFO] [stderr]    Compiling regex-syntax v0.8.2
[INFO] [stderr]    Compiling bitflags v2.4.1
[INFO] [stderr]    Compiling linux-raw-sys v0.4.12
[INFO] [stderr]    Compiling either v1.9.0
[INFO] [stderr]    Compiling home v0.5.9
[INFO] [stderr]    Compiling bindgen v0.64.0
[INFO] [stderr]    Compiling libloading v0.8.1
[INFO] [stderr]    Compiling rustc-hash v1.1.0
[INFO] [stderr]    Compiling log v0.4.20
[INFO] [stderr]    Compiling lazycell v1.3.0
[INFO] [stderr]    Compiling peeking_take_while v0.1.2
[INFO] [stderr]    Compiling shlex v1.2.0
[INFO] [stderr]    Compiling clang-sys v1.7.0
[INFO] [stderr]    Compiling quote v1.0.35
[INFO] [stderr]    Compiling aho-corasick v1.1.2
[INFO] [stderr]    Compiling nom v7.1.3
[INFO] [stderr]    Compiling cc v1.0.83
[INFO] [stderr]    Compiling regex-automata v0.4.3
[INFO] [stderr]    Compiling which v4.4.2
[INFO] [stderr]    Compiling cexpr v0.6.0
[INFO] [stderr]    Compiling regex v1.10.2
[INFO] [stderr]    Compiling simulink-rs v3.0.2
[INFO] [stderr]    Compiling gmt_mount-ctrl_driver v0.0.2 (/opt/rustwide/workdir)
[INFO] [stderr] warning: gmt_mount-ctrl_driver@0.0.2: /opt/rustwide/workdir/sys/Mount_Drv_FDR2023.c: In function 'Mount_Drv_FDR2023_step':
[INFO] [stderr] warning: gmt_mount-ctrl_driver@0.0.2: /opt/rustwide/workdir/sys/Mount_Drv_FDR2023.c:602:3: warning: 'Mount_Drv_FDR2_ForEachSubsystem' reading 64 bytes from a region of size 32 [-Wstringop-overread]
[INFO] [stderr] warning: gmt_mount-ctrl_driver@0.0.2:   602 |   Mount_Drv_FDR2_ForEachSubsystem(4, rtb_VectorConcatenate_m,
[INFO] [stderr] warning: gmt_mount-ctrl_driver@0.0.2:       |   ^~~~~~~~~~~~~~~~~~~~~~~~~~~~~~~~~~~~~~~~~~~~~~~~~~~~~~~~~~~
[INFO] [stderr] warning: gmt_mount-ctrl_driver@0.0.2:   603 |     rtb_ImpAsg_InsertedFor_Out1_ke3);
[INFO] [stderr] warning: gmt_mount-ctrl_driver@0.0.2:       |     ~~~~~~~~~~~~~~~~~~~~~~~~~~~~~~~~
[INFO] [stderr] warning: gmt_mount-ctrl_driver@0.0.2: /opt/rustwide/workdir/sys/Mount_Drv_FDR2023.c:602:3: note: referencing argument 2 of type 'const real_T *' {aka 'const double *'}
[INFO] [stderr] warning: gmt_mount-ctrl_driver@0.0.2: /opt/rustwide/workdir/sys/Mount_Drv_FDR2023.c:602:3: warning: 'Mount_Drv_FDR2_ForEachSubsystem' accessing 64 bytes in a region of size 32 [-Wstringop-overflow=]
[INFO] [stderr] warning: gmt_mount-ctrl_driver@0.0.2: /opt/rustwide/workdir/sys/Mount_Drv_FDR2023.c:602:3: note: referencing argument 3 of type 'real_T *' {aka 'double *'}
[INFO] [stderr] warning: gmt_mount-ctrl_driver@0.0.2: /opt/rustwide/workdir/sys/Mount_Drv_FDR2023.c:185:6: note: in a call to function 'Mount_Drv_FDR2_ForEachSubsystem'
[INFO] [stderr] warning: gmt_mount-ctrl_driver@0.0.2:   185 | void Mount_Drv_FDR2_ForEachSubsystem(int32_T NumIters, const real_T rtu_In1[8],
[INFO] [stderr] warning: gmt_mount-ctrl_driver@0.0.2:       |      ^~~~~~~~~~~~~~~~~~~~~~~~~~~~~~~
[INFO] [stderr] warning: gmt_mount-ctrl_driver@0.0.2: /opt/rustwide/workdir/sys/Mount_Drv_FDR2023.c:614:3: warning: 'Mount_Drv_FDR_ForEachSubsystem1' reading 64 bytes from a region of size 32 [-Wstringop-overread]
[INFO] [stderr] warning: gmt_mount-ctrl_driver@0.0.2:   614 |   Mount_Drv_FDR_ForEachSubsystem1(4, rtb_VectorConcatenate_m,
[INFO] [stderr] warning: gmt_mount-ctrl_driver@0.0.2:       |   ^~~~~~~~~~~~~~~~~~~~~~~~~~~~~~~~~~~~~~~~~~~~~~~~~~~~~~~~~~~
[INFO] [stderr] warning: gmt_mount-ctrl_driver@0.0.2:   615 |     rtb_ImpAsg_InsertedFor_Out1__ke);
[INFO] [stderr] warning: gmt_mount-ctrl_driver@0.0.2:       |     ~~~~~~~~~~~~~~~~~~~~~~~~~~~~~~~~
[INFO] [stderr] warning: gmt_mount-ctrl_driver@0.0.2: /opt/rustwide/workdir/sys/Mount_Drv_FDR2023.c:614:3: note: referencing argument 2 of type 'const real_T *' {aka 'const double *'}
[INFO] [stderr] warning: gmt_mount-ctrl_driver@0.0.2: /opt/rustwide/workdir/sys/Mount_Drv_FDR2023.c:614:3: warning: 'Mount_Drv_FDR_ForEachSubsystem1' accessing 64 bytes in a region of size 32 [-Wstringop-overflow=]
[INFO] [stderr] warning: gmt_mount-ctrl_driver@0.0.2: /opt/rustwide/workdir/sys/Mount_Drv_FDR2023.c:614:3: note: referencing argument 3 of type 'real_T *' {aka 'double *'}
[INFO] [stderr] warning: gmt_mount-ctrl_driver@0.0.2: /opt/rustwide/workdir/sys/Mount_Drv_FDR2023.c:222:6: note: in a call to function 'Mount_Drv_FDR_ForEachSubsystem1'
[INFO] [stderr] warning: gmt_mount-ctrl_driver@0.0.2:   222 | void Mount_Drv_FDR_ForEachSubsystem1(int32_T NumIters, const real_T rtu_In1[8],
[INFO] [stderr] warning: gmt_mount-ctrl_driver@0.0.2:       |      ^~~~~~~~~~~~~~~~~~~~~~~~~~~~~~~
[INFO] [stderr]     Finished dev [unoptimized + debuginfo] target(s) in 11.94s
[INFO] running `Command { std: "docker" "inspect" "601b293effed75702eebeb063b196936398ac209624a4859d0c2b364a5526af6", kill_on_drop: false }`
[INFO] running `Command { std: "docker" "rm" "-f" "601b293effed75702eebeb063b196936398ac209624a4859d0c2b364a5526af6", kill_on_drop: false }`
[INFO] [stdout] 601b293effed75702eebeb063b196936398ac209624a4859d0c2b364a5526af6
[INFO] running `Command { std: "docker" "create" "-v" "/var/lib/crater-agent-workspace/builds/worker-7-tc2/target:/opt/rustwide/target:rw,Z" "-v" "/var/lib/crater-agent-workspace/builds/worker-7-tc2/source:/opt/rustwide/workdir:ro,Z" "-v" "/var/lib/crater-agent-workspace/cargo-home:/opt/rustwide/cargo-home:ro,Z" "-v" "/var/lib/crater-agent-workspace/rustup-home:/opt/rustwide/rustup-home:ro,Z" "-e" "SOURCE_DIR=/opt/rustwide/workdir" "-e" "CARGO_TARGET_DIR=/opt/rustwide/target" "-e" "CARGO_INCREMENTAL=0" "-e" "RUST_BACKTRACE=full" "-e" "RUSTFLAGS=--cap-lints=warn" "-e" "RUSTDOCFLAGS=--cap-lints=warn" "-e" "CARGO_HOME=/opt/rustwide/cargo-home" "-e" "RUSTUP_HOME=/opt/rustwide/rustup-home" "-w" "/opt/rustwide/workdir" "-m" "1610612736" "--user" "0:0" "--network" "none" "ghcr.io/rust-lang/crates-build-env/linux@sha256:2788e3201cd34a07e3172128adcd8b3090168a8e3bcc40d7c032b9dda1df7d1c" "/opt/rustwide/cargo-home/bin/cargo" "+beta-2023-12-22" "test" "--frozen" "--no-run" "--message-format=json", kill_on_drop: false }`
[INFO] [stdout] cfd737ecdd023162f2a9516a0db03a0ecf991a16bb13461c9a8ac698faffbdcc
[INFO] running `Command { std: "docker" "start" "-a" "cfd737ecdd023162f2a9516a0db03a0ecf991a16bb13461c9a8ac698faffbdcc", kill_on_drop: false }`
[INFO] [stderr]    Compiling unicode-width v0.1.11
[INFO] [stderr]    Compiling ansi_term v0.12.1
[INFO] [stderr]    Compiling humantime v2.1.0
[INFO] [stderr]    Compiling strsim v0.8.0
[INFO] [stderr]    Compiling bindgen v0.59.2
[INFO] [stderr]    Compiling termcolor v1.4.0
[INFO] [stderr]    Compiling vec_map v0.8.2
[INFO] [stderr]    Compiling thiserror v1.0.56
[INFO] [stderr]    Compiling atty v0.2.14
[INFO] [stderr]    Compiling syn v2.0.48
[INFO] [stderr]    Compiling cmake v0.1.50
[INFO] [stderr]    Compiling paste v1.0.14
[INFO] [stderr]    Compiling matio-rs_derive v0.1.0
[INFO] [stderr] warning: gmt_mount-ctrl_driver@0.0.2: /opt/rustwide/workdir/sys/Mount_Drv_FDR2023.c: In function 'Mount_Drv_FDR2023_step':
[INFO] [stderr] warning: gmt_mount-ctrl_driver@0.0.2: /opt/rustwide/workdir/sys/Mount_Drv_FDR2023.c:602:3: warning: 'Mount_Drv_FDR2_ForEachSubsystem' reading 64 bytes from a region of size 32 [-Wstringop-overread]
[INFO] [stderr] warning: gmt_mount-ctrl_driver@0.0.2:   602 |   Mount_Drv_FDR2_ForEachSubsystem(4, rtb_VectorConcatenate_m,
[INFO] [stderr] warning: gmt_mount-ctrl_driver@0.0.2:       |   ^~~~~~~~~~~~~~~~~~~~~~~~~~~~~~~~~~~~~~~~~~~~~~~~~~~~~~~~~~~
[INFO] [stderr] warning: gmt_mount-ctrl_driver@0.0.2:   603 |     rtb_ImpAsg_InsertedFor_Out1_ke3);
[INFO] [stderr] warning: gmt_mount-ctrl_driver@0.0.2:       |     ~~~~~~~~~~~~~~~~~~~~~~~~~~~~~~~~
[INFO] [stderr] warning: gmt_mount-ctrl_driver@0.0.2: /opt/rustwide/workdir/sys/Mount_Drv_FDR2023.c:602:3: note: referencing argument 2 of type 'const real_T *' {aka 'const double *'}
[INFO] [stderr] warning: gmt_mount-ctrl_driver@0.0.2: /opt/rustwide/workdir/sys/Mount_Drv_FDR2023.c:602:3: warning: 'Mount_Drv_FDR2_ForEachSubsystem' accessing 64 bytes in a region of size 32 [-Wstringop-overflow=]
[INFO] [stderr] warning: gmt_mount-ctrl_driver@0.0.2: /opt/rustwide/workdir/sys/Mount_Drv_FDR2023.c:602:3: note: referencing argument 3 of type 'real_T *' {aka 'double *'}
[INFO] [stderr] warning: gmt_mount-ctrl_driver@0.0.2: /opt/rustwide/workdir/sys/Mount_Drv_FDR2023.c:185:6: note: in a call to function 'Mount_Drv_FDR2_ForEachSubsystem'
[INFO] [stderr] warning: gmt_mount-ctrl_driver@0.0.2:   185 | void Mount_Drv_FDR2_ForEachSubsystem(int32_T NumIters, const real_T rtu_In1[8],
[INFO] [stderr] warning: gmt_mount-ctrl_driver@0.0.2:       |      ^~~~~~~~~~~~~~~~~~~~~~~~~~~~~~~
[INFO] [stderr] warning: gmt_mount-ctrl_driver@0.0.2: /opt/rustwide/workdir/sys/Mount_Drv_FDR2023.c:614:3: warning: 'Mount_Drv_FDR_ForEachSubsystem1' reading 64 bytes from a region of size 32 [-Wstringop-overread]
[INFO] [stderr] warning: gmt_mount-ctrl_driver@0.0.2:   614 |   Mount_Drv_FDR_ForEachSubsystem1(4, rtb_VectorConcatenate_m,
[INFO] [stderr] warning: gmt_mount-ctrl_driver@0.0.2:       |   ^~~~~~~~~~~~~~~~~~~~~~~~~~~~~~~~~~~~~~~~~~~~~~~~~~~~~~~~~~~
[INFO] [stderr] warning: gmt_mount-ctrl_driver@0.0.2:   615 |     rtb_ImpAsg_InsertedFor_Out1__ke);
[INFO] [stderr] warning: gmt_mount-ctrl_driver@0.0.2:       |     ~~~~~~~~~~~~~~~~~~~~~~~~~~~~~~~~
[INFO] [stderr] warning: gmt_mount-ctrl_driver@0.0.2: /opt/rustwide/workdir/sys/Mount_Drv_FDR2023.c:614:3: note: referencing argument 2 of type 'const real_T *' {aka 'const double *'}
[INFO] [stderr] warning: gmt_mount-ctrl_driver@0.0.2: /opt/rustwide/workdir/sys/Mount_Drv_FDR2023.c:614:3: warning: 'Mount_Drv_FDR_ForEachSubsystem1' accessing 64 bytes in a region of size 32 [-Wstringop-overflow=]
[INFO] [stderr] warning: gmt_mount-ctrl_driver@0.0.2: /opt/rustwide/workdir/sys/Mount_Drv_FDR2023.c:614:3: note: referencing argument 3 of type 'real_T *' {aka 'double *'}
[INFO] [stderr] warning: gmt_mount-ctrl_driver@0.0.2: /opt/rustwide/workdir/sys/Mount_Drv_FDR2023.c:222:6: note: in a call to function 'Mount_Drv_FDR_ForEachSubsystem1'
[INFO] [stderr] warning: gmt_mount-ctrl_driver@0.0.2:   222 | void Mount_Drv_FDR_ForEachSubsystem1(int32_T NumIters, const real_T rtu_In1[8],
[INFO] [stderr] warning: gmt_mount-ctrl_driver@0.0.2:       |      ^~~~~~~~~~~~~~~~~~~~~~~~~~~~~~~
[INFO] [stderr]    Compiling textwrap v0.11.0
[INFO] [stderr]    Compiling env_logger v0.9.3
[INFO] [stderr]    Compiling clap v2.34.0
[INFO] [stderr]    Compiling thiserror-impl v1.0.56
[INFO] [stderr]    Compiling matio-rs-sys v0.2.2
[INFO] [stderr]    Compiling matio-rs v1.3.1
[INFO] [stderr]    Compiling gmt_mount-ctrl_driver v0.0.2 (/opt/rustwide/workdir)
[INFO] [stderr]     Finished test [unoptimized + debuginfo] target(s) in 27.41s
[INFO] running `Command { std: "docker" "inspect" "cfd737ecdd023162f2a9516a0db03a0ecf991a16bb13461c9a8ac698faffbdcc", kill_on_drop: false }`
[INFO] running `Command { std: "docker" "rm" "-f" "cfd737ecdd023162f2a9516a0db03a0ecf991a16bb13461c9a8ac698faffbdcc", kill_on_drop: false }`
[INFO] [stdout] cfd737ecdd023162f2a9516a0db03a0ecf991a16bb13461c9a8ac698faffbdcc
[INFO] running `Command { std: "docker" "create" "-v" "/var/lib/crater-agent-workspace/builds/worker-7-tc2/target:/opt/rustwide/target:rw,Z" "-v" "/var/lib/crater-agent-workspace/builds/worker-7-tc2/source:/opt/rustwide/workdir:ro,Z" "-v" "/var/lib/crater-agent-workspace/cargo-home:/opt/rustwide/cargo-home:ro,Z" "-v" "/var/lib/crater-agent-workspace/rustup-home:/opt/rustwide/rustup-home:ro,Z" "-e" "SOURCE_DIR=/opt/rustwide/workdir" "-e" "CARGO_TARGET_DIR=/opt/rustwide/target" "-e" "CARGO_INCREMENTAL=0" "-e" "RUST_BACKTRACE=full" "-e" "RUSTFLAGS=--cap-lints=warn" "-e" "RUSTDOCFLAGS=--cap-lints=warn" "-e" "CARGO_HOME=/opt/rustwide/cargo-home" "-e" "RUSTUP_HOME=/opt/rustwide/rustup-home" "-w" "/opt/rustwide/workdir" "-m" "1610612736" "--user" "0:0" "--network" "none" "ghcr.io/rust-lang/crates-build-env/linux@sha256:2788e3201cd34a07e3172128adcd8b3090168a8e3bcc40d7c032b9dda1df7d1c" "/opt/rustwide/cargo-home/bin/cargo" "+beta-2023-12-22" "test" "--frozen", kill_on_drop: false }`
[INFO] [stdout] 51d3ff9adab9d5bb1f23a626e84d8e0409eda1a9dcc95a013e867382f8de9c50
[INFO] running `Command { std: "docker" "start" "-a" "51d3ff9adab9d5bb1f23a626e84d8e0409eda1a9dcc95a013e867382f8de9c50", kill_on_drop: false }`
[INFO] [stderr]    Compiling matio-rs-sys v0.2.2
[INFO] [stderr] warning: gmt_mount-ctrl_driver@0.0.2: /opt/rustwide/workdir/sys/Mount_Drv_FDR2023.c: In function 'Mount_Drv_FDR2023_step':
[INFO] [stderr] warning: gmt_mount-ctrl_driver@0.0.2: /opt/rustwide/workdir/sys/Mount_Drv_FDR2023.c:602:3: warning: 'Mount_Drv_FDR2_ForEachSubsystem' reading 64 bytes from a region of size 32 [-Wstringop-overread]
[INFO] [stderr] warning: gmt_mount-ctrl_driver@0.0.2:   602 |   Mount_Drv_FDR2_ForEachSubsystem(4, rtb_VectorConcatenate_m,
[INFO] [stderr] warning: gmt_mount-ctrl_driver@0.0.2:       |   ^~~~~~~~~~~~~~~~~~~~~~~~~~~~~~~~~~~~~~~~~~~~~~~~~~~~~~~~~~~
[INFO] [stderr] warning: gmt_mount-ctrl_driver@0.0.2:   603 |     rtb_ImpAsg_InsertedFor_Out1_ke3);
[INFO] [stderr] warning: gmt_mount-ctrl_driver@0.0.2:       |     ~~~~~~~~~~~~~~~~~~~~~~~~~~~~~~~~
[INFO] [stderr] warning: gmt_mount-ctrl_driver@0.0.2: /opt/rustwide/workdir/sys/Mount_Drv_FDR2023.c:602:3: note: referencing argument 2 of type 'const real_T *' {aka 'const double *'}
[INFO] [stderr] warning: gmt_mount-ctrl_driver@0.0.2: /opt/rustwide/workdir/sys/Mount_Drv_FDR2023.c:602:3: warning: 'Mount_Drv_FDR2_ForEachSubsystem' accessing 64 bytes in a region of size 32 [-Wstringop-overflow=]
[INFO] [stderr] warning: gmt_mount-ctrl_driver@0.0.2: /opt/rustwide/workdir/sys/Mount_Drv_FDR2023.c:602:3: note: referencing argument 3 of type 'real_T *' {aka 'double *'}
[INFO] [stderr] warning: gmt_mount-ctrl_driver@0.0.2: /opt/rustwide/workdir/sys/Mount_Drv_FDR2023.c:185:6: note: in a call to function 'Mount_Drv_FDR2_ForEachSubsystem'
[INFO] [stderr] warning: gmt_mount-ctrl_driver@0.0.2:   185 | void Mount_Drv_FDR2_ForEachSubsystem(int32_T NumIters, const real_T rtu_In1[8],
[INFO] [stderr] warning: gmt_mount-ctrl_driver@0.0.2:       |      ^~~~~~~~~~~~~~~~~~~~~~~~~~~~~~~
[INFO] [stderr] warning: gmt_mount-ctrl_driver@0.0.2: /opt/rustwide/workdir/sys/Mount_Drv_FDR2023.c:614:3: warning: 'Mount_Drv_FDR_ForEachSubsystem1' reading 64 bytes from a region of size 32 [-Wstringop-overread]
[INFO] [stderr] warning: gmt_mount-ctrl_driver@0.0.2:   614 |   Mount_Drv_FDR_ForEachSubsystem1(4, rtb_VectorConcatenate_m,
[INFO] [stderr] warning: gmt_mount-ctrl_driver@0.0.2:       |   ^~~~~~~~~~~~~~~~~~~~~~~~~~~~~~~~~~~~~~~~~~~~~~~~~~~~~~~~~~~
[INFO] [stderr] warning: gmt_mount-ctrl_driver@0.0.2:   615 |     rtb_ImpAsg_InsertedFor_Out1__ke);
[INFO] [stderr] warning: gmt_mount-ctrl_driver@0.0.2:       |     ~~~~~~~~~~~~~~~~~~~~~~~~~~~~~~~~
[INFO] [stderr] warning: gmt_mount-ctrl_driver@0.0.2: /opt/rustwide/workdir/sys/Mount_Drv_FDR2023.c:614:3: note: referencing argument 2 of type 'const real_T *' {aka 'const double *'}
[INFO] [stderr] warning: gmt_mount-ctrl_driver@0.0.2: /opt/rustwide/workdir/sys/Mount_Drv_FDR2023.c:614:3: warning: 'Mount_Drv_FDR_ForEachSubsystem1' accessing 64 bytes in a region of size 32 [-Wstringop-overflow=]
[INFO] [stderr] warning: gmt_mount-ctrl_driver@0.0.2: /opt/rustwide/workdir/sys/Mount_Drv_FDR2023.c:614:3: note: referencing argument 3 of type 'real_T *' {aka 'double *'}
[INFO] [stderr] warning: gmt_mount-ctrl_driver@0.0.2: /opt/rustwide/workdir/sys/Mount_Drv_FDR2023.c:222:6: note: in a call to function 'Mount_Drv_FDR_ForEachSubsystem1'
[INFO] [stderr] warning: gmt_mount-ctrl_driver@0.0.2:   222 | void Mount_Drv_FDR_ForEachSubsystem1(int32_T NumIters, const real_T rtu_In1[8],
[INFO] [stderr] warning: gmt_mount-ctrl_driver@0.0.2:       |      ^~~~~~~~~~~~~~~~~~~~~~~~~~~~~~~
[INFO] [stderr]    Compiling matio-rs v1.3.1
[INFO] [stderr]    Compiling gmt_mount-ctrl_driver v0.0.2 (/opt/rustwide/workdir)
[INFO] [stdout] 
[INFO] [stderr]     Finished test [unoptimized + debuginfo] target(s) in 4.86s
[INFO] [stdout] running 11 tests
[INFO] [stderr]      Running unittests src/lib.rs (/opt/rustwide/target/debug/deps/gmt_mount_ctrl_driver-8d02855ad22f7976)
[INFO] [stdout] test bindgen_test_layout_ConstP_Mount_Drv_FDR2023_T ... ok
[INFO] [stdout] test bindgen_test_layout_DW_AZDTLugreFrmode_Mount_Drv__T ... ok
[INFO] [stdout] test bindgen_test_layout_ExtU_Mount_Drv_FDR2023_T ... ok
[INFO] [stdout] test bindgen_test_layout_struct_zMKSlyEOulYf7sVCIoXNRD ... ok
[INFO] [stdout] test bindgen_test_layout_struct_nCCRV1WYsk4qHftu9RVOGH ... ok
[INFO] [stdout] test bindgen_test_layout_struct_ukHSzDyaJtu8G4Ivne33HB ... ok
[INFO] [stdout] test bindgen_test_layout_struct_duUQaQNHHqhv4wG70LBFjE ... ok
[INFO] [stdout] test bindgen_test_layout_ExtY_Mount_Drv_FDR2023_T ... ok
[INFO] [stdout] test bindgen_test_layout_DW_Mount_Drv_FDR2023_T ... ok
[INFO] [stdout] test bindgen_test_layout_tag_RTM_Mount_Drv_FDR2023_T ... ok
[INFO] [stdout] test tests::data_based ... FAILED
[INFO] [stdout] 
[INFO] [stdout] failures:
[INFO] [stdout] 
[INFO] [stdout] ---- tests::data_based stdout ----
[INFO] [stdout] [src/lib.rs:32:9] n = 2001
[INFO] [stdout] [src/lib.rs:66:17] e = 2.12082967611792e-14
[INFO] [stdout] thread 'tests::data_based' panicked at src/lib.rs:69:14:
[INFO] [stdout] called `Result::unwrap()` on an `Err` value: MatOpen("mount_drive_y.mat")
[INFO] [stdout] stack backtrace:
[INFO] [stdout]    0:     0x561c87df37e6 - std::backtrace_rs::backtrace::libunwind::trace::h261606ad26a499c1
[INFO] [stdout]                                at /rustc/0e09125c6c3c2fd70d7de961bcf0e51575235fad/library/std/src/../../backtrace/src/backtrace/libunwind.rs:104:5
[INFO] [stdout]    1:     0x561c87df37e6 - std::backtrace_rs::backtrace::trace_unsynchronized::hd183f0625477fb28
[INFO] [stdout]                                at /rustc/0e09125c6c3c2fd70d7de961bcf0e51575235fad/library/std/src/../../backtrace/src/backtrace/mod.rs:66:5
[INFO] [stdout]    2:     0x561c87df37e6 - std::sys_common::backtrace::_print_fmt::hd7f8fef21b4eda67
[INFO] [stdout]                                at /rustc/0e09125c6c3c2fd70d7de961bcf0e51575235fad/library/std/src/sys_common/backtrace.rs:68:5
[INFO] [stdout]    3:     0x561c87df37e6 - <std::sys_common::backtrace::_print::DisplayBacktrace as core::fmt::Display>::fmt::h623d9b51f2f453f1
[INFO] [stdout]                                at /rustc/0e09125c6c3c2fd70d7de961bcf0e51575235fad/library/std/src/sys_common/backtrace.rs:44:22
[INFO] [stdout]    4:     0x561c87e1ca40 - core::fmt::rt::Argument::fmt::h9f417ac76a86f368
[INFO] [stdout]                                at /rustc/0e09125c6c3c2fd70d7de961bcf0e51575235fad/library/core/src/fmt/rt.rs:142:9
[INFO] [stdout]    5:     0x561c87e1ca40 - core::fmt::write::hc9b6faf4ac2aeff7
[INFO] [stdout]                                at /rustc/0e09125c6c3c2fd70d7de961bcf0e51575235fad/library/core/src/fmt/mod.rs:1120:17
[INFO] [stdout]    6:     0x561c87df124f - std::io::Write::write_fmt::he04625a3a989fec3
[INFO] [stdout]                                at /rustc/0e09125c6c3c2fd70d7de961bcf0e51575235fad/library/std/src/io/mod.rs:1810:15
[INFO] [stdout]    7:     0x561c87df35c4 - std::sys_common::backtrace::_print::hd5d66399c7df88a2
[INFO] [stdout]                                at /rustc/0e09125c6c3c2fd70d7de961bcf0e51575235fad/library/std/src/sys_common/backtrace.rs:47:5
[INFO] [stdout]    8:     0x561c87df35c4 - std::sys_common::backtrace::print::he81ed2da642d37e5
[INFO] [stdout]                                at /rustc/0e09125c6c3c2fd70d7de961bcf0e51575235fad/library/std/src/sys_common/backtrace.rs:34:9
[INFO] [stdout]    9:     0x561c87df5337 - std::panicking::default_hook::{{closure}}::h85773f4fa117163d
[INFO] [stdout]   10:     0x561c87df501d - std::panicking::default_hook::h6a1694a91d09b278
[INFO] [stdout]                                at /rustc/0e09125c6c3c2fd70d7de961bcf0e51575235fad/library/std/src/panicking.rs:289:9
[INFO] [stdout]   11:     0x561c87dc0f47 - <alloc::boxed::Box<F,A> as core::ops::function::Fn<Args>>::call::h616ac37fa3cd6c8f
[INFO] [stdout]                                at /rustc/0e09125c6c3c2fd70d7de961bcf0e51575235fad/library/alloc/src/boxed.rs:2029:9
[INFO] [stdout]   12:     0x561c87dc0f47 - test::test_main::{{closure}}::h00d84697cefdcbb6
[INFO] [stdout]                                at /rustc/0e09125c6c3c2fd70d7de961bcf0e51575235fad/library/test/src/lib.rs:138:21
[INFO] [stdout]   13:     0x561c87df5956 - <alloc::boxed::Box<F,A> as core::ops::function::Fn<Args>>::call::hcb3fe3b9bb537ba8
[INFO] [stdout]                                at /rustc/0e09125c6c3c2fd70d7de961bcf0e51575235fad/library/alloc/src/boxed.rs:2029:9
[INFO] [stdout]   14:     0x561c87df5956 - std::panicking::rust_panic_with_hook::h0a7ad96e90f7145b
[INFO] [stdout]                                at /rustc/0e09125c6c3c2fd70d7de961bcf0e51575235fad/library/std/src/panicking.rs:783:13
[INFO] [stdout]   15:     0x561c87df56a2 - std::panicking::begin_panic_handler::{{closure}}::h7919090525c6485e
[INFO] [stdout]                                at /rustc/0e09125c6c3c2fd70d7de961bcf0e51575235fad/library/std/src/panicking.rs:657:13
[INFO] [stdout]   16:     0x561c87df3ce6 - std::sys_common::backtrace::__rust_end_short_backtrace::hf3289479464f7dfe
[INFO] [stdout]                                at /rustc/0e09125c6c3c2fd70d7de961bcf0e51575235fad/library/std/src/sys_common/backtrace.rs:171:18
[INFO] [stdout]   17:     0x561c87df5400 - rust_begin_unwind
[INFO] [stdout]                                at /rustc/0e09125c6c3c2fd70d7de961bcf0e51575235fad/library/std/src/panicking.rs:645:5
[INFO] [stdout]   18:     0x561c87d74eb5 - core::panicking::panic_fmt::hcc9f77c5c132af55
[INFO] [stdout]                                at /rustc/0e09125c6c3c2fd70d7de961bcf0e51575235fad/library/core/src/panicking.rs:72:14
[INFO] [stdout]   19:     0x561c87d75453 - core::result::unwrap_failed::hbe14f498be1452f9
[INFO] [stdout]                                at /rustc/0e09125c6c3c2fd70d7de961bcf0e51575235fad/library/core/src/result.rs:1649:5
[INFO] [stdout]   20:     0x561c87d87dc3 - core::result::Result<T,E>::unwrap::h9a2b0cb8e132fc3a
[INFO] [stdout]                                at /rustc/0e09125c6c3c2fd70d7de961bcf0e51575235fad/library/core/src/result.rs:1073:23
[INFO] [stdout]   21:     0x561c87d82d78 - gmt_mount_ctrl_driver::tests::data_based::h6aa8a1bbb51bf49b
[INFO] [stdout]                                at /opt/rustwide/workdir/src/lib.rs:68:9
[INFO] [stdout]   22:     0x561c87d823b7 - gmt_mount_ctrl_driver::tests::data_based::{{closure}}::hbaddb3a2503b7fba
[INFO] [stdout]                                at /opt/rustwide/workdir/src/lib.rs:24:20
[INFO] [stdout]   23:     0x561c87d765d6 - core::ops::function::FnOnce::call_once::ha09bf95068ff79de
[INFO] [stdout]                                at /rustc/0e09125c6c3c2fd70d7de961bcf0e51575235fad/library/core/src/ops/function.rs:250:5
[INFO] [stdout]   24:     0x561c87dc681f - core::ops::function::FnOnce::call_once::hd64d26f405258157
[INFO] [stdout]                                at /rustc/0e09125c6c3c2fd70d7de961bcf0e51575235fad/library/core/src/ops/function.rs:250:5
[INFO] [stdout]   25:     0x561c87dc681f - test::__rust_begin_short_backtrace::he21b0b7a6d731bf9
[INFO] [stdout]                                at /rustc/0e09125c6c3c2fd70d7de961bcf0e51575235fad/library/test/src/lib.rs:627:18
[INFO] [stdout]   26:     0x561c87dc55a1 - test::run_test_in_process::{{closure}}::hf5c73986d7bdfde2
[INFO] [stdout]                                at /rustc/0e09125c6c3c2fd70d7de961bcf0e51575235fad/library/test/src/lib.rs:650:60
[INFO] [stdout]   27:     0x561c87dc55a1 - <core::panic::unwind_safe::AssertUnwindSafe<F> as core::ops::function::FnOnce<()>>::call_once::h330011ad032aadc0
[INFO] [stdout]                                at /rustc/0e09125c6c3c2fd70d7de961bcf0e51575235fad/library/core/src/panic/unwind_safe.rs:272:9
[INFO] [stdout]   28:     0x561c87dc55a1 - std::panicking::try::do_call::he61b0a958b795a41
[INFO] [stdout]                                at /rustc/0e09125c6c3c2fd70d7de961bcf0e51575235fad/library/std/src/panicking.rs:552:40
[INFO] [stdout]   29:     0x561c87dc55a1 - std::panicking::try::h7309da130f906eb7
[INFO] [stdout]                                at /rustc/0e09125c6c3c2fd70d7de961bcf0e51575235fad/library/std/src/panicking.rs:516:19
[INFO] [stdout]   30:     0x561c87dc55a1 - std::panic::catch_unwind::hc5c3a06fdaf0a92a
[INFO] [stdout]                                at /rustc/0e09125c6c3c2fd70d7de961bcf0e51575235fad/library/std/src/panic.rs:142:14
[INFO] [stdout]   31:     0x561c87dc55a1 - test::run_test_in_process::h7e7b7c71c3324e0f
[INFO] [stdout]                                at /rustc/0e09125c6c3c2fd70d7de961bcf0e51575235fad/library/test/src/lib.rs:650:27
[INFO] [stdout]   32:     0x561c87dc55a1 - test::run_test::{{closure}}::h1f509f28f5cf20b1
[INFO] [stdout]                                at /rustc/0e09125c6c3c2fd70d7de961bcf0e51575235fad/library/test/src/lib.rs:573:43
[INFO] [stdout]   33:     0x561c87d8c8d6 - test::run_test::{{closure}}::h1754218abf443f6d
[INFO] [stdout]                                at /rustc/0e09125c6c3c2fd70d7de961bcf0e51575235fad/library/test/src/lib.rs:601:41
[INFO] [stdout]   34:     0x561c87d8c8d6 - std::sys_common::backtrace::__rust_begin_short_backtrace::h2ee174b9d5954948
[INFO] [stdout]                                at /rustc/0e09125c6c3c2fd70d7de961bcf0e51575235fad/library/std/src/sys_common/backtrace.rs:155:18
[INFO] [stdout]   35:     0x561c87d91937 - std::thread::Builder::spawn_unchecked_::{{closure}}::{{closure}}::hf60bee9c1a17ef09
[INFO] [stdout]                                at /rustc/0e09125c6c3c2fd70d7de961bcf0e51575235fad/library/std/src/thread/mod.rs:529:17
[INFO] [stdout]   36:     0x561c87d91937 - <core::panic::unwind_safe::AssertUnwindSafe<F> as core::ops::function::FnOnce<()>>::call_once::h33d0dddec5216160
[INFO] [stdout]                                at /rustc/0e09125c6c3c2fd70d7de961bcf0e51575235fad/library/core/src/panic/unwind_safe.rs:272:9
[INFO] [stdout]   37:     0x561c87d91937 - std::panicking::try::do_call::h144b3048b546f835
[INFO] [stdout]                                at /rustc/0e09125c6c3c2fd70d7de961bcf0e51575235fad/library/std/src/panicking.rs:552:40
[INFO] [stdout]   38:     0x561c87d91937 - std::panicking::try::h978244d04646189f
[INFO] [stdout]                                at /rustc/0e09125c6c3c2fd70d7de961bcf0e51575235fad/library/std/src/panicking.rs:516:19
[INFO] [stdout]   39:     0x561c87d91937 - std::panic::catch_unwind::hdf436369d188fe86
[INFO] [stdout]                                at /rustc/0e09125c6c3c2fd70d7de961bcf0e51575235fad/library/std/src/panic.rs:142:14
[INFO] [stdout]   40:     0x561c87d91937 - std::thread::Builder::spawn_unchecked_::{{closure}}::h87329cbdd33c79ec
[INFO] [stdout]                                at /rustc/0e09125c6c3c2fd70d7de961bcf0e51575235fad/library/std/src/thread/mod.rs:528:30
[INFO] [stdout]   41:     0x561c87d91937 - core::ops::function::FnOnce::call_once{{vtable.shim}}::h401abbe67897d450
[INFO] [stdout]                                at /rustc/0e09125c6c3c2fd70d7de961bcf0e51575235fad/library/core/src/ops/function.rs:250:5
[INFO] [stdout]   42:     0x561c87dfa405 - <alloc::boxed::Box<F,A> as core::ops::function::FnOnce<Args>>::call_once::h5d7c8f150ab9c84c
[INFO] [stdout]                                at /rustc/0e09125c6c3c2fd70d7de961bcf0e51575235fad/library/alloc/src/boxed.rs:2015:9
[INFO] [stdout]   43:     0x561c87dfa405 - <alloc::boxed::Box<F,A> as core::ops::function::FnOnce<Args>>::call_once::h570d5b005c242c15
[INFO] [stdout]                                at /rustc/0e09125c6c3c2fd70d7de961bcf0e51575235fad/library/alloc/src/boxed.rs:2015:9
[INFO] [stdout]   44:     0x561c87dfa405 - std::sys::unix::thread::Thread::new::thread_start::h36b0a20c0b2361ad
[INFO] [stdout]                                at /rustc/0e09125c6c3c2fd70d7de961bcf0e51575235fad/library/std/src/sys/unix/thread.rs:108:17
[INFO] [stdout]   45:     0x7f46f5a38ac3 - <unknown>
[INFO] [stdout]   46:     0x7f46f5ac9bf4 - __clone
[INFO] [stdout]   47:                0x0 - <unknown>
[INFO] [stdout] 
[INFO] [stdout] 
[INFO] [stdout] failures:
[INFO] [stdout]     tests::data_based
[INFO] [stdout] 
[INFO] [stdout] test result: FAILED. 10 passed; 1 failed; 0 ignored; 0 measured; 0 filtered out; finished in 0.16s
[INFO] [stdout] 
[INFO] [stderr] error: test failed, to rerun pass `--lib`
[INFO] running `Command { std: "docker" "inspect" "51d3ff9adab9d5bb1f23a626e84d8e0409eda1a9dcc95a013e867382f8de9c50", kill_on_drop: false }`
[INFO] running `Command { std: "docker" "rm" "-f" "51d3ff9adab9d5bb1f23a626e84d8e0409eda1a9dcc95a013e867382f8de9c50", kill_on_drop: false }`
[INFO] [stdout] 51d3ff9adab9d5bb1f23a626e84d8e0409eda1a9dcc95a013e867382f8de9c50
