[INFO] fetching crate gmt_mount-ctrl_controller 0.1.0...
[INFO] testing gmt_mount-ctrl_controller-0.1.0 against 1.75.0 for beta-1.76-1
[INFO] extracting crate gmt_mount-ctrl_controller 0.1.0 into /workspace/builds/worker-6-tc1/source
[INFO] validating manifest of crates.io crate gmt_mount-ctrl_controller 0.1.0 on toolchain 1.75.0
[INFO] running `Command { std: CARGO_HOME="/workspace/cargo-home" RUSTUP_HOME="/workspace/rustup-home" "/workspace/cargo-home/bin/cargo" "+1.75.0" "metadata" "--manifest-path" "Cargo.toml" "--no-deps", kill_on_drop: false }`
[INFO] started tweaking crates.io crate gmt_mount-ctrl_controller 0.1.0
[INFO] finished tweaking crates.io crate gmt_mount-ctrl_controller 0.1.0
[INFO] tweaked toml for crates.io crate gmt_mount-ctrl_controller 0.1.0 written to /workspace/builds/worker-6-tc1/source/Cargo.toml
[INFO] running `Command { std: CARGO_HOME="/workspace/cargo-home" RUSTUP_HOME="/workspace/rustup-home" "/workspace/cargo-home/bin/cargo" "+1.75.0" "generate-lockfile" "--manifest-path" "Cargo.toml", kill_on_drop: false }`
[INFO] [stderr]     Updating crates.io index
[INFO] running `Command { std: CARGO_HOME="/workspace/cargo-home" RUSTUP_HOME="/workspace/rustup-home" "/workspace/cargo-home/bin/cargo" "+1.75.0" "fetch" "--manifest-path" "Cargo.toml", kill_on_drop: false }`
[INFO] [stderr]  Downloading crates ...
[INFO] [stderr]   Downloaded simulink-rs v3.0.2
[INFO] [stderr]   Downloaded matio-rs_derive v0.1.0
[INFO] [stderr]   Downloaded matio-rs v1.3.1
[INFO] [stderr]   Downloaded matio-rs-sys v0.2.2
[INFO] running `Command { std: "docker" "create" "-v" "/var/lib/crater-agent-workspace/builds/worker-6-tc1/target:/opt/rustwide/target:rw,Z" "-v" "/var/lib/crater-agent-workspace/builds/worker-6-tc1/source:/opt/rustwide/workdir:ro,Z" "-v" "/var/lib/crater-agent-workspace/cargo-home:/opt/rustwide/cargo-home:ro,Z" "-v" "/var/lib/crater-agent-workspace/rustup-home:/opt/rustwide/rustup-home:ro,Z" "-e" "SOURCE_DIR=/opt/rustwide/workdir" "-e" "CARGO_TARGET_DIR=/opt/rustwide/target" "-e" "CARGO_HOME=/opt/rustwide/cargo-home" "-e" "RUSTUP_HOME=/opt/rustwide/rustup-home" "-w" "/opt/rustwide/workdir" "-m" "1610612736" "--user" "0:0" "--network" "none" "ghcr.io/rust-lang/crates-build-env/linux@sha256:2788e3201cd34a07e3172128adcd8b3090168a8e3bcc40d7c032b9dda1df7d1c" "/opt/rustwide/cargo-home/bin/cargo" "+1.75.0" "metadata" "--no-deps" "--format-version=1", kill_on_drop: false }`
[INFO] [stdout] 3c0a70ea53982c6c8e82be62da7b309d3993918599b1d7c93a8aaa08e5e77dd9
[INFO] running `Command { std: "docker" "start" "-a" "3c0a70ea53982c6c8e82be62da7b309d3993918599b1d7c93a8aaa08e5e77dd9", kill_on_drop: false }`
[INFO] running `Command { std: "docker" "inspect" "3c0a70ea53982c6c8e82be62da7b309d3993918599b1d7c93a8aaa08e5e77dd9", kill_on_drop: false }`
[INFO] running `Command { std: "docker" "rm" "-f" "3c0a70ea53982c6c8e82be62da7b309d3993918599b1d7c93a8aaa08e5e77dd9", kill_on_drop: false }`
[INFO] [stdout] 3c0a70ea53982c6c8e82be62da7b309d3993918599b1d7c93a8aaa08e5e77dd9
[INFO] running `Command { std: "docker" "create" "-v" "/var/lib/crater-agent-workspace/builds/worker-6-tc1/target:/opt/rustwide/target:rw,Z" "-v" "/var/lib/crater-agent-workspace/builds/worker-6-tc1/source:/opt/rustwide/workdir:ro,Z" "-v" "/var/lib/crater-agent-workspace/cargo-home:/opt/rustwide/cargo-home:ro,Z" "-v" "/var/lib/crater-agent-workspace/rustup-home:/opt/rustwide/rustup-home:ro,Z" "-e" "SOURCE_DIR=/opt/rustwide/workdir" "-e" "CARGO_TARGET_DIR=/opt/rustwide/target" "-e" "CARGO_INCREMENTAL=0" "-e" "RUST_BACKTRACE=full" "-e" "RUSTFLAGS=--cap-lints=warn" "-e" "RUSTDOCFLAGS=--cap-lints=warn" "-e" "CARGO_HOME=/opt/rustwide/cargo-home" "-e" "RUSTUP_HOME=/opt/rustwide/rustup-home" "-w" "/opt/rustwide/workdir" "-m" "1610612736" "--user" "0:0" "--network" "none" "ghcr.io/rust-lang/crates-build-env/linux@sha256:2788e3201cd34a07e3172128adcd8b3090168a8e3bcc40d7c032b9dda1df7d1c" "/opt/rustwide/cargo-home/bin/cargo" "+1.75.0" "build" "--frozen" "--message-format=json", kill_on_drop: false }`
[INFO] [stdout] 1d8e9fd161f399f97012c5bb19d7196cc28961a73de7e6504efbec6b9504d764
[INFO] running `Command { std: "docker" "start" "-a" "1d8e9fd161f399f97012c5bb19d7196cc28961a73de7e6504efbec6b9504d764", kill_on_drop: false }`
[INFO] [stderr]    Compiling memchr v2.7.1
[INFO] [stderr]    Compiling proc-macro2 v1.0.75
[INFO] [stderr]    Compiling glob v0.3.1
[INFO] [stderr]    Compiling libc v0.2.151
[INFO] [stderr]    Compiling rustix v0.38.28
[INFO] [stderr]    Compiling unicode-ident v1.0.12
[INFO] [stderr]    Compiling syn v1.0.109
[INFO] [stderr]    Compiling regex-syntax v0.8.2
[INFO] [stderr]    Compiling bitflags v2.4.1
[INFO] [stderr]    Compiling cfg-if v1.0.0
[INFO] [stderr]    Compiling minimal-lexical v0.2.1
[INFO] [stderr]    Compiling linux-raw-sys v0.4.12
[INFO] [stderr]    Compiling bindgen v0.64.0
[INFO] [stderr]    Compiling home v0.5.9
[INFO] [stderr]    Compiling either v1.9.0
[INFO] [stderr]    Compiling bitflags v1.3.2
[INFO] [stderr]    Compiling libloading v0.8.1
[INFO] [stderr]    Compiling peeking_take_while v0.1.2
[INFO] [stderr]    Compiling rustc-hash v1.1.0
[INFO] [stderr]    Compiling shlex v1.2.0
[INFO] [stderr]    Compiling log v0.4.20
[INFO] [stderr]    Compiling lazycell v1.3.0
[INFO] [stderr]    Compiling lazy_static v1.4.0
[INFO] [stderr]    Compiling clang-sys v1.7.0
[INFO] [stderr]    Compiling aho-corasick v1.1.2
[INFO] [stderr]    Compiling nom v7.1.3
[INFO] [stderr]    Compiling quote v1.0.35
[INFO] [stderr]    Compiling cc v1.0.83
[INFO] [stderr]    Compiling regex-automata v0.4.3
[INFO] [stderr]    Compiling cexpr v0.6.0
[INFO] [stderr]    Compiling which v4.4.2
[INFO] [stderr]    Compiling regex v1.10.2
[INFO] [stderr]    Compiling simulink-rs v3.0.2
[INFO] [stderr]    Compiling gmt_mount-ctrl_controller v0.1.0 (/opt/rustwide/workdir)
[INFO] [stderr]     Finished dev [unoptimized + debuginfo] target(s) in 15.86s
[INFO] running `Command { std: "docker" "inspect" "1d8e9fd161f399f97012c5bb19d7196cc28961a73de7e6504efbec6b9504d764", kill_on_drop: false }`
[INFO] running `Command { std: "docker" "rm" "-f" "1d8e9fd161f399f97012c5bb19d7196cc28961a73de7e6504efbec6b9504d764", kill_on_drop: false }`
[INFO] [stdout] 1d8e9fd161f399f97012c5bb19d7196cc28961a73de7e6504efbec6b9504d764
[INFO] running `Command { std: "docker" "create" "-v" "/var/lib/crater-agent-workspace/builds/worker-6-tc1/target:/opt/rustwide/target:rw,Z" "-v" "/var/lib/crater-agent-workspace/builds/worker-6-tc1/source:/opt/rustwide/workdir:ro,Z" "-v" "/var/lib/crater-agent-workspace/cargo-home:/opt/rustwide/cargo-home:ro,Z" "-v" "/var/lib/crater-agent-workspace/rustup-home:/opt/rustwide/rustup-home:ro,Z" "-e" "SOURCE_DIR=/opt/rustwide/workdir" "-e" "CARGO_TARGET_DIR=/opt/rustwide/target" "-e" "CARGO_INCREMENTAL=0" "-e" "RUST_BACKTRACE=full" "-e" "RUSTFLAGS=--cap-lints=warn" "-e" "RUSTDOCFLAGS=--cap-lints=warn" "-e" "CARGO_HOME=/opt/rustwide/cargo-home" "-e" "RUSTUP_HOME=/opt/rustwide/rustup-home" "-w" "/opt/rustwide/workdir" "-m" "1610612736" "--user" "0:0" "--network" "none" "ghcr.io/rust-lang/crates-build-env/linux@sha256:2788e3201cd34a07e3172128adcd8b3090168a8e3bcc40d7c032b9dda1df7d1c" "/opt/rustwide/cargo-home/bin/cargo" "+1.75.0" "test" "--frozen" "--no-run" "--message-format=json", kill_on_drop: false }`
[INFO] [stdout] 9cfca8a3e62841b34509e81746f486ce8890e31ecef52f2084cc21e88e5edab8
[INFO] running `Command { std: "docker" "start" "-a" "9cfca8a3e62841b34509e81746f486ce8890e31ecef52f2084cc21e88e5edab8", kill_on_drop: false }`
[INFO] [stderr]    Compiling unicode-width v0.1.11
[INFO] [stderr]    Compiling bindgen v0.59.2
[INFO] [stderr]    Compiling termcolor v1.4.0
[INFO] [stderr]    Compiling ansi_term v0.12.1
[INFO] [stderr]    Compiling atty v0.2.14
[INFO] [stderr]    Compiling vec_map v0.8.2
[INFO] [stderr]    Compiling humantime v2.1.0
[INFO] [stderr]    Compiling strsim v0.8.0
[INFO] [stderr]    Compiling cmake v0.1.50
[INFO] [stderr]    Compiling paste v1.0.14
[INFO] [stderr]    Compiling thiserror v1.0.56
[INFO] [stderr]    Compiling syn v2.0.48
[INFO] [stderr]    Compiling matio-rs_derive v0.1.0
[INFO] [stderr]    Compiling textwrap v0.11.0
[INFO] [stderr]    Compiling clap v2.34.0
[INFO] [stderr]    Compiling env_logger v0.9.3
[INFO] [stderr]    Compiling thiserror-impl v1.0.56
[INFO] [stderr]    Compiling matio-rs-sys v0.2.2
[INFO] [stderr]    Compiling matio-rs v1.3.1
[INFO] [stderr]    Compiling gmt_mount-ctrl_controller v0.1.0 (/opt/rustwide/workdir)
[INFO] [stderr]     Finished test [unoptimized + debuginfo] target(s) in 20.81s
[INFO] running `Command { std: "docker" "inspect" "9cfca8a3e62841b34509e81746f486ce8890e31ecef52f2084cc21e88e5edab8", kill_on_drop: false }`
[INFO] running `Command { std: "docker" "rm" "-f" "9cfca8a3e62841b34509e81746f486ce8890e31ecef52f2084cc21e88e5edab8", kill_on_drop: false }`
[INFO] [stdout] 9cfca8a3e62841b34509e81746f486ce8890e31ecef52f2084cc21e88e5edab8
[INFO] running `Command { std: "docker" "create" "-v" "/var/lib/crater-agent-workspace/builds/worker-6-tc1/target:/opt/rustwide/target:rw,Z" "-v" "/var/lib/crater-agent-workspace/builds/worker-6-tc1/source:/opt/rustwide/workdir:ro,Z" "-v" "/var/lib/crater-agent-workspace/cargo-home:/opt/rustwide/cargo-home:ro,Z" "-v" "/var/lib/crater-agent-workspace/rustup-home:/opt/rustwide/rustup-home:ro,Z" "-e" "SOURCE_DIR=/opt/rustwide/workdir" "-e" "CARGO_TARGET_DIR=/opt/rustwide/target" "-e" "CARGO_INCREMENTAL=0" "-e" "RUST_BACKTRACE=full" "-e" "RUSTFLAGS=--cap-lints=warn" "-e" "RUSTDOCFLAGS=--cap-lints=warn" "-e" "CARGO_HOME=/opt/rustwide/cargo-home" "-e" "RUSTUP_HOME=/opt/rustwide/rustup-home" "-w" "/opt/rustwide/workdir" "-m" "1610612736" "--user" "0:0" "--network" "none" "ghcr.io/rust-lang/crates-build-env/linux@sha256:2788e3201cd34a07e3172128adcd8b3090168a8e3bcc40d7c032b9dda1df7d1c" "/opt/rustwide/cargo-home/bin/cargo" "+1.75.0" "test" "--frozen", kill_on_drop: false }`
[INFO] [stdout] 6d48cf133bfe87af6b337300eef3ad9d2babb69f523d37835c6bae7b6b692ab5
[INFO] running `Command { std: "docker" "start" "-a" "6d48cf133bfe87af6b337300eef3ad9d2babb69f523d37835c6bae7b6b692ab5", kill_on_drop: false }`
[INFO] [stderr]    Compiling matio-rs-sys v0.2.2
[INFO] [stderr]    Compiling matio-rs v1.3.1
[INFO] [stderr]    Compiling gmt_mount-ctrl_controller v0.1.0 (/opt/rustwide/workdir)
[INFO] [stderr]     Finished test [unoptimized + debuginfo] target(s) in 2.94s
[INFO] [stderr]      Running unittests src/lib.rs (/opt/rustwide/target/debug/deps/gmt_mount_ctrl_controller-298f8019fe106155)
[INFO] [stdout] 
[INFO] [stdout] running 7 tests
[INFO] [stdout] test bindgen_test_layout_ExtU_Mount_Control_T ... ok
[INFO] [stdout] test bindgen_test_layout_DW_Mount_Control_T ... ok
[INFO] [stdout] test bindgen_test_layout_ConstP_Mount_Control_T ... ok
[INFO] [stdout] test bindgen_test_layout_ExtY_Mount_Control_T ... ok
[INFO] [stdout] test bindgen_test_layout___locale_struct ... ok
[INFO] [stdout] test bindgen_test_layout_tag_RTM_Mount_Control_T ... ok
[INFO] [stdout] test tests::step ... FAILED
[INFO] [stdout] 
[INFO] [stdout] failures:
[INFO] [stdout] 
[INFO] [stdout] ---- tests::step stdout ----
[INFO] [stdout] [src/lib.rs:48] y_err = 3041632155.76244
[INFO] [stdout] thread 'tests::step' panicked at src/lib.rs:48:9:
[INFO] [stdout] assertion failed: dbg!(y_err) < 1e-4
[INFO] [stdout] stack backtrace:
[INFO] [stdout]    0:     0x5611ae01fefc - std::backtrace_rs::backtrace::libunwind::trace::ha637c64ce894333a
[INFO] [stdout]                                at /rustc/82e1608dfa6e0b5569232559e3d385fea5a93112/library/std/src/../../backtrace/src/backtrace/libunwind.rs:104:5
[INFO] [stdout]    1:     0x5611ae01fefc - std::backtrace_rs::backtrace::trace_unsynchronized::h47f62dea28e0c88d
[INFO] [stdout]                                at /rustc/82e1608dfa6e0b5569232559e3d385fea5a93112/library/std/src/../../backtrace/src/backtrace/mod.rs:66:5
[INFO] [stdout]    2:     0x5611ae01fefc - std::sys_common::backtrace::_print_fmt::h9eef0abe20ede486
[INFO] [stdout]                                at /rustc/82e1608dfa6e0b5569232559e3d385fea5a93112/library/std/src/sys_common/backtrace.rs:67:5
[INFO] [stdout]    3:     0x5611ae01fefc - <std::sys_common::backtrace::_print::DisplayBacktrace as core::fmt::Display>::fmt::hed7f999df88cc644
[INFO] [stdout]                                at /rustc/82e1608dfa6e0b5569232559e3d385fea5a93112/library/std/src/sys_common/backtrace.rs:44:22
[INFO] [stdout]    4:     0x5611ae049e50 - core::fmt::rt::Argument::fmt::h1539a9308b8d058d
[INFO] [stdout]                                at /rustc/82e1608dfa6e0b5569232559e3d385fea5a93112/library/core/src/fmt/rt.rs:142:9
[INFO] [stdout]    5:     0x5611ae049e50 - core::fmt::write::h3a39390d8560d9c9
[INFO] [stdout]                                at /rustc/82e1608dfa6e0b5569232559e3d385fea5a93112/library/core/src/fmt/mod.rs:1120:17
[INFO] [stdout]    6:     0x5611ae01d8af - std::io::Write::write_fmt::h040b369f3a0f9cbc
[INFO] [stdout]                                at /rustc/82e1608dfa6e0b5569232559e3d385fea5a93112/library/std/src/io/mod.rs:1762:15
[INFO] [stdout]    7:     0x5611ae01fce4 - std::sys_common::backtrace::_print::h894006fb5c6f3d45
[INFO] [stdout]                                at /rustc/82e1608dfa6e0b5569232559e3d385fea5a93112/library/std/src/sys_common/backtrace.rs:47:5
[INFO] [stdout]    8:     0x5611ae01fce4 - std::sys_common::backtrace::print::h23a2d212c6fff936
[INFO] [stdout]                                at /rustc/82e1608dfa6e0b5569232559e3d385fea5a93112/library/std/src/sys_common/backtrace.rs:34:9
[INFO] [stdout]    9:     0x5611ae0219a7 - std::panicking::default_hook::{{closure}}::h8a1d2ee00185001a
[INFO] [stdout]   10:     0x5611ae021693 - std::panicking::default_hook::h6038f2eba384e475
[INFO] [stdout]                                at /rustc/82e1608dfa6e0b5569232559e3d385fea5a93112/library/std/src/panicking.rs:289:9
[INFO] [stdout]   11:     0x5611adfedf17 - <alloc::boxed::Box<F,A> as core::ops::function::Fn<Args>>::call::h0ad024c9bdc6d768
[INFO] [stdout]                                at /rustc/82e1608dfa6e0b5569232559e3d385fea5a93112/library/alloc/src/boxed.rs:2021:9
[INFO] [stdout]   12:     0x5611adfedf17 - test::test_main::{{closure}}::h7500b54257359db6
[INFO] [stdout]                                at /rustc/82e1608dfa6e0b5569232559e3d385fea5a93112/library/test/src/lib.rs:138:21
[INFO] [stdout]   13:     0x5611ae021fb8 - <alloc::boxed::Box<F,A> as core::ops::function::Fn<Args>>::call::h1f8f335eaa9cfaee
[INFO] [stdout]                                at /rustc/82e1608dfa6e0b5569232559e3d385fea5a93112/library/alloc/src/boxed.rs:2021:9
[INFO] [stdout]   14:     0x5611ae021fb8 - std::panicking::rust_panic_with_hook::h2b5517d590cab22e
[INFO] [stdout]                                at /rustc/82e1608dfa6e0b5569232559e3d385fea5a93112/library/std/src/panicking.rs:783:13
[INFO] [stdout]   15:     0x5611ae021cd9 - std::panicking::begin_panic_handler::{{closure}}::h233112c06e0ef43e
[INFO] [stdout]                                at /rustc/82e1608dfa6e0b5569232559e3d385fea5a93112/library/std/src/panicking.rs:649:13
[INFO] [stdout]   16:     0x5611ae0203c6 - std::sys_common::backtrace::__rust_end_short_backtrace::h6e893f24d7ebbff8
[INFO] [stdout]                                at /rustc/82e1608dfa6e0b5569232559e3d385fea5a93112/library/std/src/sys_common/backtrace.rs:170:18
[INFO] [stdout]   17:     0x5611ae021a72 - rust_begin_unwind
[INFO] [stdout]                                at /rustc/82e1608dfa6e0b5569232559e3d385fea5a93112/library/std/src/panicking.rs:645:5
[INFO] [stdout]   18:     0x5611adfa2e45 - core::panicking::panic_fmt::hbf0e066aabfa482c
[INFO] [stdout]                                at /rustc/82e1608dfa6e0b5569232559e3d385fea5a93112/library/core/src/panicking.rs:72:14
[INFO] [stdout]   19:     0x5611adfa2ee3 - core::panicking::panic::h195fc2a96298d4c3
[INFO] [stdout]                                at /rustc/82e1608dfa6e0b5569232559e3d385fea5a93112/library/core/src/panicking.rs:127:5
[INFO] [stdout]   20:     0x5611adfaa248 - gmt_mount_ctrl_controller::tests::step::h5abdd80cb244cf0c
[INFO] [stdout]                                at /opt/rustwide/workdir/src/lib.rs:48:9
[INFO] [stdout]   21:     0x5611adfa9a67 - gmt_mount_ctrl_controller::tests::step::{{closure}}::h28a04f6f283b1025
[INFO] [stdout]                                at /opt/rustwide/workdir/src/lib.rs:15:14
[INFO] [stdout]   22:     0x5611adfa72e6 - core::ops::function::FnOnce::call_once::h11e582f8067f4117
[INFO] [stdout]                                at /rustc/82e1608dfa6e0b5569232559e3d385fea5a93112/library/core/src/ops/function.rs:250:5
[INFO] [stdout]   23:     0x5611adff356f - core::ops::function::FnOnce::call_once::h2b5d431d5046312d
[INFO] [stdout]                                at /rustc/82e1608dfa6e0b5569232559e3d385fea5a93112/library/core/src/ops/function.rs:250:5
[INFO] [stdout]   24:     0x5611adff356f - test::__rust_begin_short_backtrace::h7714669af176e207
[INFO] [stdout]                                at /rustc/82e1608dfa6e0b5569232559e3d385fea5a93112/library/test/src/lib.rs:628:18
[INFO] [stdout]   25:     0x5611adff2585 - test::run_test_in_process::{{closure}}::h85218797dcbcec12
[INFO] [stdout]                                at /rustc/82e1608dfa6e0b5569232559e3d385fea5a93112/library/test/src/lib.rs:651:60
[INFO] [stdout]   26:     0x5611adff2585 - <core::panic::unwind_safe::AssertUnwindSafe<F> as core::ops::function::FnOnce<()>>::call_once::h76c106ea31c14d7b
[INFO] [stdout]                                at /rustc/82e1608dfa6e0b5569232559e3d385fea5a93112/library/core/src/panic/unwind_safe.rs:272:9
[INFO] [stdout]   27:     0x5611adff2585 - std::panicking::try::do_call::h3bd5d0f6620ee946
[INFO] [stdout]                                at /rustc/82e1608dfa6e0b5569232559e3d385fea5a93112/library/std/src/panicking.rs:552:40
[INFO] [stdout]   28:     0x5611adff2585 - std::panicking::try::h232e535e4744fe31
[INFO] [stdout]                                at /rustc/82e1608dfa6e0b5569232559e3d385fea5a93112/library/std/src/panicking.rs:516:19
[INFO] [stdout]   29:     0x5611adff2585 - std::panic::catch_unwind::h3ce3bd6ca8dbac68
[INFO] [stdout]                                at /rustc/82e1608dfa6e0b5569232559e3d385fea5a93112/library/std/src/panic.rs:142:14
[INFO] [stdout]   30:     0x5611adff2585 - test::run_test_in_process::hc97b257c9621286a
[INFO] [stdout]                                at /rustc/82e1608dfa6e0b5569232559e3d385fea5a93112/library/test/src/lib.rs:651:27
[INFO] [stdout]   31:     0x5611adff2585 - test::run_test::{{closure}}::h2aa798823a438d38
[INFO] [stdout]                                at /rustc/82e1608dfa6e0b5569232559e3d385fea5a93112/library/test/src/lib.rs:574:43
[INFO] [stdout]   32:     0x5611adfba846 - test::run_test::{{closure}}::h87d231c78fb59832
[INFO] [stdout]                                at /rustc/82e1608dfa6e0b5569232559e3d385fea5a93112/library/test/src/lib.rs:602:41
[INFO] [stdout]   33:     0x5611adfba846 - std::sys_common::backtrace::__rust_begin_short_backtrace::he6df152596625789
[INFO] [stdout]                                at /rustc/82e1608dfa6e0b5569232559e3d385fea5a93112/library/std/src/sys_common/backtrace.rs:154:18
[INFO] [stdout]   34:     0x5611adfbf8f7 - std::thread::Builder::spawn_unchecked_::{{closure}}::{{closure}}::ha94be15d1e0acf36
[INFO] [stdout]                                at /rustc/82e1608dfa6e0b5569232559e3d385fea5a93112/library/std/src/thread/mod.rs:529:17
[INFO] [stdout]   35:     0x5611adfbf8f7 - <core::panic::unwind_safe::AssertUnwindSafe<F> as core::ops::function::FnOnce<()>>::call_once::h9dc6bd6372f16606
[INFO] [stdout]                                at /rustc/82e1608dfa6e0b5569232559e3d385fea5a93112/library/core/src/panic/unwind_safe.rs:272:9
[INFO] [stdout]   36:     0x5611adfbf8f7 - std::panicking::try::do_call::h9057517f80303cd4
[INFO] [stdout]                                at /rustc/82e1608dfa6e0b5569232559e3d385fea5a93112/library/std/src/panicking.rs:552:40
[INFO] [stdout]   37:     0x5611adfbf8f7 - std::panicking::try::he3a30b11ee45340c
[INFO] [stdout]                                at /rustc/82e1608dfa6e0b5569232559e3d385fea5a93112/library/std/src/panicking.rs:516:19
[INFO] [stdout]   38:     0x5611adfbf8f7 - std::panic::catch_unwind::h410458cfd3528b8b
[INFO] [stdout]                                at /rustc/82e1608dfa6e0b5569232559e3d385fea5a93112/library/std/src/panic.rs:142:14
[INFO] [stdout]   39:     0x5611adfbf8f7 - std::thread::Builder::spawn_unchecked_::{{closure}}::h72ac3bdb567b737b
[INFO] [stdout]                                at /rustc/82e1608dfa6e0b5569232559e3d385fea5a93112/library/std/src/thread/mod.rs:528:30
[INFO] [stdout]   40:     0x5611adfbf8f7 - core::ops::function::FnOnce::call_once{{vtable.shim}}::h38f34da3654a8344
[INFO] [stdout]                                at /rustc/82e1608dfa6e0b5569232559e3d385fea5a93112/library/core/src/ops/function.rs:250:5
[INFO] [stdout]   41:     0x5611ae026a45 - <alloc::boxed::Box<F,A> as core::ops::function::FnOnce<Args>>::call_once::hc7eafaff61e32df9
[INFO] [stdout]                                at /rustc/82e1608dfa6e0b5569232559e3d385fea5a93112/library/alloc/src/boxed.rs:2007:9
[INFO] [stdout]   42:     0x5611ae026a45 - <alloc::boxed::Box<F,A> as core::ops::function::FnOnce<Args>>::call_once::h6ba4a5de48dd2304
[INFO] [stdout]                                at /rustc/82e1608dfa6e0b5569232559e3d385fea5a93112/library/alloc/src/boxed.rs:2007:9
[INFO] [stdout]   43:     0x5611ae026a45 - std::sys::unix::thread::Thread::new::thread_start::he469335aef763e45
[INFO] [stdout]                                at /rustc/82e1608dfa6e0b5569232559e3d385fea5a93112/library/std/src/sys/unix/thread.rs:108:17
[INFO] [stdout]   44:     0x7fda00db8ac3 - <unknown>
[INFO] [stdout]   45:     0x7fda00e49bf4 - __clone
[INFO] [stdout]   46:                0x0 - <unknown>
[INFO] [stdout] 
[INFO] [stdout] 
[INFO] [stdout] failures:
[INFO] [stdout]     tests::step
[INFO] [stdout] 
[INFO] [stdout] test result: FAILED. 6 passed; 1 failed; 0 ignored; 0 measured; 0 filtered out; finished in 0.01s
[INFO] [stdout] 
[INFO] [stderr] error: test failed, to rerun pass `--lib`
[INFO] running `Command { std: "docker" "inspect" "6d48cf133bfe87af6b337300eef3ad9d2babb69f523d37835c6bae7b6b692ab5", kill_on_drop: false }`
[INFO] running `Command { std: "docker" "rm" "-f" "6d48cf133bfe87af6b337300eef3ad9d2babb69f523d37835c6bae7b6b692ab5", kill_on_drop: false }`
[INFO] [stdout] 6d48cf133bfe87af6b337300eef3ad9d2babb69f523d37835c6bae7b6b692ab5
[INFO] testing gmt_mount-ctrl_controller-0.1.0 against beta-2023-12-22 for beta-1.76-1
[INFO] extracting crate gmt_mount-ctrl_controller 0.1.0 into /workspace/builds/worker-6-tc2/source
[INFO] validating manifest of crates.io crate gmt_mount-ctrl_controller 0.1.0 on toolchain beta-2023-12-22
[INFO] running `Command { std: CARGO_HOME="/workspace/cargo-home" RUSTUP_HOME="/workspace/rustup-home" "/workspace/cargo-home/bin/cargo" "+beta-2023-12-22" "metadata" "--manifest-path" "Cargo.toml" "--no-deps", kill_on_drop: false }`
[INFO] started tweaking crates.io crate gmt_mount-ctrl_controller 0.1.0
[INFO] finished tweaking crates.io crate gmt_mount-ctrl_controller 0.1.0
[INFO] tweaked toml for crates.io crate gmt_mount-ctrl_controller 0.1.0 written to /workspace/builds/worker-6-tc2/source/Cargo.toml
[INFO] running `Command { std: CARGO_HOME="/workspace/cargo-home" RUSTUP_HOME="/workspace/rustup-home" "/workspace/cargo-home/bin/cargo" "+beta-2023-12-22" "generate-lockfile" "--manifest-path" "Cargo.toml", kill_on_drop: false }`
[INFO] [stderr]     Updating crates.io index
[INFO] running `Command { std: CARGO_HOME="/workspace/cargo-home" RUSTUP_HOME="/workspace/rustup-home" "/workspace/cargo-home/bin/cargo" "+beta-2023-12-22" "fetch" "--manifest-path" "Cargo.toml", kill_on_drop: false }`
[INFO] running `Command { std: "docker" "create" "-v" "/var/lib/crater-agent-workspace/builds/worker-6-tc2/target:/opt/rustwide/target:rw,Z" "-v" "/var/lib/crater-agent-workspace/builds/worker-6-tc2/source:/opt/rustwide/workdir:ro,Z" "-v" "/var/lib/crater-agent-workspace/cargo-home:/opt/rustwide/cargo-home:ro,Z" "-v" "/var/lib/crater-agent-workspace/rustup-home:/opt/rustwide/rustup-home:ro,Z" "-e" "SOURCE_DIR=/opt/rustwide/workdir" "-e" "CARGO_TARGET_DIR=/opt/rustwide/target" "-e" "CARGO_HOME=/opt/rustwide/cargo-home" "-e" "RUSTUP_HOME=/opt/rustwide/rustup-home" "-w" "/opt/rustwide/workdir" "-m" "1610612736" "--user" "0:0" "--network" "none" "ghcr.io/rust-lang/crates-build-env/linux@sha256:2788e3201cd34a07e3172128adcd8b3090168a8e3bcc40d7c032b9dda1df7d1c" "/opt/rustwide/cargo-home/bin/cargo" "+beta-2023-12-22" "metadata" "--no-deps" "--format-version=1", kill_on_drop: false }`
[INFO] [stdout] c0527b78fe455c0acbe9100f27bc4d8a220a0647617154ae4a938d55d22c72f6
[INFO] running `Command { std: "docker" "start" "-a" "c0527b78fe455c0acbe9100f27bc4d8a220a0647617154ae4a938d55d22c72f6", kill_on_drop: false }`
[INFO] running `Command { std: "docker" "inspect" "c0527b78fe455c0acbe9100f27bc4d8a220a0647617154ae4a938d55d22c72f6", kill_on_drop: false }`
[INFO] running `Command { std: "docker" "rm" "-f" "c0527b78fe455c0acbe9100f27bc4d8a220a0647617154ae4a938d55d22c72f6", kill_on_drop: false }`
[INFO] [stdout] c0527b78fe455c0acbe9100f27bc4d8a220a0647617154ae4a938d55d22c72f6
[INFO] running `Command { std: "docker" "create" "-v" "/var/lib/crater-agent-workspace/builds/worker-6-tc2/target:/opt/rustwide/target:rw,Z" "-v" "/var/lib/crater-agent-workspace/builds/worker-6-tc2/source:/opt/rustwide/workdir:ro,Z" "-v" "/var/lib/crater-agent-workspace/cargo-home:/opt/rustwide/cargo-home:ro,Z" "-v" "/var/lib/crater-agent-workspace/rustup-home:/opt/rustwide/rustup-home:ro,Z" "-e" "SOURCE_DIR=/opt/rustwide/workdir" "-e" "CARGO_TARGET_DIR=/opt/rustwide/target" "-e" "CARGO_INCREMENTAL=0" "-e" "RUST_BACKTRACE=full" "-e" "RUSTFLAGS=--cap-lints=warn" "-e" "RUSTDOCFLAGS=--cap-lints=warn" "-e" "CARGO_HOME=/opt/rustwide/cargo-home" "-e" "RUSTUP_HOME=/opt/rustwide/rustup-home" "-w" "/opt/rustwide/workdir" "-m" "1610612736" "--user" "0:0" "--network" "none" "ghcr.io/rust-lang/crates-build-env/linux@sha256:2788e3201cd34a07e3172128adcd8b3090168a8e3bcc40d7c032b9dda1df7d1c" "/opt/rustwide/cargo-home/bin/cargo" "+beta-2023-12-22" "build" "--frozen" "--message-format=json", kill_on_drop: false }`
[INFO] [stdout] 58640849fc0addb5bc93d8876c8d31b15552acf0523a7228de5fcf9fe65fb151
[INFO] running `Command { std: "docker" "start" "-a" "58640849fc0addb5bc93d8876c8d31b15552acf0523a7228de5fcf9fe65fb151", kill_on_drop: false }`
[INFO] [stderr]    Compiling memchr v2.7.1
[INFO] [stderr]    Compiling proc-macro2 v1.0.75
[INFO] [stderr]    Compiling glob v0.3.1
[INFO] [stderr]    Compiling libc v0.2.151
[INFO] [stderr]    Compiling rustix v0.38.28
[INFO] [stderr]    Compiling unicode-ident v1.0.12
[INFO] [stderr]    Compiling minimal-lexical v0.2.1
[INFO] [stderr]    Compiling linux-raw-sys v0.4.12
[INFO] [stderr]    Compiling regex-syntax v0.8.2
[INFO] [stderr]    Compiling cfg-if v1.0.0
[INFO] [stderr]    Compiling syn v1.0.109
[INFO] [stderr]    Compiling bitflags v2.4.1
[INFO] [stderr]    Compiling home v0.5.9
[INFO] [stderr]    Compiling bindgen v0.64.0
[INFO] [stderr]    Compiling either v1.9.0
[INFO] [stderr]    Compiling bitflags v1.3.2
[INFO] [stderr]    Compiling libloading v0.8.1
[INFO] [stderr]    Compiling peeking_take_while v0.1.2
[INFO] [stderr]    Compiling lazycell v1.3.0
[INFO] [stderr]    Compiling rustc-hash v1.1.0
[INFO] [stderr]    Compiling log v0.4.20
[INFO] [stderr]    Compiling lazy_static v1.4.0
[INFO] [stderr]    Compiling shlex v1.2.0
[INFO] [stderr]    Compiling clang-sys v1.7.0
[INFO] [stderr]    Compiling aho-corasick v1.1.2
[INFO] [stderr]    Compiling nom v7.1.3
[INFO] [stderr]    Compiling quote v1.0.35
[INFO] [stderr]    Compiling cc v1.0.83
[INFO] [stderr]    Compiling regex-automata v0.4.3
[INFO] [stderr]    Compiling cexpr v0.6.0
[INFO] [stderr]    Compiling which v4.4.2
[INFO] [stderr]    Compiling regex v1.10.2
[INFO] [stderr]    Compiling simulink-rs v3.0.2
[INFO] [stderr]    Compiling gmt_mount-ctrl_controller v0.1.0 (/opt/rustwide/workdir)
[INFO] [stderr]     Finished dev [unoptimized + debuginfo] target(s) in 10.92s
[INFO] running `Command { std: "docker" "inspect" "58640849fc0addb5bc93d8876c8d31b15552acf0523a7228de5fcf9fe65fb151", kill_on_drop: false }`
[INFO] running `Command { std: "docker" "rm" "-f" "58640849fc0addb5bc93d8876c8d31b15552acf0523a7228de5fcf9fe65fb151", kill_on_drop: false }`
[INFO] [stdout] 58640849fc0addb5bc93d8876c8d31b15552acf0523a7228de5fcf9fe65fb151
[INFO] running `Command { std: "docker" "create" "-v" "/var/lib/crater-agent-workspace/builds/worker-6-tc2/target:/opt/rustwide/target:rw,Z" "-v" "/var/lib/crater-agent-workspace/builds/worker-6-tc2/source:/opt/rustwide/workdir:ro,Z" "-v" "/var/lib/crater-agent-workspace/cargo-home:/opt/rustwide/cargo-home:ro,Z" "-v" "/var/lib/crater-agent-workspace/rustup-home:/opt/rustwide/rustup-home:ro,Z" "-e" "SOURCE_DIR=/opt/rustwide/workdir" "-e" "CARGO_TARGET_DIR=/opt/rustwide/target" "-e" "CARGO_INCREMENTAL=0" "-e" "RUST_BACKTRACE=full" "-e" "RUSTFLAGS=--cap-lints=warn" "-e" "RUSTDOCFLAGS=--cap-lints=warn" "-e" "CARGO_HOME=/opt/rustwide/cargo-home" "-e" "RUSTUP_HOME=/opt/rustwide/rustup-home" "-w" "/opt/rustwide/workdir" "-m" "1610612736" "--user" "0:0" "--network" "none" "ghcr.io/rust-lang/crates-build-env/linux@sha256:2788e3201cd34a07e3172128adcd8b3090168a8e3bcc40d7c032b9dda1df7d1c" "/opt/rustwide/cargo-home/bin/cargo" "+beta-2023-12-22" "test" "--frozen" "--no-run" "--message-format=json", kill_on_drop: false }`
[INFO] [stdout] 5c9d486ad2a553a0bc6903fb6b2ec11815d8cc02033c50c33f94ca989da1ff7a
[INFO] running `Command { std: "docker" "start" "-a" "5c9d486ad2a553a0bc6903fb6b2ec11815d8cc02033c50c33f94ca989da1ff7a", kill_on_drop: false }`
[INFO] [stderr]    Compiling unicode-width v0.1.11
[INFO] [stderr]    Compiling strsim v0.8.0
[INFO] [stderr]    Compiling ansi_term v0.12.1
[INFO] [stderr]    Compiling humantime v2.1.0
[INFO] [stderr]    Compiling vec_map v0.8.2
[INFO] [stderr]    Compiling bindgen v0.59.2
[INFO] [stderr]    Compiling termcolor v1.4.0
[INFO] [stderr]    Compiling paste v1.0.14
[INFO] [stderr]    Compiling atty v0.2.14
[INFO] [stderr]    Compiling syn v2.0.48
[INFO] [stderr]    Compiling cmake v0.1.50
[INFO] [stderr]    Compiling thiserror v1.0.56
[INFO] [stderr]    Compiling matio-rs_derive v0.1.0
[INFO] [stderr]    Compiling textwrap v0.11.0
[INFO] [stderr]    Compiling clap v2.34.0
[INFO] [stderr]    Compiling env_logger v0.9.3
[INFO] [stderr]    Compiling thiserror-impl v1.0.56
[INFO] [stderr]    Compiling matio-rs-sys v0.2.2
[INFO] [stderr]    Compiling matio-rs v1.3.1
[INFO] [stderr]    Compiling gmt_mount-ctrl_controller v0.1.0 (/opt/rustwide/workdir)
[INFO] [stderr]     Finished test [unoptimized + debuginfo] target(s) in 15.28s
[INFO] running `Command { std: "docker" "inspect" "5c9d486ad2a553a0bc6903fb6b2ec11815d8cc02033c50c33f94ca989da1ff7a", kill_on_drop: false }`
[INFO] running `Command { std: "docker" "rm" "-f" "5c9d486ad2a553a0bc6903fb6b2ec11815d8cc02033c50c33f94ca989da1ff7a", kill_on_drop: false }`
[INFO] [stdout] 5c9d486ad2a553a0bc6903fb6b2ec11815d8cc02033c50c33f94ca989da1ff7a
[INFO] running `Command { std: "docker" "create" "-v" "/var/lib/crater-agent-workspace/builds/worker-6-tc2/target:/opt/rustwide/target:rw,Z" "-v" "/var/lib/crater-agent-workspace/builds/worker-6-tc2/source:/opt/rustwide/workdir:ro,Z" "-v" "/var/lib/crater-agent-workspace/cargo-home:/opt/rustwide/cargo-home:ro,Z" "-v" "/var/lib/crater-agent-workspace/rustup-home:/opt/rustwide/rustup-home:ro,Z" "-e" "SOURCE_DIR=/opt/rustwide/workdir" "-e" "CARGO_TARGET_DIR=/opt/rustwide/target" "-e" "CARGO_INCREMENTAL=0" "-e" "RUST_BACKTRACE=full" "-e" "RUSTFLAGS=--cap-lints=warn" "-e" "RUSTDOCFLAGS=--cap-lints=warn" "-e" "CARGO_HOME=/opt/rustwide/cargo-home" "-e" "RUSTUP_HOME=/opt/rustwide/rustup-home" "-w" "/opt/rustwide/workdir" "-m" "1610612736" "--user" "0:0" "--network" "none" "ghcr.io/rust-lang/crates-build-env/linux@sha256:2788e3201cd34a07e3172128adcd8b3090168a8e3bcc40d7c032b9dda1df7d1c" "/opt/rustwide/cargo-home/bin/cargo" "+beta-2023-12-22" "test" "--frozen", kill_on_drop: false }`
[INFO] [stdout] f30964fd5f4c32a52a469f1d4d7d32a0101617504ea01b80098135c40696d6ad
[INFO] running `Command { std: "docker" "start" "-a" "f30964fd5f4c32a52a469f1d4d7d32a0101617504ea01b80098135c40696d6ad", kill_on_drop: false }`
[INFO] [stderr]    Compiling matio-rs-sys v0.2.2
[INFO] [stderr]    Compiling matio-rs v1.3.1
[INFO] [stderr]    Compiling gmt_mount-ctrl_controller v0.1.0 (/opt/rustwide/workdir)
[INFO] [stderr]     Finished test [unoptimized + debuginfo] target(s) in 2.73s
[INFO] [stderr]      Running unittests src/lib.rs (/opt/rustwide/target/debug/deps/gmt_mount_ctrl_controller-9fedd3f86c3d3381)
[INFO] [stdout] 
[INFO] [stdout] running 7 tests
[INFO] [stdout] test bindgen_test_layout_ConstP_Mount_Control_T ... ok
[INFO] [stdout] test bindgen_test_layout_DW_Mount_Control_T ... ok
[INFO] [stdout] test bindgen_test_layout_ExtU_Mount_Control_T ... ok
[INFO] [stdout] test bindgen_test_layout_ExtY_Mount_Control_T ... ok
[INFO] [stdout] test bindgen_test_layout___locale_struct ... ok
[INFO] [stdout] test bindgen_test_layout_tag_RTM_Mount_Control_T ... ok
[INFO] [stdout] test tests::step ... FAILED
[INFO] [stdout] 
[INFO] [stdout] failures:
[INFO] [stdout] 
[INFO] [stdout] ---- tests::step stdout ----
[INFO] [stdout] [src/lib.rs:48:17] y_err = 3041632155.76244
[INFO] [stdout] thread 'tests::step' panicked at src/lib.rs:48:9:
[INFO] [stdout] assertion failed: dbg!(y_err) < 1e-4
[INFO] [stdout] stack backtrace:
[INFO] [stdout]    0:     0x5654dec636c6 - std::backtrace_rs::backtrace::libunwind::trace::h261606ad26a499c1
[INFO] [stdout]                                at /rustc/0e09125c6c3c2fd70d7de961bcf0e51575235fad/library/std/src/../../backtrace/src/backtrace/libunwind.rs:104:5
[INFO] [stdout]    1:     0x5654dec636c6 - std::backtrace_rs::backtrace::trace_unsynchronized::hd183f0625477fb28
[INFO] [stdout]                                at /rustc/0e09125c6c3c2fd70d7de961bcf0e51575235fad/library/std/src/../../backtrace/src/backtrace/mod.rs:66:5
[INFO] [stdout]    2:     0x5654dec636c6 - std::sys_common::backtrace::_print_fmt::hd7f8fef21b4eda67
[INFO] [stdout]                                at /rustc/0e09125c6c3c2fd70d7de961bcf0e51575235fad/library/std/src/sys_common/backtrace.rs:68:5
[INFO] [stdout]    3:     0x5654dec636c6 - <std::sys_common::backtrace::_print::DisplayBacktrace as core::fmt::Display>::fmt::h623d9b51f2f453f1
[INFO] [stdout]                                at /rustc/0e09125c6c3c2fd70d7de961bcf0e51575235fad/library/std/src/sys_common/backtrace.rs:44:22
[INFO] [stdout]    4:     0x5654dec8c920 - core::fmt::rt::Argument::fmt::h9f417ac76a86f368
[INFO] [stdout]                                at /rustc/0e09125c6c3c2fd70d7de961bcf0e51575235fad/library/core/src/fmt/rt.rs:142:9
[INFO] [stdout]    5:     0x5654dec8c920 - core::fmt::write::hc9b6faf4ac2aeff7
[INFO] [stdout]                                at /rustc/0e09125c6c3c2fd70d7de961bcf0e51575235fad/library/core/src/fmt/mod.rs:1120:17
[INFO] [stdout]    6:     0x5654dec6112f - std::io::Write::write_fmt::he04625a3a989fec3
[INFO] [stdout]                                at /rustc/0e09125c6c3c2fd70d7de961bcf0e51575235fad/library/std/src/io/mod.rs:1810:15
[INFO] [stdout]    7:     0x5654dec634a4 - std::sys_common::backtrace::_print::hd5d66399c7df88a2
[INFO] [stdout]                                at /rustc/0e09125c6c3c2fd70d7de961bcf0e51575235fad/library/std/src/sys_common/backtrace.rs:47:5
[INFO] [stdout]    8:     0x5654dec634a4 - std::sys_common::backtrace::print::he81ed2da642d37e5
[INFO] [stdout]                                at /rustc/0e09125c6c3c2fd70d7de961bcf0e51575235fad/library/std/src/sys_common/backtrace.rs:34:9
[INFO] [stdout]    9:     0x5654dec65217 - std::panicking::default_hook::{{closure}}::h85773f4fa117163d
[INFO] [stdout]   10:     0x5654dec64efd - std::panicking::default_hook::h6a1694a91d09b278
[INFO] [stdout]                                at /rustc/0e09125c6c3c2fd70d7de961bcf0e51575235fad/library/std/src/panicking.rs:289:9
[INFO] [stdout]   11:     0x5654dec30f77 - <alloc::boxed::Box<F,A> as core::ops::function::Fn<Args>>::call::h616ac37fa3cd6c8f
[INFO] [stdout]                                at /rustc/0e09125c6c3c2fd70d7de961bcf0e51575235fad/library/alloc/src/boxed.rs:2029:9
[INFO] [stdout]   12:     0x5654dec30f77 - test::test_main::{{closure}}::h00d84697cefdcbb6
[INFO] [stdout]                                at /rustc/0e09125c6c3c2fd70d7de961bcf0e51575235fad/library/test/src/lib.rs:138:21
[INFO] [stdout]   13:     0x5654dec65836 - <alloc::boxed::Box<F,A> as core::ops::function::Fn<Args>>::call::hcb3fe3b9bb537ba8
[INFO] [stdout]                                at /rustc/0e09125c6c3c2fd70d7de961bcf0e51575235fad/library/alloc/src/boxed.rs:2029:9
[INFO] [stdout]   14:     0x5654dec65836 - std::panicking::rust_panic_with_hook::h0a7ad96e90f7145b
[INFO] [stdout]                                at /rustc/0e09125c6c3c2fd70d7de961bcf0e51575235fad/library/std/src/panicking.rs:783:13
[INFO] [stdout]   15:     0x5654dec65549 - std::panicking::begin_panic_handler::{{closure}}::h7919090525c6485e
[INFO] [stdout]                                at /rustc/0e09125c6c3c2fd70d7de961bcf0e51575235fad/library/std/src/panicking.rs:649:13
[INFO] [stdout]   16:     0x5654dec63bc6 - std::sys_common::backtrace::__rust_end_short_backtrace::hf3289479464f7dfe
[INFO] [stdout]                                at /rustc/0e09125c6c3c2fd70d7de961bcf0e51575235fad/library/std/src/sys_common/backtrace.rs:171:18
[INFO] [stdout]   17:     0x5654dec652e0 - rust_begin_unwind
[INFO] [stdout]                                at /rustc/0e09125c6c3c2fd70d7de961bcf0e51575235fad/library/std/src/panicking.rs:645:5
[INFO] [stdout]   18:     0x5654debe4e25 - core::panicking::panic_fmt::hcc9f77c5c132af55
[INFO] [stdout]                                at /rustc/0e09125c6c3c2fd70d7de961bcf0e51575235fad/library/core/src/panicking.rs:72:14
[INFO] [stdout]   19:     0x5654debe4ee3 - core::panicking::panic::h5a1259c1164bd480
[INFO] [stdout]                                at /rustc/0e09125c6c3c2fd70d7de961bcf0e51575235fad/library/core/src/panicking.rs:144:5
[INFO] [stdout]   20:     0x5654debec21e - gmt_mount_ctrl_controller::tests::step::hc1339d9552f39002
[INFO] [stdout]                                at /opt/rustwide/workdir/src/lib.rs:48:9
[INFO] [stdout]   21:     0x5654debeba37 - gmt_mount_ctrl_controller::tests::step::{{closure}}::hf2c049b48cb7cacd
[INFO] [stdout]                                at /opt/rustwide/workdir/src/lib.rs:15:14
[INFO] [stdout]   22:     0x5654debe9626 - core::ops::function::FnOnce::call_once::ha3efbb7b4fc32988
[INFO] [stdout]                                at /rustc/0e09125c6c3c2fd70d7de961bcf0e51575235fad/library/core/src/ops/function.rs:250:5
[INFO] [stdout]   23:     0x5654dec3684f - core::ops::function::FnOnce::call_once::hd64d26f405258157
[INFO] [stdout]                                at /rustc/0e09125c6c3c2fd70d7de961bcf0e51575235fad/library/core/src/ops/function.rs:250:5
[INFO] [stdout]   24:     0x5654dec3684f - test::__rust_begin_short_backtrace::he21b0b7a6d731bf9
[INFO] [stdout]                                at /rustc/0e09125c6c3c2fd70d7de961bcf0e51575235fad/library/test/src/lib.rs:627:18
[INFO] [stdout]   25:     0x5654dec355d1 - test::run_test_in_process::{{closure}}::hf5c73986d7bdfde2
[INFO] [stdout]                                at /rustc/0e09125c6c3c2fd70d7de961bcf0e51575235fad/library/test/src/lib.rs:650:60
[INFO] [stdout]   26:     0x5654dec355d1 - <core::panic::unwind_safe::AssertUnwindSafe<F> as core::ops::function::FnOnce<()>>::call_once::h330011ad032aadc0
[INFO] [stdout]                                at /rustc/0e09125c6c3c2fd70d7de961bcf0e51575235fad/library/core/src/panic/unwind_safe.rs:272:9
[INFO] [stdout]   27:     0x5654dec355d1 - std::panicking::try::do_call::he61b0a958b795a41
[INFO] [stdout]                                at /rustc/0e09125c6c3c2fd70d7de961bcf0e51575235fad/library/std/src/panicking.rs:552:40
[INFO] [stdout]   28:     0x5654dec355d1 - std::panicking::try::h7309da130f906eb7
[INFO] [stdout]                                at /rustc/0e09125c6c3c2fd70d7de961bcf0e51575235fad/library/std/src/panicking.rs:516:19
[INFO] [stdout]   29:     0x5654dec355d1 - std::panic::catch_unwind::hc5c3a06fdaf0a92a
[INFO] [stdout]                                at /rustc/0e09125c6c3c2fd70d7de961bcf0e51575235fad/library/std/src/panic.rs:142:14
[INFO] [stdout]   30:     0x5654dec355d1 - test::run_test_in_process::h7e7b7c71c3324e0f
[INFO] [stdout]                                at /rustc/0e09125c6c3c2fd70d7de961bcf0e51575235fad/library/test/src/lib.rs:650:27
[INFO] [stdout]   31:     0x5654dec355d1 - test::run_test::{{closure}}::h1f509f28f5cf20b1
[INFO] [stdout]                                at /rustc/0e09125c6c3c2fd70d7de961bcf0e51575235fad/library/test/src/lib.rs:573:43
[INFO] [stdout]   32:     0x5654debfc906 - test::run_test::{{closure}}::h1754218abf443f6d
[INFO] [stdout]                                at /rustc/0e09125c6c3c2fd70d7de961bcf0e51575235fad/library/test/src/lib.rs:601:41
[INFO] [stdout]   33:     0x5654debfc906 - std::sys_common::backtrace::__rust_begin_short_backtrace::h2ee174b9d5954948
[INFO] [stdout]                                at /rustc/0e09125c6c3c2fd70d7de961bcf0e51575235fad/library/std/src/sys_common/backtrace.rs:155:18
[INFO] [stdout]   34:     0x5654dec01967 - std::thread::Builder::spawn_unchecked_::{{closure}}::{{closure}}::hf60bee9c1a17ef09
[INFO] [stdout]                                at /rustc/0e09125c6c3c2fd70d7de961bcf0e51575235fad/library/std/src/thread/mod.rs:529:17
[INFO] [stdout]   35:     0x5654dec01967 - <core::panic::unwind_safe::AssertUnwindSafe<F> as core::ops::function::FnOnce<()>>::call_once::h33d0dddec5216160
[INFO] [stdout]                                at /rustc/0e09125c6c3c2fd70d7de961bcf0e51575235fad/library/core/src/panic/unwind_safe.rs:272:9
[INFO] [stdout]   36:     0x5654dec01967 - std::panicking::try::do_call::h144b3048b546f835
[INFO] [stdout]                                at /rustc/0e09125c6c3c2fd70d7de961bcf0e51575235fad/library/std/src/panicking.rs:552:40
[INFO] [stdout]   37:     0x5654dec01967 - std::panicking::try::h978244d04646189f
[INFO] [stdout]                                at /rustc/0e09125c6c3c2fd70d7de961bcf0e51575235fad/library/std/src/panicking.rs:516:19
[INFO] [stdout]   38:     0x5654dec01967 - std::panic::catch_unwind::hdf436369d188fe86
[INFO] [stdout]                                at /rustc/0e09125c6c3c2fd70d7de961bcf0e51575235fad/library/std/src/panic.rs:142:14
[INFO] [stdout]   39:     0x5654dec01967 - std::thread::Builder::spawn_unchecked_::{{closure}}::h87329cbdd33c79ec
[INFO] [stdout]                                at /rustc/0e09125c6c3c2fd70d7de961bcf0e51575235fad/library/std/src/thread/mod.rs:528:30
[INFO] [stdout]   40:     0x5654dec01967 - core::ops::function::FnOnce::call_once{{vtable.shim}}::h401abbe67897d450
[INFO] [stdout]                                at /rustc/0e09125c6c3c2fd70d7de961bcf0e51575235fad/library/core/src/ops/function.rs:250:5
[INFO] [stdout]   41:     0x5654dec6a2e5 - <alloc::boxed::Box<F,A> as core::ops::function::FnOnce<Args>>::call_once::h5d7c8f150ab9c84c
[INFO] [stdout]                                at /rustc/0e09125c6c3c2fd70d7de961bcf0e51575235fad/library/alloc/src/boxed.rs:2015:9
[INFO] [stdout]   42:     0x5654dec6a2e5 - <alloc::boxed::Box<F,A> as core::ops::function::FnOnce<Args>>::call_once::h570d5b005c242c15
[INFO] [stdout]                                at /rustc/0e09125c6c3c2fd70d7de961bcf0e51575235fad/library/alloc/src/boxed.rs:2015:9
[INFO] [stdout]   43:     0x5654dec6a2e5 - std::sys::unix::thread::Thread::new::thread_start::h36b0a20c0b2361ad
[INFO] [stdout]                                at /rustc/0e09125c6c3c2fd70d7de961bcf0e51575235fad/library/std/src/sys/unix/thread.rs:108:17
[INFO] [stdout]   44:     0x7f11c7ff9ac3 - <unknown>
[INFO] [stdout]   45:     0x7f11c808abf4 - __clone
[INFO] [stdout]   46:                0x0 - <unknown>
[INFO] [stdout] 
[INFO] [stdout] 
[INFO] [stdout] failures:
[INFO] [stdout]     tests::step
[INFO] [stdout] 
[INFO] [stdout] test result: FAILED. 6 passed; 1 failed; 0 ignored; 0 measured; 0 filtered out; finished in 0.01s
[INFO] [stdout] 
[INFO] [stderr] error: test failed, to rerun pass `--lib`
[INFO] running `Command { std: "docker" "inspect" "f30964fd5f4c32a52a469f1d4d7d32a0101617504ea01b80098135c40696d6ad", kill_on_drop: false }`
[INFO] running `Command { std: "docker" "rm" "-f" "f30964fd5f4c32a52a469f1d4d7d32a0101617504ea01b80098135c40696d6ad", kill_on_drop: false }`
[INFO] [stdout] f30964fd5f4c32a52a469f1d4d7d32a0101617504ea01b80098135c40696d6ad
