[INFO] fetching crate gmt_dos-clients 3.2.0...
[INFO] testing gmt_dos-clients-3.2.0 against 1.75.0 for beta-1.76-1
[INFO] extracting crate gmt_dos-clients 3.2.0 into /workspace/builds/worker-5-tc1/source
[INFO] validating manifest of crates.io crate gmt_dos-clients 3.2.0 on toolchain 1.75.0
[INFO] running `Command { std: CARGO_HOME="/workspace/cargo-home" RUSTUP_HOME="/workspace/rustup-home" "/workspace/cargo-home/bin/cargo" "+1.75.0" "metadata" "--manifest-path" "Cargo.toml" "--no-deps", kill_on_drop: false }`
[INFO] started tweaking crates.io crate gmt_dos-clients 3.2.0
[INFO] finished tweaking crates.io crate gmt_dos-clients 3.2.0
[INFO] tweaked toml for crates.io crate gmt_dos-clients 3.2.0 written to /workspace/builds/worker-5-tc1/source/Cargo.toml
[INFO] running `Command { std: CARGO_HOME="/workspace/cargo-home" RUSTUP_HOME="/workspace/rustup-home" "/workspace/cargo-home/bin/cargo" "+1.75.0" "generate-lockfile" "--manifest-path" "Cargo.toml", kill_on_drop: false }`
[INFO] [stderr]     Updating crates.io index
[INFO] running `Command { std: CARGO_HOME="/workspace/cargo-home" RUSTUP_HOME="/workspace/rustup-home" "/workspace/cargo-home/bin/cargo" "+1.75.0" "fetch" "--manifest-path" "Cargo.toml", kill_on_drop: false }`
[INFO] [stderr]  Downloading crates ...
[INFO] [stderr]   Downloaded bincode v2.0.0-rc.3
[INFO] [stderr]   Downloaded gmt_dos-actors-clients_interface v0.1.5
[INFO] [stderr]   Downloaded bincode_derive v2.0.0-rc.3
[INFO] [stderr]   Downloaded dos-uid-derive v4.1.0
[INFO] [stderr]   Downloaded virtue v0.0.13
[INFO] [stderr]   Downloaded paris v1.5.15
[INFO] [stderr]   Downloaded matio-rs-sys v0.2.2
[INFO] [stderr]   Downloaded matio-rs_derive v0.1.0
[INFO] [stderr]   Downloaded matio-rs v1.3.1
[INFO] running `Command { std: "docker" "create" "-v" "/var/lib/crater-agent-workspace/builds/worker-5-tc1/target:/opt/rustwide/target:rw,Z" "-v" "/var/lib/crater-agent-workspace/builds/worker-5-tc1/source:/opt/rustwide/workdir:ro,Z" "-v" "/var/lib/crater-agent-workspace/cargo-home:/opt/rustwide/cargo-home:ro,Z" "-v" "/var/lib/crater-agent-workspace/rustup-home:/opt/rustwide/rustup-home:ro,Z" "-e" "SOURCE_DIR=/opt/rustwide/workdir" "-e" "CARGO_TARGET_DIR=/opt/rustwide/target" "-e" "CARGO_HOME=/opt/rustwide/cargo-home" "-e" "RUSTUP_HOME=/opt/rustwide/rustup-home" "-w" "/opt/rustwide/workdir" "-m" "1610612736" "--user" "0:0" "--network" "none" "ghcr.io/rust-lang/crates-build-env/linux@sha256:2788e3201cd34a07e3172128adcd8b3090168a8e3bcc40d7c032b9dda1df7d1c" "/opt/rustwide/cargo-home/bin/cargo" "+1.75.0" "metadata" "--no-deps" "--format-version=1", kill_on_drop: false }`
[INFO] [stdout] 66dec0c8706fb6137dcc3829a5fae705ca2c35d7bb3930b53c1cd97fcd4efd08
[INFO] running `Command { std: "docker" "start" "-a" "66dec0c8706fb6137dcc3829a5fae705ca2c35d7bb3930b53c1cd97fcd4efd08", kill_on_drop: false }`
[INFO] running `Command { std: "docker" "inspect" "66dec0c8706fb6137dcc3829a5fae705ca2c35d7bb3930b53c1cd97fcd4efd08", kill_on_drop: false }`
[INFO] running `Command { std: "docker" "rm" "-f" "66dec0c8706fb6137dcc3829a5fae705ca2c35d7bb3930b53c1cd97fcd4efd08", kill_on_drop: false }`
[INFO] [stdout] 66dec0c8706fb6137dcc3829a5fae705ca2c35d7bb3930b53c1cd97fcd4efd08
[INFO] running `Command { std: "docker" "create" "-v" "/var/lib/crater-agent-workspace/builds/worker-5-tc1/target:/opt/rustwide/target:rw,Z" "-v" "/var/lib/crater-agent-workspace/builds/worker-5-tc1/source:/opt/rustwide/workdir:ro,Z" "-v" "/var/lib/crater-agent-workspace/cargo-home:/opt/rustwide/cargo-home:ro,Z" "-v" "/var/lib/crater-agent-workspace/rustup-home:/opt/rustwide/rustup-home:ro,Z" "-e" "SOURCE_DIR=/opt/rustwide/workdir" "-e" "CARGO_TARGET_DIR=/opt/rustwide/target" "-e" "CARGO_INCREMENTAL=0" "-e" "RUST_BACKTRACE=full" "-e" "RUSTFLAGS=--cap-lints=warn" "-e" "RUSTDOCFLAGS=--cap-lints=warn" "-e" "CARGO_HOME=/opt/rustwide/cargo-home" "-e" "RUSTUP_HOME=/opt/rustwide/rustup-home" "-w" "/opt/rustwide/workdir" "-m" "1610612736" "--user" "0:0" "--network" "none" "ghcr.io/rust-lang/crates-build-env/linux@sha256:2788e3201cd34a07e3172128adcd8b3090168a8e3bcc40d7c032b9dda1df7d1c" "/opt/rustwide/cargo-home/bin/cargo" "+1.75.0" "build" "--frozen" "--message-format=json", kill_on_drop: false }`
[INFO] [stdout] 80f84859bd5473a793e15e05f69ef1e423bda2d7b99f071f511e69d09228d5f3
[INFO] running `Command { std: "docker" "start" "-a" "80f84859bd5473a793e15e05f69ef1e423bda2d7b99f071f511e69d09228d5f3", kill_on_drop: false }`
[INFO] [stderr]    Compiling portable-atomic v1.6.0
[INFO] [stderr]    Compiling paris v1.5.15
[INFO] [stderr]    Compiling number_prefix v0.4.0
[INFO] [stderr]    Compiling syn v2.0.48
[INFO] [stderr]    Compiling console v0.15.7
[INFO] [stderr]    Compiling indicatif v0.17.7
[INFO] [stderr]    Compiling thiserror-impl v1.0.56
[INFO] [stderr]    Compiling dos-uid-derive v4.1.0
[INFO] [stderr]    Compiling gmt_dos-actors-clients_interface v0.1.5
[INFO] [stderr]    Compiling thiserror v1.0.56
[INFO] [stderr]    Compiling gmt_dos-clients v3.2.0 (/opt/rustwide/workdir)
[INFO] [stderr]     Finished dev [unoptimized + debuginfo] target(s) in 6.58s
[INFO] running `Command { std: "docker" "inspect" "80f84859bd5473a793e15e05f69ef1e423bda2d7b99f071f511e69d09228d5f3", kill_on_drop: false }`
[INFO] running `Command { std: "docker" "rm" "-f" "80f84859bd5473a793e15e05f69ef1e423bda2d7b99f071f511e69d09228d5f3", kill_on_drop: false }`
[INFO] [stdout] 80f84859bd5473a793e15e05f69ef1e423bda2d7b99f071f511e69d09228d5f3
[INFO] running `Command { std: "docker" "create" "-v" "/var/lib/crater-agent-workspace/builds/worker-5-tc1/target:/opt/rustwide/target:rw,Z" "-v" "/var/lib/crater-agent-workspace/builds/worker-5-tc1/source:/opt/rustwide/workdir:ro,Z" "-v" "/var/lib/crater-agent-workspace/cargo-home:/opt/rustwide/cargo-home:ro,Z" "-v" "/var/lib/crater-agent-workspace/rustup-home:/opt/rustwide/rustup-home:ro,Z" "-e" "SOURCE_DIR=/opt/rustwide/workdir" "-e" "CARGO_TARGET_DIR=/opt/rustwide/target" "-e" "CARGO_INCREMENTAL=0" "-e" "RUST_BACKTRACE=full" "-e" "RUSTFLAGS=--cap-lints=warn" "-e" "RUSTDOCFLAGS=--cap-lints=warn" "-e" "CARGO_HOME=/opt/rustwide/cargo-home" "-e" "RUSTUP_HOME=/opt/rustwide/rustup-home" "-w" "/opt/rustwide/workdir" "-m" "1610612736" "--user" "0:0" "--network" "none" "ghcr.io/rust-lang/crates-build-env/linux@sha256:2788e3201cd34a07e3172128adcd8b3090168a8e3bcc40d7c032b9dda1df7d1c" "/opt/rustwide/cargo-home/bin/cargo" "+1.75.0" "test" "--frozen" "--no-run" "--message-format=json", kill_on_drop: false }`
[INFO] [stdout] 2c599995499974ca8f724d64e888c687043e22feeaa871186a6a4d90f7a242b4
[INFO] running `Command { std: "docker" "start" "-a" "2c599995499974ca8f724d64e888c687043e22feeaa871186a6a4d90f7a242b4", kill_on_drop: false }`
[INFO] [stderr]    Compiling gmt_dos-clients v3.2.0 (/opt/rustwide/workdir)
[INFO] [stderr]     Finished test [unoptimized + debuginfo] target(s) in 0.78s
[INFO] running `Command { std: "docker" "inspect" "2c599995499974ca8f724d64e888c687043e22feeaa871186a6a4d90f7a242b4", kill_on_drop: false }`
[INFO] running `Command { std: "docker" "rm" "-f" "2c599995499974ca8f724d64e888c687043e22feeaa871186a6a4d90f7a242b4", kill_on_drop: false }`
[INFO] [stdout] 2c599995499974ca8f724d64e888c687043e22feeaa871186a6a4d90f7a242b4
[INFO] running `Command { std: "docker" "create" "-v" "/var/lib/crater-agent-workspace/builds/worker-5-tc1/target:/opt/rustwide/target:rw,Z" "-v" "/var/lib/crater-agent-workspace/builds/worker-5-tc1/source:/opt/rustwide/workdir:ro,Z" "-v" "/var/lib/crater-agent-workspace/cargo-home:/opt/rustwide/cargo-home:ro,Z" "-v" "/var/lib/crater-agent-workspace/rustup-home:/opt/rustwide/rustup-home:ro,Z" "-e" "SOURCE_DIR=/opt/rustwide/workdir" "-e" "CARGO_TARGET_DIR=/opt/rustwide/target" "-e" "CARGO_INCREMENTAL=0" "-e" "RUST_BACKTRACE=full" "-e" "RUSTFLAGS=--cap-lints=warn" "-e" "RUSTDOCFLAGS=--cap-lints=warn" "-e" "CARGO_HOME=/opt/rustwide/cargo-home" "-e" "RUSTUP_HOME=/opt/rustwide/rustup-home" "-w" "/opt/rustwide/workdir" "-m" "1610612736" "--user" "0:0" "--network" "none" "ghcr.io/rust-lang/crates-build-env/linux@sha256:2788e3201cd34a07e3172128adcd8b3090168a8e3bcc40d7c032b9dda1df7d1c" "/opt/rustwide/cargo-home/bin/cargo" "+1.75.0" "test" "--frozen", kill_on_drop: false }`
[INFO] [stdout] ba8c556c5209a3c3de4052819d9310ee2f0f875f3e4378d5a25e4e7f6adeef6c
[INFO] running `Command { std: "docker" "start" "-a" "ba8c556c5209a3c3de4052819d9310ee2f0f875f3e4378d5a25e4e7f6adeef6c", kill_on_drop: false }`
[INFO] [stderr]     Finished test [unoptimized + debuginfo] target(s) in 0.05s
[INFO] [stderr]      Running unittests src/lib.rs (/opt/rustwide/target/debug/deps/gmt_dos_clients-6ae57b0ea30d5988)
[INFO] [stdout] 
[INFO] [stdout] running 2 tests
[INFO] [stdout] test leftright::tests::split_at ... ok
[INFO] [stderr]    Doc-tests gmt_dos-clients
[INFO] [stdout] test leftright::tests::split_chunks_at ... ok
[INFO] [stdout] 
[INFO] [stdout] test result: ok. 2 passed; 0 failed; 0 ignored; 0 measured; 0 filtered out; finished in 0.00s
[INFO] [stdout] 
[INFO] [stdout] 
[INFO] [stdout] running 10 tests
[INFO] [stdout] test src/lib.rs - (line 54) ... FAILED
[INFO] [stdout] test src/lib.rs - (line 12) ... ok
[INFO] [stdout] test src/lib.rs - (line 24) ... ok
[INFO] [stdout] test src/print.rs - print (line 9) ... FAILED
[INFO] [stdout] test src/lib.rs - (line 30) ... ok
[INFO] [stdout] test src/lib.rs - (line 44) ... ok
[INFO] [stdout] test src/leftright.rs - leftright (line 10) ... ok
[INFO] [stdout] test src/lib.rs - (line 17) ... ok
[INFO] [stdout] test src/once.rs - once (line 8) ... ok
[INFO] [stdout] test src/leftright.rs - leftright (line 42) ... ok
[INFO] [stdout] 
[INFO] [stdout] failures:
[INFO] [stdout] 
[INFO] [stdout] ---- src/lib.rs - (line 54) stdout ----
[INFO] [stdout] error[E0277]: the trait bound `Client: Update` is not satisfied
[INFO] [stdout]   --> src/lib.rs:63:19
[INFO] [stdout]    |
[INFO] [stdout] 11 | impl Write<A> for Client {
[INFO] [stdout]    |                   ^^^^^^ the trait `Update` is not implemented for `Client`
[INFO] [stdout]    |
[INFO] [stdout]    = help: the trait `Update` is implemented for `Select<U, IDX>`
[INFO] [stdout] note: required by a bound in `gmt_dos_actors_clients_interface::Write`
[INFO] [stdout]   --> /opt/rustwide/cargo-home/registry/src/index.crates.io-6f17d22bba15001f/gmt_dos-actors-clients_interface-0.1.5/src/lib.rs:79:39
[INFO] [stdout]    |
[INFO] [stdout] 79 | pub trait Write<U: UniqueIdentifier>: Update {
[INFO] [stdout]    |                                       ^^^^^^ required by this bound in `Write`
[INFO] [stdout] 
[INFO] [stdout] error[E0277]: the trait bound `Client: Update` is not satisfied
[INFO] [stdout]   --> src/lib.rs:68:18
[INFO] [stdout]    |
[INFO] [stdout] 16 | impl Size<A> for Client {
[INFO] [stdout]    |                  ^^^^^^ the trait `Update` is not implemented for `Client`
[INFO] [stdout]    |
[INFO] [stdout]    = help: the trait `Update` is implemented for `Select<U, IDX>`
[INFO] [stdout] note: required by a bound in `Size`
[INFO] [stdout]   --> /opt/rustwide/cargo-home/registry/src/index.crates.io-6f17d22bba15001f/gmt_dos-actors-clients_interface-0.1.5/src/lib.rs:83:38
[INFO] [stdout]    |
[INFO] [stdout] 83 | pub trait Size<U: UniqueIdentifier>: Update {
[INFO] [stdout]    |                                      ^^^^^^ required by this bound in `Size`
[INFO] [stdout] 
[INFO] [stdout] error[E0277]: the trait bound `Client: Update` is not satisfied
[INFO] [stdout]   --> src/lib.rs:77:28
[INFO] [stdout]    |
[INFO] [stdout] 25 | #[alias(name = A, client = Client, traits = Write ,Size)]
[INFO] [stdout]    |                            ^^^^^^ the trait `Update` is not implemented for `Client`
[INFO] [stdout]    |
[INFO] [stdout]    = help: the trait `Update` is implemented for `Select<U, IDX>`
[INFO] [stdout] note: required by a bound in `gmt_dos_actors_clients_interface::Write`
[INFO] [stdout]   --> /opt/rustwide/cargo-home/registry/src/index.crates.io-6f17d22bba15001f/gmt_dos-actors-clients_interface-0.1.5/src/lib.rs:79:39
[INFO] [stdout]    |
[INFO] [stdout] 79 | pub trait Write<U: UniqueIdentifier>: Update {
[INFO] [stdout]    |                                       ^^^^^^ required by this bound in `Write`
[INFO] [stdout] 
[INFO] [stdout] error[E0277]: the trait bound `Client: Update` is not satisfied
[INFO] [stdout]   --> src/lib.rs:77:28
[INFO] [stdout]    |
[INFO] [stdout] 25 | #[alias(name = A, client = Client, traits = Write ,Size)]
[INFO] [stdout]    |                            ^^^^^^ the trait `Update` is not implemented for `Client`
[INFO] [stdout]    |
[INFO] [stdout]    = help: the trait `Update` is implemented for `Select<U, IDX>`
[INFO] [stdout] note: required by a bound in `Size`
[INFO] [stdout]   --> /opt/rustwide/cargo-home/registry/src/index.crates.io-6f17d22bba15001f/gmt_dos-actors-clients_interface-0.1.5/src/lib.rs:83:38
[INFO] [stdout]    |
[INFO] [stdout] 83 | pub trait Size<U: UniqueIdentifier>: Update {
[INFO] [stdout]    |                                      ^^^^^^ required by this bound in `Size`
[INFO] [stdout] 
[INFO] [stdout] error: aborting due to 4 previous errors
[INFO] [stdout] 
[INFO] [stdout] For more information about this error, try `rustc --explain E0277`.
[INFO] [stdout] Couldn't compile the test.
[INFO] [stdout] ---- src/print.rs - print (line 9) stdout ----
[INFO] [stdout] error: expected `;`, found keyword `let`
[INFO] [stdout]  --> src/print.rs:11:34
[INFO] [stdout]   |
[INFO] [stdout] 5 | use gmt_dos_clients::print::Print
[INFO] [stdout]   |                                  ^ help: add `;` here
[INFO] [stdout] 6 |
[INFO] [stdout] 7 | let print_data = Print::default();
[INFO] [stdout]   | --- unexpected token
[INFO] [stdout] 
[INFO] [stdout] error[E0283]: type annotations needed for `Print<T>`
[INFO] [stdout]  --> src/print.rs:13:5
[INFO] [stdout]   |
[INFO] [stdout] 7 | let print_data = Print::default();
[INFO] [stdout]   |     ^^^^^^^^^^   ----- type must be known at this point
[INFO] [stdout]   |
[INFO] [stdout]   = note: cannot satisfy `_: Default`
[INFO] [stdout]   = note: required for `Print<_>` to implement `Default`
[INFO] [stdout] help: consider giving `print_data` an explicit type, where the type for type parameter `T` is specified
[INFO] [stdout]   |
[INFO] [stdout] 7 | let print_data: Print<T> = Print::default();
[INFO] [stdout]   |               ++++++++++
[INFO] [stdout] 
[INFO] [stdout] error: aborting due to 2 previous errors
[INFO] [stdout] 
[INFO] [stdout] For more information about this error, try `rustc --explain E0283`.
[INFO] [stdout] Couldn't compile the test.
[INFO] [stdout] 
[INFO] [stdout] failures:
[INFO] [stdout]     src/lib.rs - (line 54)
[INFO] [stdout]     src/print.rs - print (line 9)
[INFO] [stdout] 
[INFO] [stdout] test result: FAILED. 8 passed; 2 failed; 0 ignored; 0 measured; 0 filtered out; finished in 1.28s
[INFO] [stdout] 
[INFO] [stderr] error: doctest failed, to rerun pass `--doc`
[INFO] running `Command { std: "docker" "inspect" "ba8c556c5209a3c3de4052819d9310ee2f0f875f3e4378d5a25e4e7f6adeef6c", kill_on_drop: false }`
[INFO] running `Command { std: "docker" "rm" "-f" "ba8c556c5209a3c3de4052819d9310ee2f0f875f3e4378d5a25e4e7f6adeef6c", kill_on_drop: false }`
[INFO] [stdout] ba8c556c5209a3c3de4052819d9310ee2f0f875f3e4378d5a25e4e7f6adeef6c
[INFO] testing gmt_dos-clients-3.2.0 against beta-2023-12-22 for beta-1.76-1
[INFO] extracting crate gmt_dos-clients 3.2.0 into /workspace/builds/worker-5-tc2/source
[INFO] validating manifest of crates.io crate gmt_dos-clients 3.2.0 on toolchain beta-2023-12-22
[INFO] running `Command { std: CARGO_HOME="/workspace/cargo-home" RUSTUP_HOME="/workspace/rustup-home" "/workspace/cargo-home/bin/cargo" "+beta-2023-12-22" "metadata" "--manifest-path" "Cargo.toml" "--no-deps", kill_on_drop: false }`
[INFO] started tweaking crates.io crate gmt_dos-clients 3.2.0
[INFO] finished tweaking crates.io crate gmt_dos-clients 3.2.0
[INFO] tweaked toml for crates.io crate gmt_dos-clients 3.2.0 written to /workspace/builds/worker-5-tc2/source/Cargo.toml
[INFO] running `Command { std: CARGO_HOME="/workspace/cargo-home" RUSTUP_HOME="/workspace/rustup-home" "/workspace/cargo-home/bin/cargo" "+beta-2023-12-22" "generate-lockfile" "--manifest-path" "Cargo.toml", kill_on_drop: false }`
[INFO] [stderr]     Updating crates.io index
[INFO] running `Command { std: CARGO_HOME="/workspace/cargo-home" RUSTUP_HOME="/workspace/rustup-home" "/workspace/cargo-home/bin/cargo" "+beta-2023-12-22" "fetch" "--manifest-path" "Cargo.toml", kill_on_drop: false }`
[INFO] running `Command { std: "docker" "create" "-v" "/var/lib/crater-agent-workspace/builds/worker-5-tc2/target:/opt/rustwide/target:rw,Z" "-v" "/var/lib/crater-agent-workspace/builds/worker-5-tc2/source:/opt/rustwide/workdir:ro,Z" "-v" "/var/lib/crater-agent-workspace/cargo-home:/opt/rustwide/cargo-home:ro,Z" "-v" "/var/lib/crater-agent-workspace/rustup-home:/opt/rustwide/rustup-home:ro,Z" "-e" "SOURCE_DIR=/opt/rustwide/workdir" "-e" "CARGO_TARGET_DIR=/opt/rustwide/target" "-e" "CARGO_HOME=/opt/rustwide/cargo-home" "-e" "RUSTUP_HOME=/opt/rustwide/rustup-home" "-w" "/opt/rustwide/workdir" "-m" "1610612736" "--user" "0:0" "--network" "none" "ghcr.io/rust-lang/crates-build-env/linux@sha256:2788e3201cd34a07e3172128adcd8b3090168a8e3bcc40d7c032b9dda1df7d1c" "/opt/rustwide/cargo-home/bin/cargo" "+beta-2023-12-22" "metadata" "--no-deps" "--format-version=1", kill_on_drop: false }`
[INFO] [stdout] 64e48f4399881a07f3138f1e3158282b0ae5ca65eab48a56dcda25ff5d8fe96d
[INFO] running `Command { std: "docker" "start" "-a" "64e48f4399881a07f3138f1e3158282b0ae5ca65eab48a56dcda25ff5d8fe96d", kill_on_drop: false }`
[INFO] running `Command { std: "docker" "inspect" "64e48f4399881a07f3138f1e3158282b0ae5ca65eab48a56dcda25ff5d8fe96d", kill_on_drop: false }`
[INFO] running `Command { std: "docker" "rm" "-f" "64e48f4399881a07f3138f1e3158282b0ae5ca65eab48a56dcda25ff5d8fe96d", kill_on_drop: false }`
[INFO] [stdout] 64e48f4399881a07f3138f1e3158282b0ae5ca65eab48a56dcda25ff5d8fe96d
[INFO] running `Command { std: "docker" "create" "-v" "/var/lib/crater-agent-workspace/builds/worker-5-tc2/target:/opt/rustwide/target:rw,Z" "-v" "/var/lib/crater-agent-workspace/builds/worker-5-tc2/source:/opt/rustwide/workdir:ro,Z" "-v" "/var/lib/crater-agent-workspace/cargo-home:/opt/rustwide/cargo-home:ro,Z" "-v" "/var/lib/crater-agent-workspace/rustup-home:/opt/rustwide/rustup-home:ro,Z" "-e" "SOURCE_DIR=/opt/rustwide/workdir" "-e" "CARGO_TARGET_DIR=/opt/rustwide/target" "-e" "CARGO_INCREMENTAL=0" "-e" "RUST_BACKTRACE=full" "-e" "RUSTFLAGS=--cap-lints=warn" "-e" "RUSTDOCFLAGS=--cap-lints=warn" "-e" "CARGO_HOME=/opt/rustwide/cargo-home" "-e" "RUSTUP_HOME=/opt/rustwide/rustup-home" "-w" "/opt/rustwide/workdir" "-m" "1610612736" "--user" "0:0" "--network" "none" "ghcr.io/rust-lang/crates-build-env/linux@sha256:2788e3201cd34a07e3172128adcd8b3090168a8e3bcc40d7c032b9dda1df7d1c" "/opt/rustwide/cargo-home/bin/cargo" "+beta-2023-12-22" "build" "--frozen" "--message-format=json", kill_on_drop: false }`
[INFO] [stdout] 9693418c7ec749e75e70f7bf117ce1e9512ef16b9f49b9f334ec5f0bb6cd3bfd
[INFO] running `Command { std: "docker" "start" "-a" "9693418c7ec749e75e70f7bf117ce1e9512ef16b9f49b9f334ec5f0bb6cd3bfd", kill_on_drop: false }`
[INFO] [stderr]    Compiling portable-atomic v1.6.0
[INFO] [stderr]    Compiling number_prefix v0.4.0
[INFO] [stderr]    Compiling paris v1.5.15
[INFO] [stderr]    Compiling syn v2.0.48
[INFO] [stderr]    Compiling console v0.15.7
[INFO] [stderr]    Compiling indicatif v0.17.7
[INFO] [stderr]    Compiling dos-uid-derive v4.1.0
[INFO] [stderr]    Compiling thiserror-impl v1.0.56
[INFO] [stderr]    Compiling gmt_dos-actors-clients_interface v0.1.5
[INFO] [stderr]    Compiling thiserror v1.0.56
[INFO] [stderr]    Compiling gmt_dos-clients v3.2.0 (/opt/rustwide/workdir)
[INFO] [stderr]     Finished dev [unoptimized + debuginfo] target(s) in 6.41s
[INFO] running `Command { std: "docker" "inspect" "9693418c7ec749e75e70f7bf117ce1e9512ef16b9f49b9f334ec5f0bb6cd3bfd", kill_on_drop: false }`
[INFO] running `Command { std: "docker" "rm" "-f" "9693418c7ec749e75e70f7bf117ce1e9512ef16b9f49b9f334ec5f0bb6cd3bfd", kill_on_drop: false }`
[INFO] [stdout] 9693418c7ec749e75e70f7bf117ce1e9512ef16b9f49b9f334ec5f0bb6cd3bfd
[INFO] running `Command { std: "docker" "create" "-v" "/var/lib/crater-agent-workspace/builds/worker-5-tc2/target:/opt/rustwide/target:rw,Z" "-v" "/var/lib/crater-agent-workspace/builds/worker-5-tc2/source:/opt/rustwide/workdir:ro,Z" "-v" "/var/lib/crater-agent-workspace/cargo-home:/opt/rustwide/cargo-home:ro,Z" "-v" "/var/lib/crater-agent-workspace/rustup-home:/opt/rustwide/rustup-home:ro,Z" "-e" "SOURCE_DIR=/opt/rustwide/workdir" "-e" "CARGO_TARGET_DIR=/opt/rustwide/target" "-e" "CARGO_INCREMENTAL=0" "-e" "RUST_BACKTRACE=full" "-e" "RUSTFLAGS=--cap-lints=warn" "-e" "RUSTDOCFLAGS=--cap-lints=warn" "-e" "CARGO_HOME=/opt/rustwide/cargo-home" "-e" "RUSTUP_HOME=/opt/rustwide/rustup-home" "-w" "/opt/rustwide/workdir" "-m" "1610612736" "--user" "0:0" "--network" "none" "ghcr.io/rust-lang/crates-build-env/linux@sha256:2788e3201cd34a07e3172128adcd8b3090168a8e3bcc40d7c032b9dda1df7d1c" "/opt/rustwide/cargo-home/bin/cargo" "+beta-2023-12-22" "test" "--frozen" "--no-run" "--message-format=json", kill_on_drop: false }`
[INFO] [stdout] 4b387c7e4e4fe78d2ec31a2c01d79f6042a7c6e6f045489ccdb9215cec6ff69d
[INFO] running `Command { std: "docker" "start" "-a" "4b387c7e4e4fe78d2ec31a2c01d79f6042a7c6e6f045489ccdb9215cec6ff69d", kill_on_drop: false }`
[INFO] [stderr]    Compiling gmt_dos-clients v3.2.0 (/opt/rustwide/workdir)
[INFO] [stderr]     Finished test [unoptimized + debuginfo] target(s) in 0.77s
[INFO] running `Command { std: "docker" "inspect" "4b387c7e4e4fe78d2ec31a2c01d79f6042a7c6e6f045489ccdb9215cec6ff69d", kill_on_drop: false }`
[INFO] running `Command { std: "docker" "rm" "-f" "4b387c7e4e4fe78d2ec31a2c01d79f6042a7c6e6f045489ccdb9215cec6ff69d", kill_on_drop: false }`
[INFO] [stdout] 4b387c7e4e4fe78d2ec31a2c01d79f6042a7c6e6f045489ccdb9215cec6ff69d
[INFO] running `Command { std: "docker" "create" "-v" "/var/lib/crater-agent-workspace/builds/worker-5-tc2/target:/opt/rustwide/target:rw,Z" "-v" "/var/lib/crater-agent-workspace/builds/worker-5-tc2/source:/opt/rustwide/workdir:ro,Z" "-v" "/var/lib/crater-agent-workspace/cargo-home:/opt/rustwide/cargo-home:ro,Z" "-v" "/var/lib/crater-agent-workspace/rustup-home:/opt/rustwide/rustup-home:ro,Z" "-e" "SOURCE_DIR=/opt/rustwide/workdir" "-e" "CARGO_TARGET_DIR=/opt/rustwide/target" "-e" "CARGO_INCREMENTAL=0" "-e" "RUST_BACKTRACE=full" "-e" "RUSTFLAGS=--cap-lints=warn" "-e" "RUSTDOCFLAGS=--cap-lints=warn" "-e" "CARGO_HOME=/opt/rustwide/cargo-home" "-e" "RUSTUP_HOME=/opt/rustwide/rustup-home" "-w" "/opt/rustwide/workdir" "-m" "1610612736" "--user" "0:0" "--network" "none" "ghcr.io/rust-lang/crates-build-env/linux@sha256:2788e3201cd34a07e3172128adcd8b3090168a8e3bcc40d7c032b9dda1df7d1c" "/opt/rustwide/cargo-home/bin/cargo" "+beta-2023-12-22" "test" "--frozen", kill_on_drop: false }`
[INFO] [stdout] 387bb526f2058b2b4f4f256886dda6b5ba61c4fbde8521a198f8a58aec881b41
[INFO] running `Command { std: "docker" "start" "-a" "387bb526f2058b2b4f4f256886dda6b5ba61c4fbde8521a198f8a58aec881b41", kill_on_drop: false }`
[INFO] [stderr]     Finished test [unoptimized + debuginfo] target(s) in 0.05s
[INFO] [stderr]      Running unittests src/lib.rs (/opt/rustwide/target/debug/deps/gmt_dos_clients-71c4bccc759bdc11)
[INFO] [stdout] 
[INFO] [stdout] running 2 tests
[INFO] [stdout] test leftright::tests::split_at ... ok
[INFO] [stderr]    Doc-tests gmt_dos-clients
[INFO] [stdout] test leftright::tests::split_chunks_at ... ok
[INFO] [stdout] 
[INFO] [stdout] test result: ok. 2 passed; 0 failed; 0 ignored; 0 measured; 0 filtered out; finished in 0.00s
[INFO] [stdout] 
[INFO] [stdout] 
[INFO] [stdout] running 10 tests
[INFO] [stdout] test src/lib.rs - (line 54) ... FAILED
[INFO] [stdout] test src/lib.rs - (line 12) ... ok
[INFO] [stdout] test src/lib.rs - (line 44) ... ok
[INFO] [stdout] test src/print.rs - print (line 9) ... FAILED
[INFO] [stdout] test src/lib.rs - (line 30) ... ok
[INFO] [stdout] test src/lib.rs - (line 24) ... ok
[INFO] [stdout] test src/lib.rs - (line 17) ... ok
[INFO] [stdout] test src/once.rs - once (line 8) ... ok
[INFO] [stdout] test src/leftright.rs - leftright (line 42) ... ok
[INFO] [stdout] test src/leftright.rs - leftright (line 10) ... ok
[INFO] [stdout] 
[INFO] [stdout] failures:
[INFO] [stdout] 
[INFO] [stdout] ---- src/lib.rs - (line 54) stdout ----
[INFO] [stdout] error[E0277]: the trait bound `Client: Update` is not satisfied
[INFO] [stdout]   --> src/lib.rs:63:19
[INFO] [stdout]    |
[INFO] [stdout] 11 | impl Write<A> for Client {
[INFO] [stdout]    |                   ^^^^^^ the trait `Update` is not implemented for `Client`
[INFO] [stdout]    |
[INFO] [stdout]    = help: the trait `Update` is implemented for `Select<U, IDX>`
[INFO] [stdout] note: required by a bound in `gmt_dos_actors_clients_interface::Write`
[INFO] [stdout]   --> /opt/rustwide/cargo-home/registry/src/index.crates.io-6f17d22bba15001f/gmt_dos-actors-clients_interface-0.1.5/src/lib.rs:79:39
[INFO] [stdout]    |
[INFO] [stdout] 79 | pub trait Write<U: UniqueIdentifier>: Update {
[INFO] [stdout]    |                                       ^^^^^^ required by this bound in `Write`
[INFO] [stdout] 
[INFO] [stdout] error[E0277]: the trait bound `Client: Update` is not satisfied
[INFO] [stdout]   --> src/lib.rs:68:18
[INFO] [stdout]    |
[INFO] [stdout] 16 | impl Size<A> for Client {
[INFO] [stdout]    |                  ^^^^^^ the trait `Update` is not implemented for `Client`
[INFO] [stdout]    |
[INFO] [stdout]    = help: the trait `Update` is implemented for `Select<U, IDX>`
[INFO] [stdout] note: required by a bound in `Size`
[INFO] [stdout]   --> /opt/rustwide/cargo-home/registry/src/index.crates.io-6f17d22bba15001f/gmt_dos-actors-clients_interface-0.1.5/src/lib.rs:83:38
[INFO] [stdout]    |
[INFO] [stdout] 83 | pub trait Size<U: UniqueIdentifier>: Update {
[INFO] [stdout]    |                                      ^^^^^^ required by this bound in `Size`
[INFO] [stdout] 
[INFO] [stdout] error[E0277]: the trait bound `Client: Update` is not satisfied
[INFO] [stdout]   --> src/lib.rs:77:28
[INFO] [stdout]    |
[INFO] [stdout] 25 | #[alias(name = A, client = Client, traits = Write ,Size)]
[INFO] [stdout]    |                            ^^^^^^ the trait `Update` is not implemented for `Client`
[INFO] [stdout]    |
[INFO] [stdout]    = help: the trait `Update` is implemented for `Select<U, IDX>`
[INFO] [stdout] note: required by a bound in `gmt_dos_actors_clients_interface::Write`
[INFO] [stdout]   --> /opt/rustwide/cargo-home/registry/src/index.crates.io-6f17d22bba15001f/gmt_dos-actors-clients_interface-0.1.5/src/lib.rs:79:39
[INFO] [stdout]    |
[INFO] [stdout] 79 | pub trait Write<U: UniqueIdentifier>: Update {
[INFO] [stdout]    |                                       ^^^^^^ required by this bound in `Write`
[INFO] [stdout] 
[INFO] [stdout] error[E0277]: the trait bound `Client: Update` is not satisfied
[INFO] [stdout]   --> src/lib.rs:77:28
[INFO] [stdout]    |
[INFO] [stdout] 25 | #[alias(name = A, client = Client, traits = Write ,Size)]
[INFO] [stdout]    |                            ^^^^^^ the trait `Update` is not implemented for `Client`
[INFO] [stdout]    |
[INFO] [stdout]    = help: the trait `Update` is implemented for `Select<U, IDX>`
[INFO] [stdout] note: required by a bound in `Size`
[INFO] [stdout]   --> /opt/rustwide/cargo-home/registry/src/index.crates.io-6f17d22bba15001f/gmt_dos-actors-clients_interface-0.1.5/src/lib.rs:83:38
[INFO] [stdout]    |
[INFO] [stdout] 83 | pub trait Size<U: UniqueIdentifier>: Update {
[INFO] [stdout]    |                                      ^^^^^^ required by this bound in `Size`
[INFO] [stdout] 
[INFO] [stdout] error: aborting due to 4 previous errors
[INFO] [stdout] 
[INFO] [stdout] For more information about this error, try `rustc --explain E0277`.
[INFO] [stdout] Couldn't compile the test.
[INFO] [stdout] ---- src/print.rs - print (line 9) stdout ----
[INFO] [stdout] error: expected `;`, found keyword `let`
[INFO] [stdout]  --> src/print.rs:11:34
[INFO] [stdout]   |
[INFO] [stdout] 5 | use gmt_dos_clients::print::Print
[INFO] [stdout]   |                                  ^ help: add `;` here
[INFO] [stdout] 6 |
[INFO] [stdout] 7 | let print_data = Print::default();
[INFO] [stdout]   | --- unexpected token
[INFO] [stdout] 
[INFO] [stdout] error[E0283]: type annotations needed for `Print<T>`
[INFO] [stdout]  --> src/print.rs:13:5
[INFO] [stdout]   |
[INFO] [stdout] 7 | let print_data = Print::default();
[INFO] [stdout]   |     ^^^^^^^^^^   ----- type must be known at this point
[INFO] [stdout]   |
[INFO] [stdout]   = note: cannot satisfy `_: Default`
[INFO] [stdout]   = note: required for `Print<_>` to implement `Default`
[INFO] [stdout] help: consider giving `print_data` an explicit type, where the type for type parameter `T` is specified
[INFO] [stdout]   |
[INFO] [stdout] 7 | let print_data: Print<T> = Print::default();
[INFO] [stdout]   |               ++++++++++
[INFO] [stdout] 
[INFO] [stdout] error: aborting due to 2 previous errors
[INFO] [stdout] 
[INFO] [stdout] For more information about this error, try `rustc --explain E0283`.
[INFO] [stdout] Couldn't compile the test.
[INFO] [stdout] 
[INFO] [stdout] failures:
[INFO] [stdout]     src/lib.rs - (line 54)
[INFO] [stdout]     src/print.rs - print (line 9)
[INFO] [stdout] 
[INFO] [stdout] test result: FAILED. 8 passed; 2 failed; 0 ignored; 0 measured; 0 filtered out; finished in 1.37s
[INFO] [stdout] 
[INFO] [stderr] error: doctest failed, to rerun pass `--doc`
[INFO] running `Command { std: "docker" "inspect" "387bb526f2058b2b4f4f256886dda6b5ba61c4fbde8521a198f8a58aec881b41", kill_on_drop: false }`
[INFO] running `Command { std: "docker" "rm" "-f" "387bb526f2058b2b4f4f256886dda6b5ba61c4fbde8521a198f8a58aec881b41", kill_on_drop: false }`
[INFO] [stdout] 387bb526f2058b2b4f4f256886dda6b5ba61c4fbde8521a198f8a58aec881b41
