[INFO] fetching crate gmt_dos-actors_dsl 0.6.0...
[INFO] testing gmt_dos-actors_dsl-0.6.0 against 1.75.0 for beta-1.76-1
[INFO] extracting crate gmt_dos-actors_dsl 0.6.0 into /workspace/builds/worker-4-tc1/source
[INFO] validating manifest of crates.io crate gmt_dos-actors_dsl 0.6.0 on toolchain 1.75.0
[INFO] running `Command { std: CARGO_HOME="/workspace/cargo-home" RUSTUP_HOME="/workspace/rustup-home" "/workspace/cargo-home/bin/cargo" "+1.75.0" "metadata" "--manifest-path" "Cargo.toml" "--no-deps", kill_on_drop: false }`
[INFO] started tweaking crates.io crate gmt_dos-actors_dsl 0.6.0
[INFO] finished tweaking crates.io crate gmt_dos-actors_dsl 0.6.0
[INFO] tweaked toml for crates.io crate gmt_dos-actors_dsl 0.6.0 written to /workspace/builds/worker-4-tc1/source/Cargo.toml
[INFO] running `Command { std: CARGO_HOME="/workspace/cargo-home" RUSTUP_HOME="/workspace/rustup-home" "/workspace/cargo-home/bin/cargo" "+1.75.0" "generate-lockfile" "--manifest-path" "Cargo.toml", kill_on_drop: false }`
[INFO] [stderr]     Updating crates.io index
[INFO] running `Command { std: CARGO_HOME="/workspace/cargo-home" RUSTUP_HOME="/workspace/rustup-home" "/workspace/cargo-home/bin/cargo" "+1.75.0" "fetch" "--manifest-path" "Cargo.toml", kill_on_drop: false }`
[INFO] running `Command { std: "docker" "create" "-v" "/var/lib/crater-agent-workspace/builds/worker-4-tc1/target:/opt/rustwide/target:rw,Z" "-v" "/var/lib/crater-agent-workspace/builds/worker-4-tc1/source:/opt/rustwide/workdir:ro,Z" "-v" "/var/lib/crater-agent-workspace/cargo-home:/opt/rustwide/cargo-home:ro,Z" "-v" "/var/lib/crater-agent-workspace/rustup-home:/opt/rustwide/rustup-home:ro,Z" "-e" "SOURCE_DIR=/opt/rustwide/workdir" "-e" "CARGO_TARGET_DIR=/opt/rustwide/target" "-e" "CARGO_HOME=/opt/rustwide/cargo-home" "-e" "RUSTUP_HOME=/opt/rustwide/rustup-home" "-w" "/opt/rustwide/workdir" "-m" "1610612736" "--user" "0:0" "--network" "none" "ghcr.io/rust-lang/crates-build-env/linux@sha256:2788e3201cd34a07e3172128adcd8b3090168a8e3bcc40d7c032b9dda1df7d1c" "/opt/rustwide/cargo-home/bin/cargo" "+1.75.0" "metadata" "--no-deps" "--format-version=1", kill_on_drop: false }`
[INFO] [stdout] fdc1e1e344271df82b4066a31b4d9f9e4d7d48947603b84693bc88062a69a04f
[INFO] running `Command { std: "docker" "start" "-a" "fdc1e1e344271df82b4066a31b4d9f9e4d7d48947603b84693bc88062a69a04f", kill_on_drop: false }`
[INFO] running `Command { std: "docker" "inspect" "fdc1e1e344271df82b4066a31b4d9f9e4d7d48947603b84693bc88062a69a04f", kill_on_drop: false }`
[INFO] running `Command { std: "docker" "rm" "-f" "fdc1e1e344271df82b4066a31b4d9f9e4d7d48947603b84693bc88062a69a04f", kill_on_drop: false }`
[INFO] [stdout] fdc1e1e344271df82b4066a31b4d9f9e4d7d48947603b84693bc88062a69a04f
[INFO] running `Command { std: "docker" "create" "-v" "/var/lib/crater-agent-workspace/builds/worker-4-tc1/target:/opt/rustwide/target:rw,Z" "-v" "/var/lib/crater-agent-workspace/builds/worker-4-tc1/source:/opt/rustwide/workdir:ro,Z" "-v" "/var/lib/crater-agent-workspace/cargo-home:/opt/rustwide/cargo-home:ro,Z" "-v" "/var/lib/crater-agent-workspace/rustup-home:/opt/rustwide/rustup-home:ro,Z" "-e" "SOURCE_DIR=/opt/rustwide/workdir" "-e" "CARGO_TARGET_DIR=/opt/rustwide/target" "-e" "CARGO_INCREMENTAL=0" "-e" "RUST_BACKTRACE=full" "-e" "RUSTFLAGS=--cap-lints=warn" "-e" "RUSTDOCFLAGS=--cap-lints=warn" "-e" "CARGO_HOME=/opt/rustwide/cargo-home" "-e" "RUSTUP_HOME=/opt/rustwide/rustup-home" "-w" "/opt/rustwide/workdir" "-m" "1610612736" "--user" "0:0" "--network" "none" "ghcr.io/rust-lang/crates-build-env/linux@sha256:2788e3201cd34a07e3172128adcd8b3090168a8e3bcc40d7c032b9dda1df7d1c" "/opt/rustwide/cargo-home/bin/cargo" "+1.75.0" "build" "--frozen" "--message-format=json", kill_on_drop: false }`
[INFO] [stdout] 666dfbd0e47773c0d2f0196e801aed3db3d7a4207c30df80513d0b6b06f0a8cd
[INFO] running `Command { std: "docker" "start" "-a" "666dfbd0e47773c0d2f0196e801aed3db3d7a4207c30df80513d0b6b06f0a8cd", kill_on_drop: false }`
[INFO] [stderr]    Compiling proc-macro2 v1.0.75
[INFO] [stderr]    Compiling unicode-ident v1.0.12
[INFO] [stderr]    Compiling prettyplease v0.2.16
[INFO] [stderr]    Compiling once_cell v1.19.0
[INFO] [stderr]    Compiling pin-project-lite v0.2.13
[INFO] [stderr]    Compiling tracing-core v0.1.32
[INFO] [stderr]    Compiling quote v1.0.35
[INFO] [stderr]    Compiling syn v2.0.48
[INFO] [stderr]    Compiling tracing-attributes v0.1.27
[INFO] [stderr]    Compiling tracing v0.1.40
[INFO] [stderr]    Compiling gmt_dos-actors_dsl v0.6.0 (/opt/rustwide/workdir)
[INFO] [stderr]     Finished dev [unoptimized + debuginfo] target(s) in 7.95s
[INFO] running `Command { std: "docker" "inspect" "666dfbd0e47773c0d2f0196e801aed3db3d7a4207c30df80513d0b6b06f0a8cd", kill_on_drop: false }`
[INFO] running `Command { std: "docker" "rm" "-f" "666dfbd0e47773c0d2f0196e801aed3db3d7a4207c30df80513d0b6b06f0a8cd", kill_on_drop: false }`
[INFO] [stdout] 666dfbd0e47773c0d2f0196e801aed3db3d7a4207c30df80513d0b6b06f0a8cd
[INFO] running `Command { std: "docker" "create" "-v" "/var/lib/crater-agent-workspace/builds/worker-4-tc1/target:/opt/rustwide/target:rw,Z" "-v" "/var/lib/crater-agent-workspace/builds/worker-4-tc1/source:/opt/rustwide/workdir:ro,Z" "-v" "/var/lib/crater-agent-workspace/cargo-home:/opt/rustwide/cargo-home:ro,Z" "-v" "/var/lib/crater-agent-workspace/rustup-home:/opt/rustwide/rustup-home:ro,Z" "-e" "SOURCE_DIR=/opt/rustwide/workdir" "-e" "CARGO_TARGET_DIR=/opt/rustwide/target" "-e" "CARGO_INCREMENTAL=0" "-e" "RUST_BACKTRACE=full" "-e" "RUSTFLAGS=--cap-lints=warn" "-e" "RUSTDOCFLAGS=--cap-lints=warn" "-e" "CARGO_HOME=/opt/rustwide/cargo-home" "-e" "RUSTUP_HOME=/opt/rustwide/rustup-home" "-w" "/opt/rustwide/workdir" "-m" "1610612736" "--user" "0:0" "--network" "none" "ghcr.io/rust-lang/crates-build-env/linux@sha256:2788e3201cd34a07e3172128adcd8b3090168a8e3bcc40d7c032b9dda1df7d1c" "/opt/rustwide/cargo-home/bin/cargo" "+1.75.0" "test" "--frozen" "--no-run" "--message-format=json", kill_on_drop: false }`
[INFO] [stdout] 12bdb2f523c8865c50e72a0f9b9f67005ad2075c690e301cdaa0de14187050c0
[INFO] running `Command { std: "docker" "start" "-a" "12bdb2f523c8865c50e72a0f9b9f67005ad2075c690e301cdaa0de14187050c0", kill_on_drop: false }`
[INFO] [stderr]    Compiling gmt_dos-actors_dsl v0.6.0 (/opt/rustwide/workdir)
[INFO] [stderr]     Finished test [unoptimized + debuginfo] target(s) in 0.84s
[INFO] running `Command { std: "docker" "inspect" "12bdb2f523c8865c50e72a0f9b9f67005ad2075c690e301cdaa0de14187050c0", kill_on_drop: false }`
[INFO] running `Command { std: "docker" "rm" "-f" "12bdb2f523c8865c50e72a0f9b9f67005ad2075c690e301cdaa0de14187050c0", kill_on_drop: false }`
[INFO] [stdout] 12bdb2f523c8865c50e72a0f9b9f67005ad2075c690e301cdaa0de14187050c0
[INFO] running `Command { std: "docker" "create" "-v" "/var/lib/crater-agent-workspace/builds/worker-4-tc1/target:/opt/rustwide/target:rw,Z" "-v" "/var/lib/crater-agent-workspace/builds/worker-4-tc1/source:/opt/rustwide/workdir:ro,Z" "-v" "/var/lib/crater-agent-workspace/cargo-home:/opt/rustwide/cargo-home:ro,Z" "-v" "/var/lib/crater-agent-workspace/rustup-home:/opt/rustwide/rustup-home:ro,Z" "-e" "SOURCE_DIR=/opt/rustwide/workdir" "-e" "CARGO_TARGET_DIR=/opt/rustwide/target" "-e" "CARGO_INCREMENTAL=0" "-e" "RUST_BACKTRACE=full" "-e" "RUSTFLAGS=--cap-lints=warn" "-e" "RUSTDOCFLAGS=--cap-lints=warn" "-e" "CARGO_HOME=/opt/rustwide/cargo-home" "-e" "RUSTUP_HOME=/opt/rustwide/rustup-home" "-w" "/opt/rustwide/workdir" "-m" "1610612736" "--user" "0:0" "--network" "none" "ghcr.io/rust-lang/crates-build-env/linux@sha256:2788e3201cd34a07e3172128adcd8b3090168a8e3bcc40d7c032b9dda1df7d1c" "/opt/rustwide/cargo-home/bin/cargo" "+1.75.0" "test" "--frozen", kill_on_drop: false }`
[INFO] [stdout] d3a19f745c355e55f55a703cf646131cdf23f16272638d94cc4f60b17930c1a2
[INFO] running `Command { std: "docker" "start" "-a" "d3a19f745c355e55f55a703cf646131cdf23f16272638d94cc4f60b17930c1a2", kill_on_drop: false }`
[INFO] [stderr]     Finished test [unoptimized + debuginfo] target(s) in 0.01s
[INFO] [stderr]      Running unittests src/lib.rs (/opt/rustwide/target/debug/deps/gmt_dos_actors_dsl-464b045b8d4f6f0e)
[INFO] [stdout] 
[INFO] [stdout] running 0 tests
[INFO] [stdout] 
[INFO] [stdout] test result: ok. 0 passed; 0 failed; 0 ignored; 0 measured; 0 filtered out; finished in 0.00s
[INFO] [stdout] 
[INFO] [stderr]    Doc-tests gmt_dos-actors_dsl
[INFO] [stdout] 
[INFO] [stdout] running 24 tests
[INFO] [stdout] test src/lib.rs - (line 117) ... FAILED
[INFO] [stdout] test src/lib.rs - (line 188) ... FAILED
[INFO] [stdout] test src/lib.rs - (line 45) ... FAILED
[INFO] [stdout] test src/lib.rs - (line 59) ... FAILED
[INFO] [stdout] test src/lib.rs - (line 161) ... FAILED
[INFO] [stdout] test src/lib.rs - (line 168) ... FAILED
[INFO] [stdout] test src/lib.rs - (line 12) ... FAILED
[INFO] [stdout] test src/lib.rs - (line 33) ... FAILED
[INFO] [stdout] test src/lib.rs - (line 147) ... FAILED
[INFO] [stdout] test src/lib.rs - (line 135) ... FAILED
[INFO] [stdout] test src/lib.rs - (line 204) ... FAILED
[INFO] [stdout] test src/lib.rs - (line 200) ... FAILED
[INFO] [stdout] test src/lib.rs - (line 19) ... FAILED
[INFO] [stdout] test src/lib.rs - (line 179) ... FAILED
[INFO] [stdout] test src/lib.rs - (line 41) ... FAILED
[INFO] [stdout] test src/lib.rs - (line 52) ... FAILED
[INFO] [stdout] test src/lib.rs - actorscript (line 254) ... FAILED
[INFO] [stdout] test src/lib.rs - actorscript (line 237) ... FAILED
[INFO] [stdout] test src/lib.rs - actorscript (line 245) ... FAILED
[INFO] [stdout] test src/lib.rs - actorscript (line 277) ... FAILED
[INFO] [stdout] test src/lib.rs - (line 67) ... FAILED
[INFO] [stdout] test src/lib.rs - (line 76) ... FAILED
[INFO] [stdout] test src/lib.rs - (line 84) ... FAILED
[INFO] [stdout] test src/lib.rs - (line 93) ... FAILED
[INFO] [stdout] 
[INFO] [stdout] failures:
[INFO] [stdout] 
[INFO] [stdout] ---- src/lib.rs - (line 117) stdout ----
[INFO] [stdout] error: cannot find macro `actorscript` in this scope
[INFO] [stdout]  --> src/lib.rs:118:1
[INFO] [stdout]   |
[INFO] [stdout] 3 | actorscript! {
[INFO] [stdout]   | ^^^^^^^^^^^
[INFO] [stdout]   |
[INFO] [stdout] help: consider importing this macro
[INFO] [stdout]   |
[INFO] [stdout] 2 + use gmt_dos_actors_dsl::actorscript;
[INFO] [stdout]   |
[INFO] [stdout] 
[INFO] [stdout] error: aborting due to previous error
[INFO] [stdout] 
[INFO] [stdout] Couldn't compile the test.
[INFO] [stdout] ---- src/lib.rs - (line 188) stdout ----
[INFO] [stdout] error: cannot find macro `actorscript` in this scope
[INFO] [stdout]  --> src/lib.rs:189:1
[INFO] [stdout]   |
[INFO] [stdout] 3 | actorscript! {
[INFO] [stdout]   | ^^^^^^^^^^^
[INFO] [stdout]   |
[INFO] [stdout] help: consider importing this macro
[INFO] [stdout]   |
[INFO] [stdout] 2 + use gmt_dos_actors_dsl::actorscript;
[INFO] [stdout]   |
[INFO] [stdout] 
[INFO] [stdout] error: aborting due to previous error
[INFO] [stdout] 
[INFO] [stdout] Couldn't compile the test.
[INFO] [stdout] ---- src/lib.rs - (line 45) stdout ----
[INFO] [stdout] error: cannot find macro `actorscript` in this scope
[INFO] [stdout]  --> src/lib.rs:46:1
[INFO] [stdout]   |
[INFO] [stdout] 3 | actorscript! {
[INFO] [stdout]   | ^^^^^^^^^^^
[INFO] [stdout]   |
[INFO] [stdout] help: consider importing this macro
[INFO] [stdout]   |
[INFO] [stdout] 2 + use gmt_dos_actors_dsl::actorscript;
[INFO] [stdout]   |
[INFO] [stdout] 
[INFO] [stdout] error: aborting due to previous error
[INFO] [stdout] 
[INFO] [stdout] Couldn't compile the test.
[INFO] [stdout] ---- src/lib.rs - (line 59) stdout ----
[INFO] [stdout] error: cannot find macro `actorscript` in this scope
[INFO] [stdout]  --> src/lib.rs:60:1
[INFO] [stdout]   |
[INFO] [stdout] 3 | actorscript! {
[INFO] [stdout]   | ^^^^^^^^^^^
[INFO] [stdout]   |
[INFO] [stdout] help: consider importing this macro
[INFO] [stdout]   |
[INFO] [stdout] 2 + use gmt_dos_actors_dsl::actorscript;
[INFO] [stdout]   |
[INFO] [stdout] 
[INFO] [stdout] error: aborting due to previous error
[INFO] [stdout] 
[INFO] [stdout] Couldn't compile the test.
[INFO] [stdout] ---- src/lib.rs - (line 161) stdout ----
[INFO] [stdout] error: cannot find macro `actorscript` in this scope
[INFO] [stdout]  --> src/lib.rs:162:1
[INFO] [stdout]   |
[INFO] [stdout] 3 | actorscript! {
[INFO] [stdout]   | ^^^^^^^^^^^
[INFO] [stdout]   |
[INFO] [stdout] help: consider importing this macro
[INFO] [stdout]   |
[INFO] [stdout] 2 + use gmt_dos_actors_dsl::actorscript;
[INFO] [stdout]   |
[INFO] [stdout] 
[INFO] [stdout] error: aborting due to previous error
[INFO] [stdout] 
[INFO] [stdout] Couldn't compile the test.
[INFO] [stdout] ---- src/lib.rs - (line 168) stdout ----
[INFO] [stdout] error: cannot find macro `actorscript` in this scope
[INFO] [stdout]  --> src/lib.rs:169:1
[INFO] [stdout]   |
[INFO] [stdout] 3 | actorscript! {
[INFO] [stdout]   | ^^^^^^^^^^^
[INFO] [stdout]   |
[INFO] [stdout] help: consider importing this macro
[INFO] [stdout]   |
[INFO] [stdout] 2 + use gmt_dos_actors_dsl::actorscript;
[INFO] [stdout]   |
[INFO] [stdout] 
[INFO] [stdout] error: aborting due to previous error
[INFO] [stdout] 
[INFO] [stdout] Couldn't compile the test.
[INFO] [stdout] ---- src/lib.rs - (line 12) stdout ----
[INFO] [stdout] error: cannot find macro `actorscript` in this scope
[INFO] [stdout]  --> src/lib.rs:13:1
[INFO] [stdout]   |
[INFO] [stdout] 3 | actorscript! {
[INFO] [stdout]   | ^^^^^^^^^^^
[INFO] [stdout]   |
[INFO] [stdout] help: consider importing this macro
[INFO] [stdout]   |
[INFO] [stdout] 2 + use gmt_dos_actors_dsl::actorscript;
[INFO] [stdout]   |
[INFO] [stdout] 
[INFO] [stdout] error: aborting due to previous error
[INFO] [stdout] 
[INFO] [stdout] Couldn't compile the test.
[INFO] [stdout] ---- src/lib.rs - (line 33) stdout ----
[INFO] [stdout] error: cannot find macro `actorscript` in this scope
[INFO] [stdout]  --> src/lib.rs:34:1
[INFO] [stdout]   |
[INFO] [stdout] 3 | actorscript! {
[INFO] [stdout]   | ^^^^^^^^^^^
[INFO] [stdout]   |
[INFO] [stdout] help: consider importing this macro
[INFO] [stdout]   |
[INFO] [stdout] 2 + use gmt_dos_actors_dsl::actorscript;
[INFO] [stdout]   |
[INFO] [stdout] 
[INFO] [stdout] error: aborting due to previous error
[INFO] [stdout] 
[INFO] [stdout] Couldn't compile the test.
[INFO] [stdout] ---- src/lib.rs - (line 147) stdout ----
[INFO] [stdout] error: cannot find macro `actorscript` in this scope
[INFO] [stdout]  --> src/lib.rs:148:1
[INFO] [stdout]   |
[INFO] [stdout] 3 | actorscript! {
[INFO] [stdout]   | ^^^^^^^^^^^
[INFO] [stdout]   |
[INFO] [stdout] help: consider importing this macro
[INFO] [stdout]   |
[INFO] [stdout] 2 + use gmt_dos_actors_dsl::actorscript;
[INFO] [stdout]   |
[INFO] [stdout] 
[INFO] [stdout] error: aborting due to previous error
[INFO] [stdout] 
[INFO] [stdout] Couldn't compile the test.
[INFO] [stdout] ---- src/lib.rs - (line 135) stdout ----
[INFO] [stdout] error: cannot find macro `actorscript` in this scope
[INFO] [stdout]  --> src/lib.rs:136:1
[INFO] [stdout]   |
[INFO] [stdout] 3 | actorscript! {
[INFO] [stdout]   | ^^^^^^^^^^^
[INFO] [stdout]   |
[INFO] [stdout] help: consider importing this macro
[INFO] [stdout]   |
[INFO] [stdout] 2 + use gmt_dos_actors_dsl::actorscript;
[INFO] [stdout]   |
[INFO] [stdout] 
[INFO] [stdout] error: aborting due to previous error
[INFO] [stdout] 
[INFO] [stdout] Couldn't compile the test.
[INFO] [stdout] ---- src/lib.rs - (line 204) stdout ----
[INFO] [stdout] error[E0425]: cannot find value `logging_10` in this scope
[INFO] [stdout]  --> src/lib.rs:205:2
[INFO] [stdout]   |
[INFO] [stdout] 3 | *logging_10.lock().await
[INFO] [stdout]   |  ^^^^^^^^^^ not found in this scope
[INFO] [stdout] 
[INFO] [stdout] error[E0728]: `await` is only allowed inside `async` functions and blocks
[INFO] [stdout]  --> src/lib.rs:205:20
[INFO] [stdout]   |
[INFO] [stdout] 2 | fn main() { #[allow(non_snake_case)] fn _doctest_main_src_lib_rs_204_0() {
[INFO] [stdout]   |                                         ------------------------------ this is not `async`
[INFO] [stdout] 3 | *logging_10.lock().await
[INFO] [stdout]   |                    ^^^^^ only allowed inside `async` functions and blocks
[INFO] [stdout] 
[INFO] [stdout] error: aborting due to 2 previous errors
[INFO] [stdout] 
[INFO] [stdout] Some errors have detailed explanations: E0425, E0728.
[INFO] [stdout] For more information about an error, try `rustc --explain E0425`.
[INFO] [stdout] Couldn't compile the test.
[INFO] [stdout] ---- src/lib.rs - (line 200) stdout ----
[INFO] [stdout] error[E0425]: cannot find value `logging_1` in this scope
[INFO] [stdout]  --> src/lib.rs:201:2
[INFO] [stdout]   |
[INFO] [stdout] 3 | *logging_1.lock().await
[INFO] [stdout]   |  ^^^^^^^^^ not found in this scope
[INFO] [stdout] 
[INFO] [stdout] error[E0728]: `await` is only allowed inside `async` functions and blocks
[INFO] [stdout]  --> src/lib.rs:201:19
[INFO] [stdout]   |
[INFO] [stdout] 2 | fn main() { #[allow(non_snake_case)] fn _doctest_main_src_lib_rs_200_0() {
[INFO] [stdout]   |                                         ------------------------------ this is not `async`
[INFO] [stdout] 3 | *logging_1.lock().await
[INFO] [stdout]   |                   ^^^^^ only allowed inside `async` functions and blocks
[INFO] [stdout] 
[INFO] [stdout] error: aborting due to 2 previous errors
[INFO] [stdout] 
[INFO] [stdout] Some errors have detailed explanations: E0425, E0728.
[INFO] [stdout] For more information about an error, try `rustc --explain E0425`.
[INFO] [stdout] Couldn't compile the test.
[INFO] [stdout] ---- src/lib.rs - (line 19) stdout ----
[INFO] [stdout] error: cannot find macro `model` in this scope
[INFO] [stdout]  --> src/lib.rs:23:13
[INFO] [stdout]   |
[INFO] [stdout] 6 | let model = model!(a,b).name("model").flowchart().check()?;
[INFO] [stdout]   |             ^^^^^
[INFO] [stdout] 
[INFO] [stdout] error[E0412]: cannot find type `Actor` in this scope
[INFO] [stdout]  --> src/lib.rs:20:12
[INFO] [stdout]   |
[INFO] [stdout] 3 | let mut a: Actor<_,1,1> = a.into();
[INFO] [stdout]   |            ^^^^^ not found in this scope
[INFO] [stdout] 
[INFO] [stdout] error[E0425]: cannot find value `a` in this scope
[INFO] [stdout]  --> src/lib.rs:20:27
[INFO] [stdout]   |
[INFO] [stdout] 3 | let mut a: Actor<_,1,1> = a.into();
[INFO] [stdout]   |                           ^ not found in this scope
[INFO] [stdout] 
[INFO] [stdout] error[E0412]: cannot find type `Actor` in this scope
[INFO] [stdout]  --> src/lib.rs:21:12
[INFO] [stdout]   |
[INFO] [stdout] 4 | let mut b: Actor<_,1,1> = b.into();
[INFO] [stdout]   |            ^^^^^ not found in this scope
[INFO] [stdout] 
[INFO] [stdout] error[E0425]: cannot find value `b` in this scope
[INFO] [stdout]  --> src/lib.rs:21:27
[INFO] [stdout]   |
[INFO] [stdout] 4 | let mut b: Actor<_,1,1> = b.into();
[INFO] [stdout]   |                           ^ help: a local variable with a similar name exists: `a`
[INFO] [stdout] 
[INFO] [stdout] error[E0412]: cannot find type `A2B` in this scope
[INFO] [stdout]  --> src/lib.rs:22:24
[INFO] [stdout]   |
[INFO] [stdout] 5 | a.add_output().build::<A2B>().into_input(&mut b)?;
[INFO] [stdout]   |                        ^^^ not found in this scope
[INFO] [stdout]   |
[INFO] [stdout] help: you might be missing a type parameter
[INFO] [stdout]   |
[INFO] [stdout] 2 | fn main() { #[allow(non_snake_case)] fn _doctest_main_src_lib_rs_19_0<A2B>() {
[INFO] [stdout]   |                                                                      +++++
[INFO] [stdout] 
[INFO] [stdout] error: aborting due to 6 previous errors
[INFO] [stdout] 
[INFO] [stdout] Some errors have detailed explanations: E0412, E0425.
[INFO] [stdout] For more information about an error, try `rustc --explain E0412`.
[INFO] [stdout] Couldn't compile the test.
[INFO] [stdout] ---- src/lib.rs - (line 179) stdout ----
[INFO] [stdout] error: cannot find macro `actorscript` in this scope
[INFO] [stdout]  --> src/lib.rs:180:1
[INFO] [stdout]   |
[INFO] [stdout] 3 | actorscript! {
[INFO] [stdout]   | ^^^^^^^^^^^
[INFO] [stdout]   |
[INFO] [stdout] help: consider importing this macro
[INFO] [stdout]   |
[INFO] [stdout] 2 + use gmt_dos_actors_dsl::actorscript;
[INFO] [stdout]   |
[INFO] [stdout] 
[INFO] [stdout] error: aborting due to previous error
[INFO] [stdout] 
[INFO] [stdout] Couldn't compile the test.
[INFO] [stdout] ---- src/lib.rs - (line 41) stdout ----
[INFO] [stdout] error[E0425]: cannot find value `model` in this scope
[INFO] [stdout]  --> src/lib.rs:42:1
[INFO] [stdout]   |
[INFO] [stdout] 3 | model.run().await?;
[INFO] [stdout]   | ^^^^^ not found in this scope
[INFO] [stdout] 
[INFO] [stdout] error[E0728]: `await` is only allowed inside `async` functions and blocks
[INFO] [stdout]  --> src/lib.rs:42:13
[INFO] [stdout]   |
[INFO] [stdout] 2 | fn main() { #[allow(non_snake_case)] fn _doctest_main_src_lib_rs_41_0() {
[INFO] [stdout]   |                                         ----------------------------- this is not `async`
[INFO] [stdout] 3 | model.run().await?;
[INFO] [stdout]   |             ^^^^^ only allowed inside `async` functions and blocks
[INFO] [stdout] 
[INFO] [stdout] error[E0277]: the `?` operator can only be used in a function that returns `Result` or `Option` (or another type that implements `FromResidual`)
[INFO] [stdout]  --> src/lib.rs:42:18
[INFO] [stdout]   |
[INFO] [stdout] 2 | fn main() { #[allow(non_snake_case)] fn _doctest_main_src_lib_rs_41_0() {
[INFO] [stdout]   |                                      ---------------------------------- this function should return `Result` or `Option` to accept `?`
[INFO] [stdout] 3 | model.run().await?;
[INFO] [stdout]   |                  ^ cannot use the `?` operator in a function that returns `()`
[INFO] [stdout]   |
[INFO] [stdout]   = help: the trait `FromResidual<_>` is not implemented for `()`
[INFO] [stdout] 
[INFO] [stdout] error: aborting due to 3 previous errors
[INFO] [stdout] 
[INFO] [stdout] Some errors have detailed explanations: E0277, E0425, E0728.
[INFO] [stdout] For more information about an error, try `rustc --explain E0277`.
[INFO] [stdout] Couldn't compile the test.
[INFO] [stdout] ---- src/lib.rs - (line 52) stdout ----
[INFO] [stdout] error[E0425]: cannot find value `model` in this scope
[INFO] [stdout]  --> src/lib.rs:53:1
[INFO] [stdout]   |
[INFO] [stdout] 3 | model.await?;
[INFO] [stdout]   | ^^^^^ not found in this scope
[INFO] [stdout] 
[INFO] [stdout] error[E0728]: `await` is only allowed inside `async` functions and blocks
[INFO] [stdout]  --> src/lib.rs:53:7
[INFO] [stdout]   |
[INFO] [stdout] 2 | fn main() { #[allow(non_snake_case)] fn _doctest_main_src_lib_rs_52_0() {
[INFO] [stdout]   |                                         ----------------------------- this is not `async`
[INFO] [stdout] 3 | model.await?;
[INFO] [stdout]   |       ^^^^^ only allowed inside `async` functions and blocks
[INFO] [stdout] 
[INFO] [stdout] error[E0277]: the `?` operator can only be used in a function that returns `Result` or `Option` (or another type that implements `FromResidual`)
[INFO] [stdout]  --> src/lib.rs:53:12
[INFO] [stdout]   |
[INFO] [stdout] 2 | fn main() { #[allow(non_snake_case)] fn _doctest_main_src_lib_rs_52_0() {
[INFO] [stdout]   |                                      ---------------------------------- this function should return `Result` or `Option` to accept `?`
[INFO] [stdout] 3 | model.await?;
[INFO] [stdout]   |            ^ cannot use the `?` operator in a function that returns `()`
[INFO] [stdout]   |
[INFO] [stdout]   = help: the trait `FromResidual<_>` is not implemented for `()`
[INFO] [stdout] 
[INFO] [stdout] error: aborting due to 3 previous errors
[INFO] [stdout] 
[INFO] [stdout] Some errors have detailed explanations: E0277, E0425, E0728.
[INFO] [stdout] For more information about an error, try `rustc --explain E0277`.
[INFO] [stdout] Couldn't compile the test.
[INFO] [stdout] ---- src/lib.rs - actorscript (line 254) stdout ----
[INFO] [stdout] error: expected expression, found `?`
[INFO] [stdout]  --> src/lib.rs:255:1
[INFO] [stdout]   |
[INFO] [stdout] 3 | ?prefix ?{ client ?} ?(label) [Output] ?suffix
[INFO] [stdout]   | ^ expected expression
[INFO] [stdout] 
[INFO] [stdout] error: aborting due to previous error
[INFO] [stdout] 
[INFO] [stdout] Couldn't compile the test.
[INFO] [stdout] ---- src/lib.rs - actorscript (line 237) stdout ----
[INFO] [stdout] error: expected one of `.`, `;`, `?`, `}`, or an operator, found `:`
[INFO] [stdout]  --> src/lib.rs:238:2
[INFO] [stdout]   |
[INFO] [stdout] 3 | 1: ...
[INFO] [stdout]   |  ^ expected one of `.`, `;`, `?`, `}`, or an operator
[INFO] [stdout] 
[INFO] [stdout] error: aborting due to previous error
[INFO] [stdout] 
[INFO] [stdout] Couldn't compile the test.
[INFO] [stdout] ---- src/lib.rs - actorscript (line 245) stdout ----
[INFO] [stdout] error: expected one of `!`, `.`, `::`, `;`, `?`, `{`, `}`, or an operator, found `->`
[INFO] [stdout]  --> src/lib.rs:246:13
[INFO] [stdout]   |
[INFO] [stdout] 3 | pair|client -> another_pair -> ... -> pair|client
[INFO] [stdout]   |             ^^ expected one of 8 possible tokens
[INFO] [stdout] 
[INFO] [stdout] error: aborting due to previous error
[INFO] [stdout] 
[INFO] [stdout] Couldn't compile the test.
[INFO] [stdout] ---- src/lib.rs - actorscript (line 277) stdout ----
[INFO] [stdout] error: expected statement after outer attribute
[INFO] [stdout]  --> src/lib.rs:278:1
[INFO] [stdout]   |
[INFO] [stdout] 3 | #[model(key = param, ...)]
[INFO] [stdout]   | ^^^^^^^^^^^^^^^^^^^^^^^^^^
[INFO] [stdout] 
[INFO] [stdout] error: aborting due to previous error
[INFO] [stdout] 
[INFO] [stdout] Couldn't compile the test.
[INFO] [stdout] ---- src/lib.rs - (line 67) stdout ----
[INFO] [stdout] error[E0425]: cannot find value `b` in this scope
[INFO] [stdout]  --> src/lib.rs:68:14
[INFO] [stdout]   |
[INFO] [stdout] 3 | let b_ref = *b.lock().await;
[INFO] [stdout]   |              ^ not found in this scope
[INFO] [stdout] 
[INFO] [stdout] error[E0728]: `await` is only allowed inside `async` functions and blocks
[INFO] [stdout]  --> src/lib.rs:68:23
[INFO] [stdout]   |
[INFO] [stdout] 2 | fn main() { #[allow(non_snake_case)] fn _doctest_main_src_lib_rs_67_0() {
[INFO] [stdout]   |                                         ----------------------------- this is not `async`
[INFO] [stdout] 3 | let b_ref = *b.lock().await;
[INFO] [stdout]   |                       ^^^^^ only allowed inside `async` functions and blocks
[INFO] [stdout] 
[INFO] [stdout] error: aborting due to 2 previous errors
[INFO] [stdout] 
[INFO] [stdout] Some errors have detailed explanations: E0425, E0728.
[INFO] [stdout] For more information about an error, try `rustc --explain E0425`.
[INFO] [stdout] Couldn't compile the test.
[INFO] [stdout] ---- src/lib.rs - (line 76) stdout ----
[INFO] [stdout] error: cannot find macro `actorscript` in this scope
[INFO] [stdout]  --> src/lib.rs:77:1
[INFO] [stdout]   |
[INFO] [stdout] 3 | actorscript! {
[INFO] [stdout]   | ^^^^^^^^^^^
[INFO] [stdout]   |
[INFO] [stdout] help: consider importing this macro
[INFO] [stdout]   |
[INFO] [stdout] 2 + use gmt_dos_actors_dsl::actorscript;
[INFO] [stdout]   |
[INFO] [stdout] 
[INFO] [stdout] error: aborting due to previous error
[INFO] [stdout] 
[INFO] [stdout] Couldn't compile the test.
[INFO] [stdout] ---- src/lib.rs - (line 84) stdout ----
[INFO] [stdout] error: cannot find macro `actorscript` in this scope
[INFO] [stdout]  --> src/lib.rs:85:1
[INFO] [stdout]   |
[INFO] [stdout] 3 | actorscript! {
[INFO] [stdout]   | ^^^^^^^^^^^
[INFO] [stdout]   |
[INFO] [stdout] help: consider importing this macro
[INFO] [stdout]   |
[INFO] [stdout] 2 + use gmt_dos_actors_dsl::actorscript;
[INFO] [stdout]   |
[INFO] [stdout] 
[INFO] [stdout] error: aborting due to previous error
[INFO] [stdout] 
[INFO] [stdout] Couldn't compile the test.
[INFO] [stdout] ---- src/lib.rs - (line 93) stdout ----
[INFO] [stdout] error: cannot find macro `actorscript` in this scope
[INFO] [stdout]  --> src/lib.rs:94:1
[INFO] [stdout]   |
[INFO] [stdout] 3 | actorscript! {
[INFO] [stdout]   | ^^^^^^^^^^^
[INFO] [stdout]   |
[INFO] [stdout] help: consider importing this macro
[INFO] [stdout]   |
[INFO] [stdout] 2 + use gmt_dos_actors_dsl::actorscript;
[INFO] [stdout]   |
[INFO] [stdout] 
[INFO] [stdout] error: aborting due to previous error
[INFO] [stdout] 
[INFO] [stdout] Couldn't compile the test.
[INFO] [stdout] 
[INFO] [stdout] failures:
[INFO] [stdout]     src/lib.rs - (line 117)
[INFO] [stdout]     src/lib.rs - (line 12)
[INFO] [stdout]     src/lib.rs - (line 135)
[INFO] [stdout]     src/lib.rs - (line 147)
[INFO] [stdout]     src/lib.rs - (line 161)
[INFO] [stdout]     src/lib.rs - (line 168)
[INFO] [stdout]     src/lib.rs - (line 179)
[INFO] [stdout]     src/lib.rs - (line 188)
[INFO] [stdout]     src/lib.rs - (line 19)
[INFO] [stdout]     src/lib.rs - (line 200)
[INFO] [stdout]     src/lib.rs - (line 204)
[INFO] [stdout]     src/lib.rs - (line 33)
[INFO] [stdout]     src/lib.rs - (line 41)
[INFO] [stdout]     src/lib.rs - (line 45)
[INFO] [stdout]     src/lib.rs - (line 52)
[INFO] [stdout]     src/lib.rs - (line 59)
[INFO] [stdout]     src/lib.rs - (line 67)
[INFO] [stdout]     src/lib.rs - (line 76)
[INFO] [stdout]     src/lib.rs - (line 84)
[INFO] [stdout]     src/lib.rs - (line 93)
[INFO] [stdout]     src/lib.rs - actorscript (line 237)
[INFO] [stdout]     src/lib.rs - actorscript (line 245)
[INFO] [stdout]     src/lib.rs - actorscript (line 254)
[INFO] [stdout]     src/lib.rs - actorscript (line 277)
[INFO] [stdout] 
[INFO] [stdout] test result: FAILED. 0 passed; 24 failed; 0 ignored; 0 measured; 0 filtered out; finished in 0.13s
[INFO] [stdout] 
[INFO] [stderr] error: doctest failed, to rerun pass `--doc`
[INFO] running `Command { std: "docker" "inspect" "d3a19f745c355e55f55a703cf646131cdf23f16272638d94cc4f60b17930c1a2", kill_on_drop: false }`
[INFO] running `Command { std: "docker" "rm" "-f" "d3a19f745c355e55f55a703cf646131cdf23f16272638d94cc4f60b17930c1a2", kill_on_drop: false }`
[INFO] [stdout] d3a19f745c355e55f55a703cf646131cdf23f16272638d94cc4f60b17930c1a2
