[INFO] fetching crate gmeta 1.0.2-354d660.10...
[INFO] testing gmeta-1.0.2-354d660.10 against 1.75.0 for beta-1.76-1
[INFO] extracting crate gmeta 1.0.2-354d660.10 into /workspace/builds/worker-0-tc1/source
[INFO] validating manifest of crates.io crate gmeta 1.0.2-354d660.10 on toolchain 1.75.0
[INFO] running `Command { std: CARGO_HOME="/workspace/cargo-home" RUSTUP_HOME="/workspace/rustup-home" "/workspace/cargo-home/bin/cargo" "+1.75.0" "metadata" "--manifest-path" "Cargo.toml" "--no-deps", kill_on_drop: false }`
[INFO] started tweaking crates.io crate gmeta 1.0.2-354d660.10
[INFO] finished tweaking crates.io crate gmeta 1.0.2-354d660.10
[INFO] tweaked toml for crates.io crate gmeta 1.0.2-354d660.10 written to /workspace/builds/worker-0-tc1/source/Cargo.toml
[INFO] running `Command { std: CARGO_HOME="/workspace/cargo-home" RUSTUP_HOME="/workspace/rustup-home" "/workspace/cargo-home/bin/cargo" "+1.75.0" "generate-lockfile" "--manifest-path" "Cargo.toml", kill_on_drop: false }`
[INFO] [stderr]     Updating crates.io index
[INFO] running `Command { std: CARGO_HOME="/workspace/cargo-home" RUSTUP_HOME="/workspace/rustup-home" "/workspace/cargo-home/bin/cargo" "+1.75.0" "fetch" "--manifest-path" "Cargo.toml", kill_on_drop: false }`
[INFO] [stderr]  Downloading crates ...
[INFO] [stderr]   Downloaded gmeta-codegen v1.0.3
[INFO] running `Command { std: "docker" "create" "-v" "/var/lib/crater-agent-workspace/builds/worker-0-tc1/target:/opt/rustwide/target:rw,Z" "-v" "/var/lib/crater-agent-workspace/builds/worker-0-tc1/source:/opt/rustwide/workdir:ro,Z" "-v" "/var/lib/crater-agent-workspace/cargo-home:/opt/rustwide/cargo-home:ro,Z" "-v" "/var/lib/crater-agent-workspace/rustup-home:/opt/rustwide/rustup-home:ro,Z" "-e" "SOURCE_DIR=/opt/rustwide/workdir" "-e" "CARGO_TARGET_DIR=/opt/rustwide/target" "-e" "CARGO_HOME=/opt/rustwide/cargo-home" "-e" "RUSTUP_HOME=/opt/rustwide/rustup-home" "-w" "/opt/rustwide/workdir" "-m" "1610612736" "--user" "0:0" "--network" "none" "ghcr.io/rust-lang/crates-build-env/linux@sha256:2788e3201cd34a07e3172128adcd8b3090168a8e3bcc40d7c032b9dda1df7d1c" "/opt/rustwide/cargo-home/bin/cargo" "+1.75.0" "metadata" "--no-deps" "--format-version=1", kill_on_drop: false }`
[INFO] [stdout] 108f703f802f7efa1596c957b8c6e7162cf9580137541d8e9b4884da5d99ba9c
[INFO] running `Command { std: "docker" "start" "-a" "108f703f802f7efa1596c957b8c6e7162cf9580137541d8e9b4884da5d99ba9c", kill_on_drop: false }`
[INFO] running `Command { std: "docker" "inspect" "108f703f802f7efa1596c957b8c6e7162cf9580137541d8e9b4884da5d99ba9c", kill_on_drop: false }`
[INFO] running `Command { std: "docker" "rm" "-f" "108f703f802f7efa1596c957b8c6e7162cf9580137541d8e9b4884da5d99ba9c", kill_on_drop: false }`
[INFO] [stdout] 108f703f802f7efa1596c957b8c6e7162cf9580137541d8e9b4884da5d99ba9c
[INFO] running `Command { std: "docker" "create" "-v" "/var/lib/crater-agent-workspace/builds/worker-0-tc1/target:/opt/rustwide/target:rw,Z" "-v" "/var/lib/crater-agent-workspace/builds/worker-0-tc1/source:/opt/rustwide/workdir:ro,Z" "-v" "/var/lib/crater-agent-workspace/cargo-home:/opt/rustwide/cargo-home:ro,Z" "-v" "/var/lib/crater-agent-workspace/rustup-home:/opt/rustwide/rustup-home:ro,Z" "-e" "SOURCE_DIR=/opt/rustwide/workdir" "-e" "CARGO_TARGET_DIR=/opt/rustwide/target" "-e" "CARGO_INCREMENTAL=0" "-e" "RUST_BACKTRACE=full" "-e" "RUSTFLAGS=--cap-lints=warn" "-e" "RUSTDOCFLAGS=--cap-lints=warn" "-e" "CARGO_HOME=/opt/rustwide/cargo-home" "-e" "RUSTUP_HOME=/opt/rustwide/rustup-home" "-w" "/opt/rustwide/workdir" "-m" "1610612736" "--user" "0:0" "--network" "none" "ghcr.io/rust-lang/crates-build-env/linux@sha256:2788e3201cd34a07e3172128adcd8b3090168a8e3bcc40d7c032b9dda1df7d1c" "/opt/rustwide/cargo-home/bin/cargo" "+1.75.0" "build" "--frozen" "--message-format=json", kill_on_drop: false }`
[INFO] [stdout] 4bb19dd142f74d25b65a0b3de9715427e60bcae8437dccdf7cbcf2273b85e47d
[INFO] running `Command { std: "docker" "start" "-a" "4bb19dd142f74d25b65a0b3de9715427e60bcae8437dccdf7cbcf2273b85e47d", kill_on_drop: false }`
[INFO] [stderr]    Compiling syn v1.0.109
[INFO] [stderr]    Compiling hashbrown v0.14.3
[INFO] [stderr]    Compiling equivalent v1.0.1
[INFO] [stderr]    Compiling toml_datetime v0.6.3
[INFO] [stderr]    Compiling winnow v0.5.32
[INFO] [stderr]    Compiling arrayvec v0.4.12
[INFO] [stderr]    Compiling arrayvec v0.7.4
[INFO] [stderr]    Compiling convert_case v0.4.0
[INFO] [stderr]    Compiling nodrop v0.1.14
[INFO] [stderr]    Compiling byte-slice-cast v1.2.2
[INFO] [stderr]    Compiling constant_time_eq v0.1.5
[INFO] [stderr]    Compiling hex v0.4.3
[INFO] [stderr]    Compiling indexmap v2.1.0
[INFO] [stderr]    Compiling blake2-rfc v0.2.18
[INFO] [stderr]    Compiling toml_edit v0.20.2
[INFO] [stderr]    Compiling proc-macro-crate v2.0.1
[INFO] [stderr]    Compiling impl-trait-for-tuples v0.2.2
[INFO] [stderr]    Compiling parity-scale-codec-derive v3.6.9
[INFO] [stderr]    Compiling derive_more v0.99.17
[INFO] [stderr]    Compiling parity-scale-codec v3.6.9
[INFO] [stderr]    Compiling scale-info v2.10.0
[INFO] [stderr]    Compiling gmeta v1.0.2-354d660.10 (/opt/rustwide/workdir)
[INFO] [stderr]     Finished dev [unoptimized + debuginfo] target(s) in 9.96s
[INFO] running `Command { std: "docker" "inspect" "4bb19dd142f74d25b65a0b3de9715427e60bcae8437dccdf7cbcf2273b85e47d", kill_on_drop: false }`
[INFO] running `Command { std: "docker" "rm" "-f" "4bb19dd142f74d25b65a0b3de9715427e60bcae8437dccdf7cbcf2273b85e47d", kill_on_drop: false }`
[INFO] [stdout] 4bb19dd142f74d25b65a0b3de9715427e60bcae8437dccdf7cbcf2273b85e47d
[INFO] running `Command { std: "docker" "create" "-v" "/var/lib/crater-agent-workspace/builds/worker-0-tc1/target:/opt/rustwide/target:rw,Z" "-v" "/var/lib/crater-agent-workspace/builds/worker-0-tc1/source:/opt/rustwide/workdir:ro,Z" "-v" "/var/lib/crater-agent-workspace/cargo-home:/opt/rustwide/cargo-home:ro,Z" "-v" "/var/lib/crater-agent-workspace/rustup-home:/opt/rustwide/rustup-home:ro,Z" "-e" "SOURCE_DIR=/opt/rustwide/workdir" "-e" "CARGO_TARGET_DIR=/opt/rustwide/target" "-e" "CARGO_INCREMENTAL=0" "-e" "RUST_BACKTRACE=full" "-e" "RUSTFLAGS=--cap-lints=warn" "-e" "RUSTDOCFLAGS=--cap-lints=warn" "-e" "CARGO_HOME=/opt/rustwide/cargo-home" "-e" "RUSTUP_HOME=/opt/rustwide/rustup-home" "-w" "/opt/rustwide/workdir" "-m" "1610612736" "--user" "0:0" "--network" "none" "ghcr.io/rust-lang/crates-build-env/linux@sha256:2788e3201cd34a07e3172128adcd8b3090168a8e3bcc40d7c032b9dda1df7d1c" "/opt/rustwide/cargo-home/bin/cargo" "+1.75.0" "test" "--frozen" "--no-run" "--message-format=json", kill_on_drop: false }`
[INFO] [stdout] 73fea8667b5d0c8aab5921432c303ba69bc20980eccecb0027bdf606e340f3ce
[INFO] running `Command { std: "docker" "start" "-a" "73fea8667b5d0c8aab5921432c303ba69bc20980eccecb0027bdf606e340f3ce", kill_on_drop: false }`
[INFO] [stderr]    Compiling gmeta v1.0.2-354d660.10 (/opt/rustwide/workdir)
[INFO] [stderr]     Finished test [unoptimized + debuginfo] target(s) in 0.34s
[INFO] running `Command { std: "docker" "inspect" "73fea8667b5d0c8aab5921432c303ba69bc20980eccecb0027bdf606e340f3ce", kill_on_drop: false }`
[INFO] running `Command { std: "docker" "rm" "-f" "73fea8667b5d0c8aab5921432c303ba69bc20980eccecb0027bdf606e340f3ce", kill_on_drop: false }`
[INFO] [stdout] 73fea8667b5d0c8aab5921432c303ba69bc20980eccecb0027bdf606e340f3ce
[INFO] running `Command { std: "docker" "create" "-v" "/var/lib/crater-agent-workspace/builds/worker-0-tc1/target:/opt/rustwide/target:rw,Z" "-v" "/var/lib/crater-agent-workspace/builds/worker-0-tc1/source:/opt/rustwide/workdir:ro,Z" "-v" "/var/lib/crater-agent-workspace/cargo-home:/opt/rustwide/cargo-home:ro,Z" "-v" "/var/lib/crater-agent-workspace/rustup-home:/opt/rustwide/rustup-home:ro,Z" "-e" "SOURCE_DIR=/opt/rustwide/workdir" "-e" "CARGO_TARGET_DIR=/opt/rustwide/target" "-e" "CARGO_INCREMENTAL=0" "-e" "RUST_BACKTRACE=full" "-e" "RUSTFLAGS=--cap-lints=warn" "-e" "RUSTDOCFLAGS=--cap-lints=warn" "-e" "CARGO_HOME=/opt/rustwide/cargo-home" "-e" "RUSTUP_HOME=/opt/rustwide/rustup-home" "-w" "/opt/rustwide/workdir" "-m" "1610612736" "--user" "0:0" "--network" "none" "ghcr.io/rust-lang/crates-build-env/linux@sha256:2788e3201cd34a07e3172128adcd8b3090168a8e3bcc40d7c032b9dda1df7d1c" "/opt/rustwide/cargo-home/bin/cargo" "+1.75.0" "test" "--frozen", kill_on_drop: false }`
[INFO] [stdout] f7c4593bcd808307fa7181a0cf8e12e94156496157e33d237d2ed938501e1993
[INFO] running `Command { std: "docker" "start" "-a" "f7c4593bcd808307fa7181a0cf8e12e94156496157e33d237d2ed938501e1993", kill_on_drop: false }`
[INFO] [stderr]     Finished test [unoptimized + debuginfo] target(s) in 0.04s
[INFO] [stderr]      Running unittests src/lib.rs (/opt/rustwide/target/debug/deps/gmeta-80d4ca01a51ac15b)
[INFO] [stdout] 
[INFO] [stdout] running 0 tests
[INFO] [stdout] 
[INFO] [stdout] test result: ok. 0 passed; 0 failed; 0 ignored; 0 measured; 0 filtered out; finished in 0.00s
[INFO] [stdout] 
[INFO] [stderr]    Doc-tests gmeta
[INFO] [stdout] 
[INFO] [stdout] running 4 tests
[INFO] [stdout] test src/lib.rs - (line 151) ... FAILED
[INFO] [stdout] test src/lib.rs - (line 128) - compile ... FAILED
[INFO] [stdout] test src/lib.rs - (line 55) ... FAILED
[INFO] [stdout] test src/lib.rs - (line 91) ... FAILED
[INFO] [stdout] 
[INFO] [stdout] failures:
[INFO] [stdout] 
[INFO] [stdout] ---- src/lib.rs - (line 151) stdout ----
[INFO] [stdout] error[E0433]: failed to resolve: use of undeclared crate or module `gstd`
[INFO] [stdout]   --> src/lib.rs:159:10
[INFO] [stdout]    |
[INFO] [stdout] 11 | #[derive(gstd::Encode, gstd::Decode, gstd::TypeInfo)]
[INFO] [stdout]    |          ^^^^ use of undeclared crate or module `gstd`
[INFO] [stdout] 
[INFO] [stdout] error[E0433]: failed to resolve: use of undeclared crate or module `gstd`
[INFO] [stdout]   --> src/lib.rs:159:24
[INFO] [stdout]    |
[INFO] [stdout] 11 | #[derive(gstd::Encode, gstd::Decode, gstd::TypeInfo)]
[INFO] [stdout]    |                        ^^^^ use of undeclared crate or module `gstd`
[INFO] [stdout] 
[INFO] [stdout] error[E0433]: failed to resolve: use of undeclared crate or module `gstd`
[INFO] [stdout]   --> src/lib.rs:159:38
[INFO] [stdout]    |
[INFO] [stdout] 11 | #[derive(gstd::Encode, gstd::Decode, gstd::TypeInfo)]
[INFO] [stdout]    |                                      ^^^^ use of undeclared crate or module `gstd`
[INFO] [stdout] 
[INFO] [stdout] error[E0277]: the trait bound `PingPong: scale_info::TypeInfo` is not satisfied
[INFO] [stdout]    --> src/lib.rs:168:19
[INFO] [stdout]     |
[INFO] [stdout] 20  |     type Handle = (PingPong, PingPong);
[INFO] [stdout]     |                   ^^^^^^^^^^^^^^^^^^^^ the trait `scale_info::TypeInfo` is not implemented for `PingPong`
[INFO] [stdout]     |
[INFO] [stdout]     = help: the following other types implement trait `scale_info::TypeInfo`:
[INFO] [stdout]               bool
[INFO] [stdout]               char
[INFO] [stdout]               i8
[INFO] [stdout]               i16
[INFO] [stdout]               i32
[INFO] [stdout]               i64
[INFO] [stdout]               i128
[INFO] [stdout]               u8
[INFO] [stdout]             and 56 others
[INFO] [stdout]     = note: required for `PingPong` to implement `Type`
[INFO] [stdout]     = note: required for `(PingPong, PingPong)` to implement `Types`
[INFO] [stdout] note: required by a bound in `gmeta::Metadata::Handle`
[INFO] [stdout]    --> /opt/rustwide/workdir/src/lib.rs:448:18
[INFO] [stdout]     |
[INFO] [stdout] 448 |     type Handle: Types;
[INFO] [stdout]     |                  ^^^^^ required by this bound in `Metadata::Handle`
[INFO] [stdout] 
[INFO] [stdout] error: aborting due to 4 previous errors
[INFO] [stdout] 
[INFO] [stdout] Some errors have detailed explanations: E0277, E0433.
[INFO] [stdout] For more information about an error, try `rustc --explain E0277`.
[INFO] [stdout] Couldn't compile the test.
[INFO] [stdout] ---- src/lib.rs - (line 128) stdout ----
[INFO] [stdout] error[E0433]: failed to resolve: use of undeclared crate or module `gear_wasm_builder`
[INFO] [stdout]   --> src/lib.rs:145:5
[INFO] [stdout]    |
[INFO] [stdout] 19 |     gear_wasm_builder::build_with_metadata::<ContractMetadata>();
[INFO] [stdout]    |     ^^^^^^^^^^^^^^^^^ use of undeclared crate or module `gear_wasm_builder`
[INFO] [stdout] 
[INFO] [stdout] error: aborting due to previous error
[INFO] [stdout] 
[INFO] [stdout] For more information about this error, try `rustc --explain E0433`.
[INFO] [stdout] Couldn't compile the test.
[INFO] [stdout] ---- src/lib.rs - (line 55) stdout ----
[INFO] [stdout] error[E0433]: failed to resolve: use of undeclared crate or module `gstd`
[INFO] [stdout]  --> src/lib.rs:59:5
[INFO] [stdout]   |
[INFO] [stdout] 7 | use gstd::prelude::*;
[INFO] [stdout]   |     ^^^^ use of undeclared crate or module `gstd`
[INFO] [stdout]   |
[INFO] [stdout] help: there is a crate or module with a similar name
[INFO] [stdout]   |
[INFO] [stdout] 7 | use std::prelude::*;
[INFO] [stdout]   |     ~~~
[INFO] [stdout] 
[INFO] [stdout] error: cannot find derive macro `Encode` in this scope
[INFO] [stdout]   --> src/lib.rs:62:10
[INFO] [stdout]    |
[INFO] [stdout] 10 | #[derive(Encode, Decode, TypeInfo)]
[INFO] [stdout]    |          ^^^^^^
[INFO] [stdout]    |
[INFO] [stdout] help: consider importing this derive macro
[INFO] [stdout]    |
[INFO] [stdout] 2  + use parity_scale_codec::Encode;
[INFO] [stdout]    |
[INFO] [stdout] 
[INFO] [stdout] error: cannot find derive macro `Decode` in this scope
[INFO] [stdout]   --> src/lib.rs:62:18
[INFO] [stdout]    |
[INFO] [stdout] 10 | #[derive(Encode, Decode, TypeInfo)]
[INFO] [stdout]    |                  ^^^^^^
[INFO] [stdout]    |
[INFO] [stdout] help: consider importing this derive macro
[INFO] [stdout]    |
[INFO] [stdout] 2  + use parity_scale_codec::Decode;
[INFO] [stdout]    |
[INFO] [stdout] 
[INFO] [stdout] error: cannot find derive macro `TypeInfo` in this scope
[INFO] [stdout]   --> src/lib.rs:62:26
[INFO] [stdout]    |
[INFO] [stdout] 10 | #[derive(Encode, Decode, TypeInfo)]
[INFO] [stdout]    |                          ^^^^^^^^
[INFO] [stdout] 
[INFO] [stdout] error[E0277]: the trait bound `PingPong: scale_info::TypeInfo` is not satisfied
[INFO] [stdout]    --> src/lib.rs:77:19
[INFO] [stdout]     |
[INFO] [stdout] 25  |     type Handle = InOut<PingPong, PingPong>;
[INFO] [stdout]     |                   ^^^^^^^^^^^^^^^^^^^^^^^^^ the trait `scale_info::TypeInfo` is not implemented for `PingPong`
[INFO] [stdout]     |
[INFO] [stdout]     = help: the following other types implement trait `scale_info::TypeInfo`:
[INFO] [stdout]               bool
[INFO] [stdout]               char
[INFO] [stdout]               i8
[INFO] [stdout]               i16
[INFO] [stdout]               i32
[INFO] [stdout]               i64
[INFO] [stdout]               i128
[INFO] [stdout]               u8
[INFO] [stdout]             and 56 others
[INFO] [stdout]     = note: required for `PingPong` to implement `Type`
[INFO] [stdout]     = note: required for `(PingPong, PingPong)` to implement `Types`
[INFO] [stdout] note: required by a bound in `gmeta::Metadata::Handle`
[INFO] [stdout]    --> /opt/rustwide/workdir/src/lib.rs:448:18
[INFO] [stdout]     |
[INFO] [stdout] 448 |     type Handle: Types;
[INFO] [stdout]     |                  ^^^^^ required by this bound in `Metadata::Handle`
[INFO] [stdout] 
[INFO] [stdout] error: aborting due to 5 previous errors
[INFO] [stdout] 
[INFO] [stdout] Some errors have detailed explanations: E0277, E0433.
[INFO] [stdout] For more information about an error, try `rustc --explain E0277`.
[INFO] [stdout] Couldn't compile the test.
[INFO] [stdout] ---- src/lib.rs - (line 91) stdout ----
[INFO] [stdout] error[E0433]: failed to resolve: use of undeclared crate or module `gstd`
[INFO] [stdout]  --> src/lib.rs:95:5
[INFO] [stdout]   |
[INFO] [stdout] 7 | use gstd::{msg, prelude::*};
[INFO] [stdout]   |     ^^^^ use of undeclared crate or module `gstd`
[INFO] [stdout]   |
[INFO] [stdout] help: there is a crate or module with a similar name
[INFO] [stdout]   |
[INFO] [stdout] 7 | use std::{msg, prelude::*};
[INFO] [stdout]   |     ~~~
[INFO] [stdout] 
[INFO] [stdout] error[E0432]: unresolved import `gstd`
[INFO] [stdout]  --> src/lib.rs:95:5
[INFO] [stdout]   |
[INFO] [stdout] 7 | use gstd::{msg, prelude::*};
[INFO] [stdout]   |     ^^^^ use of undeclared crate or module `gstd`
[INFO] [stdout]   |
[INFO] [stdout] help: there is a crate or module with a similar name
[INFO] [stdout]   |
[INFO] [stdout] 7 | use std::{msg, prelude::*};
[INFO] [stdout]   |     ~~~
[INFO] [stdout] 
[INFO] [stdout] error: cannot find derive macro `Encode` in this scope
[INFO] [stdout]   --> src/lib.rs:103:10
[INFO] [stdout]    |
[INFO] [stdout] 15 | #[derive(Encode, Decode, TypeInfo)]
[INFO] [stdout]    |          ^^^^^^
[INFO] [stdout]    |
[INFO] [stdout] help: consider importing this derive macro
[INFO] [stdout]    |
[INFO] [stdout] 2  + use parity_scale_codec::Encode;
[INFO] [stdout]    |
[INFO] [stdout] 
[INFO] [stdout] error: cannot find derive macro `Decode` in this scope
[INFO] [stdout]   --> src/lib.rs:103:18
[INFO] [stdout]    |
[INFO] [stdout] 15 | #[derive(Encode, Decode, TypeInfo)]
[INFO] [stdout]    |                  ^^^^^^
[INFO] [stdout]    |
[INFO] [stdout] help: consider importing this derive macro
[INFO] [stdout]    |
[INFO] [stdout] 2  + use parity_scale_codec::Decode;
[INFO] [stdout]    |
[INFO] [stdout] 
[INFO] [stdout] error: cannot find derive macro `TypeInfo` in this scope
[INFO] [stdout]   --> src/lib.rs:103:26
[INFO] [stdout]    |
[INFO] [stdout] 15 | #[derive(Encode, Decode, TypeInfo)]
[INFO] [stdout]    |                          ^^^^^^^^
[INFO] [stdout] 
[INFO] [stdout] error: aborting due to 5 previous errors
[INFO] [stdout] 
[INFO] [stdout] Some errors have detailed explanations: E0432, E0433.
[INFO] [stdout] For more information about an error, try `rustc --explain E0432`.
[INFO] [stdout] Couldn't compile the test.
[INFO] [stdout] 
[INFO] [stdout] failures:
[INFO] [stdout]     src/lib.rs - (line 128)
[INFO] [stdout]     src/lib.rs - (line 151)
[INFO] [stdout]     src/lib.rs - (line 55)
[INFO] [stdout]     src/lib.rs - (line 91)
[INFO] [stdout] 
[INFO] [stdout] test result: FAILED. 0 passed; 4 failed; 0 ignored; 0 measured; 0 filtered out; finished in 0.07s
[INFO] [stdout] 
[INFO] [stderr] error: doctest failed, to rerun pass `--doc`
[INFO] running `Command { std: "docker" "inspect" "f7c4593bcd808307fa7181a0cf8e12e94156496157e33d237d2ed938501e1993", kill_on_drop: false }`
[INFO] running `Command { std: "docker" "rm" "-f" "f7c4593bcd808307fa7181a0cf8e12e94156496157e33d237d2ed938501e1993", kill_on_drop: false }`
[INFO] [stdout] f7c4593bcd808307fa7181a0cf8e12e94156496157e33d237d2ed938501e1993
