[INFO] fetching crate gmeta-codegen 1.0.2-354d660.10...
[INFO] testing gmeta-codegen-1.0.2-354d660.10 against 1.75.0 for beta-1.76-1
[INFO] extracting crate gmeta-codegen 1.0.2-354d660.10 into /workspace/builds/worker-1-tc1/source
[INFO] validating manifest of crates.io crate gmeta-codegen 1.0.2-354d660.10 on toolchain 1.75.0
[INFO] running `Command { std: CARGO_HOME="/workspace/cargo-home" RUSTUP_HOME="/workspace/rustup-home" "/workspace/cargo-home/bin/cargo" "+1.75.0" "metadata" "--manifest-path" "Cargo.toml" "--no-deps", kill_on_drop: false }`
[INFO] started tweaking crates.io crate gmeta-codegen 1.0.2-354d660.10
[INFO] finished tweaking crates.io crate gmeta-codegen 1.0.2-354d660.10
[INFO] tweaked toml for crates.io crate gmeta-codegen 1.0.2-354d660.10 written to /workspace/builds/worker-1-tc1/source/Cargo.toml
[INFO] running `Command { std: CARGO_HOME="/workspace/cargo-home" RUSTUP_HOME="/workspace/rustup-home" "/workspace/cargo-home/bin/cargo" "+1.75.0" "generate-lockfile" "--manifest-path" "Cargo.toml", kill_on_drop: false }`
[INFO] [stderr]     Updating crates.io index
[INFO] running `Command { std: CARGO_HOME="/workspace/cargo-home" RUSTUP_HOME="/workspace/rustup-home" "/workspace/cargo-home/bin/cargo" "+1.75.0" "fetch" "--manifest-path" "Cargo.toml", kill_on_drop: false }`
[INFO] running `Command { std: "docker" "create" "-v" "/var/lib/crater-agent-workspace/builds/worker-1-tc1/target:/opt/rustwide/target:rw,Z" "-v" "/var/lib/crater-agent-workspace/builds/worker-1-tc1/source:/opt/rustwide/workdir:ro,Z" "-v" "/var/lib/crater-agent-workspace/cargo-home:/opt/rustwide/cargo-home:ro,Z" "-v" "/var/lib/crater-agent-workspace/rustup-home:/opt/rustwide/rustup-home:ro,Z" "-e" "SOURCE_DIR=/opt/rustwide/workdir" "-e" "CARGO_TARGET_DIR=/opt/rustwide/target" "-e" "CARGO_HOME=/opt/rustwide/cargo-home" "-e" "RUSTUP_HOME=/opt/rustwide/rustup-home" "-w" "/opt/rustwide/workdir" "-m" "1610612736" "--user" "0:0" "--network" "none" "ghcr.io/rust-lang/crates-build-env/linux@sha256:2788e3201cd34a07e3172128adcd8b3090168a8e3bcc40d7c032b9dda1df7d1c" "/opt/rustwide/cargo-home/bin/cargo" "+1.75.0" "metadata" "--no-deps" "--format-version=1", kill_on_drop: false }`
[INFO] [stdout] fdd29f9225ead429be940df8847742af5d3f4c7c013621a1b69585c6b129f71c
[INFO] running `Command { std: "docker" "start" "-a" "fdd29f9225ead429be940df8847742af5d3f4c7c013621a1b69585c6b129f71c", kill_on_drop: false }`
[INFO] running `Command { std: "docker" "inspect" "fdd29f9225ead429be940df8847742af5d3f4c7c013621a1b69585c6b129f71c", kill_on_drop: false }`
[INFO] running `Command { std: "docker" "rm" "-f" "fdd29f9225ead429be940df8847742af5d3f4c7c013621a1b69585c6b129f71c", kill_on_drop: false }`
[INFO] [stdout] fdd29f9225ead429be940df8847742af5d3f4c7c013621a1b69585c6b129f71c
[INFO] running `Command { std: "docker" "create" "-v" "/var/lib/crater-agent-workspace/builds/worker-1-tc1/target:/opt/rustwide/target:rw,Z" "-v" "/var/lib/crater-agent-workspace/builds/worker-1-tc1/source:/opt/rustwide/workdir:ro,Z" "-v" "/var/lib/crater-agent-workspace/cargo-home:/opt/rustwide/cargo-home:ro,Z" "-v" "/var/lib/crater-agent-workspace/rustup-home:/opt/rustwide/rustup-home:ro,Z" "-e" "SOURCE_DIR=/opt/rustwide/workdir" "-e" "CARGO_TARGET_DIR=/opt/rustwide/target" "-e" "CARGO_INCREMENTAL=0" "-e" "RUST_BACKTRACE=full" "-e" "RUSTFLAGS=--cap-lints=warn" "-e" "RUSTDOCFLAGS=--cap-lints=warn" "-e" "CARGO_HOME=/opt/rustwide/cargo-home" "-e" "RUSTUP_HOME=/opt/rustwide/rustup-home" "-w" "/opt/rustwide/workdir" "-m" "1610612736" "--user" "0:0" "--network" "none" "ghcr.io/rust-lang/crates-build-env/linux@sha256:2788e3201cd34a07e3172128adcd8b3090168a8e3bcc40d7c032b9dda1df7d1c" "/opt/rustwide/cargo-home/bin/cargo" "+1.75.0" "build" "--frozen" "--message-format=json", kill_on_drop: false }`
[INFO] [stdout] 2ffd4fe1ed813544fc3d3fa8db5c61c57b85b91cb437c08037215a9b55747591
[INFO] running `Command { std: "docker" "start" "-a" "2ffd4fe1ed813544fc3d3fa8db5c61c57b85b91cb437c08037215a9b55747591", kill_on_drop: false }`
[INFO] [stderr]    Compiling proc-macro2 v1.0.75
[INFO] [stderr]    Compiling quote v1.0.35
[INFO] [stderr]    Compiling syn v2.0.48
[INFO] [stderr]    Compiling gmeta-codegen v1.0.2-354d660.10 (/opt/rustwide/workdir)
[INFO] [stderr]     Finished dev [unoptimized + debuginfo] target(s) in 4.80s
[INFO] running `Command { std: "docker" "inspect" "2ffd4fe1ed813544fc3d3fa8db5c61c57b85b91cb437c08037215a9b55747591", kill_on_drop: false }`
[INFO] running `Command { std: "docker" "rm" "-f" "2ffd4fe1ed813544fc3d3fa8db5c61c57b85b91cb437c08037215a9b55747591", kill_on_drop: false }`
[INFO] [stdout] 2ffd4fe1ed813544fc3d3fa8db5c61c57b85b91cb437c08037215a9b55747591
[INFO] running `Command { std: "docker" "create" "-v" "/var/lib/crater-agent-workspace/builds/worker-1-tc1/target:/opt/rustwide/target:rw,Z" "-v" "/var/lib/crater-agent-workspace/builds/worker-1-tc1/source:/opt/rustwide/workdir:ro,Z" "-v" "/var/lib/crater-agent-workspace/cargo-home:/opt/rustwide/cargo-home:ro,Z" "-v" "/var/lib/crater-agent-workspace/rustup-home:/opt/rustwide/rustup-home:ro,Z" "-e" "SOURCE_DIR=/opt/rustwide/workdir" "-e" "CARGO_TARGET_DIR=/opt/rustwide/target" "-e" "CARGO_INCREMENTAL=0" "-e" "RUST_BACKTRACE=full" "-e" "RUSTFLAGS=--cap-lints=warn" "-e" "RUSTDOCFLAGS=--cap-lints=warn" "-e" "CARGO_HOME=/opt/rustwide/cargo-home" "-e" "RUSTUP_HOME=/opt/rustwide/rustup-home" "-w" "/opt/rustwide/workdir" "-m" "1610612736" "--user" "0:0" "--network" "none" "ghcr.io/rust-lang/crates-build-env/linux@sha256:2788e3201cd34a07e3172128adcd8b3090168a8e3bcc40d7c032b9dda1df7d1c" "/opt/rustwide/cargo-home/bin/cargo" "+1.75.0" "test" "--frozen" "--no-run" "--message-format=json", kill_on_drop: false }`
[INFO] [stdout] 4a83e30e0992ecd10606d124da30e1f49556ed4769160759c057cd7167d78c97
[INFO] running `Command { std: "docker" "start" "-a" "4a83e30e0992ecd10606d124da30e1f49556ed4769160759c057cd7167d78c97", kill_on_drop: false }`
[INFO] [stderr]    Compiling equivalent v1.0.1
[INFO] [stderr]    Compiling hashbrown v0.14.3
[INFO] [stderr]    Compiling toml_datetime v0.6.3
[INFO] [stderr]    Compiling winnow v0.5.32
[INFO] [stderr]    Compiling byte-slice-cast v1.2.2
[INFO] [stderr]    Compiling arrayvec v0.7.4
[INFO] [stderr]    Compiling cfg-if v1.0.0
[INFO] [stderr]    Compiling syn v1.0.109
[INFO] [stderr]    Compiling syn v2.0.48
[INFO] [stderr]    Compiling indexmap v2.1.0
[INFO] [stderr]    Compiling toml_edit v0.20.2
[INFO] [stderr]    Compiling proc-macro-crate v2.0.1
[INFO] [stderr]    Compiling gmeta-codegen v1.0.2-354d660.10 (/opt/rustwide/workdir)
[INFO] [stderr]    Compiling impl-trait-for-tuples v0.2.2
[INFO] [stderr]    Compiling parity-scale-codec-derive v3.6.9
[INFO] [stderr]    Compiling derive_more v0.99.17
[INFO] [stderr]    Compiling parity-scale-codec v3.6.9
[INFO] [stderr]    Compiling scale-info v2.10.0
[INFO] [stderr]     Finished test [unoptimized + debuginfo] target(s) in 6.16s
[INFO] running `Command { std: "docker" "inspect" "4a83e30e0992ecd10606d124da30e1f49556ed4769160759c057cd7167d78c97", kill_on_drop: false }`
[INFO] running `Command { std: "docker" "rm" "-f" "4a83e30e0992ecd10606d124da30e1f49556ed4769160759c057cd7167d78c97", kill_on_drop: false }`
[INFO] [stdout] 4a83e30e0992ecd10606d124da30e1f49556ed4769160759c057cd7167d78c97
[INFO] running `Command { std: "docker" "create" "-v" "/var/lib/crater-agent-workspace/builds/worker-1-tc1/target:/opt/rustwide/target:rw,Z" "-v" "/var/lib/crater-agent-workspace/builds/worker-1-tc1/source:/opt/rustwide/workdir:ro,Z" "-v" "/var/lib/crater-agent-workspace/cargo-home:/opt/rustwide/cargo-home:ro,Z" "-v" "/var/lib/crater-agent-workspace/rustup-home:/opt/rustwide/rustup-home:ro,Z" "-e" "SOURCE_DIR=/opt/rustwide/workdir" "-e" "CARGO_TARGET_DIR=/opt/rustwide/target" "-e" "CARGO_INCREMENTAL=0" "-e" "RUST_BACKTRACE=full" "-e" "RUSTFLAGS=--cap-lints=warn" "-e" "RUSTDOCFLAGS=--cap-lints=warn" "-e" "CARGO_HOME=/opt/rustwide/cargo-home" "-e" "RUSTUP_HOME=/opt/rustwide/rustup-home" "-w" "/opt/rustwide/workdir" "-m" "1610612736" "--user" "0:0" "--network" "none" "ghcr.io/rust-lang/crates-build-env/linux@sha256:2788e3201cd34a07e3172128adcd8b3090168a8e3bcc40d7c032b9dda1df7d1c" "/opt/rustwide/cargo-home/bin/cargo" "+1.75.0" "test" "--frozen", kill_on_drop: false }`
[INFO] [stdout] 29d5fb266191e4547ca91efafe097f052d600a9e239eb3484326f587befd81cc
[INFO] running `Command { std: "docker" "start" "-a" "29d5fb266191e4547ca91efafe097f052d600a9e239eb3484326f587befd81cc", kill_on_drop: false }`
[INFO] [stderr]     Finished test [unoptimized + debuginfo] target(s) in 0.02s
[INFO] [stderr]      Running unittests src/lib.rs (/opt/rustwide/target/debug/deps/gmeta_codegen-11db2021a1582a59)
[INFO] [stdout] 
[INFO] [stdout] running 0 tests
[INFO] [stdout] 
[INFO] [stdout] test result: ok. 0 passed; 0 failed; 0 ignored; 0 measured; 0 filtered out; finished in 0.00s
[INFO] [stdout] 
[INFO] [stderr]    Doc-tests gmeta_codegen
[INFO] [stdout] 
[INFO] [stdout] running 1 test
[INFO] [stdout] test src/lib.rs - metawasm (line 77) ... FAILED
[INFO] [stdout] 
[INFO] [stdout] failures:
[INFO] [stdout] 
[INFO] [stdout] ---- src/lib.rs - metawasm (line 77) stdout ----
[INFO] [stdout] error[E0433]: failed to resolve: use of undeclared crate or module `gstd`
[INFO] [stdout]  --> src/lib.rs:78:5
[INFO] [stdout]   |
[INFO] [stdout] 2 | use gstd::prelude::*;
[INFO] [stdout]   |     ^^^^ use of undeclared crate or module `gstd`
[INFO] [stdout]   |
[INFO] [stdout] help: there is a crate or module with a similar name
[INFO] [stdout]   |
[INFO] [stdout] 2 | use std::prelude::*;
[INFO] [stdout]   |     ~~~
[INFO] [stdout] 
[INFO] [stdout] error[E0433]: failed to resolve: use of undeclared crate or module `gmeta`
[INFO] [stdout]   --> src/lib.rs:89:3
[INFO] [stdout]    |
[INFO] [stdout] 13 | #[gmeta::metawasm]
[INFO] [stdout]    |   ^^^^^ use of undeclared crate or module `gmeta`
[INFO] [stdout] 
[INFO] [stdout] error: cannot find derive macro `Decode` in this scope
[INFO] [stdout]   --> src/lib.rs:86:10
[INFO] [stdout]    |
[INFO] [stdout] 10 | #[derive(Decode, TypeInfo)]
[INFO] [stdout]    |          ^^^^^^
[INFO] [stdout]    |
[INFO] [stdout] help: consider importing this derive macro
[INFO] [stdout]    |
[INFO] [stdout] 2  + use parity_scale_codec::Decode;
[INFO] [stdout]    |
[INFO] [stdout] 
[INFO] [stdout] error: cannot find derive macro `TypeInfo` in this scope
[INFO] [stdout]   --> src/lib.rs:86:18
[INFO] [stdout]    |
[INFO] [stdout] 10 | #[derive(Decode, TypeInfo)]
[INFO] [stdout]    |                  ^^^^^^^^
[INFO] [stdout] 
[INFO] [stdout] error: cannot find derive macro `Encode` in this scope
[INFO] [stdout]  --> src/lib.rs:83:10
[INFO] [stdout]   |
[INFO] [stdout] 7 | #[derive(Encode, TypeInfo)]
[INFO] [stdout]   |          ^^^^^^
[INFO] [stdout]   |
[INFO] [stdout] help: consider importing this derive macro
[INFO] [stdout]   |
[INFO] [stdout] 2 + use parity_scale_codec::Encode;
[INFO] [stdout]   |
[INFO] [stdout] 
[INFO] [stdout] error: cannot find derive macro `TypeInfo` in this scope
[INFO] [stdout]  --> src/lib.rs:83:18
[INFO] [stdout]   |
[INFO] [stdout] 7 | #[derive(Encode, TypeInfo)]
[INFO] [stdout]   |                  ^^^^^^^^
[INFO] [stdout] 
[INFO] [stdout] error: cannot find derive macro `Decode` in this scope
[INFO] [stdout]  --> src/lib.rs:80:10
[INFO] [stdout]   |
[INFO] [stdout] 4 | #[derive(Decode, Encode, TypeInfo)]
[INFO] [stdout]   |          ^^^^^^
[INFO] [stdout]   |
[INFO] [stdout] help: consider importing this derive macro
[INFO] [stdout]   |
[INFO] [stdout] 2 + use parity_scale_codec::Decode;
[INFO] [stdout]   |
[INFO] [stdout] 
[INFO] [stdout] error: cannot find derive macro `Encode` in this scope
[INFO] [stdout]  --> src/lib.rs:80:18
[INFO] [stdout]   |
[INFO] [stdout] 4 | #[derive(Decode, Encode, TypeInfo)]
[INFO] [stdout]   |                  ^^^^^^
[INFO] [stdout]   |
[INFO] [stdout] help: consider importing this derive macro
[INFO] [stdout]   |
[INFO] [stdout] 2 + use parity_scale_codec::Encode;
[INFO] [stdout]   |
[INFO] [stdout] 
[INFO] [stdout] error: cannot find derive macro `TypeInfo` in this scope
[INFO] [stdout]  --> src/lib.rs:80:26
[INFO] [stdout]   |
[INFO] [stdout] 4 | #[derive(Decode, Encode, TypeInfo)]
[INFO] [stdout]   |                          ^^^^^^^^
[INFO] [stdout] 
[INFO] [stdout] error[E0412]: cannot find type `StateType` in this scope
[INFO] [stdout]   --> src/lib.rs:91:22
[INFO] [stdout]    |
[INFO] [stdout] 15 |     pub type State = StateType;
[INFO] [stdout]    |                      ^^^^^^^^^ not found in this scope
[INFO] [stdout]    |
[INFO] [stdout] help: consider importing this struct
[INFO] [stdout]    |
[INFO] [stdout] 15 +     use crate::StateType;
[INFO] [stdout]    |
[INFO] [stdout] 
[INFO] [stdout] error[E0412]: cannot find type `SomeReturnType` in this scope
[INFO] [stdout]   --> src/lib.rs:94:39
[INFO] [stdout]    |
[INFO] [stdout] 18 |     pub fn some_function(_: State) -> SomeReturnType {
[INFO] [stdout]    |                                       ^^^^^^^^^^^^^^ not found in this scope
[INFO] [stdout]    |
[INFO] [stdout] help: consider importing this struct
[INFO] [stdout]    |
[INFO] [stdout] 15 +     use crate::SomeReturnType;
[INFO] [stdout]    |
[INFO] [stdout] 
[INFO] [stdout] error[E0412]: cannot find type `SomeArg` in this scope
[INFO] [stdout]   --> src/lib.rs:98:67
[INFO] [stdout]    |
[INFO] [stdout] 22 |     pub fn another_function_but_with_arg(mut _state: State, _arg: SomeArg) -> State {
[INFO] [stdout]    |                                                                   ^^^^^^^ not found in this scope
[INFO] [stdout]    |
[INFO] [stdout] help: consider importing this struct
[INFO] [stdout]    |
[INFO] [stdout] 15 +     use crate::SomeArg;
[INFO] [stdout]    |
[INFO] [stdout] 
[INFO] [stdout] error[E0412]: cannot find type `SomeArg` in this scope
[INFO] [stdout]   --> src/lib.rs:105:20
[INFO] [stdout]    |
[INFO] [stdout] 29 |         mut _arg1: SomeArg,
[INFO] [stdout]    |                    ^^^^^^^ not found in this scope
[INFO] [stdout]    |
[INFO] [stdout] help: consider importing this struct
[INFO] [stdout]    |
[INFO] [stdout] 15 +     use crate::SomeArg;
[INFO] [stdout]    |
[INFO] [stdout] 
[INFO] [stdout] error[E0412]: cannot find type `SomeReturnType` in this scope
[INFO] [stdout]   --> src/lib.rs:108:10
[INFO] [stdout]    |
[INFO] [stdout] 32 |     ) -> SomeReturnType {
[INFO] [stdout]    |          ^^^^^^^^^^^^^^ not found in this scope
[INFO] [stdout]    |
[INFO] [stdout] help: consider importing this struct
[INFO] [stdout]    |
[INFO] [stdout] 15 +     use crate::SomeReturnType;
[INFO] [stdout]    |
[INFO] [stdout] 
[INFO] [stdout] error: aborting due to 14 previous errors
[INFO] [stdout] 
[INFO] [stdout] Some errors have detailed explanations: E0412, E0433.
[INFO] [stdout] For more information about an error, try `rustc --explain E0412`.
[INFO] [stdout] Couldn't compile the test.
[INFO] [stdout] 
[INFO] [stdout] failures:
[INFO] [stdout]     src/lib.rs - metawasm (line 77)
[INFO] [stdout] 
[INFO] [stdout] test result: FAILED. 0 passed; 1 failed; 0 ignored; 0 measured; 0 filtered out; finished in 0.07s
[INFO] [stdout] 
[INFO] [stderr] error: doctest failed, to rerun pass `--doc`
[INFO] running `Command { std: "docker" "inspect" "29d5fb266191e4547ca91efafe097f052d600a9e239eb3484326f587befd81cc", kill_on_drop: false }`
[INFO] running `Command { std: "docker" "rm" "-f" "29d5fb266191e4547ca91efafe097f052d600a9e239eb3484326f587befd81cc", kill_on_drop: false }`
[INFO] [stdout] 29d5fb266191e4547ca91efafe097f052d600a9e239eb3484326f587befd81cc
[INFO] testing gmeta-codegen-1.0.2-354d660.10 against beta-2023-12-22 for beta-1.76-1
[INFO] extracting crate gmeta-codegen 1.0.2-354d660.10 into /workspace/builds/worker-1-tc2/source
[INFO] validating manifest of crates.io crate gmeta-codegen 1.0.2-354d660.10 on toolchain beta-2023-12-22
[INFO] running `Command { std: CARGO_HOME="/workspace/cargo-home" RUSTUP_HOME="/workspace/rustup-home" "/workspace/cargo-home/bin/cargo" "+beta-2023-12-22" "metadata" "--manifest-path" "Cargo.toml" "--no-deps", kill_on_drop: false }`
[INFO] started tweaking crates.io crate gmeta-codegen 1.0.2-354d660.10
[INFO] finished tweaking crates.io crate gmeta-codegen 1.0.2-354d660.10
[INFO] tweaked toml for crates.io crate gmeta-codegen 1.0.2-354d660.10 written to /workspace/builds/worker-1-tc2/source/Cargo.toml
[INFO] running `Command { std: CARGO_HOME="/workspace/cargo-home" RUSTUP_HOME="/workspace/rustup-home" "/workspace/cargo-home/bin/cargo" "+beta-2023-12-22" "generate-lockfile" "--manifest-path" "Cargo.toml", kill_on_drop: false }`
[INFO] [stderr]     Blocking waiting for file lock on package cache
[INFO] [stderr]     Updating crates.io index
[INFO] running `Command { std: CARGO_HOME="/workspace/cargo-home" RUSTUP_HOME="/workspace/rustup-home" "/workspace/cargo-home/bin/cargo" "+beta-2023-12-22" "fetch" "--manifest-path" "Cargo.toml", kill_on_drop: false }`
[INFO] [stderr]     Blocking waiting for file lock on package cache
[INFO] [stderr]     Blocking waiting for file lock on package cache
[INFO] running `Command { std: "docker" "create" "-v" "/var/lib/crater-agent-workspace/builds/worker-1-tc2/target:/opt/rustwide/target:rw,Z" "-v" "/var/lib/crater-agent-workspace/builds/worker-1-tc2/source:/opt/rustwide/workdir:ro,Z" "-v" "/var/lib/crater-agent-workspace/cargo-home:/opt/rustwide/cargo-home:ro,Z" "-v" "/var/lib/crater-agent-workspace/rustup-home:/opt/rustwide/rustup-home:ro,Z" "-e" "SOURCE_DIR=/opt/rustwide/workdir" "-e" "CARGO_TARGET_DIR=/opt/rustwide/target" "-e" "CARGO_HOME=/opt/rustwide/cargo-home" "-e" "RUSTUP_HOME=/opt/rustwide/rustup-home" "-w" "/opt/rustwide/workdir" "-m" "1610612736" "--user" "0:0" "--network" "none" "ghcr.io/rust-lang/crates-build-env/linux@sha256:2788e3201cd34a07e3172128adcd8b3090168a8e3bcc40d7c032b9dda1df7d1c" "/opt/rustwide/cargo-home/bin/cargo" "+beta-2023-12-22" "metadata" "--no-deps" "--format-version=1", kill_on_drop: false }`
[INFO] [stdout] 99195daa92aaa540fb3d549e92af8d9d81efb87a273823571ab07e3924c74671
[INFO] running `Command { std: "docker" "start" "-a" "99195daa92aaa540fb3d549e92af8d9d81efb87a273823571ab07e3924c74671", kill_on_drop: false }`
[INFO] running `Command { std: "docker" "inspect" "99195daa92aaa540fb3d549e92af8d9d81efb87a273823571ab07e3924c74671", kill_on_drop: false }`
[INFO] running `Command { std: "docker" "rm" "-f" "99195daa92aaa540fb3d549e92af8d9d81efb87a273823571ab07e3924c74671", kill_on_drop: false }`
[INFO] [stdout] 99195daa92aaa540fb3d549e92af8d9d81efb87a273823571ab07e3924c74671
[INFO] running `Command { std: "docker" "create" "-v" "/var/lib/crater-agent-workspace/builds/worker-1-tc2/target:/opt/rustwide/target:rw,Z" "-v" "/var/lib/crater-agent-workspace/builds/worker-1-tc2/source:/opt/rustwide/workdir:ro,Z" "-v" "/var/lib/crater-agent-workspace/cargo-home:/opt/rustwide/cargo-home:ro,Z" "-v" "/var/lib/crater-agent-workspace/rustup-home:/opt/rustwide/rustup-home:ro,Z" "-e" "SOURCE_DIR=/opt/rustwide/workdir" "-e" "CARGO_TARGET_DIR=/opt/rustwide/target" "-e" "CARGO_INCREMENTAL=0" "-e" "RUST_BACKTRACE=full" "-e" "RUSTFLAGS=--cap-lints=warn" "-e" "RUSTDOCFLAGS=--cap-lints=warn" "-e" "CARGO_HOME=/opt/rustwide/cargo-home" "-e" "RUSTUP_HOME=/opt/rustwide/rustup-home" "-w" "/opt/rustwide/workdir" "-m" "1610612736" "--user" "0:0" "--network" "none" "ghcr.io/rust-lang/crates-build-env/linux@sha256:2788e3201cd34a07e3172128adcd8b3090168a8e3bcc40d7c032b9dda1df7d1c" "/opt/rustwide/cargo-home/bin/cargo" "+beta-2023-12-22" "build" "--frozen" "--message-format=json", kill_on_drop: false }`
[INFO] [stdout] de05c6401f74c516819e31924ef931f4e3dd2e9c905b7ca6ff2f45152102efeb
[INFO] running `Command { std: "docker" "start" "-a" "de05c6401f74c516819e31924ef931f4e3dd2e9c905b7ca6ff2f45152102efeb", kill_on_drop: false }`
[INFO] [stderr]    Compiling proc-macro2 v1.0.75
[INFO] [stderr]    Compiling quote v1.0.35
[INFO] [stderr]    Compiling syn v2.0.48
[INFO] [stderr]    Compiling gmeta-codegen v1.0.2-354d660.10 (/opt/rustwide/workdir)
[INFO] [stderr]     Finished dev [unoptimized + debuginfo] target(s) in 7.62s
[INFO] running `Command { std: "docker" "inspect" "de05c6401f74c516819e31924ef931f4e3dd2e9c905b7ca6ff2f45152102efeb", kill_on_drop: false }`
[INFO] running `Command { std: "docker" "rm" "-f" "de05c6401f74c516819e31924ef931f4e3dd2e9c905b7ca6ff2f45152102efeb", kill_on_drop: false }`
[INFO] [stdout] de05c6401f74c516819e31924ef931f4e3dd2e9c905b7ca6ff2f45152102efeb
[INFO] running `Command { std: "docker" "create" "-v" "/var/lib/crater-agent-workspace/builds/worker-1-tc2/target:/opt/rustwide/target:rw,Z" "-v" "/var/lib/crater-agent-workspace/builds/worker-1-tc2/source:/opt/rustwide/workdir:ro,Z" "-v" "/var/lib/crater-agent-workspace/cargo-home:/opt/rustwide/cargo-home:ro,Z" "-v" "/var/lib/crater-agent-workspace/rustup-home:/opt/rustwide/rustup-home:ro,Z" "-e" "SOURCE_DIR=/opt/rustwide/workdir" "-e" "CARGO_TARGET_DIR=/opt/rustwide/target" "-e" "CARGO_INCREMENTAL=0" "-e" "RUST_BACKTRACE=full" "-e" "RUSTFLAGS=--cap-lints=warn" "-e" "RUSTDOCFLAGS=--cap-lints=warn" "-e" "CARGO_HOME=/opt/rustwide/cargo-home" "-e" "RUSTUP_HOME=/opt/rustwide/rustup-home" "-w" "/opt/rustwide/workdir" "-m" "1610612736" "--user" "0:0" "--network" "none" "ghcr.io/rust-lang/crates-build-env/linux@sha256:2788e3201cd34a07e3172128adcd8b3090168a8e3bcc40d7c032b9dda1df7d1c" "/opt/rustwide/cargo-home/bin/cargo" "+beta-2023-12-22" "test" "--frozen" "--no-run" "--message-format=json", kill_on_drop: false }`
[INFO] [stdout] c697ee0c45b9242138c0dfb2d0b0ccf2035c377797e10bc0a9c26b2b0255f9f8
[INFO] running `Command { std: "docker" "start" "-a" "c697ee0c45b9242138c0dfb2d0b0ccf2035c377797e10bc0a9c26b2b0255f9f8", kill_on_drop: false }`
[INFO] [stderr]    Compiling equivalent v1.0.1
[INFO] [stderr]    Compiling hashbrown v0.14.3
[INFO] [stderr]    Compiling winnow v0.5.32
[INFO] [stderr]    Compiling toml_datetime v0.6.3
[INFO] [stderr]    Compiling arrayvec v0.7.4
[INFO] [stderr]    Compiling byte-slice-cast v1.2.2
[INFO] [stderr]    Compiling cfg-if v1.0.0
[INFO] [stderr]    Compiling syn v1.0.109
[INFO] [stderr]    Compiling syn v2.0.48
[INFO] [stderr]    Compiling indexmap v2.1.0
[INFO] [stderr]    Compiling toml_edit v0.20.2
[INFO] [stderr]    Compiling proc-macro-crate v2.0.1
[INFO] [stderr]    Compiling gmeta-codegen v1.0.2-354d660.10 (/opt/rustwide/workdir)
[INFO] [stderr]    Compiling parity-scale-codec-derive v3.6.9
[INFO] [stderr]    Compiling impl-trait-for-tuples v0.2.2
[INFO] [stderr]    Compiling derive_more v0.99.17
[INFO] [stderr]    Compiling parity-scale-codec v3.6.9
[INFO] [stderr]    Compiling scale-info v2.10.0
[INFO] [stderr]     Finished test [unoptimized + debuginfo] target(s) in 16.68s
[INFO] running `Command { std: "docker" "inspect" "c697ee0c45b9242138c0dfb2d0b0ccf2035c377797e10bc0a9c26b2b0255f9f8", kill_on_drop: false }`
[INFO] running `Command { std: "docker" "rm" "-f" "c697ee0c45b9242138c0dfb2d0b0ccf2035c377797e10bc0a9c26b2b0255f9f8", kill_on_drop: false }`
[INFO] [stdout] c697ee0c45b9242138c0dfb2d0b0ccf2035c377797e10bc0a9c26b2b0255f9f8
[INFO] running `Command { std: "docker" "create" "-v" "/var/lib/crater-agent-workspace/builds/worker-1-tc2/target:/opt/rustwide/target:rw,Z" "-v" "/var/lib/crater-agent-workspace/builds/worker-1-tc2/source:/opt/rustwide/workdir:ro,Z" "-v" "/var/lib/crater-agent-workspace/cargo-home:/opt/rustwide/cargo-home:ro,Z" "-v" "/var/lib/crater-agent-workspace/rustup-home:/opt/rustwide/rustup-home:ro,Z" "-e" "SOURCE_DIR=/opt/rustwide/workdir" "-e" "CARGO_TARGET_DIR=/opt/rustwide/target" "-e" "CARGO_INCREMENTAL=0" "-e" "RUST_BACKTRACE=full" "-e" "RUSTFLAGS=--cap-lints=warn" "-e" "RUSTDOCFLAGS=--cap-lints=warn" "-e" "CARGO_HOME=/opt/rustwide/cargo-home" "-e" "RUSTUP_HOME=/opt/rustwide/rustup-home" "-w" "/opt/rustwide/workdir" "-m" "1610612736" "--user" "0:0" "--network" "none" "ghcr.io/rust-lang/crates-build-env/linux@sha256:2788e3201cd34a07e3172128adcd8b3090168a8e3bcc40d7c032b9dda1df7d1c" "/opt/rustwide/cargo-home/bin/cargo" "+beta-2023-12-22" "test" "--frozen", kill_on_drop: false }`
[INFO] [stdout] fc1bc14f40081e83a3f832ee52490061166b2ef5347f84fcf30dcda280e9d060
[INFO] running `Command { std: "docker" "start" "-a" "fc1bc14f40081e83a3f832ee52490061166b2ef5347f84fcf30dcda280e9d060", kill_on_drop: false }`
[INFO] [stderr]     Finished test [unoptimized + debuginfo] target(s) in 0.04s
[INFO] [stderr]      Running unittests src/lib.rs (/opt/rustwide/target/debug/deps/gmeta_codegen-398f8aa91b99e1e7)
[INFO] [stdout] 
[INFO] [stdout] running 0 tests
[INFO] [stdout] 
[INFO] [stdout] test result: ok. 0 passed; 0 failed; 0 ignored; 0 measured; 0 filtered out; finished in 0.00s
[INFO] [stdout] 
[INFO] [stderr]    Doc-tests gmeta_codegen
[INFO] [stdout] 
[INFO] [stdout] running 1 test
[INFO] [stdout] test src/lib.rs - metawasm (line 77) ... FAILED
[INFO] [stdout] 
[INFO] [stdout] failures:
[INFO] [stdout] 
[INFO] [stdout] ---- src/lib.rs - metawasm (line 77) stdout ----
[INFO] [stdout] error[E0433]: failed to resolve: use of undeclared crate or module `gstd`
[INFO] [stdout]  --> src/lib.rs:78:5
[INFO] [stdout]   |
[INFO] [stdout] 2 | use gstd::prelude::*;
[INFO] [stdout]   |     ^^^^ use of undeclared crate or module `gstd`
[INFO] [stdout]   |
[INFO] [stdout] help: there is a crate or module with a similar name
[INFO] [stdout]   |
[INFO] [stdout] 2 | use std::prelude::*;
[INFO] [stdout]   |     ~~~
[INFO] [stdout] 
[INFO] [stdout] error[E0433]: failed to resolve: use of undeclared crate or module `gmeta`
[INFO] [stdout]   --> src/lib.rs:89:3
[INFO] [stdout]    |
[INFO] [stdout] 13 | #[gmeta::metawasm]
[INFO] [stdout]    |   ^^^^^ use of undeclared crate or module `gmeta`
[INFO] [stdout] 
[INFO] [stdout] error: cannot find derive macro `Decode` in this scope
[INFO] [stdout]   --> src/lib.rs:86:10
[INFO] [stdout]    |
[INFO] [stdout] 10 | #[derive(Decode, TypeInfo)]
[INFO] [stdout]    |          ^^^^^^
[INFO] [stdout]    |
[INFO] [stdout] help: consider importing this derive macro
[INFO] [stdout]    |
[INFO] [stdout] 2  + use parity_scale_codec::Decode;
[INFO] [stdout]    |
[INFO] [stdout] 
[INFO] [stdout] error: cannot find derive macro `TypeInfo` in this scope
[INFO] [stdout]   --> src/lib.rs:86:18
[INFO] [stdout]    |
[INFO] [stdout] 10 | #[derive(Decode, TypeInfo)]
[INFO] [stdout]    |                  ^^^^^^^^
[INFO] [stdout] 
[INFO] [stdout] error: cannot find derive macro `Encode` in this scope
[INFO] [stdout]  --> src/lib.rs:83:10
[INFO] [stdout]   |
[INFO] [stdout] 7 | #[derive(Encode, TypeInfo)]
[INFO] [stdout]   |          ^^^^^^
[INFO] [stdout]   |
[INFO] [stdout] help: consider importing this derive macro
[INFO] [stdout]   |
[INFO] [stdout] 2 + use parity_scale_codec::Encode;
[INFO] [stdout]   |
[INFO] [stdout] 
[INFO] [stdout] error: cannot find derive macro `TypeInfo` in this scope
[INFO] [stdout]  --> src/lib.rs:83:18
[INFO] [stdout]   |
[INFO] [stdout] 7 | #[derive(Encode, TypeInfo)]
[INFO] [stdout]   |                  ^^^^^^^^
[INFO] [stdout] 
[INFO] [stdout] error: cannot find derive macro `Decode` in this scope
[INFO] [stdout]  --> src/lib.rs:80:10
[INFO] [stdout]   |
[INFO] [stdout] 4 | #[derive(Decode, Encode, TypeInfo)]
[INFO] [stdout]   |          ^^^^^^
[INFO] [stdout]   |
[INFO] [stdout] help: consider importing this derive macro
[INFO] [stdout]   |
[INFO] [stdout] 2 + use parity_scale_codec::Decode;
[INFO] [stdout]   |
[INFO] [stdout] 
[INFO] [stdout] error: cannot find derive macro `Encode` in this scope
[INFO] [stdout]  --> src/lib.rs:80:18
[INFO] [stdout]   |
[INFO] [stdout] 4 | #[derive(Decode, Encode, TypeInfo)]
[INFO] [stdout]   |                  ^^^^^^
[INFO] [stdout]   |
[INFO] [stdout] help: consider importing this derive macro
[INFO] [stdout]   |
[INFO] [stdout] 2 + use parity_scale_codec::Encode;
[INFO] [stdout]   |
[INFO] [stdout] 
[INFO] [stdout] error: cannot find derive macro `TypeInfo` in this scope
[INFO] [stdout]  --> src/lib.rs:80:26
[INFO] [stdout]   |
[INFO] [stdout] 4 | #[derive(Decode, Encode, TypeInfo)]
[INFO] [stdout]   |                          ^^^^^^^^
[INFO] [stdout] 
[INFO] [stdout] error[E0412]: cannot find type `StateType` in this scope
[INFO] [stdout]   --> src/lib.rs:91:22
[INFO] [stdout]    |
[INFO] [stdout] 15 |     pub type State = StateType;
[INFO] [stdout]    |                      ^^^^^^^^^ not found in this scope
[INFO] [stdout]    |
[INFO] [stdout] help: consider importing this struct
[INFO] [stdout]    |
[INFO] [stdout] 15 +     use crate::StateType;
[INFO] [stdout]    |
[INFO] [stdout] 
[INFO] [stdout] error[E0412]: cannot find type `SomeReturnType` in this scope
[INFO] [stdout]   --> src/lib.rs:94:39
[INFO] [stdout]    |
[INFO] [stdout] 18 |     pub fn some_function(_: State) -> SomeReturnType {
[INFO] [stdout]    |                                       ^^^^^^^^^^^^^^ not found in this scope
[INFO] [stdout]    |
[INFO] [stdout] help: consider importing this struct
[INFO] [stdout]    |
[INFO] [stdout] 15 +     use crate::SomeReturnType;
[INFO] [stdout]    |
[INFO] [stdout] 
[INFO] [stdout] error[E0412]: cannot find type `SomeArg` in this scope
[INFO] [stdout]   --> src/lib.rs:98:67
[INFO] [stdout]    |
[INFO] [stdout] 22 |     pub fn another_function_but_with_arg(mut _state: State, _arg: SomeArg) -> State {
[INFO] [stdout]    |                                                                   ^^^^^^^ not found in this scope
[INFO] [stdout]    |
[INFO] [stdout] help: consider importing this struct
[INFO] [stdout]    |
[INFO] [stdout] 15 +     use crate::SomeArg;
[INFO] [stdout]    |
[INFO] [stdout] 
[INFO] [stdout] error[E0412]: cannot find type `SomeArg` in this scope
[INFO] [stdout]   --> src/lib.rs:105:20
[INFO] [stdout]    |
[INFO] [stdout] 29 |         mut _arg1: SomeArg,
[INFO] [stdout]    |                    ^^^^^^^ not found in this scope
[INFO] [stdout]    |
[INFO] [stdout] help: consider importing this struct
[INFO] [stdout]    |
[INFO] [stdout] 15 +     use crate::SomeArg;
[INFO] [stdout]    |
[INFO] [stdout] 
[INFO] [stdout] error[E0412]: cannot find type `SomeReturnType` in this scope
[INFO] [stdout]   --> src/lib.rs:108:10
[INFO] [stdout]    |
[INFO] [stdout] 32 |     ) -> SomeReturnType {
[INFO] [stdout]    |          ^^^^^^^^^^^^^^ not found in this scope
[INFO] [stdout]    |
[INFO] [stdout] help: consider importing this struct
[INFO] [stdout]    |
[INFO] [stdout] 15 +     use crate::SomeReturnType;
[INFO] [stdout]    |
[INFO] [stdout] 
[INFO] [stdout] error: aborting due to 14 previous errors
[INFO] [stdout] 
[INFO] [stdout] Some errors have detailed explanations: E0412, E0433.
[INFO] [stdout] For more information about an error, try `rustc --explain E0412`.
[INFO] [stdout] Couldn't compile the test.
[INFO] [stdout] 
[INFO] [stdout] failures:
[INFO] [stdout]     src/lib.rs - metawasm (line 77)
[INFO] [stdout] 
[INFO] [stdout] test result: FAILED. 0 passed; 1 failed; 0 ignored; 0 measured; 0 filtered out; finished in 0.12s
[INFO] [stdout] 
[INFO] [stderr] error: doctest failed, to rerun pass `--doc`
[INFO] running `Command { std: "docker" "inspect" "fc1bc14f40081e83a3f832ee52490061166b2ef5347f84fcf30dcda280e9d060", kill_on_drop: false }`
[INFO] running `Command { std: "docker" "rm" "-f" "fc1bc14f40081e83a3f832ee52490061166b2ef5347f84fcf30dcda280e9d060", kill_on_drop: false }`
[INFO] [stdout] fc1bc14f40081e83a3f832ee52490061166b2ef5347f84fcf30dcda280e9d060
