[INFO] fetching crate glsl-lang 0.5.2...
[INFO] testing glsl-lang-0.5.2 against 1.75.0 for beta-1.76-1
[INFO] extracting crate glsl-lang 0.5.2 into /workspace/builds/worker-7-tc1/source
[INFO] validating manifest of crates.io crate glsl-lang 0.5.2 on toolchain 1.75.0
[INFO] running `Command { std: CARGO_HOME="/workspace/cargo-home" RUSTUP_HOME="/workspace/rustup-home" "/workspace/cargo-home/bin/cargo" "+1.75.0" "metadata" "--manifest-path" "Cargo.toml" "--no-deps", kill_on_drop: false }`
[INFO] started tweaking crates.io crate glsl-lang 0.5.2
[INFO] removed 0 missing tests
[INFO] finished tweaking crates.io crate glsl-lang 0.5.2
[INFO] tweaked toml for crates.io crate glsl-lang 0.5.2 written to /workspace/builds/worker-7-tc1/source/Cargo.toml
[INFO] running `Command { std: CARGO_HOME="/workspace/cargo-home" RUSTUP_HOME="/workspace/rustup-home" "/workspace/cargo-home/bin/cargo" "+1.75.0" "generate-lockfile" "--manifest-path" "Cargo.toml", kill_on_drop: false }`
[INFO] [stderr]     Updating crates.io index
[INFO] running `Command { std: CARGO_HOME="/workspace/cargo-home" RUSTUP_HOME="/workspace/rustup-home" "/workspace/cargo-home/bin/cargo" "+1.75.0" "fetch" "--manifest-path" "Cargo.toml", kill_on_drop: false }`
[INFO] [stderr]  Downloading crates ...
[INFO] [stderr]   Downloaded cbitset v0.2.0
[INFO] [stderr]   Downloaded glsl-lang-lexer v0.5.2
[INFO] [stderr]   Downloaded expect-test v1.4.1
[INFO] [stderr]   Downloaded similar-asserts v1.5.0
[INFO] [stderr]   Downloaded glsl v6.0.2
[INFO] [stderr]   Downloaded pico-args v0.5.0
[INFO] [stderr]   Downloaded lang-util-derive v0.5.2
[INFO] [stderr]   Downloaded glsl-lang-types v0.5.2
[INFO] [stderr]   Downloaded glsl-lang-pp v0.5.2
[INFO] [stderr]   Downloaded lalrpop v0.20.0
[INFO] [stderr]   Downloaded countme v3.0.1
[INFO] [stderr]   Downloaded lalrpop-util v0.20.0
[INFO] [stderr]   Downloaded rowan v0.15.15
[INFO] [stderr]   Downloaded line-span v0.1.5
[INFO] [stderr]   Downloaded smol_str v0.1.24
[INFO] [stderr]   Downloaded text-size v1.1.1
[INFO] [stderr]   Downloaded lang-util v0.5.2
[INFO] [stderr]   Downloaded lang-util-dev v0.5.2
[INFO] running `Command { std: "docker" "create" "-v" "/var/lib/crater-agent-workspace/builds/worker-7-tc1/target:/opt/rustwide/target:rw,Z" "-v" "/var/lib/crater-agent-workspace/builds/worker-7-tc1/source:/opt/rustwide/workdir:ro,Z" "-v" "/var/lib/crater-agent-workspace/cargo-home:/opt/rustwide/cargo-home:ro,Z" "-v" "/var/lib/crater-agent-workspace/rustup-home:/opt/rustwide/rustup-home:ro,Z" "-e" "SOURCE_DIR=/opt/rustwide/workdir" "-e" "CARGO_TARGET_DIR=/opt/rustwide/target" "-e" "CARGO_HOME=/opt/rustwide/cargo-home" "-e" "RUSTUP_HOME=/opt/rustwide/rustup-home" "-w" "/opt/rustwide/workdir" "-m" "1610612736" "--user" "0:0" "--network" "none" "ghcr.io/rust-lang/crates-build-env/linux@sha256:2788e3201cd34a07e3172128adcd8b3090168a8e3bcc40d7c032b9dda1df7d1c" "/opt/rustwide/cargo-home/bin/cargo" "+1.75.0" "metadata" "--no-deps" "--format-version=1", kill_on_drop: false }`
[INFO] [stdout] 136a496e2d85b5c9476ed9e2250d468bf93632e0bfd3b67e7133e53e6fbc0325
[INFO] running `Command { std: "docker" "start" "-a" "136a496e2d85b5c9476ed9e2250d468bf93632e0bfd3b67e7133e53e6fbc0325", kill_on_drop: false }`
[INFO] running `Command { std: "docker" "inspect" "136a496e2d85b5c9476ed9e2250d468bf93632e0bfd3b67e7133e53e6fbc0325", kill_on_drop: false }`
[INFO] running `Command { std: "docker" "rm" "-f" "136a496e2d85b5c9476ed9e2250d468bf93632e0bfd3b67e7133e53e6fbc0325", kill_on_drop: false }`
[INFO] [stdout] 136a496e2d85b5c9476ed9e2250d468bf93632e0bfd3b67e7133e53e6fbc0325
[INFO] running `Command { std: "docker" "create" "-v" "/var/lib/crater-agent-workspace/builds/worker-7-tc1/target:/opt/rustwide/target:rw,Z" "-v" "/var/lib/crater-agent-workspace/builds/worker-7-tc1/source:/opt/rustwide/workdir:ro,Z" "-v" "/var/lib/crater-agent-workspace/cargo-home:/opt/rustwide/cargo-home:ro,Z" "-v" "/var/lib/crater-agent-workspace/rustup-home:/opt/rustwide/rustup-home:ro,Z" "-e" "SOURCE_DIR=/opt/rustwide/workdir" "-e" "CARGO_TARGET_DIR=/opt/rustwide/target" "-e" "CARGO_INCREMENTAL=0" "-e" "RUST_BACKTRACE=full" "-e" "RUSTFLAGS=--cap-lints=warn" "-e" "RUSTDOCFLAGS=--cap-lints=warn" "-e" "CARGO_HOME=/opt/rustwide/cargo-home" "-e" "RUSTUP_HOME=/opt/rustwide/rustup-home" "-w" "/opt/rustwide/workdir" "-m" "1610612736" "--user" "0:0" "--network" "none" "ghcr.io/rust-lang/crates-build-env/linux@sha256:2788e3201cd34a07e3172128adcd8b3090168a8e3bcc40d7c032b9dda1df7d1c" "/opt/rustwide/cargo-home/bin/cargo" "+1.75.0" "build" "--frozen" "--message-format=json", kill_on_drop: false }`
[INFO] [stdout] 7ca2a4ce86670f74e84bc829bf4b7c94baa07a7508a7f236cd0e2e1a3ccf79c3
[INFO] running `Command { std: "docker" "start" "-a" "7ca2a4ce86670f74e84bc829bf4b7c94baa07a7508a7f236cd0e2e1a3ccf79c3", kill_on_drop: false }`
[INFO] [stderr]    Compiling libc v0.2.151
[INFO] [stderr]    Compiling syn v1.0.109
[INFO] [stderr]    Compiling cfg-if v1.0.0
[INFO] [stderr]    Compiling regex-syntax v0.8.2
[INFO] [stderr]    Compiling lock_api v0.4.11
[INFO] [stderr]    Compiling strsim v0.10.0
[INFO] [stderr]    Compiling parking_lot_core v0.9.9
[INFO] [stderr]    Compiling fnv v1.0.7
[INFO] [stderr]    Compiling scopeguard v1.2.0
[INFO] [stderr]    Compiling crunchy v0.2.2
[INFO] [stderr]    Compiling rustix v0.38.28
[INFO] [stderr]    Compiling smallvec v1.11.2
[INFO] [stderr]    Compiling linux-raw-sys v0.4.12
[INFO] [stderr]    Compiling bitflags v2.4.1
[INFO] [stderr]    Compiling tiny-keccak v2.0.2
[INFO] [stderr]    Compiling siphasher v0.3.11
[INFO] [stderr]    Compiling hashbrown v0.14.3
[INFO] [stderr]    Compiling equivalent v1.0.1
[INFO] [stderr]    Compiling syn v2.0.48
[INFO] [stderr]    Compiling precomputed-hash v0.1.1
[INFO] [stderr]    Compiling either v1.9.0
[INFO] [stderr]    Compiling phf_shared v0.10.0
[INFO] [stderr]    Compiling log v0.4.20
[INFO] [stderr]    Compiling new_debug_unreachable v1.0.4
[INFO] [stderr]    Compiling once_cell v1.19.0
[INFO] [stderr]    Compiling fixedbitset v0.4.2
[INFO] [stderr]    Compiling convert_case v0.4.0
[INFO] [stderr]    Compiling bit-vec v0.6.3
[INFO] [stderr]    Compiling bit-set v0.5.3
[INFO] [stderr]    Compiling ena v0.14.2
[INFO] [stderr]    Compiling indexmap v2.1.0
[INFO] [stderr]    Compiling itertools v0.10.5
[INFO] [stderr]    Compiling is-terminal v0.4.10
[INFO] [stderr]    Compiling smol_str v0.1.24
[INFO] [stderr]    Compiling text-size v1.1.1
[INFO] [stderr]    Compiling unicode-xid v0.2.4
[INFO] [stderr]    Compiling dirs-sys-next v0.1.2
[INFO] [stderr]    Compiling petgraph v0.6.4
[INFO] [stderr]    Compiling regex-automata v0.4.3
[INFO] [stderr]    Compiling dirs-next v2.0.0
[INFO] [stderr]    Compiling term v0.7.0
[INFO] [stderr]    Compiling parking_lot v0.12.1
[INFO] [stderr]    Compiling ascii-canvas v3.0.0
[INFO] [stderr]    Compiling string_cache v0.8.7
[INFO] [stderr]    Compiling pico-args v0.5.0
[INFO] [stderr]    Compiling regex-syntax v0.7.5
[INFO] [stderr]    Compiling line-span v0.1.5
[INFO] [stderr]    Compiling diff v0.1.13
[INFO] [stderr]    Compiling darling_core v0.14.4
[INFO] [stderr]    Compiling regex v1.10.2
[INFO] [stderr]    Compiling lalrpop-util v0.20.0
[INFO] [stderr]    Compiling lalrpop v0.20.0
[INFO] [stderr]    Compiling derive_more v0.99.17
[INFO] [stderr]    Compiling thiserror-impl v1.0.56
[INFO] [stderr]    Compiling darling_macro v0.14.4
[INFO] [stderr]    Compiling darling v0.14.4
[INFO] [stderr]    Compiling lang-util-derive v0.5.2
[INFO] [stderr]    Compiling thiserror v1.0.56
[INFO] [stderr]    Compiling lang-util v0.5.2
[INFO] [stderr]    Compiling glsl-lang-types v0.5.2
[INFO] [stderr]    Compiling glsl-lang-lexer v0.5.2
[INFO] [stderr]    Compiling glsl-lang v0.5.2 (/opt/rustwide/workdir)
[INFO] [stderr]     Finished dev [unoptimized + debuginfo] target(s) in 1m 08s
[INFO] running `Command { std: "docker" "inspect" "7ca2a4ce86670f74e84bc829bf4b7c94baa07a7508a7f236cd0e2e1a3ccf79c3", kill_on_drop: false }`
[INFO] running `Command { std: "docker" "rm" "-f" "7ca2a4ce86670f74e84bc829bf4b7c94baa07a7508a7f236cd0e2e1a3ccf79c3", kill_on_drop: false }`
[INFO] [stdout] 7ca2a4ce86670f74e84bc829bf4b7c94baa07a7508a7f236cd0e2e1a3ccf79c3
[INFO] running `Command { std: "docker" "create" "-v" "/var/lib/crater-agent-workspace/builds/worker-7-tc1/target:/opt/rustwide/target:rw,Z" "-v" "/var/lib/crater-agent-workspace/builds/worker-7-tc1/source:/opt/rustwide/workdir:ro,Z" "-v" "/var/lib/crater-agent-workspace/cargo-home:/opt/rustwide/cargo-home:ro,Z" "-v" "/var/lib/crater-agent-workspace/rustup-home:/opt/rustwide/rustup-home:ro,Z" "-e" "SOURCE_DIR=/opt/rustwide/workdir" "-e" "CARGO_TARGET_DIR=/opt/rustwide/target" "-e" "CARGO_INCREMENTAL=0" "-e" "RUST_BACKTRACE=full" "-e" "RUSTFLAGS=--cap-lints=warn" "-e" "RUSTDOCFLAGS=--cap-lints=warn" "-e" "CARGO_HOME=/opt/rustwide/cargo-home" "-e" "RUSTUP_HOME=/opt/rustwide/rustup-home" "-w" "/opt/rustwide/workdir" "-m" "1610612736" "--user" "0:0" "--network" "none" "ghcr.io/rust-lang/crates-build-env/linux@sha256:2788e3201cd34a07e3172128adcd8b3090168a8e3bcc40d7c032b9dda1df7d1c" "/opt/rustwide/cargo-home/bin/cargo" "+1.75.0" "test" "--frozen" "--no-run" "--message-format=json", kill_on_drop: false }`
[INFO] [stdout] 50621d5c3f595e282da8a41311378c308e30906b5df93844d43b71c14e123e74
[INFO] running `Command { std: "docker" "start" "-a" "50621d5c3f595e282da8a41311378c308e30906b5df93844d43b71c14e123e74", kill_on_drop: false }`
[INFO] [stderr]    Compiling libc v0.2.151
[INFO] [stderr]    Compiling siphasher v0.3.11
[INFO] [stderr]    Compiling memchr v2.7.1
[INFO] [stderr]    Compiling lock_api v0.4.11
[INFO] [stderr]    Compiling parking_lot_core v0.9.9
[INFO] [stderr]    Compiling smallvec v1.11.2
[INFO] [stderr]    Compiling scopeguard v1.2.0
[INFO] [stderr]    Compiling either v1.9.0
[INFO] [stderr]    Compiling ppv-lite86 v0.2.17
[INFO] [stderr]    Compiling crossbeam-utils v0.8.18
[INFO] [stderr]    Compiling itertools v0.10.5
[INFO] [stderr]    Compiling phf_shared v0.10.0
[INFO] [stderr]    Compiling precomputed-hash v0.1.1
[INFO] [stderr]    Compiling new_debug_unreachable v1.0.4
[INFO] [stderr]    Compiling rayon-core v1.12.0
[INFO] [stderr]    Compiling regex-automata v0.1.10
[INFO] [stderr]    Compiling unicode-width v0.1.11
[INFO] [stderr]    Compiling unicode-segmentation v1.10.1
[INFO] [stderr]    Compiling plotters-backend v0.3.5
[INFO] [stderr]    Compiling textwrap v0.11.0
[INFO] [stderr]    Compiling bstr v0.2.17
[INFO] [stderr]    Compiling crossbeam-epoch v0.9.17
[INFO] [stderr]    Compiling plotters-svg v0.3.5
[INFO] [stderr]    Compiling csv-core v0.1.11
[INFO] [stderr]    Compiling minimal-lexical v0.2.1
[INFO] [stderr]    Compiling similar v2.4.0
[INFO] [stderr]    Compiling getrandom v0.2.11
[INFO] [stderr]    Compiling dirs-sys-next v0.1.2
[INFO] [stderr]    Compiling rand_core v0.6.4
[INFO] [stderr]    Compiling dirs-next v2.0.0
[INFO] [stderr]    Compiling crossbeam-deque v0.8.4
[INFO] [stderr]    Compiling term v0.7.0
[INFO] [stderr]    Compiling console v0.15.7
[INFO] [stderr]    Compiling half v1.8.2
[INFO] [stderr]    Compiling rand_chacha v0.3.1
[INFO] [stderr]    Compiling parking_lot v0.12.1
[INFO] [stderr]    Compiling ascii-canvas v3.0.0
[INFO] [stderr]    Compiling rand v0.8.5
[INFO] [stderr]    Compiling string_cache v0.8.7
[INFO] [stderr]    Compiling cast v0.3.0
[INFO] [stderr]    Compiling same-file v1.0.6
[INFO] [stderr]    Compiling lalrpop v0.20.0
[INFO] [stderr]    Compiling walkdir v2.4.0
[INFO] [stderr]    Compiling criterion-plot v0.4.5
[INFO] [stderr]    Compiling clap v2.34.0
[INFO] [stderr]    Compiling rayon v1.8.0
[INFO] [stderr]    Compiling phf_generator v0.10.0
[INFO] [stderr]    Compiling string_cache_codegen v0.5.2
[INFO] [stderr]    Compiling similar-asserts v1.5.0
[INFO] [stderr]    Compiling serde_cbor v0.11.2
[INFO] [stderr]    Compiling nom v7.1.3
[INFO] [stderr]    Compiling atty v0.2.14
[INFO] [stderr]    Compiling csv v1.3.0
[INFO] [stderr]    Compiling glsl-lang-pp v0.5.2
[INFO] [stderr]    Compiling plotters v0.3.5
[INFO] [stderr]    Compiling tinytemplate v1.2.1
[INFO] [stderr]    Compiling serde_derive v1.0.194
[INFO] [stderr]    Compiling oorandom v11.1.3
[INFO] [stderr]    Compiling dissimilar v1.0.7
[INFO] [stderr]    Compiling arrayvec v0.7.4
[INFO] [stderr]    Compiling glsl v6.0.2
[INFO] [stderr]    Compiling expect-test v1.4.1
[INFO] [stderr]    Compiling lang-util-dev v0.5.2
[INFO] [stderr]    Compiling criterion v0.3.6
[INFO] [stderr]    Compiling glsl-lang v0.5.2 (/opt/rustwide/workdir)
[INFO] [stderr]     Finished test [unoptimized + debuginfo] target(s) in 22.58s
[INFO] running `Command { std: "docker" "inspect" "50621d5c3f595e282da8a41311378c308e30906b5df93844d43b71c14e123e74", kill_on_drop: false }`
[INFO] running `Command { std: "docker" "rm" "-f" "50621d5c3f595e282da8a41311378c308e30906b5df93844d43b71c14e123e74", kill_on_drop: false }`
[INFO] [stdout] 50621d5c3f595e282da8a41311378c308e30906b5df93844d43b71c14e123e74
[INFO] running `Command { std: "docker" "create" "-v" "/var/lib/crater-agent-workspace/builds/worker-7-tc1/target:/opt/rustwide/target:rw,Z" "-v" "/var/lib/crater-agent-workspace/builds/worker-7-tc1/source:/opt/rustwide/workdir:ro,Z" "-v" "/var/lib/crater-agent-workspace/cargo-home:/opt/rustwide/cargo-home:ro,Z" "-v" "/var/lib/crater-agent-workspace/rustup-home:/opt/rustwide/rustup-home:ro,Z" "-e" "SOURCE_DIR=/opt/rustwide/workdir" "-e" "CARGO_TARGET_DIR=/opt/rustwide/target" "-e" "CARGO_INCREMENTAL=0" "-e" "RUST_BACKTRACE=full" "-e" "RUSTFLAGS=--cap-lints=warn" "-e" "RUSTDOCFLAGS=--cap-lints=warn" "-e" "CARGO_HOME=/opt/rustwide/cargo-home" "-e" "RUSTUP_HOME=/opt/rustwide/rustup-home" "-w" "/opt/rustwide/workdir" "-m" "1610612736" "--user" "0:0" "--network" "none" "ghcr.io/rust-lang/crates-build-env/linux@sha256:2788e3201cd34a07e3172128adcd8b3090168a8e3bcc40d7c032b9dda1df7d1c" "/opt/rustwide/cargo-home/bin/cargo" "+1.75.0" "test" "--frozen", kill_on_drop: false }`
[INFO] [stdout] 1ea3818d0640d035ffa58021ebf29a1b6fcd272323a50eab3d94fa4fa3616063
[INFO] running `Command { std: "docker" "start" "-a" "1ea3818d0640d035ffa58021ebf29a1b6fcd272323a50eab3d94fa4fa3616063", kill_on_drop: false }`
[INFO] [stderr]     Finished test [unoptimized + debuginfo] target(s) in 0.07s
[INFO] [stderr]      Running unittests src/lib.rs (/opt/rustwide/target/debug/deps/glsl_lang-960ecd95247077dd)
[INFO] [stdout] 
[INFO] [stdout] running 1 test
[INFO] [stdout] test visitor::tests::count_variables ... ok
[INFO] [stdout] 
[INFO] [stdout] test result: ok. 1 passed; 0 failed; 0 ignored; 0 measured; 0 filtered out; finished in 0.00s
[INFO] [stdout] 
[INFO] [stderr]      Running tests/range_order.rs (/opt/rustwide/target/debug/deps/range_order-9f9b1fb4f5f6d6fe)
[INFO] [stdout] 
[INFO] [stdout] running 1 test
[INFO] [stdout] test dependent_defines ... ignored, a lexer is required for this test
[INFO] [stdout] 
[INFO] [stdout] test result: ok. 0 passed; 0 failed; 1 ignored; 0 measured; 0 filtered out; finished in 0.00s
[INFO] [stdout] 
[INFO] [stderr]    Doc-tests glsl-lang
[INFO] [stdout] 
[INFO] [stdout] running 3 tests
[INFO] [stdout] test src/visitor.rs - visitor (line 15) ... ok
[INFO] [stdout] test src/lib.rs - (line 12) ... FAILED
[INFO] [stdout] test src/lib.rs - (line 36) ... FAILED
[INFO] [stdout] 
[INFO] [stdout] failures:
[INFO] [stdout] 
[INFO] [stdout] ---- src/lib.rs - (line 12) stdout ----
[INFO] [stdout] error[E0432]: unresolved import `glsl_lang::parse::DefaultParse`
[INFO] [stdout]    --> src/lib.rs:14:22
[INFO] [stdout]     |
[INFO] [stdout] 5   | use glsl_lang::{ast, parse::DefaultParse};
[INFO] [stdout]     |                      ^^^^^^^^^^^^^^^^^^^ no `DefaultParse` in `parse`
[INFO] [stdout]     |
[INFO] [stdout] note: found an item that was configured out
[INFO] [stdout]    --> /opt/rustwide/workdir/src/parse.rs:119:11
[INFO] [stdout]     |
[INFO] [stdout] 119 | pub trait DefaultParse: Parse {
[INFO] [stdout]     |           ^^^^^^^^^^^^
[INFO] [stdout] 
[INFO] [stdout] error[E0599]: no function or associated item named `parse` found for struct `TranslationUnit` in the current scope
[INFO] [stdout]   --> src/lib.rs:22:33
[INFO] [stdout]    |
[INFO] [stdout] 13 | let ast = ast::TranslationUnit::parse(source);
[INFO] [stdout]    |                                 ^^^^^ function or associated item not found in `TranslationUnit`
[INFO] [stdout]    |
[INFO] [stdout]    = help: items from traits can only be used if the trait is in scope
[INFO] [stdout] help: the following trait is implemented but not in scope; perhaps add a `use` for it:
[INFO] [stdout]    |
[INFO] [stdout] 2  + use crate::glsl_lang::parse::Parse;
[INFO] [stdout]    |
[INFO] [stdout] 
[INFO] [stdout] error: aborting due to 2 previous errors
[INFO] [stdout] 
[INFO] [stdout] Some errors have detailed explanations: E0432, E0599.
[INFO] [stdout] For more information about an error, try `rustc --explain E0432`.
[INFO] [stdout] Couldn't compile the test.
[INFO] [stdout] ---- src/lib.rs - (line 36) stdout ----
[INFO] [stdout] error[E0432]: unresolved import `glsl_lang::parse::Parsable`
[INFO] [stdout]   --> src/lib.rs:39:22
[INFO] [stdout]    |
[INFO] [stdout] 6  | use glsl_lang::{ast, parse::Parsable};
[INFO] [stdout]    |                      ^^^^^^^--------
[INFO] [stdout]    |                      |      |
[INFO] [stdout]    |                      |      help: a similar name exists in the module: `parsable`
[INFO] [stdout]    |                      no `Parsable` in `parse`
[INFO] [stdout]    |
[INFO] [stdout] note: found an item that was configured out
[INFO] [stdout]   --> /opt/rustwide/workdir/src/parse.rs:21:19
[INFO] [stdout]    |
[INFO] [stdout] 21 | pub use parsable::Parsable;
[INFO] [stdout]    |                   ^^^^^^^^
[INFO] [stdout] 
[INFO] [stdout] error[E0599]: no function or associated item named `parse` found for struct `Node<ExprData>` in the current scope
[INFO] [stdout]   --> src/lib.rs:44:22
[INFO] [stdout]    |
[INFO] [stdout] 11 | let ast = ast::Expr::parse(source);
[INFO] [stdout]    |                      ^^^^^ function or associated item not found in `Node<ExprData>`
[INFO] [stdout] 
[INFO] [stdout] error: aborting due to 2 previous errors
[INFO] [stdout] 
[INFO] [stdout] Some errors have detailed explanations: E0432, E0599.
[INFO] [stdout] For more information about an error, try `rustc --explain E0432`.
[INFO] [stdout] Couldn't compile the test.
[INFO] [stdout] 
[INFO] [stdout] failures:
[INFO] [stdout]     src/lib.rs - (line 12)
[INFO] [stdout]     src/lib.rs - (line 36)
[INFO] [stdout] 
[INFO] [stdout] test result: FAILED. 1 passed; 2 failed; 0 ignored; 0 measured; 0 filtered out; finished in 0.73s
[INFO] [stdout] 
[INFO] [stderr] error: doctest failed, to rerun pass `--doc`
[INFO] running `Command { std: "docker" "inspect" "1ea3818d0640d035ffa58021ebf29a1b6fcd272323a50eab3d94fa4fa3616063", kill_on_drop: false }`
[INFO] running `Command { std: "docker" "rm" "-f" "1ea3818d0640d035ffa58021ebf29a1b6fcd272323a50eab3d94fa4fa3616063", kill_on_drop: false }`
[INFO] [stdout] 1ea3818d0640d035ffa58021ebf29a1b6fcd272323a50eab3d94fa4fa3616063
[INFO] testing glsl-lang-0.5.2 against beta-2023-12-22 for beta-1.76-1
[INFO] extracting crate glsl-lang 0.5.2 into /workspace/builds/worker-7-tc2/source
[INFO] validating manifest of crates.io crate glsl-lang 0.5.2 on toolchain beta-2023-12-22
[INFO] running `Command { std: CARGO_HOME="/workspace/cargo-home" RUSTUP_HOME="/workspace/rustup-home" "/workspace/cargo-home/bin/cargo" "+beta-2023-12-22" "metadata" "--manifest-path" "Cargo.toml" "--no-deps", kill_on_drop: false }`
[INFO] started tweaking crates.io crate glsl-lang 0.5.2
[INFO] removed 0 missing tests
[INFO] finished tweaking crates.io crate glsl-lang 0.5.2
[INFO] tweaked toml for crates.io crate glsl-lang 0.5.2 written to /workspace/builds/worker-7-tc2/source/Cargo.toml
[INFO] running `Command { std: CARGO_HOME="/workspace/cargo-home" RUSTUP_HOME="/workspace/rustup-home" "/workspace/cargo-home/bin/cargo" "+beta-2023-12-22" "generate-lockfile" "--manifest-path" "Cargo.toml", kill_on_drop: false }`
[INFO] [stderr]     Updating crates.io index
[INFO] running `Command { std: CARGO_HOME="/workspace/cargo-home" RUSTUP_HOME="/workspace/rustup-home" "/workspace/cargo-home/bin/cargo" "+beta-2023-12-22" "fetch" "--manifest-path" "Cargo.toml", kill_on_drop: false }`
[INFO] running `Command { std: "docker" "create" "-v" "/var/lib/crater-agent-workspace/builds/worker-7-tc2/target:/opt/rustwide/target:rw,Z" "-v" "/var/lib/crater-agent-workspace/builds/worker-7-tc2/source:/opt/rustwide/workdir:ro,Z" "-v" "/var/lib/crater-agent-workspace/cargo-home:/opt/rustwide/cargo-home:ro,Z" "-v" "/var/lib/crater-agent-workspace/rustup-home:/opt/rustwide/rustup-home:ro,Z" "-e" "SOURCE_DIR=/opt/rustwide/workdir" "-e" "CARGO_TARGET_DIR=/opt/rustwide/target" "-e" "CARGO_HOME=/opt/rustwide/cargo-home" "-e" "RUSTUP_HOME=/opt/rustwide/rustup-home" "-w" "/opt/rustwide/workdir" "-m" "1610612736" "--user" "0:0" "--network" "none" "ghcr.io/rust-lang/crates-build-env/linux@sha256:2788e3201cd34a07e3172128adcd8b3090168a8e3bcc40d7c032b9dda1df7d1c" "/opt/rustwide/cargo-home/bin/cargo" "+beta-2023-12-22" "metadata" "--no-deps" "--format-version=1", kill_on_drop: false }`
[INFO] [stdout] e27e3f538b663d04a7a76a23b19e97a4684cfcd168aaab4e2188f1d7e21ccaff
[INFO] running `Command { std: "docker" "start" "-a" "e27e3f538b663d04a7a76a23b19e97a4684cfcd168aaab4e2188f1d7e21ccaff", kill_on_drop: false }`
[INFO] running `Command { std: "docker" "inspect" "e27e3f538b663d04a7a76a23b19e97a4684cfcd168aaab4e2188f1d7e21ccaff", kill_on_drop: false }`
[INFO] running `Command { std: "docker" "rm" "-f" "e27e3f538b663d04a7a76a23b19e97a4684cfcd168aaab4e2188f1d7e21ccaff", kill_on_drop: false }`
[INFO] [stdout] e27e3f538b663d04a7a76a23b19e97a4684cfcd168aaab4e2188f1d7e21ccaff
[INFO] running `Command { std: "docker" "create" "-v" "/var/lib/crater-agent-workspace/builds/worker-7-tc2/target:/opt/rustwide/target:rw,Z" "-v" "/var/lib/crater-agent-workspace/builds/worker-7-tc2/source:/opt/rustwide/workdir:ro,Z" "-v" "/var/lib/crater-agent-workspace/cargo-home:/opt/rustwide/cargo-home:ro,Z" "-v" "/var/lib/crater-agent-workspace/rustup-home:/opt/rustwide/rustup-home:ro,Z" "-e" "SOURCE_DIR=/opt/rustwide/workdir" "-e" "CARGO_TARGET_DIR=/opt/rustwide/target" "-e" "CARGO_INCREMENTAL=0" "-e" "RUST_BACKTRACE=full" "-e" "RUSTFLAGS=--cap-lints=warn" "-e" "RUSTDOCFLAGS=--cap-lints=warn" "-e" "CARGO_HOME=/opt/rustwide/cargo-home" "-e" "RUSTUP_HOME=/opt/rustwide/rustup-home" "-w" "/opt/rustwide/workdir" "-m" "1610612736" "--user" "0:0" "--network" "none" "ghcr.io/rust-lang/crates-build-env/linux@sha256:2788e3201cd34a07e3172128adcd8b3090168a8e3bcc40d7c032b9dda1df7d1c" "/opt/rustwide/cargo-home/bin/cargo" "+beta-2023-12-22" "build" "--frozen" "--message-format=json", kill_on_drop: false }`
[INFO] [stdout] 17a1817ef863ddd285cd97af572dd6b1c96aa464f40166ebef53a6b231d30c40
[INFO] running `Command { std: "docker" "start" "-a" "17a1817ef863ddd285cd97af572dd6b1c96aa464f40166ebef53a6b231d30c40", kill_on_drop: false }`
[INFO] [stderr]    Compiling libc v0.2.151
[INFO] [stderr]    Compiling syn v1.0.109
[INFO] [stderr]    Compiling cfg-if v1.0.0
[INFO] [stderr]    Compiling regex-syntax v0.8.2
[INFO] [stderr]    Compiling lock_api v0.4.11
[INFO] [stderr]    Compiling strsim v0.10.0
[INFO] [stderr]    Compiling parking_lot_core v0.9.9
[INFO] [stderr]    Compiling fnv v1.0.7
[INFO] [stderr]    Compiling crunchy v0.2.2
[INFO] [stderr]    Compiling smallvec v1.11.2
[INFO] [stderr]    Compiling rustix v0.38.28
[INFO] [stderr]    Compiling scopeguard v1.2.0
[INFO] [stderr]    Compiling tiny-keccak v2.0.2
[INFO] [stderr]    Compiling bitflags v2.4.1
[INFO] [stderr]    Compiling siphasher v0.3.11
[INFO] [stderr]    Compiling hashbrown v0.14.3
[INFO] [stderr]    Compiling equivalent v1.0.1
[INFO] [stderr]    Compiling linux-raw-sys v0.4.12
[INFO] [stderr]    Compiling phf_shared v0.10.0
[INFO] [stderr]    Compiling syn v2.0.48
[INFO] [stderr]    Compiling convert_case v0.4.0
[INFO] [stderr]    Compiling log v0.4.20
[INFO] [stderr]    Compiling new_debug_unreachable v1.0.4
[INFO] [stderr]    Compiling precomputed-hash v0.1.1
[INFO] [stderr]    Compiling fixedbitset v0.4.2
[INFO] [stderr]    Compiling indexmap v2.1.0
[INFO] [stderr]    Compiling once_cell v1.19.0
[INFO] [stderr]    Compiling either v1.9.0
[INFO] [stderr]    Compiling bit-vec v0.6.3
[INFO] [stderr]    Compiling itertools v0.10.5
[INFO] [stderr]    Compiling bit-set v0.5.3
[INFO] [stderr]    Compiling ena v0.14.2
[INFO] [stderr]    Compiling dirs-sys-next v0.1.2
[INFO] [stderr]    Compiling regex-automata v0.4.3
[INFO] [stderr]    Compiling dirs-next v2.0.0
[INFO] [stderr]    Compiling term v0.7.0
[INFO] [stderr]    Compiling parking_lot v0.12.1
[INFO] [stderr]    Compiling is-terminal v0.4.10
[INFO] [stderr]    Compiling petgraph v0.6.4
[INFO] [stderr]    Compiling ascii-canvas v3.0.0
[INFO] [stderr]    Compiling string_cache v0.8.7
[INFO] [stderr]    Compiling smol_str v0.1.24
[INFO] [stderr]    Compiling diff v0.1.13
[INFO] [stderr]    Compiling unicode-xid v0.2.4
[INFO] [stderr]    Compiling text-size v1.1.1
[INFO] [stderr]    Compiling pico-args v0.5.0
[INFO] [stderr]    Compiling line-span v0.1.5
[INFO] [stderr]    Compiling regex v1.10.2
[INFO] [stderr]    Compiling regex-syntax v0.7.5
[INFO] [stderr]    Compiling darling_core v0.14.4
[INFO] [stderr]    Compiling lalrpop-util v0.20.0
[INFO] [stderr]    Compiling thiserror-impl v1.0.56
[INFO] [stderr]    Compiling derive_more v0.99.17
[INFO] [stderr]    Compiling lalrpop v0.20.0
[INFO] [stderr]    Compiling darling_macro v0.14.4
[INFO] [stderr]    Compiling thiserror v1.0.56
[INFO] [stderr]    Compiling darling v0.14.4
[INFO] [stderr]    Compiling lang-util-derive v0.5.2
[INFO] [stderr]    Compiling lang-util v0.5.2
[INFO] [stderr]    Compiling glsl-lang-types v0.5.2
[INFO] [stderr]    Compiling glsl-lang-lexer v0.5.2
[INFO] [stderr]    Compiling glsl-lang v0.5.2 (/opt/rustwide/workdir)
[INFO] [stderr]     Finished dev [unoptimized + debuginfo] target(s) in 19.15s
[INFO] running `Command { std: "docker" "inspect" "17a1817ef863ddd285cd97af572dd6b1c96aa464f40166ebef53a6b231d30c40", kill_on_drop: false }`
[INFO] running `Command { std: "docker" "rm" "-f" "17a1817ef863ddd285cd97af572dd6b1c96aa464f40166ebef53a6b231d30c40", kill_on_drop: false }`
[INFO] [stdout] 17a1817ef863ddd285cd97af572dd6b1c96aa464f40166ebef53a6b231d30c40
[INFO] running `Command { std: "docker" "create" "-v" "/var/lib/crater-agent-workspace/builds/worker-7-tc2/target:/opt/rustwide/target:rw,Z" "-v" "/var/lib/crater-agent-workspace/builds/worker-7-tc2/source:/opt/rustwide/workdir:ro,Z" "-v" "/var/lib/crater-agent-workspace/cargo-home:/opt/rustwide/cargo-home:ro,Z" "-v" "/var/lib/crater-agent-workspace/rustup-home:/opt/rustwide/rustup-home:ro,Z" "-e" "SOURCE_DIR=/opt/rustwide/workdir" "-e" "CARGO_TARGET_DIR=/opt/rustwide/target" "-e" "CARGO_INCREMENTAL=0" "-e" "RUST_BACKTRACE=full" "-e" "RUSTFLAGS=--cap-lints=warn" "-e" "RUSTDOCFLAGS=--cap-lints=warn" "-e" "CARGO_HOME=/opt/rustwide/cargo-home" "-e" "RUSTUP_HOME=/opt/rustwide/rustup-home" "-w" "/opt/rustwide/workdir" "-m" "1610612736" "--user" "0:0" "--network" "none" "ghcr.io/rust-lang/crates-build-env/linux@sha256:2788e3201cd34a07e3172128adcd8b3090168a8e3bcc40d7c032b9dda1df7d1c" "/opt/rustwide/cargo-home/bin/cargo" "+beta-2023-12-22" "test" "--frozen" "--no-run" "--message-format=json", kill_on_drop: false }`
[INFO] [stdout] cd45b00a9fe06a8e50e16824d850fdb8b488a50daeaf4c0a838097afcd3ac8a5
[INFO] running `Command { std: "docker" "start" "-a" "cd45b00a9fe06a8e50e16824d850fdb8b488a50daeaf4c0a838097afcd3ac8a5", kill_on_drop: false }`
[INFO] [stderr]    Compiling libc v0.2.151
[INFO] [stderr]    Compiling siphasher v0.3.11
[INFO] [stderr]    Compiling memchr v2.7.1
[INFO] [stderr]    Compiling parking_lot_core v0.9.9
[INFO] [stderr]    Compiling lock_api v0.4.11
[INFO] [stderr]    Compiling scopeguard v1.2.0
[INFO] [stderr]    Compiling either v1.9.0
[INFO] [stderr]    Compiling smallvec v1.11.2
[INFO] [stderr]    Compiling ppv-lite86 v0.2.17
[INFO] [stderr]    Compiling crossbeam-utils v0.8.18
[INFO] [stderr]    Compiling phf_shared v0.10.0
[INFO] [stderr]    Compiling itertools v0.10.5
[INFO] [stderr]    Compiling new_debug_unreachable v1.0.4
[INFO] [stderr]    Compiling precomputed-hash v0.1.1
[INFO] [stderr]    Compiling rayon-core v1.12.0
[INFO] [stderr]    Compiling regex-automata v0.1.10
[INFO] [stderr]    Compiling unicode-segmentation v1.10.1
[INFO] [stderr]    Compiling unicode-width v0.1.11
[INFO] [stderr]    Compiling plotters-backend v0.3.5
[INFO] [stderr]    Compiling textwrap v0.11.0
[INFO] [stderr]    Compiling bstr v0.2.17
[INFO] [stderr]    Compiling plotters-svg v0.3.5
[INFO] [stderr]    Compiling crossbeam-epoch v0.9.17
[INFO] [stderr]    Compiling csv-core v0.1.11
[INFO] [stderr]    Compiling similar v2.4.0
[INFO] [stderr]    Compiling cast v0.3.0
[INFO] [stderr]    Compiling crossbeam-deque v0.8.4
[INFO] [stderr]    Compiling minimal-lexical v0.2.1
[INFO] [stderr]    Compiling half v1.8.2
[INFO] [stderr]    Compiling same-file v1.0.6
[INFO] [stderr]    Compiling walkdir v2.4.0
[INFO] [stderr]    Compiling clap v2.34.0
[INFO] [stderr]    Compiling nom v7.1.3
[INFO] [stderr]    Compiling serde_cbor v0.11.2
[INFO] [stderr]    Compiling getrandom v0.2.11
[INFO] [stderr]    Compiling dirs-sys-next v0.1.2
[INFO] [stderr]    Compiling rand_core v0.6.4
[INFO] [stderr]    Compiling rand_chacha v0.3.1
[INFO] [stderr]    Compiling dirs-next v2.0.0
[INFO] [stderr]    Compiling parking_lot v0.12.1
[INFO] [stderr]    Compiling rand v0.8.5
[INFO] [stderr]    Compiling term v0.7.0
[INFO] [stderr]    Compiling string_cache v0.8.7
[INFO] [stderr]    Compiling console v0.15.7
[INFO] [stderr]    Compiling rayon v1.8.0
[INFO] [stderr]    Compiling ascii-canvas v3.0.0
[INFO] [stderr]    Compiling atty v0.2.14
[INFO] [stderr]    Compiling criterion-plot v0.4.5
[INFO] [stderr]    Compiling lalrpop v0.20.0
[INFO] [stderr]    Compiling similar-asserts v1.5.0
[INFO] [stderr]    Compiling phf_generator v0.10.0
[INFO] [stderr]    Compiling string_cache_codegen v0.5.2
[INFO] [stderr]    Compiling csv v1.3.0
[INFO] [stderr]    Compiling tinytemplate v1.2.1
[INFO] [stderr]    Compiling plotters v0.3.5
[INFO] [stderr]    Compiling glsl-lang-pp v0.5.2
[INFO] [stderr]    Compiling serde_derive v1.0.194
[INFO] [stderr]    Compiling dissimilar v1.0.7
[INFO] [stderr]    Compiling oorandom v11.1.3
[INFO] [stderr]    Compiling arrayvec v0.7.4
[INFO] [stderr]    Compiling expect-test v1.4.1
[INFO] [stderr]    Compiling lang-util-dev v0.5.2
[INFO] [stderr]    Compiling glsl v6.0.2
[INFO] [stderr]    Compiling criterion v0.3.6
[INFO] [stderr]    Compiling glsl-lang v0.5.2 (/opt/rustwide/workdir)
[INFO] [stderr]     Finished test [unoptimized + debuginfo] target(s) in 18.65s
[INFO] running `Command { std: "docker" "inspect" "cd45b00a9fe06a8e50e16824d850fdb8b488a50daeaf4c0a838097afcd3ac8a5", kill_on_drop: false }`
[INFO] running `Command { std: "docker" "rm" "-f" "cd45b00a9fe06a8e50e16824d850fdb8b488a50daeaf4c0a838097afcd3ac8a5", kill_on_drop: false }`
[INFO] [stdout] cd45b00a9fe06a8e50e16824d850fdb8b488a50daeaf4c0a838097afcd3ac8a5
[INFO] running `Command { std: "docker" "create" "-v" "/var/lib/crater-agent-workspace/builds/worker-7-tc2/target:/opt/rustwide/target:rw,Z" "-v" "/var/lib/crater-agent-workspace/builds/worker-7-tc2/source:/opt/rustwide/workdir:ro,Z" "-v" "/var/lib/crater-agent-workspace/cargo-home:/opt/rustwide/cargo-home:ro,Z" "-v" "/var/lib/crater-agent-workspace/rustup-home:/opt/rustwide/rustup-home:ro,Z" "-e" "SOURCE_DIR=/opt/rustwide/workdir" "-e" "CARGO_TARGET_DIR=/opt/rustwide/target" "-e" "CARGO_INCREMENTAL=0" "-e" "RUST_BACKTRACE=full" "-e" "RUSTFLAGS=--cap-lints=warn" "-e" "RUSTDOCFLAGS=--cap-lints=warn" "-e" "CARGO_HOME=/opt/rustwide/cargo-home" "-e" "RUSTUP_HOME=/opt/rustwide/rustup-home" "-w" "/opt/rustwide/workdir" "-m" "1610612736" "--user" "0:0" "--network" "none" "ghcr.io/rust-lang/crates-build-env/linux@sha256:2788e3201cd34a07e3172128adcd8b3090168a8e3bcc40d7c032b9dda1df7d1c" "/opt/rustwide/cargo-home/bin/cargo" "+beta-2023-12-22" "test" "--frozen", kill_on_drop: false }`
[INFO] [stdout] 4e25a8fb6de9b665af9fdabe502bdfd688348650462ffd7c8fa006f0960c53b6
[INFO] running `Command { std: "docker" "start" "-a" "4e25a8fb6de9b665af9fdabe502bdfd688348650462ffd7c8fa006f0960c53b6", kill_on_drop: false }`
[INFO] [stderr]     Finished test [unoptimized + debuginfo] target(s) in 0.07s
[INFO] [stderr]      Running unittests src/lib.rs (/opt/rustwide/target/debug/deps/glsl_lang-3405f4d8190270ee)
[INFO] [stdout] 
[INFO] [stdout] running 1 test
[INFO] [stdout] test visitor::tests::count_variables ... ok
[INFO] [stdout] 
[INFO] [stdout] test result: ok. 1 passed; 0 failed; 0 ignored; 0 measured; 0 filtered out; finished in 0.00s
[INFO] [stdout] 
[INFO] [stderr]      Running tests/range_order.rs (/opt/rustwide/target/debug/deps/range_order-a033abbf3844560f)
[INFO] [stdout] 
[INFO] [stdout] running 1 test
[INFO] [stdout] test dependent_defines ... ignored, a lexer is required for this test
[INFO] [stdout] 
[INFO] [stdout] test result: ok. 0 passed; 0 failed; 1 ignored; 0 measured; 0 filtered out; finished in 0.00s
[INFO] [stdout] 
[INFO] [stderr]    Doc-tests glsl-lang
[INFO] [stdout] 
[INFO] [stdout] running 3 tests
[INFO] [stdout] test src/visitor.rs - visitor (line 15) ... ok
[INFO] [stdout] test src/lib.rs - (line 36) ... FAILED
[INFO] [stdout] test src/lib.rs - (line 12) ... FAILED
[INFO] [stdout] 
[INFO] [stdout] failures:
[INFO] [stdout] 
[INFO] [stdout] ---- src/lib.rs - (line 36) stdout ----
[INFO] [stdout] error[E0432]: unresolved import `glsl_lang::parse::Parsable`
[INFO] [stdout]   --> src/lib.rs:39:22
[INFO] [stdout]    |
[INFO] [stdout] 6  | use glsl_lang::{ast, parse::Parsable};
[INFO] [stdout]    |                      ^^^^^^^--------
[INFO] [stdout]    |                      |      |
[INFO] [stdout]    |                      |      help: a similar name exists in the module: `parsable`
[INFO] [stdout]    |                      no `Parsable` in `parse`
[INFO] [stdout]    |
[INFO] [stdout] note: found an item that was configured out
[INFO] [stdout]   --> /opt/rustwide/workdir/src/parse.rs:21:19
[INFO] [stdout]    |
[INFO] [stdout] 21 | pub use parsable::Parsable;
[INFO] [stdout]    |                   ^^^^^^^^
[INFO] [stdout] 
[INFO] [stdout] error[E0599]: no function or associated item named `parse` found for struct `Node<ExprData>` in the current scope
[INFO] [stdout]   --> src/lib.rs:44:22
[INFO] [stdout]    |
[INFO] [stdout] 11 | let ast = ast::Expr::parse(source);
[INFO] [stdout]    |                      ^^^^^ function or associated item not found in `Node<ExprData>`
[INFO] [stdout] 
[INFO] [stdout] error: aborting due to 2 previous errors
[INFO] [stdout] 
[INFO] [stdout] Some errors have detailed explanations: E0432, E0599.
[INFO] [stdout] For more information about an error, try `rustc --explain E0432`.
[INFO] [stdout] Couldn't compile the test.
[INFO] [stdout] ---- src/lib.rs - (line 12) stdout ----
[INFO] [stdout] error[E0432]: unresolved import `glsl_lang::parse::DefaultParse`
[INFO] [stdout]    --> src/lib.rs:14:22
[INFO] [stdout]     |
[INFO] [stdout] 5   | use glsl_lang::{ast, parse::DefaultParse};
[INFO] [stdout]     |                      ^^^^^^^^^^^^^^^^^^^ no `DefaultParse` in `parse`
[INFO] [stdout]     |
[INFO] [stdout] note: found an item that was configured out
[INFO] [stdout]    --> /opt/rustwide/workdir/src/parse.rs:119:11
[INFO] [stdout]     |
[INFO] [stdout] 119 | pub trait DefaultParse: Parse {
[INFO] [stdout]     |           ^^^^^^^^^^^^
[INFO] [stdout] 
[INFO] [stdout] error[E0599]: no function or associated item named `parse` found for struct `TranslationUnit` in the current scope
[INFO] [stdout]   --> src/lib.rs:22:33
[INFO] [stdout]    |
[INFO] [stdout] 13 | let ast = ast::TranslationUnit::parse(source);
[INFO] [stdout]    |                                 ^^^^^ function or associated item not found in `TranslationUnit`
[INFO] [stdout]    |
[INFO] [stdout]    = help: items from traits can only be used if the trait is in scope
[INFO] [stdout] help: the following trait is implemented but not in scope; perhaps add a `use` for it:
[INFO] [stdout]    |
[INFO] [stdout] 2  + use crate::glsl_lang::parse::Parse;
[INFO] [stdout]    |
[INFO] [stdout] 
[INFO] [stdout] error: aborting due to 2 previous errors
[INFO] [stdout] 
[INFO] [stdout] Some errors have detailed explanations: E0432, E0599.
[INFO] [stdout] For more information about an error, try `rustc --explain E0432`.
[INFO] [stdout] Couldn't compile the test.
[INFO] [stdout] 
[INFO] [stdout] failures:
[INFO] [stdout]     src/lib.rs - (line 12)
[INFO] [stdout]     src/lib.rs - (line 36)
[INFO] [stdout] 
[INFO] [stdout] test result: FAILED. 1 passed; 2 failed; 0 ignored; 0 measured; 0 filtered out; finished in 0.75s
[INFO] [stdout] 
[INFO] [stderr] error: doctest failed, to rerun pass `--doc`
[INFO] running `Command { std: "docker" "inspect" "4e25a8fb6de9b665af9fdabe502bdfd688348650462ffd7c8fa006f0960c53b6", kill_on_drop: false }`
[INFO] running `Command { std: "docker" "rm" "-f" "4e25a8fb6de9b665af9fdabe502bdfd688348650462ffd7c8fa006f0960c53b6", kill_on_drop: false }`
[INFO] [stdout] 4e25a8fb6de9b665af9fdabe502bdfd688348650462ffd7c8fa006f0960c53b6
