[INFO] fetching crate global-static 0.1.0...
[INFO] testing global-static-0.1.0 against 1.75.0 for beta-1.76-1
[INFO] extracting crate global-static 0.1.0 into /workspace/builds/worker-0-tc1/source
[INFO] validating manifest of crates.io crate global-static 0.1.0 on toolchain 1.75.0
[INFO] running `Command { std: CARGO_HOME="/workspace/cargo-home" RUSTUP_HOME="/workspace/rustup-home" "/workspace/cargo-home/bin/cargo" "+1.75.0" "metadata" "--manifest-path" "Cargo.toml" "--no-deps", kill_on_drop: false }`
[INFO] started tweaking crates.io crate global-static 0.1.0
[INFO] finished tweaking crates.io crate global-static 0.1.0
[INFO] tweaked toml for crates.io crate global-static 0.1.0 written to /workspace/builds/worker-0-tc1/source/Cargo.toml
[INFO] running `Command { std: CARGO_HOME="/workspace/cargo-home" RUSTUP_HOME="/workspace/rustup-home" "/workspace/cargo-home/bin/cargo" "+1.75.0" "generate-lockfile" "--manifest-path" "Cargo.toml", kill_on_drop: false }`
[INFO] running `Command { std: CARGO_HOME="/workspace/cargo-home" RUSTUP_HOME="/workspace/rustup-home" "/workspace/cargo-home/bin/cargo" "+1.75.0" "fetch" "--manifest-path" "Cargo.toml", kill_on_drop: false }`
[INFO] running `Command { std: "docker" "create" "-v" "/var/lib/crater-agent-workspace/builds/worker-0-tc1/target:/opt/rustwide/target:rw,Z" "-v" "/var/lib/crater-agent-workspace/builds/worker-0-tc1/source:/opt/rustwide/workdir:ro,Z" "-v" "/var/lib/crater-agent-workspace/cargo-home:/opt/rustwide/cargo-home:ro,Z" "-v" "/var/lib/crater-agent-workspace/rustup-home:/opt/rustwide/rustup-home:ro,Z" "-e" "SOURCE_DIR=/opt/rustwide/workdir" "-e" "CARGO_TARGET_DIR=/opt/rustwide/target" "-e" "CARGO_HOME=/opt/rustwide/cargo-home" "-e" "RUSTUP_HOME=/opt/rustwide/rustup-home" "-w" "/opt/rustwide/workdir" "-m" "1610612736" "--user" "0:0" "--network" "none" "ghcr.io/rust-lang/crates-build-env/linux@sha256:2788e3201cd34a07e3172128adcd8b3090168a8e3bcc40d7c032b9dda1df7d1c" "/opt/rustwide/cargo-home/bin/cargo" "+1.75.0" "metadata" "--no-deps" "--format-version=1", kill_on_drop: false }`
[INFO] [stdout] 0e0ceaae7ec79df690c3dbb663143ed81c06137040e896f2e3d84046c7bd1b3b
[INFO] running `Command { std: "docker" "start" "-a" "0e0ceaae7ec79df690c3dbb663143ed81c06137040e896f2e3d84046c7bd1b3b", kill_on_drop: false }`
[INFO] running `Command { std: "docker" "inspect" "0e0ceaae7ec79df690c3dbb663143ed81c06137040e896f2e3d84046c7bd1b3b", kill_on_drop: false }`
[INFO] running `Command { std: "docker" "rm" "-f" "0e0ceaae7ec79df690c3dbb663143ed81c06137040e896f2e3d84046c7bd1b3b", kill_on_drop: false }`
[INFO] [stdout] 0e0ceaae7ec79df690c3dbb663143ed81c06137040e896f2e3d84046c7bd1b3b
[INFO] running `Command { std: "docker" "create" "-v" "/var/lib/crater-agent-workspace/builds/worker-0-tc1/target:/opt/rustwide/target:rw,Z" "-v" "/var/lib/crater-agent-workspace/builds/worker-0-tc1/source:/opt/rustwide/workdir:ro,Z" "-v" "/var/lib/crater-agent-workspace/cargo-home:/opt/rustwide/cargo-home:ro,Z" "-v" "/var/lib/crater-agent-workspace/rustup-home:/opt/rustwide/rustup-home:ro,Z" "-e" "SOURCE_DIR=/opt/rustwide/workdir" "-e" "CARGO_TARGET_DIR=/opt/rustwide/target" "-e" "CARGO_INCREMENTAL=0" "-e" "RUST_BACKTRACE=full" "-e" "RUSTFLAGS=--cap-lints=warn" "-e" "RUSTDOCFLAGS=--cap-lints=warn" "-e" "CARGO_HOME=/opt/rustwide/cargo-home" "-e" "RUSTUP_HOME=/opt/rustwide/rustup-home" "-w" "/opt/rustwide/workdir" "-m" "1610612736" "--user" "0:0" "--network" "none" "ghcr.io/rust-lang/crates-build-env/linux@sha256:2788e3201cd34a07e3172128adcd8b3090168a8e3bcc40d7c032b9dda1df7d1c" "/opt/rustwide/cargo-home/bin/cargo" "+1.75.0" "build" "--frozen" "--message-format=json", kill_on_drop: false }`
[INFO] [stdout] ec1dd0d9aa2703b6f26d4e152cf7a9aa6b32ea36503fa1120342254e20f64760
[INFO] running `Command { std: "docker" "start" "-a" "ec1dd0d9aa2703b6f26d4e152cf7a9aa6b32ea36503fa1120342254e20f64760", kill_on_drop: false }`
[INFO] [stderr]    Compiling global-static v0.1.0 (/opt/rustwide/workdir)
[INFO] [stdout] warning: static `TEST` is never used
[INFO] [stdout]   --> src/lib.rs:84:8
[INFO] [stdout]    |
[INFO] [stdout] 84 | static TEST: Global<u8> = Global::new(|| 5);
[INFO] [stdout]    |        ^^^^
[INFO] [stdout]    |
[INFO] [stdout]    = note: `#[warn(dead_code)]` on by default
[INFO] [stdout] 
[INFO] [stdout] 
[INFO] [stdout] warning: 1 warning emitted
[INFO] [stdout] 
[INFO] [stdout] 
[INFO] [stderr]     Finished dev [unoptimized + debuginfo] target(s) in 0.05s
[INFO] running `Command { std: "docker" "inspect" "ec1dd0d9aa2703b6f26d4e152cf7a9aa6b32ea36503fa1120342254e20f64760", kill_on_drop: false }`
[INFO] running `Command { std: "docker" "rm" "-f" "ec1dd0d9aa2703b6f26d4e152cf7a9aa6b32ea36503fa1120342254e20f64760", kill_on_drop: false }`
[INFO] [stdout] ec1dd0d9aa2703b6f26d4e152cf7a9aa6b32ea36503fa1120342254e20f64760
[INFO] running `Command { std: "docker" "create" "-v" "/var/lib/crater-agent-workspace/builds/worker-0-tc1/target:/opt/rustwide/target:rw,Z" "-v" "/var/lib/crater-agent-workspace/builds/worker-0-tc1/source:/opt/rustwide/workdir:ro,Z" "-v" "/var/lib/crater-agent-workspace/cargo-home:/opt/rustwide/cargo-home:ro,Z" "-v" "/var/lib/crater-agent-workspace/rustup-home:/opt/rustwide/rustup-home:ro,Z" "-e" "SOURCE_DIR=/opt/rustwide/workdir" "-e" "CARGO_TARGET_DIR=/opt/rustwide/target" "-e" "CARGO_INCREMENTAL=0" "-e" "RUST_BACKTRACE=full" "-e" "RUSTFLAGS=--cap-lints=warn" "-e" "RUSTDOCFLAGS=--cap-lints=warn" "-e" "CARGO_HOME=/opt/rustwide/cargo-home" "-e" "RUSTUP_HOME=/opt/rustwide/rustup-home" "-w" "/opt/rustwide/workdir" "-m" "1610612736" "--user" "0:0" "--network" "none" "ghcr.io/rust-lang/crates-build-env/linux@sha256:2788e3201cd34a07e3172128adcd8b3090168a8e3bcc40d7c032b9dda1df7d1c" "/opt/rustwide/cargo-home/bin/cargo" "+1.75.0" "test" "--frozen" "--no-run" "--message-format=json", kill_on_drop: false }`
[INFO] [stdout] f4723f23a430fb4ccae5f9d09b98d7efb9525cff313985f0bb3268256800a1e5
[INFO] running `Command { std: "docker" "start" "-a" "f4723f23a430fb4ccae5f9d09b98d7efb9525cff313985f0bb3268256800a1e5", kill_on_drop: false }`
[INFO] [stdout] warning: static `TEST` is never used
[INFO] [stdout]   --> src/lib.rs:84:8
[INFO] [stdout]    |
[INFO] [stdout] 84 | static TEST: Global<u8> = Global::new(|| 5);
[INFO] [stdout]    |        ^^^^
[INFO] [stdout]    |
[INFO] [stdout]    = note: `#[warn(dead_code)]` on by default
[INFO] [stdout] 
[INFO] [stdout] 
[INFO] [stderr]    Compiling global-static v0.1.0 (/opt/rustwide/workdir)
[INFO] [stdout] warning: 1 warning emitted
[INFO] [stdout] 
[INFO] [stdout] 
[INFO] [stderr]     Finished test [unoptimized + debuginfo] target(s) in 0.27s
[INFO] running `Command { std: "docker" "inspect" "f4723f23a430fb4ccae5f9d09b98d7efb9525cff313985f0bb3268256800a1e5", kill_on_drop: false }`
[INFO] running `Command { std: "docker" "rm" "-f" "f4723f23a430fb4ccae5f9d09b98d7efb9525cff313985f0bb3268256800a1e5", kill_on_drop: false }`
[INFO] [stdout] f4723f23a430fb4ccae5f9d09b98d7efb9525cff313985f0bb3268256800a1e5
[INFO] running `Command { std: "docker" "create" "-v" "/var/lib/crater-agent-workspace/builds/worker-0-tc1/target:/opt/rustwide/target:rw,Z" "-v" "/var/lib/crater-agent-workspace/builds/worker-0-tc1/source:/opt/rustwide/workdir:ro,Z" "-v" "/var/lib/crater-agent-workspace/cargo-home:/opt/rustwide/cargo-home:ro,Z" "-v" "/var/lib/crater-agent-workspace/rustup-home:/opt/rustwide/rustup-home:ro,Z" "-e" "SOURCE_DIR=/opt/rustwide/workdir" "-e" "CARGO_TARGET_DIR=/opt/rustwide/target" "-e" "CARGO_INCREMENTAL=0" "-e" "RUST_BACKTRACE=full" "-e" "RUSTFLAGS=--cap-lints=warn" "-e" "RUSTDOCFLAGS=--cap-lints=warn" "-e" "CARGO_HOME=/opt/rustwide/cargo-home" "-e" "RUSTUP_HOME=/opt/rustwide/rustup-home" "-w" "/opt/rustwide/workdir" "-m" "1610612736" "--user" "0:0" "--network" "none" "ghcr.io/rust-lang/crates-build-env/linux@sha256:2788e3201cd34a07e3172128adcd8b3090168a8e3bcc40d7c032b9dda1df7d1c" "/opt/rustwide/cargo-home/bin/cargo" "+1.75.0" "test" "--frozen", kill_on_drop: false }`
[INFO] [stdout] 346d4803634fc618cd77f419eb14e8840d05f589502f454a9d166ee85a9aa864
[INFO] running `Command { std: "docker" "start" "-a" "346d4803634fc618cd77f419eb14e8840d05f589502f454a9d166ee85a9aa864", kill_on_drop: false }`
[INFO] [stderr] warning: static `TEST` is never used
[INFO] [stderr]   --> src/lib.rs:84:8
[INFO] [stderr]    |
[INFO] [stderr] 84 | static TEST: Global<u8> = Global::new(|| 5);
[INFO] [stderr]    |        ^^^^
[INFO] [stderr]    |
[INFO] [stderr]    = note: `#[warn(dead_code)]` on by default
[INFO] [stderr] 
[INFO] [stderr] warning: `global-static` (lib) generated 1 warning
[INFO] [stderr]     Finished test [unoptimized + debuginfo] target(s) in 0.00s
[INFO] [stderr]      Running unittests src/lib.rs (/opt/rustwide/target/debug/deps/global_static-d0f72ccf90386d28)
[INFO] [stdout] 
[INFO] [stdout] running 1 test
[INFO] [stdout] test tests::it_works ... ok
[INFO] [stdout] 
[INFO] [stdout] test result: ok. 1 passed; 0 failed; 0 ignored; 0 measured; 0 filtered out; finished in 0.00s
[INFO] [stdout] 
[INFO] [stderr]    Doc-tests global-static
[INFO] [stdout] 
[INFO] [stdout] running 2 tests
[INFO] [stdout] test src/lib.rs - Global<T>::new (line 53) ... FAILED
[INFO] [stdout] test src/lib.rs - (line 11) ... FAILED
[INFO] [stdout] 
[INFO] [stdout] failures:
[INFO] [stdout] 
[INFO] [stdout] ---- src/lib.rs - Global<T>::new (line 53) stdout ----
[INFO] [stdout] error[E0432]: unresolved import `global`
[INFO] [stdout]  --> src/lib.rs:54:5
[INFO] [stdout]   |
[INFO] [stdout] 3 | use global::Global;
[INFO] [stdout]   |     ^^^^^^ use of undeclared crate or module `global`
[INFO] [stdout] 
[INFO] [stdout] error: aborting due to previous error
[INFO] [stdout] 
[INFO] [stdout] For more information about this error, try `rustc --explain E0432`.
[INFO] [stdout] Couldn't compile the test.
[INFO] [stdout] ---- src/lib.rs - (line 11) stdout ----
[INFO] [stdout] error[E0432]: unresolved import `global`
[INFO] [stdout]  --> src/lib.rs:12:5
[INFO] [stdout]   |
[INFO] [stdout] 2 | use global::Global;
[INFO] [stdout]   |     ^^^^^^ use of undeclared crate or module `global`
[INFO] [stdout] 
[INFO] [stdout] error: aborting due to previous error
[INFO] [stdout] 
[INFO] [stdout] For more information about this error, try `rustc --explain E0432`.
[INFO] [stdout] Couldn't compile the test.
[INFO] [stdout] 
[INFO] [stdout] failures:
[INFO] [stdout]     src/lib.rs - (line 11)
[INFO] [stdout]     src/lib.rs - Global<T>::new (line 53)
[INFO] [stdout] 
[INFO] [stdout] test result: FAILED. 0 passed; 2 failed; 0 ignored; 0 measured; 0 filtered out; finished in 0.04s
[INFO] [stdout] 
[INFO] [stderr] error: doctest failed, to rerun pass `--doc`
[INFO] running `Command { std: "docker" "inspect" "346d4803634fc618cd77f419eb14e8840d05f589502f454a9d166ee85a9aa864", kill_on_drop: false }`
[INFO] running `Command { std: "docker" "rm" "-f" "346d4803634fc618cd77f419eb14e8840d05f589502f454a9d166ee85a9aa864", kill_on_drop: false }`
[INFO] [stdout] 346d4803634fc618cd77f419eb14e8840d05f589502f454a9d166ee85a9aa864
