[INFO] fetching crate glm 0.2.3...
[INFO] testing glm-0.2.3 against 1.75.0 for beta-1.76-1
[INFO] extracting crate glm 0.2.3 into /workspace/builds/worker-1-tc1/source
[INFO] validating manifest of crates.io crate glm 0.2.3 on toolchain 1.75.0
[INFO] running `Command { std: CARGO_HOME="/workspace/cargo-home" RUSTUP_HOME="/workspace/rustup-home" "/workspace/cargo-home/bin/cargo" "+1.75.0" "metadata" "--manifest-path" "Cargo.toml" "--no-deps", kill_on_drop: false }`
[INFO] started tweaking crates.io crate glm 0.2.3
[INFO] finished tweaking crates.io crate glm 0.2.3
[INFO] tweaked toml for crates.io crate glm 0.2.3 written to /workspace/builds/worker-1-tc1/source/Cargo.toml
[INFO] running `Command { std: CARGO_HOME="/workspace/cargo-home" RUSTUP_HOME="/workspace/rustup-home" "/workspace/cargo-home/bin/cargo" "+1.75.0" "generate-lockfile" "--manifest-path" "Cargo.toml", kill_on_drop: false }`
[INFO] [stderr]     Updating crates.io index
[INFO] running `Command { std: CARGO_HOME="/workspace/cargo-home" RUSTUP_HOME="/workspace/rustup-home" "/workspace/cargo-home/bin/cargo" "+1.75.0" "fetch" "--manifest-path" "Cargo.toml", kill_on_drop: false }`
[INFO] [stderr]  Downloading crates ...
[INFO] [stderr]   Downloaded quickcheck v0.2.27
[INFO] [stderr]   Downloaded env_logger v0.3.5
[INFO] running `Command { std: "docker" "create" "-v" "/var/lib/crater-agent-workspace/builds/worker-1-tc1/target:/opt/rustwide/target:rw,Z" "-v" "/var/lib/crater-agent-workspace/builds/worker-1-tc1/source:/opt/rustwide/workdir:ro,Z" "-v" "/var/lib/crater-agent-workspace/cargo-home:/opt/rustwide/cargo-home:ro,Z" "-v" "/var/lib/crater-agent-workspace/rustup-home:/opt/rustwide/rustup-home:ro,Z" "-e" "SOURCE_DIR=/opt/rustwide/workdir" "-e" "CARGO_TARGET_DIR=/opt/rustwide/target" "-e" "CARGO_HOME=/opt/rustwide/cargo-home" "-e" "RUSTUP_HOME=/opt/rustwide/rustup-home" "-w" "/opt/rustwide/workdir" "-m" "1610612736" "--user" "0:0" "--network" "none" "ghcr.io/rust-lang/crates-build-env/linux@sha256:2788e3201cd34a07e3172128adcd8b3090168a8e3bcc40d7c032b9dda1df7d1c" "/opt/rustwide/cargo-home/bin/cargo" "+1.75.0" "metadata" "--no-deps" "--format-version=1", kill_on_drop: false }`
[INFO] [stdout] 474129893e131063d263fe166c06589f86a44dd37bfc5a4b0f842965667ed357
[INFO] running `Command { std: "docker" "start" "-a" "474129893e131063d263fe166c06589f86a44dd37bfc5a4b0f842965667ed357", kill_on_drop: false }`
[INFO] running `Command { std: "docker" "inspect" "474129893e131063d263fe166c06589f86a44dd37bfc5a4b0f842965667ed357", kill_on_drop: false }`
[INFO] running `Command { std: "docker" "rm" "-f" "474129893e131063d263fe166c06589f86a44dd37bfc5a4b0f842965667ed357", kill_on_drop: false }`
[INFO] [stdout] 474129893e131063d263fe166c06589f86a44dd37bfc5a4b0f842965667ed357
[INFO] running `Command { std: "docker" "create" "-v" "/var/lib/crater-agent-workspace/builds/worker-1-tc1/target:/opt/rustwide/target:rw,Z" "-v" "/var/lib/crater-agent-workspace/builds/worker-1-tc1/source:/opt/rustwide/workdir:ro,Z" "-v" "/var/lib/crater-agent-workspace/cargo-home:/opt/rustwide/cargo-home:ro,Z" "-v" "/var/lib/crater-agent-workspace/rustup-home:/opt/rustwide/rustup-home:ro,Z" "-e" "SOURCE_DIR=/opt/rustwide/workdir" "-e" "CARGO_TARGET_DIR=/opt/rustwide/target" "-e" "CARGO_INCREMENTAL=0" "-e" "RUST_BACKTRACE=full" "-e" "RUSTFLAGS=--cap-lints=warn" "-e" "RUSTDOCFLAGS=--cap-lints=warn" "-e" "CARGO_HOME=/opt/rustwide/cargo-home" "-e" "RUSTUP_HOME=/opt/rustwide/rustup-home" "-w" "/opt/rustwide/workdir" "-m" "1610612736" "--user" "0:0" "--network" "none" "ghcr.io/rust-lang/crates-build-env/linux@sha256:2788e3201cd34a07e3172128adcd8b3090168a8e3bcc40d7c032b9dda1df7d1c" "/opt/rustwide/cargo-home/bin/cargo" "+1.75.0" "build" "--frozen" "--message-format=json", kill_on_drop: false }`
[INFO] [stdout] 38de52858809274d5610d00c4313c4a3866cc621343764c214777681c03136f6
[INFO] running `Command { std: "docker" "start" "-a" "38de52858809274d5610d00c4313c4a3866cc621343764c214777681c03136f6", kill_on_drop: false }`
[INFO] [stderr]    Compiling libc v0.2.151
[INFO] [stderr]    Compiling num-traits v0.2.17
[INFO] [stderr]    Compiling winapi-build v0.1.1
[INFO] [stderr]    Compiling num-integer v0.1.45
[INFO] [stderr]    Compiling winapi v0.2.8
[INFO] [stderr]    Compiling rustc-serialize v0.3.25
[INFO] [stderr]    Compiling num-iter v0.1.43
[INFO] [stderr]    Compiling regex-syntax v0.3.9
[INFO] [stderr]    Compiling utf8-ranges v0.1.3
[INFO] [stderr]    Compiling log v0.3.9
[INFO] [stderr]    Compiling kernel32-sys v0.2.2
[INFO] [stderr]    Compiling rand v0.4.6
[INFO] [stderr]    Compiling thread-id v2.0.0
[INFO] [stderr]    Compiling memchr v0.1.11
[INFO] [stderr]    Compiling thread_local v0.2.7
[INFO] [stderr]    Compiling aho-corasick v0.5.3
[INFO] [stderr]    Compiling regex v0.1.80
[INFO] [stderr]    Compiling rand v0.3.23
[INFO] [stderr]    Compiling num-complex v0.1.43
[INFO] [stderr]    Compiling num-bigint v0.1.44
[INFO] [stderr]    Compiling env_logger v0.3.5
[INFO] [stderr]    Compiling quickcheck v0.2.27
[INFO] [stderr]    Compiling num-rational v0.1.42
[INFO] [stderr]    Compiling num v0.1.42
[INFO] [stderr]    Compiling glm v0.2.3 (/opt/rustwide/workdir)
[INFO] [stdout] warning: anonymous parameters are deprecated and will be removed in the next edition
[INFO] [stdout]   --> src/builtin/vecrel.rs:32:36
[INFO] [stdout]    |
[INFO] [stdout] 32 |     fn zip_bool(&self, rhs: &Self, fn(&T, &T) -> bool) -> B;
[INFO] [stdout]    |                                    ^^^^^^^^^^^^^^^^^^ help: try naming the parameter or explicitly ignoring it: `_: fn(&T, &T) -> bool`
[INFO] [stdout]    |
[INFO] [stdout]    = warning: this is accepted in the current edition (Rust 2015) but is a hard error in Rust 2018!
[INFO] [stdout]    = note: for more information, see issue #41686 <https://github.com/rust-lang/rust/issues/41686>
[INFO] [stdout]    = note: `#[warn(anonymous_parameters)]` on by default
[INFO] [stdout] 
[INFO] [stdout] 
[INFO] [stdout] warning: 1 warning emitted
[INFO] [stdout] 
[INFO] [stdout] 
[INFO] [stderr]     Finished dev [unoptimized + debuginfo] target(s) in 2.64s
[INFO] running `Command { std: "docker" "inspect" "38de52858809274d5610d00c4313c4a3866cc621343764c214777681c03136f6", kill_on_drop: false }`
[INFO] running `Command { std: "docker" "rm" "-f" "38de52858809274d5610d00c4313c4a3866cc621343764c214777681c03136f6", kill_on_drop: false }`
[INFO] [stdout] 38de52858809274d5610d00c4313c4a3866cc621343764c214777681c03136f6
[INFO] running `Command { std: "docker" "create" "-v" "/var/lib/crater-agent-workspace/builds/worker-1-tc1/target:/opt/rustwide/target:rw,Z" "-v" "/var/lib/crater-agent-workspace/builds/worker-1-tc1/source:/opt/rustwide/workdir:ro,Z" "-v" "/var/lib/crater-agent-workspace/cargo-home:/opt/rustwide/cargo-home:ro,Z" "-v" "/var/lib/crater-agent-workspace/rustup-home:/opt/rustwide/rustup-home:ro,Z" "-e" "SOURCE_DIR=/opt/rustwide/workdir" "-e" "CARGO_TARGET_DIR=/opt/rustwide/target" "-e" "CARGO_INCREMENTAL=0" "-e" "RUST_BACKTRACE=full" "-e" "RUSTFLAGS=--cap-lints=warn" "-e" "RUSTDOCFLAGS=--cap-lints=warn" "-e" "CARGO_HOME=/opt/rustwide/cargo-home" "-e" "RUSTUP_HOME=/opt/rustwide/rustup-home" "-w" "/opt/rustwide/workdir" "-m" "1610612736" "--user" "0:0" "--network" "none" "ghcr.io/rust-lang/crates-build-env/linux@sha256:2788e3201cd34a07e3172128adcd8b3090168a8e3bcc40d7c032b9dda1df7d1c" "/opt/rustwide/cargo-home/bin/cargo" "+1.75.0" "test" "--frozen" "--no-run" "--message-format=json", kill_on_drop: false }`
[INFO] [stdout] 09305df504dd5757eb6e9500a636ff63de38510581574ece1ac74390925aa5d4
[INFO] running `Command { std: "docker" "start" "-a" "09305df504dd5757eb6e9500a636ff63de38510581574ece1ac74390925aa5d4", kill_on_drop: false }`
[INFO] [stdout] warning: anonymous parameters are deprecated and will be removed in the next edition
[INFO] [stdout]   --> src/builtin/vecrel.rs:32:36
[INFO] [stdout]    |
[INFO] [stdout] 32 |     fn zip_bool(&self, rhs: &Self, fn(&T, &T) -> bool) -> B;
[INFO] [stdout]    |                                    ^^^^^^^^^^^^^^^^^^ help: try naming the parameter or explicitly ignoring it: `_: fn(&T, &T) -> bool`
[INFO] [stdout]    |
[INFO] [stdout]    = warning: this is accepted in the current edition (Rust 2015) but is a hard error in Rust 2018!
[INFO] [stdout]    = note: for more information, see issue #41686 <https://github.com/rust-lang/rust/issues/41686>
[INFO] [stdout]    = note: `#[warn(anonymous_parameters)]` on by default
[INFO] [stdout] 
[INFO] [stdout] 
[INFO] [stderr]    Compiling glm v0.2.3 (/opt/rustwide/workdir)
[INFO] [stdout] warning: 1 warning emitted
[INFO] [stdout] 
[INFO] [stdout] 
[INFO] [stdout] warning: unused import: `vec::vec::*`
[INFO] [stdout]    --> src/cast.rs:345:9
[INFO] [stdout]     |
[INFO] [stdout] 345 |     use vec::vec::*;
[INFO] [stdout]     |         ^^^^^^^^^^^
[INFO] [stdout]     |
[INFO] [stdout]     = note: `#[warn(unused_imports)]` on by default
[INFO] [stdout] 
[INFO] [stdout] 
[INFO] [stdout] warning: anonymous parameters are deprecated and will be removed in the next edition
[INFO] [stdout]   --> src/builtin/vecrel.rs:32:36
[INFO] [stdout]    |
[INFO] [stdout] 32 |     fn zip_bool(&self, rhs: &Self, fn(&T, &T) -> bool) -> B;
[INFO] [stdout]    |                                    ^^^^^^^^^^^^^^^^^^ help: try naming the parameter or explicitly ignoring it: `_: fn(&T, &T) -> bool`
[INFO] [stdout]    |
[INFO] [stdout]    = warning: this is accepted in the current edition (Rust 2015) but is a hard error in Rust 2018!
[INFO] [stdout]    = note: for more information, see issue #41686 <https://github.com/rust-lang/rust/issues/41686>
[INFO] [stdout]    = note: `#[warn(anonymous_parameters)]` on by default
[INFO] [stdout] 
[INFO] [stdout] 
[INFO] [stdout] warning: 2 warnings emitted
[INFO] [stdout] 
[INFO] [stdout] 
[INFO] [stderr]     Finished test [unoptimized + debuginfo] target(s) in 1.11s
[INFO] running `Command { std: "docker" "inspect" "09305df504dd5757eb6e9500a636ff63de38510581574ece1ac74390925aa5d4", kill_on_drop: false }`
[INFO] running `Command { std: "docker" "rm" "-f" "09305df504dd5757eb6e9500a636ff63de38510581574ece1ac74390925aa5d4", kill_on_drop: false }`
[INFO] [stdout] 09305df504dd5757eb6e9500a636ff63de38510581574ece1ac74390925aa5d4
[INFO] running `Command { std: "docker" "create" "-v" "/var/lib/crater-agent-workspace/builds/worker-1-tc1/target:/opt/rustwide/target:rw,Z" "-v" "/var/lib/crater-agent-workspace/builds/worker-1-tc1/source:/opt/rustwide/workdir:ro,Z" "-v" "/var/lib/crater-agent-workspace/cargo-home:/opt/rustwide/cargo-home:ro,Z" "-v" "/var/lib/crater-agent-workspace/rustup-home:/opt/rustwide/rustup-home:ro,Z" "-e" "SOURCE_DIR=/opt/rustwide/workdir" "-e" "CARGO_TARGET_DIR=/opt/rustwide/target" "-e" "CARGO_INCREMENTAL=0" "-e" "RUST_BACKTRACE=full" "-e" "RUSTFLAGS=--cap-lints=warn" "-e" "RUSTDOCFLAGS=--cap-lints=warn" "-e" "CARGO_HOME=/opt/rustwide/cargo-home" "-e" "RUSTUP_HOME=/opt/rustwide/rustup-home" "-w" "/opt/rustwide/workdir" "-m" "1610612736" "--user" "0:0" "--network" "none" "ghcr.io/rust-lang/crates-build-env/linux@sha256:2788e3201cd34a07e3172128adcd8b3090168a8e3bcc40d7c032b9dda1df7d1c" "/opt/rustwide/cargo-home/bin/cargo" "+1.75.0" "test" "--frozen", kill_on_drop: false }`
[INFO] [stdout] 39940fb9240a59e8e4f3540a4296dce6859532236c35a1ed6b2953490c824cde
[INFO] running `Command { std: "docker" "start" "-a" "39940fb9240a59e8e4f3540a4296dce6859532236c35a1ed6b2953490c824cde", kill_on_drop: false }`
[INFO] [stderr] warning: anonymous parameters are deprecated and will be removed in the next edition
[INFO] [stderr]   --> src/builtin/vecrel.rs:32:36
[INFO] [stderr]    |
[INFO] [stderr] 32 |     fn zip_bool(&self, rhs: &Self, fn(&T, &T) -> bool) -> B;
[INFO] [stderr]    |                                    ^^^^^^^^^^^^^^^^^^ help: try naming the parameter or explicitly ignoring it: `_: fn(&T, &T) -> bool`
[INFO] [stderr]    |
[INFO] [stderr]    = warning: this is accepted in the current edition (Rust 2015) but is a hard error in Rust 2018!
[INFO] [stderr]    = note: for more information, see issue #41686 <https://github.com/rust-lang/rust/issues/41686>
[INFO] [stderr]    = note: `#[warn(anonymous_parameters)]` on by default
[INFO] [stderr] 
[INFO] [stderr] warning: unused import: `vec::vec::*`
[INFO] [stderr]    --> src/cast.rs:345:9
[INFO] [stderr]     |
[INFO] [stderr] 345 |     use vec::vec::*;
[INFO] [stderr]     |         ^^^^^^^^^^^
[INFO] [stderr]     |
[INFO] [stderr]     = note: `#[warn(unused_imports)]` on by default
[INFO] [stderr] 
[INFO] [stderr] warning: `glm` (lib) generated 1 warning (run `cargo fix --lib -p glm` to apply 1 suggestion)
[INFO] [stderr] warning: `glm` (lib test) generated 2 warnings (1 duplicate) (run `cargo fix --lib -p glm --tests` to apply 1 suggestion)
[INFO] [stderr]     Finished test [unoptimized + debuginfo] target(s) in 0.02s
[INFO] [stderr]      Running unittests src/lib.rs (/opt/rustwide/target/debug/deps/glm-d048817d31981187)
[INFO] [stdout] 
[INFO] [stdout] running 17 tests
[INFO] [stdout] test cast::test::test_int ... ok
[INFO] [stdout] test cast::test::test_boolean ... ok
[INFO] [stdout] test cast::test::test_to_vec ... ok
[INFO] [stdout] test cast::test::test_float ... ok
[INFO] [stdout] test ext::matrix::transform::test::test_translate ... ok
[INFO] [stdout] test mat::mat::test::test_index ... ok
[INFO] [stdout] test mat::mat::test::test_mul_v ... ok
[INFO] [stdout] test mat::sqmat::test::test_determinant ... ok
[INFO] [stdout] test mat::sqmat::test::test_inverse_mat2 ... ok
[INFO] [stdout] test mat::sqmat::test::test_inverse_mat3 ... ok
[INFO] [stdout] test ext::matrix::transform::test::test_perspective ... ok
[INFO] [stdout] test mat::sqmat::test::test_inverse_mat4 ... ok
[INFO] [stdout] test vec::vec::test::test_as_array_mut ... ok
[INFO] [stdout] test vec::vec::test::test_index_mut ... ok
[INFO] [stdout] test vec::vec::test::test_as_array ... ok
[INFO] [stdout] test vec::vec::test::test_index ... ok
[INFO] [stdout] test mat::mat::test::test_index_bound_check - should panic ... ok
[INFO] [stdout] 
[INFO] [stdout] test result: ok. 17 passed; 0 failed; 0 ignored; 0 measured; 0 filtered out; finished in 0.04s
[INFO] [stdout] 
[INFO] [stderr]    Doc-tests glm
[INFO] [stdout] 
[INFO] [stdout] running 109 tests
[INFO] [stdout] test src/basenum.rs - basenum::BaseNum::max (line 64) ... FAILED
[INFO] [stdout] test src/basenum.rs - basenum::BaseNum::min (line 54) ... FAILED
[INFO] [stdout] test src/builtin/common.rs - builtin::common::abs (line 193) ... ok
[INFO] [stdout] test src/builtin/common.rs - builtin::common::floatBitsToInt (line 744) ... ok
[INFO] [stdout] test src/builtin/common.rs - builtin::common::clamp_s (line 495) ... ok
[INFO] [stdout] test src/basenum.rs - basenum::SignedNum::sign (line 84) ... ok
[INFO] [stdout] test src/builtin/common.rs - builtin::common::ceil (line 313) ... ok
[INFO] [stdout] test src/builtin/common.rs - builtin::common::clamp (line 473) ... ok
[INFO] [stdout] test src/builtin/common.rs - builtin::common::fract (line 329) ... ok
[INFO] [stdout] test src/builtin/common.rs - builtin::common::fma (line 863) ... ok
[INFO] [stdout] test src/builtin/common.rs - builtin::common::fmod (line 349) ... ok
[INFO] [stdout] test src/builtin/common.rs - builtin::common::floor (line 230) ... ok
[INFO] [stdout] test src/basenum.rs - basenum::ApproxEq::is_approx_eq (line 128) ... ok
[INFO] [stdout] test src/builtin/common.rs - builtin::common::intBitsToFloat (line 804) ... ok
[INFO] [stdout] test src/builtin/common.rs - builtin::common::floatBitsToUint (line 775) ... ok
[INFO] [stdout] test src/builtin/common.rs - builtin::common::frexp (line 894) ... ok
[INFO] [stdout] test src/builtin/common.rs - builtin::common::isnan (line 699) ... ok
[INFO] [stdout] test src/builtin/common.rs - builtin::common::isinf (line 721) ... ok
[INFO] [stdout] test src/builtin/common.rs - builtin::common::min_s (line 424) ... ok
[INFO] [stdout] test src/builtin/common.rs - builtin::common::max (line 440) ... ok
[INFO] [stdout] test src/builtin/common.rs - builtin::common::mix (line 510) ... ok
[INFO] [stdout] test src/builtin/common.rs - builtin::common::ldexp (line 925) ... ok
[INFO] [stdout] test src/builtin/common.rs - builtin::common::mix_bool (line 565) ... ok
[INFO] [stdout] test src/builtin/common.rs - builtin::common::min (line 406) ... ok
[INFO] [stdout] test src/builtin/common.rs - builtin::common::max_s (line 459) ... ok
[INFO] [stdout] test src/builtin/common.rs - builtin::common::modf (line 391) ... ok
[INFO] [stdout] test src/builtin/common.rs - builtin::common::mod_s (line 367) ... ok
[INFO] [stdout] test src/builtin/common.rs - builtin::common::round (line 262) ... ok
[INFO] [stdout] test src/builtin/common.rs - builtin::common::mix_s (line 535) ... ok
[INFO] [stdout] test src/builtin/common.rs - builtin::common::sign (line 212) ... ok
[INFO] [stdout] test src/builtin/common.rs - builtin::common::smoothstep (line 653) ... ok
[INFO] [stdout] test src/builtin/common.rs - builtin::common::roundEven (line 280) ... ok
[INFO] [stdout] test src/builtin/common.rs - builtin::common::step (line 603) ... ok
[INFO] [stdout] test src/builtin/common.rs - builtin::common::step_s (line 627) ... ok
[INFO] [stdout] test src/builtin/common.rs - builtin::common::trunc (line 244) ... ok
[INFO] [stdout] test src/builtin/exp.rs - builtin::exp::inversesqrt (line 137) ... ok
[INFO] [stdout] test src/builtin/common.rs - builtin::common::uintBitsToFloat (line 834) ... ok
[INFO] [stdout] test src/builtin/exp.rs - builtin::exp::log (line 72) ... ok
[INFO] [stdout] test src/builtin/exp.rs - builtin::exp::exp (line 54) ... ok
[INFO] [stdout] test src/builtin/exp.rs - builtin::exp::exp2 (line 89) ... ok
[INFO] [stdout] test src/builtin/geom.rs - builtin::geom::refract (line 124) ... FAILED
[INFO] [stdout] test src/builtin/exp.rs - builtin::exp::pow (line 37) ... ok
[INFO] [stdout] test src/builtin/geom.rs - builtin::geom::reflect (line 108) ... FAILED
[INFO] [stdout] test src/builtin/integer.rs - builtin::integer::bitfieldInsert (line 216) ... FAILED
[INFO] [stdout] test src/builtin/exp.rs - builtin::exp::sqrt (line 122) ... ok
[INFO] [stdout] test src/builtin/exp.rs - builtin::exp::log2 (line 107) ... ok
[INFO] [stdout] test src/builtin/integer.rs - builtin::integer::bitfieldExtract (line 179) ... FAILED
[INFO] [stdout] test src/builtin/integer.rs - builtin::integer::bitfieldReverse (line 245) ... FAILED
[INFO] [stdout] test src/builtin/geom.rs - builtin::geom::distance (line 82) ... ok
[INFO] [stdout] test src/builtin/geom.rs - builtin::geom::cross (line 153) ... ok
[INFO] [stdout] test src/builtin/geom.rs - builtin::geom::dot (line 40) ... ok
[INFO] [stdout] test src/builtin/geom.rs - builtin::geom::length (line 56) ... ok
[INFO] [stdout] test src/builtin/geom.rs - builtin::geom::normalize (line 68) ... ok
[INFO] [stdout] test src/builtin/integer.rs - builtin::integer::findLSB (line 296) ... ok
[INFO] [stdout] test src/builtin/pack.rs - builtin::pack::packSnorm4x8 (line 199) ... ok
[INFO] [stdout] test src/builtin/pack.rs - builtin::pack::packDouble2x32 (line 254) ... ok
[INFO] [stdout] test src/builtin/integer.rs - builtin::integer::bitCount (line 275) ... ok
[INFO] [stdout] test src/builtin/pack.rs - builtin::pack::packSnorm2x16 (line 149) ... ok
[INFO] [stdout] test src/builtin/integer.rs - builtin::integer::findMSB (line 330) ... ok
[INFO] [stdout] test src/builtin/matrix.rs - builtin::matrix::matrixCompMult (line 40) ... ok
[INFO] [stdout] test src/builtin/pack.rs - builtin::pack::packUnorm2x16 (line 43) ... ok
[INFO] [stdout] test src/builtin/pack.rs - builtin::pack::unpackDouble2x32 (line 272) ... ok
[INFO] [stdout] test src/builtin/pack.rs - builtin::pack::packUnorm4x8 (line 93) ... ok
[INFO] [stdout] test src/builtin/integer.rs - builtin::integer::usubBorrow (line 116) ... ok
[INFO] [stdout] test src/builtin/matrix.rs - builtin::matrix::outerProduct (line 66) ... ok
[INFO] [stdout] test src/builtin/integer.rs - builtin::integer::uaddCarry (line 89) ... ok
[INFO] [stdout] test src/builtin/pack.rs - builtin::pack::unpackSnorm2x16 (line 174) ... ok
[INFO] [stdout] test src/builtin/pack.rs - builtin::pack::unpackSnorm4x8 (line 224) ... ok
[INFO] [stdout] test src/builtin/pack.rs - builtin::pack::unpackUnorm2x16 (line 68) ... ok
[INFO] [stdout] test src/builtin/pack.rs - builtin::pack::unpackUnorm4x8 (line 118) ... ok
[INFO] [stdout] test src/ext/consts.rs - ext::consts::pi (line 184) ... ok
[INFO] [stdout] test src/ext/common.rs - ext::common::recip (line 32) ... ok
[INFO] [stdout] test src/builtin/vecrel.rs - builtin::vecrel::equal (line 136) ... ok
[INFO] [stdout] test src/ext/geom.rs - ext::geom::angle (line 125) ... ok
[INFO] [stdout] test src/builtin/vecrel.rs - builtin::vecrel::greaterThanEqual (line 114) ... ok
[INFO] [stdout] test src/builtin/vecrel.rs - builtin::vecrel::lessThanEqual (line 72) ... ok
[INFO] [stdout] test src/lib.rs - (line 46) ... ignored
[INFO] [stdout] test src/lib.rs - (line 60) ... ignored
[INFO] [stdout] test src/builtin/vecrel.rs - builtin::vecrel::lessThan (line 54) ... ok
[INFO] [stdout] test src/builtin/vecrel.rs - builtin::vecrel::notEqual (line 153) ... ok
[INFO] [stdout] test src/builtin/vecrel.rs - builtin::vecrel::greaterThan (line 93) ... ok
[INFO] [stdout] test src/ext/geom.rs - ext::geom::is_perpendicular (line 102) ... ok
[INFO] [stdout] test src/cast.rs - cast::ToVector::to (line 244) ... ok
[INFO] [stdout] test src/ext/geom.rs - ext::geom::normalize_to (line 64) ... ok
[INFO] [stdout] test src/ext/geom.rs - ext::geom::projection (line 80) ... ok
[INFO] [stdout] test src/ext/geom.rs - ext::geom::recip_length (line 48) ... ok
[INFO] [stdout] test src/ext/geom.rs - ext::geom::sqlength (line 33) ... ok
[INFO] [stdout] test src/cast.rs - cast::ToScalar::to (line 175) ... ok
[INFO] [stdout] test src/ext/matrix/mod.rs - ext::matrix::is_invertible (line 58) ... ok
[INFO] [stdout] test src/ext/matrix/transform.rs - ext::matrix::transform::translate (line 14) ... ok
[INFO] [stdout] test src/ext/matrix/mod.rs - ext::matrix::trace (line 36) ... ok
[INFO] [stdout] test src/lib.rs - (line 116) ... ok
[INFO] [stdout] test src/ext/trig.rs - ext::trig::sin_cos (line 33) ... ok
[INFO] [stdout] test src/lib.rs - (line 91) ... ok
[INFO] [stdout] test src/mat/traits.rs - mat::traits::GenMat::mul_c (line 70) ... ok
[INFO] [stdout] test src/mat/traits.rs - mat::traits::GenSquareMat::determinant (line 93) ... ok
[INFO] [stdout] test src/mat/traits.rs - mat::traits::GenMat::transpose (line 57) ... ok
[INFO] [stdout] test src/mat/mat.rs - mat::mat::Matrix2<T>::extend (line 555) ... ok
[INFO] [stdout] test src/vec/traits.rs - vec::traits::GenBVec::all (line 118) ... ok
[INFO] [stdout] test src/vec/traits.rs - vec::traits::GenNumVec::max (line 87) ... ok
[INFO] [stdout] test src/vec/traits.rs - vec::traits::GenNumVec::min (line 76) ... ok
[INFO] [stdout] test src/vec/traits.rs - vec::traits::GenNumVec::sum (line 53) ... ok
[INFO] [stdout] test src/vec/traits.rs - vec::traits::GenBVec::any (line 106) ... ok
[INFO] [stdout] test src/vec/vec.rs - vec::vec::Vector2<T>::extend (line 390) ... ok
[INFO] [stdout] test src/vec/traits.rs - vec::traits::GenVec::dim (line 38) ... ok
[INFO] [stdout] test src/vec/traits.rs - vec::traits::GenNumVec::product (line 65) ... ok
[INFO] [stdout] test src/vec/traits.rs - vec::traits::GenBVec::not (line 130) ... ok
[INFO] [stdout] test src/vec/vec.rs - vec::vec::Vector3<T>::extend (line 408) ... ok
[INFO] [stdout] test src/vec/vec.rs - vec::vec::Vector3<T>::truncate (line 430) ... ok
[INFO] [stdout] 
[INFO] [stdout] failures:
[INFO] [stdout] 
[INFO] [stdout] ---- src/basenum.rs - basenum::BaseNum::max (line 64) stdout ----
[INFO] [stdout] error[E0034]: multiple applicable items in scope
[INFO] [stdout]  --> src/basenum.rs:67:17
[INFO] [stdout]   |
[INFO] [stdout] 6 | assert_eq!(1i32.max(2i32), 2i32);
[INFO] [stdout]   |                 ^^^ multiple `max` found
[INFO] [stdout]   |
[INFO] [stdout]   = note: candidate #1 is defined in an impl of the trait `BaseNum` for the type `i32`
[INFO] [stdout]   = note: candidate #2 is defined in an impl of the trait `Ord` for the type `i32`
[INFO] [stdout] note: candidate #3 is defined in the trait `Iterator`
[INFO] [stdout]  --> /rustc/82e1608dfa6e0b5569232559e3d385fea5a93112/library/core/src/iter/traits/iterator.rs:3201:5
[INFO] [stdout] help: disambiguate the method for candidate #1
[INFO] [stdout]   |
[INFO] [stdout] 6 | assert_eq!(BaseNum::max(1i32, 2i32), 2i32);
[INFO] [stdout]   |            ~~~~~~~~~~~~~~~~~~~~~~~~
[INFO] [stdout] help: disambiguate the method for candidate #2
[INFO] [stdout]   |
[INFO] [stdout] 6 | assert_eq!(Ord::max(1i32, 2i32), 2i32);
[INFO] [stdout]   |            ~~~~~~~~~~~~~~~~~~~~
[INFO] [stdout] help: disambiguate the method for candidate #3
[INFO] [stdout]   |
[INFO] [stdout] 6 | assert_eq!(Iterator::max(1i32, 2i32), 2i32);
[INFO] [stdout]   |            ~~~~~~~~~~~~~~~~~~~~~~~~~
[INFO] [stdout] 
[INFO] [stdout] error: aborting due to previous error
[INFO] [stdout] 
[INFO] [stdout] For more information about this error, try `rustc --explain E0034`.
[INFO] [stdout] Couldn't compile the test.
[INFO] [stdout] ---- src/basenum.rs - basenum::BaseNum::min (line 54) stdout ----
[INFO] [stdout] error[E0034]: multiple applicable items in scope
[INFO] [stdout]  --> src/basenum.rs:57:17
[INFO] [stdout]   |
[INFO] [stdout] 6 | assert_eq!(1i32.min(2i32), 1i32);
[INFO] [stdout]   |                 ^^^ multiple `min` found
[INFO] [stdout]   |
[INFO] [stdout]   = note: candidate #1 is defined in an impl of the trait `BaseNum` for the type `i32`
[INFO] [stdout]   = note: candidate #2 is defined in an impl of the trait `Ord` for the type `i32`
[INFO] [stdout] note: candidate #3 is defined in the trait `Iterator`
[INFO] [stdout]  --> /rustc/82e1608dfa6e0b5569232559e3d385fea5a93112/library/core/src/iter/traits/iterator.rs:3240:5
[INFO] [stdout] help: disambiguate the method for candidate #1
[INFO] [stdout]   |
[INFO] [stdout] 6 | assert_eq!(BaseNum::min(1i32, 2i32), 1i32);
[INFO] [stdout]   |            ~~~~~~~~~~~~~~~~~~~~~~~~
[INFO] [stdout] help: disambiguate the method for candidate #2
[INFO] [stdout]   |
[INFO] [stdout] 6 | assert_eq!(Ord::min(1i32, 2i32), 1i32);
[INFO] [stdout]   |            ~~~~~~~~~~~~~~~~~~~~
[INFO] [stdout] help: disambiguate the method for candidate #3
[INFO] [stdout]   |
[INFO] [stdout] 6 | assert_eq!(Iterator::min(1i32, 2i32), 1i32);
[INFO] [stdout]   |            ~~~~~~~~~~~~~~~~~~~~~~~~~
[INFO] [stdout] 
[INFO] [stdout] error: aborting due to previous error
[INFO] [stdout] 
[INFO] [stdout] For more information about this error, try `rustc --explain E0034`.
[INFO] [stdout] Couldn't compile the test.
[INFO] [stdout] ---- src/builtin/geom.rs - builtin::geom::refract (line 124) stdout ----
[INFO] [stdout] error: expected `;`, found keyword `if`
[INFO] [stdout]  --> src/builtin/geom.rs:125:52
[INFO] [stdout]   |
[INFO] [stdout] 3 | k = 1.0 - eta * eta * (1.0 - dot(N, I) * dot(N, I))
[INFO] [stdout]   |                                                    ^ help: add `;` here
[INFO] [stdout] 4 | if (k < 0.0)
[INFO] [stdout]   | -- unexpected token
[INFO] [stdout] 
[INFO] [stdout] error: expected `{`, found keyword `return`
[INFO] [stdout]  --> src/builtin/geom.rs:127:5
[INFO] [stdout]   |
[INFO] [stdout] 5 |     return genType(0.0) // or genDType(0.0)
[INFO] [stdout]   |     ^^^^^^ expected `{`
[INFO] [stdout]   |
[INFO] [stdout] note: the `if` expression is missing a block after this condition
[INFO] [stdout]  --> src/builtin/geom.rs:126:4
[INFO] [stdout]   |
[INFO] [stdout] 4 | if (k < 0.0)
[INFO] [stdout]   |    ^^^^^^^^^
[INFO] [stdout] help: try placing this code inside a block
[INFO] [stdout]   |
[INFO] [stdout] 5 |     { return genType(0.0) } // or genDType(0.0)
[INFO] [stdout]   |     +                     +
[INFO] [stdout] 
[INFO] [stdout] error: aborting due to 2 previous errors
[INFO] [stdout] 
[INFO] [stdout] Couldn't compile the test.
[INFO] [stdout] ---- src/builtin/geom.rs - builtin::geom::reflect (line 108) stdout ----
[INFO] [stdout] error: unknown start of token: \u{2013}
[INFO] [stdout]  --> src/builtin/geom.rs:109:3
[INFO] [stdout]   |
[INFO] [stdout] 3 | I – 2 ∗ dot(N, I) ∗ N
[INFO] [stdout]   |   ^
[INFO] [stdout]   |
[INFO] [stdout] help: Unicode character '–' (En Dash) looks like '-' (Minus/Hyphen), but it is not
[INFO] [stdout]   |
[INFO] [stdout] 3 | I - 2 ∗ dot(N, I) ∗ N
[INFO] [stdout]   |   ~
[INFO] [stdout] 
[INFO] [stdout] error: unknown start of token: \u{2217}
[INFO] [stdout]  --> src/builtin/geom.rs:109:7
[INFO] [stdout]   |
[INFO] [stdout] 3 | I – 2 ∗ dot(N, I) ∗ N
[INFO] [stdout]   |       ^
[INFO] [stdout]   |
[INFO] [stdout] help: Unicode character '∗' (Asterisk Operator) looks like '*' (Asterisk), but it is not
[INFO] [stdout]   |
[INFO] [stdout] 3 | I – 2 * dot(N, I) ∗ N
[INFO] [stdout]   |       ~
[INFO] [stdout] 
[INFO] [stdout] error: unknown start of token: \u{2217}
[INFO] [stdout]  --> src/builtin/geom.rs:109:19
[INFO] [stdout]   |
[INFO] [stdout] 3 | I – 2 ∗ dot(N, I) ∗ N
[INFO] [stdout]   |                   ^
[INFO] [stdout]   |
[INFO] [stdout] help: Unicode character '∗' (Asterisk Operator) looks like '*' (Asterisk), but it is not
[INFO] [stdout]   |
[INFO] [stdout] 3 | I – 2 ∗ dot(N, I) * N
[INFO] [stdout]   |                   ~
[INFO] [stdout] 
[INFO] [stdout] error[E0425]: cannot find value `I` in this scope
[INFO] [stdout]  --> src/builtin/geom.rs:109:1
[INFO] [stdout]   |
[INFO] [stdout] 3 | I – 2 ∗ dot(N, I) ∗ N
[INFO] [stdout]   | ^ not found in this scope
[INFO] [stdout]   |
[INFO] [stdout] help: you might be missing a const parameter
[INFO] [stdout]   |
[INFO] [stdout] 2 | fn main() { #[allow(non_snake_case)] fn _doctest_main_src_builtin_geom_rs_108_0<const I: /* Type */>() {
[INFO] [stdout]   |                                                                                +++++++++++++++++++++
[INFO] [stdout] 
[INFO] [stdout] error[E0425]: cannot find value `N` in this scope
[INFO] [stdout]  --> src/builtin/geom.rs:109:13
[INFO] [stdout]   |
[INFO] [stdout] 3 | I – 2 ∗ dot(N, I) ∗ N
[INFO] [stdout]   |             ^ not found in this scope
[INFO] [stdout]   |
[INFO] [stdout] help: you might be missing a const parameter
[INFO] [stdout]   |
[INFO] [stdout] 2 | fn main() { #[allow(non_snake_case)] fn _doctest_main_src_builtin_geom_rs_108_0<const N: /* Type */>() {
[INFO] [stdout]   |                                                                                +++++++++++++++++++++
[INFO] [stdout] 
[INFO] [stdout] error[E0425]: cannot find value `I` in this scope
[INFO] [stdout]  --> src/builtin/geom.rs:109:16
[INFO] [stdout]   |
[INFO] [stdout] 3 | I – 2 ∗ dot(N, I) ∗ N
[INFO] [stdout]   |                ^ not found in this scope
[INFO] [stdout]   |
[INFO] [stdout] help: you might be missing a const parameter
[INFO] [stdout]   |
[INFO] [stdout] 2 | fn main() { #[allow(non_snake_case)] fn _doctest_main_src_builtin_geom_rs_108_0<const I: /* Type */>() {
[INFO] [stdout]   |                                                                                +++++++++++++++++++++
[INFO] [stdout] 
[INFO] [stdout] error[E0425]: cannot find value `N` in this scope
[INFO] [stdout]  --> src/builtin/geom.rs:109:21
[INFO] [stdout]   |
[INFO] [stdout] 3 | I – 2 ∗ dot(N, I) ∗ N
[INFO] [stdout]   |                     ^ not found in this scope
[INFO] [stdout]   |
[INFO] [stdout] help: you might be missing a const parameter
[INFO] [stdout]   |
[INFO] [stdout] 2 | fn main() { #[allow(non_snake_case)] fn _doctest_main_src_builtin_geom_rs_108_0<const N: /* Type */>() {
[INFO] [stdout]   |                                                                                +++++++++++++++++++++
[INFO] [stdout] 
[INFO] [stdout] error[E0425]: cannot find function `dot` in this scope
[INFO] [stdout]  --> src/builtin/geom.rs:109:9
[INFO] [stdout]   |
[INFO] [stdout] 3 | I – 2 ∗ dot(N, I) ∗ N
[INFO] [stdout]   |         ^^^ not found in this scope
[INFO] [stdout] 
[INFO] [stdout] error: aborting due to 8 previous errors
[INFO] [stdout] 
[INFO] [stdout] For more information about this error, try `rustc --explain E0425`.
[INFO] [stdout] Couldn't compile the test.
[INFO] [stdout] ---- src/builtin/integer.rs - builtin::integer::bitfieldInsert (line 216) stdout ----
[INFO] [stdout] error: literal out of range for `i32`
[INFO] [stdout]  --> src/builtin/integer.rs:220:34
[INFO] [stdout]   |
[INFO] [stdout] 7 | assert_eq!(bitfieldInsert(1_i32, 0xFF00FF00, 8, 20), 0xF00FF01);
[INFO] [stdout]   |                                  ^^^^^^^^^^
[INFO] [stdout]   |
[INFO] [stdout]   = note: the literal `0xFF00FF00` (decimal `4278255360`) does not fit into the type `i32` and will become `-16711936i32`
[INFO] [stdout]   = help: consider using the type `u32` instead
[INFO] [stdout]   = note: `#[deny(overflowing_literals)]` on by default
[INFO] [stdout] help: to use as a negative number (decimal `-16711936`), consider using the type `u32` for the literal and cast it to `i32`
[INFO] [stdout]   |
[INFO] [stdout] 7 | assert_eq!(bitfieldInsert(1_i32, 0xFF00FF00u32 as i32, 8, 20), 0xF00FF01);
[INFO] [stdout]   |                                  ~~~~~~~~~~~~~~~~~~~~
[INFO] [stdout] 
[INFO] [stdout] error: aborting due to previous error
[INFO] [stdout] 
[INFO] [stdout] Couldn't compile the test.
[INFO] [stdout] ---- src/builtin/integer.rs - builtin::integer::bitfieldExtract (line 179) stdout ----
[INFO] [stdout] error: literal out of range for `i32`
[INFO] [stdout]  --> src/builtin/integer.rs:183:28
[INFO] [stdout]   |
[INFO] [stdout] 7 | assert_eq!(bitfieldExtract(0xF000FFFF, 32, 12), 0);
[INFO] [stdout]   |                            ^^^^^^^^^^
[INFO] [stdout]   |
[INFO] [stdout]   = note: the literal `0xF000FFFF` (decimal `4026597375`) does not fit into the type `i32` and will become `-268369921i32`
[INFO] [stdout]   = help: consider using the type `u32` instead
[INFO] [stdout]   = note: `#[deny(overflowing_literals)]` on by default
[INFO] [stdout] help: to use as a negative number (decimal `-268369921`), consider using the type `u32` for the literal and cast it to `i32`
[INFO] [stdout]   |
[INFO] [stdout] 7 | assert_eq!(bitfieldExtract(0xF000FFFFu32 as i32, 32, 12), 0);
[INFO] [stdout]   |                            ~~~~~~~~~~~~~~~~~~~~
[INFO] [stdout] 
[INFO] [stdout] error: aborting due to previous error
[INFO] [stdout] 
[INFO] [stdout] Couldn't compile the test.
[INFO] [stdout] ---- src/builtin/integer.rs - builtin::integer::bitfieldReverse (line 245) stdout ----
[INFO] [stdout] error: literal out of range for `i32`
[INFO] [stdout]  --> src/builtin/integer.rs:249:28
[INFO] [stdout]   |
[INFO] [stdout] 7 | assert_eq!(bitfieldReverse(0xF30000F3), 0xCF0000CF);
[INFO] [stdout]   |                            ^^^^^^^^^^
[INFO] [stdout]   |
[INFO] [stdout]   = note: the literal `0xF30000F3` (decimal `4076863731`) does not fit into the type `i32` and will become `-218103565i32`
[INFO] [stdout]   = help: consider using the type `u32` instead
[INFO] [stdout]   = note: `#[deny(overflowing_literals)]` on by default
[INFO] [stdout] help: to use as a negative number (decimal `-218103565`), consider using the type `u32` for the literal and cast it to `i32`
[INFO] [stdout]   |
[INFO] [stdout] 7 | assert_eq!(bitfieldReverse(0xF30000F3u32 as i32), 0xCF0000CF);
[INFO] [stdout]   |                            ~~~~~~~~~~~~~~~~~~~~
[INFO] [stdout] 
[INFO] [stdout] error: literal out of range for `i32`
[INFO] [stdout]  --> src/builtin/integer.rs:249:41
[INFO] [stdout]   |
[INFO] [stdout] 7 | assert_eq!(bitfieldReverse(0xF30000F3), 0xCF0000CF);
[INFO] [stdout]   |                                         ^^^^^^^^^^
[INFO] [stdout]   |
[INFO] [stdout]   = note: the literal `0xCF0000CF` (decimal `3472883919`) does not fit into the type `i32` and will become `-822083377i32`
[INFO] [stdout]   = help: consider using the type `u32` instead
[INFO] [stdout] help: to use as a negative number (decimal `-822083377`), consider using the type `u32` for the literal and cast it to `i32`
[INFO] [stdout]   |
[INFO] [stdout] 7 | assert_eq!(bitfieldReverse(0xF30000F3), 0xCF0000CFu32 as i32);
[INFO] [stdout]   |                                         ~~~~~~~~~~~~~~~~~~~~
[INFO] [stdout] 
[INFO] [stdout] error: aborting due to 2 previous errors
[INFO] [stdout] 
[INFO] [stdout] Couldn't compile the test.
[INFO] [stdout] 
[INFO] [stdout] failures:
[INFO] [stdout]     src/basenum.rs - basenum::BaseNum::max (line 64)
[INFO] [stdout]     src/basenum.rs - basenum::BaseNum::min (line 54)
[INFO] [stdout]     src/builtin/geom.rs - builtin::geom::reflect (line 108)
[INFO] [stdout]     src/builtin/geom.rs - builtin::geom::refract (line 124)
[INFO] [stdout]     src/builtin/integer.rs - builtin::integer::bitfieldExtract (line 179)
[INFO] [stdout]     src/builtin/integer.rs - builtin::integer::bitfieldInsert (line 216)
[INFO] [stdout]     src/builtin/integer.rs - builtin::integer::bitfieldReverse (line 245)
[INFO] [stdout] 
[INFO] [stdout] test result: FAILED. 100 passed; 7 failed; 2 ignored; 0 measured; 0 filtered out; finished in 1.84s
[INFO] [stdout] 
[INFO] [stderr] error: doctest failed, to rerun pass `--doc`
[INFO] running `Command { std: "docker" "inspect" "39940fb9240a59e8e4f3540a4296dce6859532236c35a1ed6b2953490c824cde", kill_on_drop: false }`
[INFO] running `Command { std: "docker" "rm" "-f" "39940fb9240a59e8e4f3540a4296dce6859532236c35a1ed6b2953490c824cde", kill_on_drop: false }`
[INFO] [stdout] 39940fb9240a59e8e4f3540a4296dce6859532236c35a1ed6b2953490c824cde
[INFO] testing glm-0.2.3 against beta-2023-12-22 for beta-1.76-1
[INFO] extracting crate glm 0.2.3 into /workspace/builds/worker-1-tc2/source
[INFO] validating manifest of crates.io crate glm 0.2.3 on toolchain beta-2023-12-22
[INFO] running `Command { std: CARGO_HOME="/workspace/cargo-home" RUSTUP_HOME="/workspace/rustup-home" "/workspace/cargo-home/bin/cargo" "+beta-2023-12-22" "metadata" "--manifest-path" "Cargo.toml" "--no-deps", kill_on_drop: false }`
[INFO] started tweaking crates.io crate glm 0.2.3
[INFO] finished tweaking crates.io crate glm 0.2.3
[INFO] tweaked toml for crates.io crate glm 0.2.3 written to /workspace/builds/worker-1-tc2/source/Cargo.toml
[INFO] running `Command { std: CARGO_HOME="/workspace/cargo-home" RUSTUP_HOME="/workspace/rustup-home" "/workspace/cargo-home/bin/cargo" "+beta-2023-12-22" "generate-lockfile" "--manifest-path" "Cargo.toml", kill_on_drop: false }`
[INFO] [stderr]     Updating crates.io index
[INFO] running `Command { std: CARGO_HOME="/workspace/cargo-home" RUSTUP_HOME="/workspace/rustup-home" "/workspace/cargo-home/bin/cargo" "+beta-2023-12-22" "fetch" "--manifest-path" "Cargo.toml", kill_on_drop: false }`
[INFO] running `Command { std: "docker" "create" "-v" "/var/lib/crater-agent-workspace/builds/worker-1-tc2/target:/opt/rustwide/target:rw,Z" "-v" "/var/lib/crater-agent-workspace/builds/worker-1-tc2/source:/opt/rustwide/workdir:ro,Z" "-v" "/var/lib/crater-agent-workspace/cargo-home:/opt/rustwide/cargo-home:ro,Z" "-v" "/var/lib/crater-agent-workspace/rustup-home:/opt/rustwide/rustup-home:ro,Z" "-e" "SOURCE_DIR=/opt/rustwide/workdir" "-e" "CARGO_TARGET_DIR=/opt/rustwide/target" "-e" "CARGO_HOME=/opt/rustwide/cargo-home" "-e" "RUSTUP_HOME=/opt/rustwide/rustup-home" "-w" "/opt/rustwide/workdir" "-m" "1610612736" "--user" "0:0" "--network" "none" "ghcr.io/rust-lang/crates-build-env/linux@sha256:2788e3201cd34a07e3172128adcd8b3090168a8e3bcc40d7c032b9dda1df7d1c" "/opt/rustwide/cargo-home/bin/cargo" "+beta-2023-12-22" "metadata" "--no-deps" "--format-version=1", kill_on_drop: false }`
[INFO] [stdout] 221e94de451f2306402534b0766a54595093229f857953d298c961c3d1c3a310
[INFO] running `Command { std: "docker" "start" "-a" "221e94de451f2306402534b0766a54595093229f857953d298c961c3d1c3a310", kill_on_drop: false }`
[INFO] running `Command { std: "docker" "inspect" "221e94de451f2306402534b0766a54595093229f857953d298c961c3d1c3a310", kill_on_drop: false }`
[INFO] running `Command { std: "docker" "rm" "-f" "221e94de451f2306402534b0766a54595093229f857953d298c961c3d1c3a310", kill_on_drop: false }`
[INFO] [stdout] 221e94de451f2306402534b0766a54595093229f857953d298c961c3d1c3a310
[INFO] running `Command { std: "docker" "create" "-v" "/var/lib/crater-agent-workspace/builds/worker-1-tc2/target:/opt/rustwide/target:rw,Z" "-v" "/var/lib/crater-agent-workspace/builds/worker-1-tc2/source:/opt/rustwide/workdir:ro,Z" "-v" "/var/lib/crater-agent-workspace/cargo-home:/opt/rustwide/cargo-home:ro,Z" "-v" "/var/lib/crater-agent-workspace/rustup-home:/opt/rustwide/rustup-home:ro,Z" "-e" "SOURCE_DIR=/opt/rustwide/workdir" "-e" "CARGO_TARGET_DIR=/opt/rustwide/target" "-e" "CARGO_INCREMENTAL=0" "-e" "RUST_BACKTRACE=full" "-e" "RUSTFLAGS=--cap-lints=warn" "-e" "RUSTDOCFLAGS=--cap-lints=warn" "-e" "CARGO_HOME=/opt/rustwide/cargo-home" "-e" "RUSTUP_HOME=/opt/rustwide/rustup-home" "-w" "/opt/rustwide/workdir" "-m" "1610612736" "--user" "0:0" "--network" "none" "ghcr.io/rust-lang/crates-build-env/linux@sha256:2788e3201cd34a07e3172128adcd8b3090168a8e3bcc40d7c032b9dda1df7d1c" "/opt/rustwide/cargo-home/bin/cargo" "+beta-2023-12-22" "build" "--frozen" "--message-format=json", kill_on_drop: false }`
[INFO] [stdout] ca16d4382f50eba60ead69d9f29ec31a97b5b62aec45f2f6158df358994fdb9c
[INFO] running `Command { std: "docker" "start" "-a" "ca16d4382f50eba60ead69d9f29ec31a97b5b62aec45f2f6158df358994fdb9c", kill_on_drop: false }`
[INFO] [stderr]    Compiling libc v0.2.151
[INFO] [stderr]    Compiling num-traits v0.2.17
[INFO] [stderr]    Compiling winapi-build v0.1.1
[INFO] [stderr]    Compiling num-integer v0.1.45
[INFO] [stderr]    Compiling winapi v0.2.8
[INFO] [stderr]    Compiling rustc-serialize v0.3.25
[INFO] [stderr]    Compiling num-iter v0.1.43
[INFO] [stderr]    Compiling regex-syntax v0.3.9
[INFO] [stderr]    Compiling utf8-ranges v0.1.3
[INFO] [stderr]    Compiling log v0.3.9
[INFO] [stderr]    Compiling kernel32-sys v0.2.2
[INFO] [stderr]    Compiling rand v0.4.6
[INFO] [stderr]    Compiling memchr v0.1.11
[INFO] [stderr]    Compiling thread-id v2.0.0
[INFO] [stderr]    Compiling thread_local v0.2.7
[INFO] [stderr]    Compiling aho-corasick v0.5.3
[INFO] [stderr]    Compiling regex v0.1.80
[INFO] [stderr]    Compiling rand v0.3.23
[INFO] [stderr]    Compiling env_logger v0.3.5
[INFO] [stderr]    Compiling num-bigint v0.1.44
[INFO] [stderr]    Compiling num-complex v0.1.43
[INFO] [stderr]    Compiling quickcheck v0.2.27
[INFO] [stderr]    Compiling num-rational v0.1.42
[INFO] [stderr]    Compiling num v0.1.42
[INFO] [stderr]    Compiling glm v0.2.3 (/opt/rustwide/workdir)
[INFO] [stdout] warning: anonymous parameters are deprecated and will be removed in the next edition
[INFO] [stdout]   --> src/builtin/vecrel.rs:32:36
[INFO] [stdout]    |
[INFO] [stdout] 32 |     fn zip_bool(&self, rhs: &Self, fn(&T, &T) -> bool) -> B;
[INFO] [stdout]    |                                    ^^^^^^^^^^^^^^^^^^ help: try naming the parameter or explicitly ignoring it: `_: fn(&T, &T) -> bool`
[INFO] [stdout]    |
[INFO] [stdout]    = warning: this is accepted in the current edition (Rust 2015) but is a hard error in Rust 2018!
[INFO] [stdout]    = note: for more information, see issue #41686 <https://github.com/rust-lang/rust/issues/41686>
[INFO] [stdout]    = note: `#[warn(anonymous_parameters)]` on by default
[INFO] [stdout] 
[INFO] [stdout] 
[INFO] [stdout] warning: 1 warning emitted
[INFO] [stdout] 
[INFO] [stdout] 
[INFO] [stderr]     Finished dev [unoptimized + debuginfo] target(s) in 2.91s
[INFO] running `Command { std: "docker" "inspect" "ca16d4382f50eba60ead69d9f29ec31a97b5b62aec45f2f6158df358994fdb9c", kill_on_drop: false }`
[INFO] running `Command { std: "docker" "rm" "-f" "ca16d4382f50eba60ead69d9f29ec31a97b5b62aec45f2f6158df358994fdb9c", kill_on_drop: false }`
[INFO] [stdout] ca16d4382f50eba60ead69d9f29ec31a97b5b62aec45f2f6158df358994fdb9c
[INFO] running `Command { std: "docker" "create" "-v" "/var/lib/crater-agent-workspace/builds/worker-1-tc2/target:/opt/rustwide/target:rw,Z" "-v" "/var/lib/crater-agent-workspace/builds/worker-1-tc2/source:/opt/rustwide/workdir:ro,Z" "-v" "/var/lib/crater-agent-workspace/cargo-home:/opt/rustwide/cargo-home:ro,Z" "-v" "/var/lib/crater-agent-workspace/rustup-home:/opt/rustwide/rustup-home:ro,Z" "-e" "SOURCE_DIR=/opt/rustwide/workdir" "-e" "CARGO_TARGET_DIR=/opt/rustwide/target" "-e" "CARGO_INCREMENTAL=0" "-e" "RUST_BACKTRACE=full" "-e" "RUSTFLAGS=--cap-lints=warn" "-e" "RUSTDOCFLAGS=--cap-lints=warn" "-e" "CARGO_HOME=/opt/rustwide/cargo-home" "-e" "RUSTUP_HOME=/opt/rustwide/rustup-home" "-w" "/opt/rustwide/workdir" "-m" "1610612736" "--user" "0:0" "--network" "none" "ghcr.io/rust-lang/crates-build-env/linux@sha256:2788e3201cd34a07e3172128adcd8b3090168a8e3bcc40d7c032b9dda1df7d1c" "/opt/rustwide/cargo-home/bin/cargo" "+beta-2023-12-22" "test" "--frozen" "--no-run" "--message-format=json", kill_on_drop: false }`
[INFO] [stdout] d32d877d621e79b65746d4cd12dabd1c44a3f35ae4e4cd39b587b388303c6294
[INFO] running `Command { std: "docker" "start" "-a" "d32d877d621e79b65746d4cd12dabd1c44a3f35ae4e4cd39b587b388303c6294", kill_on_drop: false }`
[INFO] [stderr]    Compiling glm v0.2.3 (/opt/rustwide/workdir)
[INFO] [stdout] warning: anonymous parameters are deprecated and will be removed in the next edition
[INFO] [stdout]   --> src/builtin/vecrel.rs:32:36
[INFO] [stdout]    |
[INFO] [stdout] 32 |     fn zip_bool(&self, rhs: &Self, fn(&T, &T) -> bool) -> B;
[INFO] [stdout]    |                                    ^^^^^^^^^^^^^^^^^^ help: try naming the parameter or explicitly ignoring it: `_: fn(&T, &T) -> bool`
[INFO] [stdout]    |
[INFO] [stdout]    = warning: this is accepted in the current edition (Rust 2015) but is a hard error in Rust 2018!
[INFO] [stdout]    = note: for more information, see issue #41686 <https://github.com/rust-lang/rust/issues/41686>
[INFO] [stdout]    = note: `#[warn(anonymous_parameters)]` on by default
[INFO] [stdout] 
[INFO] [stdout] 
[INFO] [stdout] warning: 1 warning emitted
[INFO] [stdout] 
[INFO] [stdout] 
[INFO] [stdout] warning: unused import: `vec::vec::*`
[INFO] [stdout]    --> src/cast.rs:345:9
[INFO] [stdout]     |
[INFO] [stdout] 345 |     use vec::vec::*;
[INFO] [stdout]     |         ^^^^^^^^^^^
[INFO] [stdout]     |
[INFO] [stdout]     = note: `#[warn(unused_imports)]` on by default
[INFO] [stdout] 
[INFO] [stdout] 
[INFO] [stdout] warning: anonymous parameters are deprecated and will be removed in the next edition
[INFO] [stdout]   --> src/builtin/vecrel.rs:32:36
[INFO] [stdout]    |
[INFO] [stdout] 32 |     fn zip_bool(&self, rhs: &Self, fn(&T, &T) -> bool) -> B;
[INFO] [stdout]    |                                    ^^^^^^^^^^^^^^^^^^ help: try naming the parameter or explicitly ignoring it: `_: fn(&T, &T) -> bool`
[INFO] [stdout]    |
[INFO] [stdout]    = warning: this is accepted in the current edition (Rust 2015) but is a hard error in Rust 2018!
[INFO] [stdout]    = note: for more information, see issue #41686 <https://github.com/rust-lang/rust/issues/41686>
[INFO] [stdout]    = note: `#[warn(anonymous_parameters)]` on by default
[INFO] [stdout] 
[INFO] [stdout] 
[INFO] [stdout] warning: 2 warnings emitted
[INFO] [stdout] 
[INFO] [stdout] 
[INFO] [stderr]     Finished test [unoptimized + debuginfo] target(s) in 1.02s
[INFO] running `Command { std: "docker" "inspect" "d32d877d621e79b65746d4cd12dabd1c44a3f35ae4e4cd39b587b388303c6294", kill_on_drop: false }`
[INFO] running `Command { std: "docker" "rm" "-f" "d32d877d621e79b65746d4cd12dabd1c44a3f35ae4e4cd39b587b388303c6294", kill_on_drop: false }`
[INFO] [stdout] d32d877d621e79b65746d4cd12dabd1c44a3f35ae4e4cd39b587b388303c6294
[INFO] running `Command { std: "docker" "create" "-v" "/var/lib/crater-agent-workspace/builds/worker-1-tc2/target:/opt/rustwide/target:rw,Z" "-v" "/var/lib/crater-agent-workspace/builds/worker-1-tc2/source:/opt/rustwide/workdir:ro,Z" "-v" "/var/lib/crater-agent-workspace/cargo-home:/opt/rustwide/cargo-home:ro,Z" "-v" "/var/lib/crater-agent-workspace/rustup-home:/opt/rustwide/rustup-home:ro,Z" "-e" "SOURCE_DIR=/opt/rustwide/workdir" "-e" "CARGO_TARGET_DIR=/opt/rustwide/target" "-e" "CARGO_INCREMENTAL=0" "-e" "RUST_BACKTRACE=full" "-e" "RUSTFLAGS=--cap-lints=warn" "-e" "RUSTDOCFLAGS=--cap-lints=warn" "-e" "CARGO_HOME=/opt/rustwide/cargo-home" "-e" "RUSTUP_HOME=/opt/rustwide/rustup-home" "-w" "/opt/rustwide/workdir" "-m" "1610612736" "--user" "0:0" "--network" "none" "ghcr.io/rust-lang/crates-build-env/linux@sha256:2788e3201cd34a07e3172128adcd8b3090168a8e3bcc40d7c032b9dda1df7d1c" "/opt/rustwide/cargo-home/bin/cargo" "+beta-2023-12-22" "test" "--frozen", kill_on_drop: false }`
[INFO] [stdout] dca22f35e96184606fc2b4caa7afa1d3f97415266e76f301664c8a45eedd89db
[INFO] running `Command { std: "docker" "start" "-a" "dca22f35e96184606fc2b4caa7afa1d3f97415266e76f301664c8a45eedd89db", kill_on_drop: false }`
[INFO] [stderr] warning: anonymous parameters are deprecated and will be removed in the next edition
[INFO] [stderr]   --> src/builtin/vecrel.rs:32:36
[INFO] [stderr]    |
[INFO] [stderr] 32 |     fn zip_bool(&self, rhs: &Self, fn(&T, &T) -> bool) -> B;
[INFO] [stderr]    |                                    ^^^^^^^^^^^^^^^^^^ help: try naming the parameter or explicitly ignoring it: `_: fn(&T, &T) -> bool`
[INFO] [stderr]    |
[INFO] [stderr]    = warning: this is accepted in the current edition (Rust 2015) but is a hard error in Rust 2018!
[INFO] [stderr]    = note: for more information, see issue #41686 <https://github.com/rust-lang/rust/issues/41686>
[INFO] [stderr]    = note: `#[warn(anonymous_parameters)]` on by default
[INFO] [stderr] 
[INFO] [stderr] warning: unused import: `vec::vec::*`
[INFO] [stderr]    --> src/cast.rs:345:9
[INFO] [stderr]     |
[INFO] [stderr] 345 |     use vec::vec::*;
[INFO] [stderr]     |         ^^^^^^^^^^^
[INFO] [stderr]     |
[INFO] [stderr]     = note: `#[warn(unused_imports)]` on by default
[INFO] [stderr] 
[INFO] [stderr] warning: `glm` (lib) generated 1 warning (run `cargo fix --lib -p glm` to apply 1 suggestion)
[INFO] [stderr] warning: `glm` (lib test) generated 2 warnings (1 duplicate) (run `cargo fix --lib -p glm --tests` to apply 1 suggestion)
[INFO] [stderr]     Finished test [unoptimized + debuginfo] target(s) in 0.02s
[INFO] [stderr]      Running unittests src/lib.rs (/opt/rustwide/target/debug/deps/glm-800c08cc2576cf36)
[INFO] [stdout] 
[INFO] [stdout] running 17 tests
[INFO] [stdout] test cast::test::test_boolean ... ok
[INFO] [stdout] test cast::test::test_int ... ok
[INFO] [stdout] test cast::test::test_float ... ok
[INFO] [stdout] test cast::test::test_to_vec ... ok
[INFO] [stdout] test ext::matrix::transform::test::test_translate ... ok
[INFO] [stdout] test mat::mat::test::test_index ... ok
[INFO] [stdout] test mat::mat::test::test_mul_v ... ok
[INFO] [stdout] test mat::sqmat::test::test_determinant ... ok
[INFO] [stdout] test mat::sqmat::test::test_inverse_mat2 ... ok
[INFO] [stdout] test mat::sqmat::test::test_inverse_mat4 ... ok
[INFO] [stdout] test mat::sqmat::test::test_inverse_mat3 ... ok
[INFO] [stdout] test ext::matrix::transform::test::test_perspective ... ok
[INFO] [stdout] test vec::vec::test::test_index_mut ... ok
[INFO] [stdout] test vec::vec::test::test_as_array ... ok
[INFO] [stdout] test vec::vec::test::test_index ... ok
[INFO] [stdout] test vec::vec::test::test_as_array_mut ... ok
[INFO] [stdout] test mat::mat::test::test_index_bound_check - should panic ... ok
[INFO] [stdout] 
[INFO] [stdout] test result: ok. 17 passed; 0 failed; 0 ignored; 0 measured; 0 filtered out; finished in 0.04s
[INFO] [stdout] 
[INFO] [stderr]    Doc-tests glm
[INFO] [stdout] 
[INFO] [stdout] running 109 tests
[INFO] [stdout] test src/basenum.rs - basenum::BaseNum::max (line 64) ... FAILED
[INFO] [stdout] test src/basenum.rs - basenum::BaseNum::min (line 54) ... FAILED
[INFO] [stdout] test src/builtin/common.rs - builtin::common::floor (line 230) ... ok
[INFO] [stdout] test src/builtin/common.rs - builtin::common::intBitsToFloat (line 804) ... ok
[INFO] [stdout] test src/builtin/common.rs - builtin::common::abs (line 193) ... ok
[INFO] [stdout] test src/builtin/common.rs - builtin::common::fmod (line 349) ... ok
[INFO] [stdout] test src/builtin/common.rs - builtin::common::clamp_s (line 495) ... ok
[INFO] [stdout] test src/builtin/common.rs - builtin::common::fract (line 329) ... ok
[INFO] [stdout] test src/builtin/common.rs - builtin::common::fma (line 863) ... ok
[INFO] [stdout] test src/builtin/common.rs - builtin::common::floatBitsToUint (line 775) ... ok
[INFO] [stdout] test src/builtin/common.rs - builtin::common::clamp (line 473) ... ok
[INFO] [stdout] test src/builtin/common.rs - builtin::common::ceil (line 313) ... ok
[INFO] [stdout] test src/basenum.rs - basenum::SignedNum::sign (line 84) ... ok
[INFO] [stdout] test src/builtin/common.rs - builtin::common::isnan (line 699) ... ok
[INFO] [stdout] test src/builtin/common.rs - builtin::common::floatBitsToInt (line 744) ... ok
[INFO] [stdout] test src/basenum.rs - basenum::ApproxEq::is_approx_eq (line 128) ... ok
[INFO] [stdout] test src/builtin/common.rs - builtin::common::frexp (line 894) ... ok
[INFO] [stdout] test src/builtin/common.rs - builtin::common::isinf (line 721) ... ok
[INFO] [stdout] test src/builtin/common.rs - builtin::common::max (line 440) ... ok
[INFO] [stdout] test src/builtin/common.rs - builtin::common::ldexp (line 925) ... ok
[INFO] [stdout] test src/builtin/common.rs - builtin::common::max_s (line 459) ... ok
[INFO] [stdout] test src/builtin/common.rs - builtin::common::min_s (line 424) ... ok
[INFO] [stdout] test src/builtin/common.rs - builtin::common::min (line 406) ... ok
[INFO] [stdout] test src/builtin/common.rs - builtin::common::mod_s (line 367) ... ok
[INFO] [stdout] test src/builtin/common.rs - builtin::common::round (line 262) ... ok
[INFO] [stdout] test src/builtin/common.rs - builtin::common::mix_s (line 535) ... ok
[INFO] [stdout] test src/builtin/common.rs - builtin::common::modf (line 391) ... ok
[INFO] [stdout] test src/builtin/common.rs - builtin::common::mix (line 510) ... ok
[INFO] [stdout] test src/builtin/common.rs - builtin::common::mix_bool (line 565) ... ok
[INFO] [stdout] test src/builtin/common.rs - builtin::common::smoothstep (line 653) ... ok
[INFO] [stdout] test src/builtin/common.rs - builtin::common::step (line 603) ... ok
[INFO] [stdout] test src/builtin/common.rs - builtin::common::sign (line 212) ... ok
[INFO] [stdout] test src/builtin/common.rs - builtin::common::step_s (line 627) ... ok
[INFO] [stdout] test src/builtin/common.rs - builtin::common::roundEven (line 280) ... ok
[INFO] [stdout] test src/builtin/common.rs - builtin::common::uintBitsToFloat (line 834) ... ok
[INFO] [stdout] test src/builtin/geom.rs - builtin::geom::refract (line 124) ... FAILED
[INFO] [stdout] test src/builtin/common.rs - builtin::common::trunc (line 244) ... ok
[INFO] [stdout] test src/builtin/exp.rs - builtin::exp::exp (line 54) ... ok
[INFO] [stdout] test src/builtin/geom.rs - builtin::geom::reflect (line 108) ... FAILED
[INFO] [stdout] test src/builtin/integer.rs - builtin::integer::bitfieldExtract (line 179) ... FAILED
[INFO] [stdout] test src/builtin/exp.rs - builtin::exp::inversesqrt (line 137) ... ok
[INFO] [stdout] test src/builtin/geom.rs - builtin::geom::cross (line 153) ... ok
[INFO] [stdout] test src/builtin/exp.rs - builtin::exp::pow (line 37) ... ok
[INFO] [stdout] test src/builtin/exp.rs - builtin::exp::log (line 72) ... ok
[INFO] [stdout] test src/builtin/exp.rs - builtin::exp::exp2 (line 89) ... ok
[INFO] [stdout] test src/builtin/integer.rs - builtin::integer::bitfieldReverse (line 245) ... FAILED
[INFO] [stdout] test src/builtin/integer.rs - builtin::integer::bitfieldInsert (line 216) ... FAILED
[INFO] [stdout] test src/builtin/geom.rs - builtin::geom::distance (line 82) ... ok
[INFO] [stdout] test src/builtin/exp.rs - builtin::exp::sqrt (line 122) ... ok
[INFO] [stdout] test src/builtin/exp.rs - builtin::exp::log2 (line 107) ... ok
[INFO] [stdout] test src/builtin/geom.rs - builtin::geom::dot (line 40) ... ok
[INFO] [stdout] test src/builtin/geom.rs - builtin::geom::normalize (line 68) ... ok
[INFO] [stdout] test src/builtin/geom.rs - builtin::geom::length (line 56) ... ok
[INFO] [stdout] test src/builtin/integer.rs - builtin::integer::bitCount (line 275) ... ok
[INFO] [stdout] test src/builtin/pack.rs - builtin::pack::packSnorm4x8 (line 199) ... ok
[INFO] [stdout] test src/builtin/pack.rs - builtin::pack::packSnorm2x16 (line 149) ... ok
[INFO] [stdout] test src/builtin/pack.rs - builtin::pack::unpackDouble2x32 (line 272) ... ok
[INFO] [stdout] test src/builtin/integer.rs - builtin::integer::findMSB (line 330) ... ok
[INFO] [stdout] test src/builtin/pack.rs - builtin::pack::packUnorm2x16 (line 43) ... ok
[INFO] [stdout] test src/builtin/integer.rs - builtin::integer::findLSB (line 296) ... ok
[INFO] [stdout] test src/builtin/matrix.rs - builtin::matrix::matrixCompMult (line 40) ... ok
[INFO] [stdout] test src/builtin/pack.rs - builtin::pack::packDouble2x32 (line 254) ... ok
[INFO] [stdout] test src/builtin/pack.rs - builtin::pack::unpackSnorm2x16 (line 174) ... ok
[INFO] [stdout] test src/builtin/pack.rs - builtin::pack::packUnorm4x8 (line 93) ... ok
[INFO] [stdout] test src/builtin/matrix.rs - builtin::matrix::outerProduct (line 66) ... ok
[INFO] [stdout] test src/builtin/pack.rs - builtin::pack::unpackUnorm2x16 (line 68) ... ok
[INFO] [stdout] test src/builtin/pack.rs - builtin::pack::unpackUnorm4x8 (line 118) ... ok
[INFO] [stdout] test src/builtin/integer.rs - builtin::integer::uaddCarry (line 89) ... ok
[INFO] [stdout] test src/builtin/pack.rs - builtin::pack::unpackSnorm4x8 (line 224) ... ok
[INFO] [stdout] test src/builtin/integer.rs - builtin::integer::usubBorrow (line 116) ... ok
[INFO] [stdout] test src/ext/common.rs - ext::common::recip (line 32) ... ok
[INFO] [stdout] test src/ext/geom.rs - ext::geom::angle (line 125) ... ok
[INFO] [stdout] test src/builtin/vecrel.rs - builtin::vecrel::greaterThan (line 93) ... ok
[INFO] [stdout] test src/ext/consts.rs - ext::consts::pi (line 184) ... ok
[INFO] [stdout] test src/builtin/vecrel.rs - builtin::vecrel::equal (line 136) ... ok
[INFO] [stdout] test src/builtin/vecrel.rs - builtin::vecrel::greaterThanEqual (line 114) ... ok
[INFO] [stdout] test src/lib.rs - (line 46) ... ignored
[INFO] [stdout] test src/lib.rs - (line 60) ... ignored
[INFO] [stdout] test src/builtin/vecrel.rs - builtin::vecrel::notEqual (line 153) ... ok
[INFO] [stdout] test src/cast.rs - cast::ToVector::to (line 244) ... ok
[INFO] [stdout] test src/builtin/vecrel.rs - builtin::vecrel::lessThan (line 54) ... ok
[INFO] [stdout] test src/builtin/vecrel.rs - builtin::vecrel::lessThanEqual (line 72) ... ok
[INFO] [stdout] test src/ext/geom.rs - ext::geom::normalize_to (line 64) ... ok
[INFO] [stdout] test src/ext/geom.rs - ext::geom::is_perpendicular (line 102) ... ok
[INFO] [stdout] test src/ext/geom.rs - ext::geom::recip_length (line 48) ... ok
[INFO] [stdout] test src/ext/geom.rs - ext::geom::projection (line 80) ... ok
[INFO] [stdout] test src/ext/geom.rs - ext::geom::sqlength (line 33) ... ok
[INFO] [stdout] test src/cast.rs - cast::ToScalar::to (line 175) ... ok
[INFO] [stdout] test src/ext/matrix/mod.rs - ext::matrix::is_invertible (line 58) ... ok
[INFO] [stdout] test src/ext/matrix/transform.rs - ext::matrix::transform::translate (line 14) ... ok
[INFO] [stdout] test src/lib.rs - (line 91) ... ok
[INFO] [stdout] test src/ext/trig.rs - ext::trig::sin_cos (line 33) ... ok
[INFO] [stdout] test src/ext/matrix/mod.rs - ext::matrix::trace (line 36) ... ok
[INFO] [stdout] test src/mat/traits.rs - mat::traits::GenMat::transpose (line 57) ... ok
[INFO] [stdout] test src/mat/mat.rs - mat::mat::Matrix2<T>::extend (line 555) ... ok
[INFO] [stdout] test src/lib.rs - (line 116) ... ok
[INFO] [stdout] test src/mat/traits.rs - mat::traits::GenMat::mul_c (line 70) ... ok
[INFO] [stdout] test src/mat/traits.rs - mat::traits::GenSquareMat::determinant (line 93) ... ok
[INFO] [stdout] test src/vec/traits.rs - vec::traits::GenBVec::all (line 118) ... ok
[INFO] [stdout] test src/vec/traits.rs - vec::traits::GenBVec::any (line 106) ... ok
[INFO] [stdout] test src/vec/traits.rs - vec::traits::GenNumVec::min (line 76) ... ok
[INFO] [stdout] test src/vec/traits.rs - vec::traits::GenNumVec::max (line 87) ... ok
[INFO] [stdout] test src/vec/traits.rs - vec::traits::GenNumVec::product (line 65) ... ok
[INFO] [stdout] test src/vec/traits.rs - vec::traits::GenBVec::not (line 130) ... ok
[INFO] [stdout] test src/vec/vec.rs - vec::vec::Vector2<T>::extend (line 390) ... ok
[INFO] [stdout] test src/vec/traits.rs - vec::traits::GenVec::dim (line 38) ... ok
[INFO] [stdout] test src/vec/traits.rs - vec::traits::GenNumVec::sum (line 53) ... ok
[INFO] [stdout] test src/vec/vec.rs - vec::vec::Vector3<T>::extend (line 408) ... ok
[INFO] [stdout] test src/vec/vec.rs - vec::vec::Vector3<T>::truncate (line 430) ... ok
[INFO] [stdout] 
[INFO] [stdout] failures:
[INFO] [stdout] 
[INFO] [stdout] ---- src/basenum.rs - basenum::BaseNum::max (line 64) stdout ----
[INFO] [stdout] error[E0034]: multiple applicable items in scope
[INFO] [stdout]  --> src/basenum.rs:67:17
[INFO] [stdout]   |
[INFO] [stdout] 6 | assert_eq!(1i32.max(2i32), 2i32);
[INFO] [stdout]   |                 ^^^ multiple `max` found
[INFO] [stdout]   |
[INFO] [stdout]   = note: candidate #1 is defined in an impl of the trait `BaseNum` for the type `i32`
[INFO] [stdout]   = note: candidate #2 is defined in an impl of the trait `Ord` for the type `i32`
[INFO] [stdout] note: candidate #3 is defined in the trait `Iterator`
[INFO] [stdout]  --> /rustc/0e09125c6c3c2fd70d7de961bcf0e51575235fad/library/core/src/iter/traits/iterator.rs:3201:5
[INFO] [stdout] help: disambiguate the method for candidate #1
[INFO] [stdout]   |
[INFO] [stdout] 6 | assert_eq!(BaseNum::max(1i32, 2i32), 2i32);
[INFO] [stdout]   |            ~~~~~~~~~~~~~~~~~~~~~~~~
[INFO] [stdout] help: disambiguate the method for candidate #2
[INFO] [stdout]   |
[INFO] [stdout] 6 | assert_eq!(Ord::max(1i32, 2i32), 2i32);
[INFO] [stdout]   |            ~~~~~~~~~~~~~~~~~~~~
[INFO] [stdout] help: disambiguate the method for candidate #3
[INFO] [stdout]   |
[INFO] [stdout] 6 | assert_eq!(Iterator::max(1i32, 2i32), 2i32);
[INFO] [stdout]   |            ~~~~~~~~~~~~~~~~~~~~~~~~~
[INFO] [stdout] 
[INFO] [stdout] error: aborting due to 1 previous error
[INFO] [stdout] 
[INFO] [stdout] For more information about this error, try `rustc --explain E0034`.
[INFO] [stdout] Couldn't compile the test.
[INFO] [stdout] ---- src/basenum.rs - basenum::BaseNum::min (line 54) stdout ----
[INFO] [stdout] error[E0034]: multiple applicable items in scope
[INFO] [stdout]  --> src/basenum.rs:57:17
[INFO] [stdout]   |
[INFO] [stdout] 6 | assert_eq!(1i32.min(2i32), 1i32);
[INFO] [stdout]   |                 ^^^ multiple `min` found
[INFO] [stdout]   |
[INFO] [stdout]   = note: candidate #1 is defined in an impl of the trait `BaseNum` for the type `i32`
[INFO] [stdout]   = note: candidate #2 is defined in an impl of the trait `Ord` for the type `i32`
[INFO] [stdout] note: candidate #3 is defined in the trait `Iterator`
[INFO] [stdout]  --> /rustc/0e09125c6c3c2fd70d7de961bcf0e51575235fad/library/core/src/iter/traits/iterator.rs:3240:5
[INFO] [stdout] help: disambiguate the method for candidate #1
[INFO] [stdout]   |
[INFO] [stdout] 6 | assert_eq!(BaseNum::min(1i32, 2i32), 1i32);
[INFO] [stdout]   |            ~~~~~~~~~~~~~~~~~~~~~~~~
[INFO] [stdout] help: disambiguate the method for candidate #2
[INFO] [stdout]   |
[INFO] [stdout] 6 | assert_eq!(Ord::min(1i32, 2i32), 1i32);
[INFO] [stdout]   |            ~~~~~~~~~~~~~~~~~~~~
[INFO] [stdout] help: disambiguate the method for candidate #3
[INFO] [stdout]   |
[INFO] [stdout] 6 | assert_eq!(Iterator::min(1i32, 2i32), 1i32);
[INFO] [stdout]   |            ~~~~~~~~~~~~~~~~~~~~~~~~~
[INFO] [stdout] 
[INFO] [stdout] error: aborting due to 1 previous error
[INFO] [stdout] 
[INFO] [stdout] For more information about this error, try `rustc --explain E0034`.
[INFO] [stdout] Couldn't compile the test.
[INFO] [stdout] ---- src/builtin/geom.rs - builtin::geom::refract (line 124) stdout ----
[INFO] [stdout] error: expected `;`, found keyword `if`
[INFO] [stdout]  --> src/builtin/geom.rs:125:52
[INFO] [stdout]   |
[INFO] [stdout] 3 | k = 1.0 - eta * eta * (1.0 - dot(N, I) * dot(N, I))
[INFO] [stdout]   |                                                    ^ help: add `;` here
[INFO] [stdout] 4 | if (k < 0.0)
[INFO] [stdout]   | -- unexpected token
[INFO] [stdout] 
[INFO] [stdout] error: expected `{`, found keyword `return`
[INFO] [stdout]  --> src/builtin/geom.rs:127:5
[INFO] [stdout]   |
[INFO] [stdout] 5 |     return genType(0.0) // or genDType(0.0)
[INFO] [stdout]   |     ^^^^^^ expected `{`
[INFO] [stdout]   |
[INFO] [stdout] note: the `if` expression is missing a block after this condition
[INFO] [stdout]  --> src/builtin/geom.rs:126:4
[INFO] [stdout]   |
[INFO] [stdout] 4 | if (k < 0.0)
[INFO] [stdout]   |    ^^^^^^^^^
[INFO] [stdout] help: try placing this code inside a block
[INFO] [stdout]   |
[INFO] [stdout] 5 |     { return genType(0.0) } // or genDType(0.0)
[INFO] [stdout]   |     +                     +
[INFO] [stdout] 
[INFO] [stdout] error: aborting due to 2 previous errors
[INFO] [stdout] 
[INFO] [stdout] Couldn't compile the test.
[INFO] [stdout] ---- src/builtin/geom.rs - builtin::geom::reflect (line 108) stdout ----
[INFO] [stdout] error: unknown start of token: \u{2013}
[INFO] [stdout]  --> src/builtin/geom.rs:109:3
[INFO] [stdout]   |
[INFO] [stdout] 3 | I – 2 ∗ dot(N, I) ∗ N
[INFO] [stdout]   |   ^
[INFO] [stdout]   |
[INFO] [stdout] help: Unicode character '–' (En Dash) looks like '-' (Minus/Hyphen), but it is not
[INFO] [stdout]   |
[INFO] [stdout] 3 | I - 2 ∗ dot(N, I) ∗ N
[INFO] [stdout]   |   ~
[INFO] [stdout] 
[INFO] [stdout] error: unknown start of token: \u{2217}
[INFO] [stdout]  --> src/builtin/geom.rs:109:7
[INFO] [stdout]   |
[INFO] [stdout] 3 | I – 2 ∗ dot(N, I) ∗ N
[INFO] [stdout]   |       ^
[INFO] [stdout]   |
[INFO] [stdout] help: Unicode character '∗' (Asterisk Operator) looks like '*' (Asterisk), but it is not
[INFO] [stdout]   |
[INFO] [stdout] 3 | I – 2 * dot(N, I) ∗ N
[INFO] [stdout]   |       ~
[INFO] [stdout] 
[INFO] [stdout] error: unknown start of token: \u{2217}
[INFO] [stdout]  --> src/builtin/geom.rs:109:19
[INFO] [stdout]   |
[INFO] [stdout] 3 | I – 2 ∗ dot(N, I) ∗ N
[INFO] [stdout]   |                   ^
[INFO] [stdout]   |
[INFO] [stdout] help: Unicode character '∗' (Asterisk Operator) looks like '*' (Asterisk), but it is not
[INFO] [stdout]   |
[INFO] [stdout] 3 | I – 2 ∗ dot(N, I) * N
[INFO] [stdout]   |                   ~
[INFO] [stdout] 
[INFO] [stdout] error[E0425]: cannot find value `I` in this scope
[INFO] [stdout]  --> src/builtin/geom.rs:109:1
[INFO] [stdout]   |
[INFO] [stdout] 3 | I – 2 ∗ dot(N, I) ∗ N
[INFO] [stdout]   | ^ not found in this scope
[INFO] [stdout]   |
[INFO] [stdout] help: you might be missing a const parameter
[INFO] [stdout]   |
[INFO] [stdout] 2 | fn main() { #[allow(non_snake_case)] fn _doctest_main_src_builtin_geom_rs_108_0<const I: /* Type */>() {
[INFO] [stdout]   |                                                                                +++++++++++++++++++++
[INFO] [stdout] 
[INFO] [stdout] error[E0425]: cannot find value `N` in this scope
[INFO] [stdout]  --> src/builtin/geom.rs:109:13
[INFO] [stdout]   |
[INFO] [stdout] 3 | I – 2 ∗ dot(N, I) ∗ N
[INFO] [stdout]   |             ^ not found in this scope
[INFO] [stdout]   |
[INFO] [stdout] help: you might be missing a const parameter
[INFO] [stdout]   |
[INFO] [stdout] 2 | fn main() { #[allow(non_snake_case)] fn _doctest_main_src_builtin_geom_rs_108_0<const N: /* Type */>() {
[INFO] [stdout]   |                                                                                +++++++++++++++++++++
[INFO] [stdout] 
[INFO] [stdout] error[E0425]: cannot find value `I` in this scope
[INFO] [stdout]  --> src/builtin/geom.rs:109:16
[INFO] [stdout]   |
[INFO] [stdout] 3 | I – 2 ∗ dot(N, I) ∗ N
[INFO] [stdout]   |                ^ not found in this scope
[INFO] [stdout]   |
[INFO] [stdout] help: you might be missing a const parameter
[INFO] [stdout]   |
[INFO] [stdout] 2 | fn main() { #[allow(non_snake_case)] fn _doctest_main_src_builtin_geom_rs_108_0<const I: /* Type */>() {
[INFO] [stdout]   |                                                                                +++++++++++++++++++++
[INFO] [stdout] 
[INFO] [stdout] error[E0425]: cannot find value `N` in this scope
[INFO] [stdout]  --> src/builtin/geom.rs:109:21
[INFO] [stdout]   |
[INFO] [stdout] 3 | I – 2 ∗ dot(N, I) ∗ N
[INFO] [stdout]   |                     ^ not found in this scope
[INFO] [stdout]   |
[INFO] [stdout] help: you might be missing a const parameter
[INFO] [stdout]   |
[INFO] [stdout] 2 | fn main() { #[allow(non_snake_case)] fn _doctest_main_src_builtin_geom_rs_108_0<const N: /* Type */>() {
[INFO] [stdout]   |                                                                                +++++++++++++++++++++
[INFO] [stdout] 
[INFO] [stdout] error[E0425]: cannot find function `dot` in this scope
[INFO] [stdout]  --> src/builtin/geom.rs:109:9
[INFO] [stdout]   |
[INFO] [stdout] 3 | I – 2 ∗ dot(N, I) ∗ N
[INFO] [stdout]   |         ^^^ not found in this scope
[INFO] [stdout] 
[INFO] [stdout] error: aborting due to 8 previous errors
[INFO] [stdout] 
[INFO] [stdout] For more information about this error, try `rustc --explain E0425`.
[INFO] [stdout] Couldn't compile the test.
[INFO] [stdout] ---- src/builtin/integer.rs - builtin::integer::bitfieldExtract (line 179) stdout ----
[INFO] [stdout] error: literal out of range for `i32`
[INFO] [stdout]  --> src/builtin/integer.rs:183:28
[INFO] [stdout]   |
[INFO] [stdout] 7 | assert_eq!(bitfieldExtract(0xF000FFFF, 32, 12), 0);
[INFO] [stdout]   |                            ^^^^^^^^^^
[INFO] [stdout]   |
[INFO] [stdout]   = note: the literal `0xF000FFFF` (decimal `4026597375`) does not fit into the type `i32` and will become `-268369921i32`
[INFO] [stdout]   = help: consider using the type `u32` instead
[INFO] [stdout]   = note: `#[deny(overflowing_literals)]` on by default
[INFO] [stdout] help: to use as a negative number (decimal `-268369921`), consider using the type `u32` for the literal and cast it to `i32`
[INFO] [stdout]   |
[INFO] [stdout] 7 | assert_eq!(bitfieldExtract(0xF000FFFFu32 as i32, 32, 12), 0);
[INFO] [stdout]   |                            ~~~~~~~~~~~~~~~~~~~~
[INFO] [stdout] 
[INFO] [stdout] error: aborting due to 1 previous error
[INFO] [stdout] 
[INFO] [stdout] Couldn't compile the test.
[INFO] [stdout] ---- src/builtin/integer.rs - builtin::integer::bitfieldReverse (line 245) stdout ----
[INFO] [stdout] error: literal out of range for `i32`
[INFO] [stdout]  --> src/builtin/integer.rs:249:28
[INFO] [stdout]   |
[INFO] [stdout] 7 | assert_eq!(bitfieldReverse(0xF30000F3), 0xCF0000CF);
[INFO] [stdout]   |                            ^^^^^^^^^^
[INFO] [stdout]   |
[INFO] [stdout]   = note: the literal `0xF30000F3` (decimal `4076863731`) does not fit into the type `i32` and will become `-218103565i32`
[INFO] [stdout]   = help: consider using the type `u32` instead
[INFO] [stdout]   = note: `#[deny(overflowing_literals)]` on by default
[INFO] [stdout] help: to use as a negative number (decimal `-218103565`), consider using the type `u32` for the literal and cast it to `i32`
[INFO] [stdout]   |
[INFO] [stdout] 7 | assert_eq!(bitfieldReverse(0xF30000F3u32 as i32), 0xCF0000CF);
[INFO] [stdout]   |                            ~~~~~~~~~~~~~~~~~~~~
[INFO] [stdout] 
[INFO] [stdout] error: literal out of range for `i32`
[INFO] [stdout]  --> src/builtin/integer.rs:249:41
[INFO] [stdout]   |
[INFO] [stdout] 7 | assert_eq!(bitfieldReverse(0xF30000F3), 0xCF0000CF);
[INFO] [stdout]   |                                         ^^^^^^^^^^
[INFO] [stdout]   |
[INFO] [stdout]   = note: the literal `0xCF0000CF` (decimal `3472883919`) does not fit into the type `i32` and will become `-822083377i32`
[INFO] [stdout]   = help: consider using the type `u32` instead
[INFO] [stdout] help: to use as a negative number (decimal `-822083377`), consider using the type `u32` for the literal and cast it to `i32`
[INFO] [stdout]   |
[INFO] [stdout] 7 | assert_eq!(bitfieldReverse(0xF30000F3), 0xCF0000CFu32 as i32);
[INFO] [stdout]   |                                         ~~~~~~~~~~~~~~~~~~~~
[INFO] [stdout] 
[INFO] [stdout] error: aborting due to 2 previous errors
[INFO] [stdout] 
[INFO] [stdout] Couldn't compile the test.
[INFO] [stdout] ---- src/builtin/integer.rs - builtin::integer::bitfieldInsert (line 216) stdout ----
[INFO] [stdout] error: literal out of range for `i32`
[INFO] [stdout]  --> src/builtin/integer.rs:220:34
[INFO] [stdout]   |
[INFO] [stdout] 7 | assert_eq!(bitfieldInsert(1_i32, 0xFF00FF00, 8, 20), 0xF00FF01);
[INFO] [stdout]   |                                  ^^^^^^^^^^
[INFO] [stdout]   |
[INFO] [stdout]   = note: the literal `0xFF00FF00` (decimal `4278255360`) does not fit into the type `i32` and will become `-16711936i32`
[INFO] [stdout]   = help: consider using the type `u32` instead
[INFO] [stdout]   = note: `#[deny(overflowing_literals)]` on by default
[INFO] [stdout] help: to use as a negative number (decimal `-16711936`), consider using the type `u32` for the literal and cast it to `i32`
[INFO] [stdout]   |
[INFO] [stdout] 7 | assert_eq!(bitfieldInsert(1_i32, 0xFF00FF00u32 as i32, 8, 20), 0xF00FF01);
[INFO] [stdout]   |                                  ~~~~~~~~~~~~~~~~~~~~
[INFO] [stdout] 
[INFO] [stdout] error: aborting due to 1 previous error
[INFO] [stdout] 
[INFO] [stdout] Couldn't compile the test.
[INFO] [stdout] 
[INFO] [stdout] failures:
[INFO] [stdout]     src/basenum.rs - basenum::BaseNum::max (line 64)
[INFO] [stdout]     src/basenum.rs - basenum::BaseNum::min (line 54)
[INFO] [stdout]     src/builtin/geom.rs - builtin::geom::reflect (line 108)
[INFO] [stdout]     src/builtin/geom.rs - builtin::geom::refract (line 124)
[INFO] [stdout]     src/builtin/integer.rs - builtin::integer::bitfieldExtract (line 179)
[INFO] [stdout]     src/builtin/integer.rs - builtin::integer::bitfieldInsert (line 216)
[INFO] [stdout]     src/builtin/integer.rs - builtin::integer::bitfieldReverse (line 245)
[INFO] [stdout] 
[INFO] [stdout] test result: FAILED. 100 passed; 7 failed; 2 ignored; 0 measured; 0 filtered out; finished in 2.00s
[INFO] [stdout] 
[INFO] [stderr] error: doctest failed, to rerun pass `--doc`
[INFO] running `Command { std: "docker" "inspect" "dca22f35e96184606fc2b4caa7afa1d3f97415266e76f301664c8a45eedd89db", kill_on_drop: false }`
[INFO] running `Command { std: "docker" "rm" "-f" "dca22f35e96184606fc2b4caa7afa1d3f97415266e76f301664c8a45eedd89db", kill_on_drop: false }`
[INFO] [stdout] dca22f35e96184606fc2b4caa7afa1d3f97415266e76f301664c8a45eedd89db
